66.249.68.68 - - [04/Jan/2025:11:43:32 -0500] "GET /?b=185066 HTTP/1.1" 200 81816 "-" "Mozilla/5.0 (Linux; Android 6.0.1; Nexus 5X Build/MMB29P) AppleWebKit/537.36 (KHTML, like Gecko) Chrome/131.0.6778.139 Mobile Safari/537.36 (compatible; GoogleOther)"
66.249.68.68 - - [04/Jan/2025:11:43:35 -0500] "GET /?b=50387366 HTTP/1.1" 200 79858 "-" "Mozilla/5.0 (Linux; Android 6.0.1; Nexus 5X Build/MMB29P) AppleWebKit/537.36 (KHTML, like Gecko) Chrome/131.0.6778.139 Mobile Safari/537.36 (compatible; Googlebot/2.1; +http://www.google.com/bot.html)"
66.249.68.69 - - [04/Jan/2025:11:43:38 -0500] "GET /?b=205735866 HTTP/1.1" 200 81154 "-" "Mozilla/5.0 (Linux; Android 6.0.1; Nexus 5X Build/MMB29P) AppleWebKit/537.36 (KHTML, like Gecko) Chrome/131.0.6778.139 Mobile Safari/537.36 (compatible; GoogleOther)"
66.249.68.70 - - [04/Jan/2025:11:43:44 -0500] "GET /?b=199859466 HTTP/1.1" 200 80070 "-" "Mozilla/5.0 (Linux; Android 6.0.1; Nexus 5X Build/MMB29P) AppleWebKit/537.36 (KHTML, like Gecko) Chrome/131.0.6778.139 Mobile Safari/537.36 (compatible; GoogleOther)"
66.249.68.69 - - [04/Jan/2025:11:43:50 -0500] "GET /?b=224743666 HTTP/1.1" 200 80489 "-" "Mozilla/5.0 (Linux; Android 6.0.1; Nexus 5X Build/MMB29P) AppleWebKit/537.36 (KHTML, like Gecko) Chrome/131.0.6778.139 Mobile Safari/537.36 (compatible; GoogleOther)"
66.249.68.69 - - [04/Jan/2025:11:43:56 -0500] "GET /?b=220082566 HTTP/1.1" 200 80048 "-" "Mozilla/5.0 (Linux; Android 6.0.1; Nexus 5X Build/MMB29P) AppleWebKit/537.36 (KHTML, like Gecko) Chrome/131.0.6778.139 Mobile Safari/537.36 (compatible; GoogleOther)"
66.249.68.68 - - [04/Jan/2025:11:44:02 -0500] "GET /?b=110834666 HTTP/1.1" 200 81458 "-" "Mozilla/5.0 (Linux; Android 6.0.1; Nexus 5X Build/MMB29P) AppleWebKit/537.36 (KHTML, like Gecko) Chrome/131.0.6778.139 Mobile Safari/537.36 (compatible; GoogleOther)"
66.249.68.69 - - [04/Jan/2025:11:44:05 -0500] "GET /?b=28912066 HTTP/1.1" 200 80856 "-" "Mozilla/5.0 (Linux; Android 6.0.1; Nexus 5X Build/MMB29P) AppleWebKit/537.36 (KHTML, like Gecko) Chrome/131.0.6778.139 Mobile Safari/537.36 (compatible; Googlebot/2.1; +http://www.google.com/bot.html)"
66.249.68.68 - - [04/Jan/2025:11:44:08 -0500] "GET /?b=335230366 HTTP/1.1" 200 80059 "-" "Mozilla/5.0 (Linux; Android 6.0.1; Nexus 5X Build/MMB29P) AppleWebKit/537.36 (KHTML, like Gecko) Chrome/131.0.6778.139 Mobile Safari/537.36 (compatible; GoogleOther)"
66.249.68.68 - - [04/Jan/2025:11:44:13 -0500] "GET /?b=238763366 HTTP/1.1" 200 80441 "-" "Mozilla/5.0 (Linux; Android 6.0.1; Nexus 5X Build/MMB29P) AppleWebKit/537.36 (KHTML, like Gecko) Chrome/131.0.6778.139 Mobile Safari/537.36 (compatible; GoogleOther)"
66.249.68.68 - - [04/Jan/2025:11:44:19 -0500] "GET /?b=190064866 HTTP/1.1" 200 79440 "-" "Mozilla/5.0 (Linux; Android 6.0.1; Nexus 5X Build/MMB29P) AppleWebKit/537.36 (KHTML, like Gecko) Chrome/131.0.6778.139 Mobile Safari/537.36 (compatible; GoogleOther)"
66.249.68.68 - - [04/Jan/2025:11:44:25 -0500] "GET /?b=25534566 HTTP/1.1" 200 80907 "-" "Mozilla/5.0 (Linux; Android 6.0.1; Nexus 5X Build/MMB29P) AppleWebKit/537.36 (KHTML, like Gecko) Chrome/131.0.6778.139 Mobile Safari/537.36 (compatible; GoogleOther)"
66.249.68.68 - - [04/Jan/2025:11:44:31 -0500] "GET /?b=160734766 HTTP/1.1" 200 81252 "-" "Mozilla/5.0 (Linux; Android 6.0.1; Nexus 5X Build/MMB29P) AppleWebKit/537.36 (KHTML, like Gecko) Chrome/131.0.6778.139 Mobile Safari/537.36 (compatible; GoogleOther)"
66.249.68.69 - - [04/Jan/2025:11:44:37 -0500] "GET /?b=273949666 HTTP/1.1" 200 79426 "-" "Mozilla/5.0 (Linux; Android 6.0.1; Nexus 5X Build/MMB29P) AppleWebKit/537.36 (KHTML, like Gecko) Chrome/131.0.6778.139 Mobile Safari/537.36 (compatible; GoogleOther)"
66.249.68.68 - - [04/Jan/2025:11:44:42 -0500] "GET /?b=202202066 HTTP/1.1" 200 83053 "-" "Mozilla/5.0 (Linux; Android 6.0.1; Nexus 5X Build/MMB29P) AppleWebKit/537.36 (KHTML, like Gecko) Chrome/131.0.6778.139 Mobile Safari/537.36 (compatible; GoogleOther)"
66.249.68.69 - - [04/Jan/2025:11:44:48 -0500] "GET /?b=233370866 HTTP/1.1" 200 80244 "-" "Mozilla/5.0 (Linux; Android 6.0.1; Nexus 5X Build/MMB29P) AppleWebKit/537.36 (KHTML, like Gecko) Chrome/131.0.6778.139 Mobile Safari/537.36 (compatible; GoogleOther)"
66.249.68.68 - - [04/Jan/2025:11:44:54 -0500] "GET /?b=35822166 HTTP/1.1" 200 79395 "-" "Mozilla/5.0 (Linux; Android 6.0.1; Nexus 5X Build/MMB29P) AppleWebKit/537.36 (KHTML, like Gecko) Chrome/131.0.6778.139 Mobile Safari/537.36 (compatible; GoogleOther)"
66.249.68.69 - - [04/Jan/2025:11:45:00 -0500] "GET /?b=11908166 HTTP/1.1" 200 79280 "-" "Mozilla/5.0 (Linux; Android 6.0.1; Nexus 5X Build/MMB29P) AppleWebKit/537.36 (KHTML, like Gecko) Chrome/131.0.6778.139 Mobile Safari/537.36 (compatible; GoogleOther)"
66.249.68.68 - - [04/Jan/2025:11:45:07 -0500] "GET /?b=355224466 HTTP/1.1" 200 79168 "-" "Mozilla/5.0 (Linux; Android 6.0.1; Nexus 5X Build/MMB29P) AppleWebKit/537.36 (KHTML, like Gecko) Chrome/131.0.6778.139 Mobile Safari/537.36 (compatible; GoogleOther)"
66.249.68.68 - - [04/Jan/2025:11:45:14 -0500] "GET /?b=72530866 HTTP/1.1" 200 79737 "-" "Mozilla/5.0 (Linux; Android 6.0.1; Nexus 5X Build/MMB29P) AppleWebKit/537.36 (KHTML, like Gecko) Chrome/131.0.6778.139 Mobile Safari/537.36 (compatible; GoogleOther)"
66.249.68.68 - - [04/Jan/2025:11:45:15 -0500] "GET /?b=195453366 HTTP/1.1" 200 79493 "-" "Mozilla/5.0 (Linux; Android 6.0.1; Nexus 5X Build/MMB29P) AppleWebKit/537.36 (KHTML, like Gecko) Chrome/131.0.6778.139 Mobile Safari/537.36 (compatible; Googlebot/2.1; +http://www.google.com/bot.html)"
66.249.68.68 - - [04/Jan/2025:11:45:18 -0500] "GET /?b=14717966 HTTP/1.1" 200 80001 "-" "Mozilla/5.0 (Linux; Android 6.0.1; Nexus 5X Build/MMB29P) AppleWebKit/537.36 (KHTML, like Gecko) Chrome/131.0.6778.139 Mobile Safari/537.36 (compatible; Googlebot/2.1; +http://www.google.com/bot.html)"
66.249.68.68 - - [04/Jan/2025:11:45:23 -0500] "GET /?b=122532666 HTTP/1.1" 200 80599 "-" "Mozilla/5.0 (Linux; Android 6.0.1; Nexus 5X Build/MMB29P) AppleWebKit/537.36 (KHTML, like Gecko) Chrome/131.0.6778.139 Mobile Safari/537.36 (compatible; Googlebot/2.1; +http://www.google.com/bot.html)"
66.249.68.69 - - [04/Jan/2025:11:45:24 -0500] "GET /?b=72770866 HTTP/1.1" 200 80768 "-" "Mozilla/5.0 (Linux; Android 6.0.1; Nexus 5X Build/MMB29P) AppleWebKit/537.36 (KHTML, like Gecko) Chrome/131.0.6778.139 Mobile Safari/537.36 (compatible; GoogleOther)"
66.249.68.68 - - [04/Jan/2025:11:45:32 -0500] "GET /?b=305793666 HTTP/1.1" 200 80081 "-" "Mozilla/5.0 (Linux; Android 6.0.1; Nexus 5X Build/MMB29P) AppleWebKit/537.36 (KHTML, like Gecko) Chrome/131.0.6778.139 Mobile Safari/537.36 (compatible; GoogleOther)"
66.249.68.68 - - [04/Jan/2025:11:45:40 -0500] "GET /?b=192073366 HTTP/1.1" 200 80273 "-" "Mozilla/5.0 (Linux; Android 6.0.1; Nexus 5X Build/MMB29P) AppleWebKit/537.36 (KHTML, like Gecko) Chrome/131.0.6778.139 Mobile Safari/537.36 (compatible; GoogleOther)"
66.249.68.68 - - [04/Jan/2025:11:45:47 -0500] "GET /?b=206959666 HTTP/1.1" 200 79796 "-" "Mozilla/5.0 (Linux; Android 6.0.1; Nexus 5X Build/MMB29P) AppleWebKit/537.36 (KHTML, like Gecko) Chrome/131.0.6778.139 Mobile Safari/537.36 (compatible; GoogleOther)"
52.167.144.160 - - [04/Jan/2025:11:45:49 -0500] "GET /mupap/u2046132.html HTTP/1.1" 200 81036 "-" "Mozilla/5.0 AppleWebKit/537.36 (KHTML, like Gecko; compatible; bingbot/2.0; +http://www.bing.com/bingbot.htm) Chrome/116.0.1938.76 Safari/537.36"
66.249.68.70 - - [04/Jan/2025:11:46:00 -0500] "GET /?b=168970166 HTTP/1.1" 200 79578 "-" "Mozilla/5.0 (Linux; Android 6.0.1; Nexus 5X Build/MMB29P) AppleWebKit/537.36 (KHTML, like Gecko) Chrome/131.0.6778.139 Mobile Safari/537.36 (compatible; GoogleOther)"
66.249.68.69 - - [04/Jan/2025:11:46:06 -0500] "GET /?b=84698366 HTTP/1.1" 200 81505 "-" "Mozilla/5.0 (Linux; Android 6.0.1; Nexus 5X Build/MMB29P) AppleWebKit/537.36 (KHTML, like Gecko) Chrome/131.0.6778.139 Mobile Safari/537.36 (compatible; GoogleOther)"
66.249.68.68 - - [04/Jan/2025:11:46:12 -0500] "GET /?b=333245366 HTTP/1.1" 200 79523 "-" "Mozilla/5.0 (Linux; Android 6.0.1; Nexus 5X Build/MMB29P) AppleWebKit/537.36 (KHTML, like Gecko) Chrome/131.0.6778.139 Mobile Safari/537.36 (compatible; GoogleOther)"
66.249.68.68 - - [04/Jan/2025:11:46:18 -0500] "GET /?b=72620666 HTTP/1.1" 200 79471 "-" "Mozilla/5.0 (Linux; Android 6.0.1; Nexus 5X Build/MMB29P) AppleWebKit/537.36 (KHTML, like Gecko) Chrome/131.0.6778.139 Mobile Safari/537.36 (compatible; GoogleOther)"
66.249.68.69 - - [04/Jan/2025:11:46:29 -0500] "GET /?b=306725166 HTTP/1.1" 200 79527 "-" "Mozilla/5.0 (Linux; Android 6.0.1; Nexus 5X Build/MMB29P) AppleWebKit/537.36 (KHTML, like Gecko) Chrome/131.0.6778.139 Mobile Safari/537.36 (compatible; Googlebot/2.1; +http://www.google.com/bot.html)"
66.249.68.36 - - [04/Jan/2025:11:46:30 -0500] "GET /?b=172334966 HTTP/1.1" 200 79505 "-" "Mozilla/5.0 (Linux; Android 6.0.1; Nexus 5X Build/MMB29P) AppleWebKit/537.36 (KHTML, like Gecko) Chrome/131.0.6778.139 Mobile Safari/537.36 (compatible; GoogleOther)"
66.249.68.68 - - [04/Jan/2025:11:46:36 -0500] "GET /?b=316447166 HTTP/1.1" 200 80408 "-" "Mozilla/5.0 (Linux; Android 6.0.1; Nexus 5X Build/MMB29P) AppleWebKit/537.36 (KHTML, like Gecko) Chrome/131.0.6778.139 Mobile Safari/537.36 (compatible; GoogleOther)"
66.249.68.68 - - [04/Jan/2025:11:46:37 -0500] "GET /?b=277469866 HTTP/1.1" 200 79993 "-" "Mozilla/5.0 (Linux; Android 6.0.1; Nexus 5X Build/MMB29P) AppleWebKit/537.36 (KHTML, like Gecko) Chrome/131.0.6778.139 Mobile Safari/537.36 (compatible; Googlebot/2.1; +http://www.google.com/bot.html)"
66.249.68.68 - - [04/Jan/2025:11:46:41 -0500] "GET /?b=4310266 HTTP/1.1" 200 80340 "-" "Mozilla/5.0 (Linux; Android 6.0.1; Nexus 5X Build/MMB29P) AppleWebKit/537.36 (KHTML, like Gecko) Chrome/131.0.6778.139 Mobile Safari/537.36 (compatible; GoogleOther)"
66.249.68.70 - - [04/Jan/2025:11:46:47 -0500] "GET /?b=49915166 HTTP/1.1" 200 79841 "-" "Mozilla/5.0 (Linux; Android 6.0.1; Nexus 5X Build/MMB29P) AppleWebKit/537.36 (KHTML, like Gecko) Chrome/131.0.6778.139 Mobile Safari/537.36 (compatible; GoogleOther)"
66.249.68.68 - - [04/Jan/2025:11:46:50 -0500] "GET /?b=150600166 HTTP/1.1" 200 79492 "-" "Mozilla/5.0 (Linux; Android 6.0.1; Nexus 5X Build/MMB29P) AppleWebKit/537.36 (KHTML, like Gecko) Chrome/131.0.6778.139 Mobile Safari/537.36 (compatible; Googlebot/2.1; +http://www.google.com/bot.html)"
66.249.68.69 - - [04/Jan/2025:11:46:52 -0500] "GET /?b=38708366 HTTP/1.1" 200 79297 "-" "Mozilla/5.0 (Linux; Android 6.0.1; Nexus 5X Build/MMB29P) AppleWebKit/537.36 (KHTML, like Gecko) Chrome/131.0.6778.139 Mobile Safari/537.36 (compatible; GoogleOther)"
66.249.68.71 - - [04/Jan/2025:11:46:58 -0500] "GET /?b=81737466 HTTP/1.1" 200 81333 "-" "Mozilla/5.0 (Linux; Android 6.0.1; Nexus 5X Build/MMB29P) AppleWebKit/537.36 (KHTML, like Gecko) Chrome/131.0.6778.139 Mobile Safari/537.36 (compatible; GoogleOther)"
66.249.68.69 - - [04/Jan/2025:11:47:04 -0500] "GET /?b=356124566 HTTP/1.1" 200 80329 "-" "Mozilla/5.0 (Linux; Android 6.0.1; Nexus 5X Build/MMB29P) AppleWebKit/537.36 (KHTML, like Gecko) Chrome/131.0.6778.139 Mobile Safari/537.36 (compatible; GoogleOther)"
66.249.68.68 - - [04/Jan/2025:11:47:10 -0500] "GET /?b=287261766 HTTP/1.1" 200 79784 "-" "Mozilla/5.0 (Linux; Android 6.0.1; Nexus 5X Build/MMB29P) AppleWebKit/537.36 (KHTML, like Gecko) Chrome/131.0.6778.139 Mobile Safari/537.36 (compatible; GoogleOther)"
66.249.68.68 - - [04/Jan/2025:11:47:16 -0500] "GET /?b=248320666 HTTP/1.1" 200 79776 "-" "Mozilla/5.0 (Linux; Android 6.0.1; Nexus 5X Build/MMB29P) AppleWebKit/537.36 (KHTML, like Gecko) Chrome/131.0.6778.139 Mobile Safari/537.36 (compatible; GoogleOther)"
52.167.144.188 - - [04/Jan/2025:11:47:19 -0500] "GET /byfww/l2062685.html HTTP/1.1" 200 82350 "-" "Mozilla/5.0 AppleWebKit/537.36 (KHTML, like Gecko; compatible; bingbot/2.0; +http://www.bing.com/bingbot.htm) Chrome/116.0.1938.76 Safari/537.36"
66.249.79.104 - - [04/Jan/2025:11:47:21 -0500] "GET /?b=330427966 HTTP/1.1" 200 79292 "-" "Mozilla/5.0 (Linux; Android 6.0.1; Nexus 5X Build/MMB29P) AppleWebKit/537.36 (KHTML, like Gecko) Chrome/131.0.6778.139 Mobile Safari/537.36 (compatible; GoogleOther)"
66.249.68.69 - - [04/Jan/2025:11:47:27 -0500] "GET /?b=300264866 HTTP/1.1" 200 80211 "-" "Mozilla/5.0 (Linux; Android 6.0.1; Nexus 5X Build/MMB29P) AppleWebKit/537.36 (KHTML, like Gecko) Chrome/131.0.6778.139 Mobile Safari/537.36 (compatible; GoogleOther)"
66.249.68.68 - - [04/Jan/2025:11:47:28 -0500] "GET /?b=163729166 HTTP/1.1" 200 80653 "-" "Mozilla/5.0 (Linux; Android 6.0.1; Nexus 5X Build/MMB29P) AppleWebKit/537.36 (KHTML, like Gecko) Chrome/131.0.6778.139 Mobile Safari/537.36 (compatible; Googlebot/2.1; +http://www.google.com/bot.html)"
66.249.68.69 - - [04/Jan/2025:11:47:33 -0500] "GET /?b=133997066 HTTP/1.1" 200 79282 "-" "Mozilla/5.0 (Linux; Android 6.0.1; Nexus 5X Build/MMB29P) AppleWebKit/537.36 (KHTML, like Gecko) Chrome/131.0.6778.139 Mobile Safari/537.36 (compatible; GoogleOther)"
66.249.79.165 - - [04/Jan/2025:11:47:39 -0500] "GET /?b=233740066 HTTP/1.1" 200 80157 "-" "Mozilla/5.0 (Linux; Android 6.0.1; Nexus 5X Build/MMB29P) AppleWebKit/537.36 (KHTML, like Gecko) Chrome/131.0.6778.139 Mobile Safari/537.36 (compatible; GoogleOther)"
66.249.68.70 - - [04/Jan/2025:11:47:44 -0500] "GET /?b=15490166 HTTP/1.1" 200 79847 "-" "Mozilla/5.0 (Linux; Android 6.0.1; Nexus 5X Build/MMB29P) AppleWebKit/537.36 (KHTML, like Gecko) Chrome/131.0.6778.139 Mobile Safari/537.36 (compatible; Googlebot/2.1; +http://www.google.com/bot.html)"
66.249.68.70 - - [04/Jan/2025:11:47:44 -0500] "GET /?b=94045866 HTTP/1.1" 200 79945 "-" "Mozilla/5.0 (Linux; Android 6.0.1; Nexus 5X Build/MMB29P) AppleWebKit/537.36 (KHTML, like Gecko) Chrome/131.0.6778.139 Mobile Safari/537.36 (compatible; GoogleOther)"
66.249.79.106 - - [04/Jan/2025:11:47:50 -0500] "GET /?b=74394166 HTTP/1.1" 200 80931 "-" "Mozilla/5.0 (Linux; Android 6.0.1; Nexus 5X Build/MMB29P) AppleWebKit/537.36 (KHTML, like Gecko) Chrome/131.0.6778.139 Mobile Safari/537.36 (compatible; GoogleOther)"
66.249.79.166 - - [04/Jan/2025:11:47:56 -0500] "GET /?b=243147666 HTTP/1.1" 200 80948 "-" "Mozilla/5.0 (Linux; Android 6.0.1; Nexus 5X Build/MMB29P) AppleWebKit/537.36 (KHTML, like Gecko) Chrome/131.0.6778.139 Mobile Safari/537.36 (compatible; GoogleOther)"
66.249.68.69 - - [04/Jan/2025:11:48:02 -0500] "GET /?b=161034566 HTTP/1.1" 200 81732 "-" "Mozilla/5.0 (Linux; Android 6.0.1; Nexus 5X Build/MMB29P) AppleWebKit/537.36 (KHTML, like Gecko) Chrome/131.0.6778.139 Mobile Safari/537.36 (compatible; GoogleOther)"
66.249.68.68 - - [04/Jan/2025:11:48:08 -0500] "GET /?b=160122366 HTTP/1.1" 200 81826 "-" "Mozilla/5.0 (Linux; Android 6.0.1; Nexus 5X Build/MMB29P) AppleWebKit/537.36 (KHTML, like Gecko) Chrome/131.0.6778.139 Mobile Safari/537.36 (compatible; GoogleOther)"
66.249.79.164 - - [04/Jan/2025:11:48:13 -0500] "GET /?b=65082066 HTTP/1.1" 200 81178 "-" "Mozilla/5.0 (Linux; Android 6.0.1; Nexus 5X Build/MMB29P) AppleWebKit/537.36 (KHTML, like Gecko) Chrome/131.0.6778.139 Mobile Safari/537.36 (compatible; Googlebot/2.1; +http://www.google.com/bot.html)"
66.249.68.68 - - [04/Jan/2025:11:48:14 -0500] "GET /?b=70183266 HTTP/1.1" 200 80010 "-" "Mozilla/5.0 (Linux; Android 6.0.1; Nexus 5X Build/MMB29P) AppleWebKit/537.36 (KHTML, like Gecko) Chrome/131.0.6778.139 Mobile Safari/537.36 (compatible; GoogleOther)"
66.249.68.69 - - [04/Jan/2025:11:48:19 -0500] "GET /?b=171657066 HTTP/1.1" 200 79431 "-" "Mozilla/5.0 (Linux; Android 6.0.1; Nexus 5X Build/MMB29P) AppleWebKit/537.36 (KHTML, like Gecko) Chrome/131.0.6778.139 Mobile Safari/537.36 (compatible; GoogleOther)"
66.249.68.69 - - [04/Jan/2025:11:48:21 -0500] "GET /?b=215836966 HTTP/1.1" 200 79395 "-" "Mozilla/5.0 (Linux; Android 6.0.1; Nexus 5X Build/MMB29P) AppleWebKit/537.36 (KHTML, like Gecko) Chrome/131.0.6778.139 Mobile Safari/537.36 (compatible; Googlebot/2.1; +http://www.google.com/bot.html)"
66.249.68.37 - - [04/Jan/2025:11:48:25 -0500] "GET /?b=138750966 HTTP/1.1" 200 79955 "-" "Mozilla/5.0 (Linux; Android 6.0.1; Nexus 5X Build/MMB29P) AppleWebKit/537.36 (KHTML, like Gecko) Chrome/131.0.6778.139 Mobile Safari/537.36 (compatible; GoogleOther)"
66.249.68.69 - - [04/Jan/2025:11:48:31 -0500] "GET /?b=137721466 HTTP/1.1" 200 79457 "-" "Mozilla/5.0 (Linux; Android 6.0.1; Nexus 5X Build/MMB29P) AppleWebKit/537.36 (KHTML, like Gecko) Chrome/131.0.6778.139 Mobile Safari/537.36 (compatible; GoogleOther)"
66.249.68.6 - - [04/Jan/2025:11:48:35 -0500] "GET /?b=208388966 HTTP/1.1" 200 79773 "-" "Mozilla/5.0 (Linux; Android 6.0.1; Nexus 5X Build/MMB29P) AppleWebKit/537.36 (KHTML, like Gecko) Chrome/131.0.6778.139 Mobile Safari/537.36 (compatible; Googlebot/2.1; +http://www.google.com/bot.html)"
66.249.79.6 - - [04/Jan/2025:11:48:37 -0500] "GET /?b=196458966 HTTP/1.1" 200 79628 "-" "Mozilla/5.0 (Linux; Android 6.0.1; Nexus 5X Build/MMB29P) AppleWebKit/537.36 (KHTML, like Gecko) Chrome/131.0.6778.139 Mobile Safari/537.36 (compatible; GoogleOther)"
66.249.79.194 - - [04/Jan/2025:11:48:42 -0500] "GET /?b=355365466 HTTP/1.1" 200 79856 "-" "Mozilla/5.0 (Linux; Android 6.0.1; Nexus 5X Build/MMB29P) AppleWebKit/537.36 (KHTML, like Gecko) Chrome/131.0.6778.139 Mobile Safari/537.36 (compatible; GoogleOther)"
66.249.79.7 - - [04/Jan/2025:11:48:48 -0500] "GET /?b=142698166 HTTP/1.1" 200 82611 "-" "Mozilla/5.0 (Linux; Android 6.0.1; Nexus 5X Build/MMB29P) AppleWebKit/537.36 (KHTML, like Gecko) Chrome/131.0.6778.139 Mobile Safari/537.36 (compatible; GoogleOther)"
66.249.68.37 - - [04/Jan/2025:11:48:51 -0500] "GET /?b=94884566 HTTP/1.1" 200 79692 "-" "Mozilla/5.0 (Linux; Android 6.0.1; Nexus 5X Build/MMB29P) AppleWebKit/537.36 (KHTML, like Gecko) Chrome/131.0.6778.139 Mobile Safari/537.36 (compatible; Googlebot/2.1; +http://www.google.com/bot.html)"
66.249.79.166 - - [04/Jan/2025:11:48:52 -0500] "GET /?b=72449766 HTTP/1.1" 200 79329 "-" "Mozilla/5.0 (Linux; Android 6.0.1; Nexus 5X Build/MMB29P) AppleWebKit/537.36 (KHTML, like Gecko) Chrome/131.0.6778.139 Mobile Safari/537.36 (compatible; Googlebot/2.1; +http://www.google.com/bot.html)"
66.249.68.70 - - [04/Jan/2025:11:48:54 -0500] "GET /?b=105223066 HTTP/1.1" 200 81224 "-" "Mozilla/5.0 (Linux; Android 6.0.1; Nexus 5X Build/MMB29P) AppleWebKit/537.36 (KHTML, like Gecko) Chrome/131.0.6778.139 Mobile Safari/537.36 (compatible; GoogleOther)"
66.249.79.167 - - [04/Jan/2025:11:48:59 -0500] "GET /?b=157915366 HTTP/1.1" 200 80282 "-" "Mozilla/5.0 (Linux; Android 6.0.1; Nexus 5X Build/MMB29P) AppleWebKit/537.36 (KHTML, like Gecko) Chrome/131.0.6778.139 Mobile Safari/537.36 (compatible; GoogleOther)"
66.249.68.69 - - [04/Jan/2025:11:49:05 -0500] "GET /?b=28653166 HTTP/1.1" 200 81146 "-" "Mozilla/5.0 (Linux; Android 6.0.1; Nexus 5X Build/MMB29P) AppleWebKit/537.36 (KHTML, like Gecko) Chrome/131.0.6778.139 Mobile Safari/537.36 (compatible; Googlebot/2.1; +http://www.google.com/bot.html)"
66.249.68.68 - - [04/Jan/2025:11:49:05 -0500] "GET /?b=231929666 HTTP/1.1" 200 79798 "-" "Mozilla/5.0 (Linux; Android 6.0.1; Nexus 5X Build/MMB29P) AppleWebKit/537.36 (KHTML, like Gecko) Chrome/131.0.6778.139 Mobile Safari/537.36 (compatible; GoogleOther)"
52.167.144.188 - - [04/Jan/2025:11:49:08 -0500] "GET /bykmu/m1255698.html HTTP/1.1" 200 80556 "-" "Mozilla/5.0 AppleWebKit/537.36 (KHTML, like Gecko; compatible; bingbot/2.0; +http://www.bing.com/bingbot.htm) Chrome/116.0.1938.76 Safari/537.36"
66.249.79.5 - - [04/Jan/2025:11:49:11 -0500] "GET /?b=188329266 HTTP/1.1" 200 79686 "-" "Mozilla/5.0 (Linux; Android 6.0.1; Nexus 5X Build/MMB29P) AppleWebKit/537.36 (KHTML, like Gecko) Chrome/131.0.6778.139 Mobile Safari/537.36 (compatible; GoogleOther)"
52.167.144.188 - - [04/Jan/2025:11:49:11 -0500] "GET /fbmmv/c1921704.html HTTP/1.1" 200 79916 "-" "Mozilla/5.0 AppleWebKit/537.36 (KHTML, like Gecko; compatible; bingbot/2.0; +http://www.bing.com/bingbot.htm) Chrome/116.0.1938.76 Safari/537.36"
66.249.68.68 - - [04/Jan/2025:11:49:17 -0500] "GET /?b=314866666 HTTP/1.1" 200 85816 "-" "Mozilla/5.0 (Linux; Android 6.0.1; Nexus 5X Build/MMB29P) AppleWebKit/537.36 (KHTML, like Gecko) Chrome/131.0.6778.139 Mobile Safari/537.36 (compatible; GoogleOther)"
66.249.79.194 - - [04/Jan/2025:11:49:23 -0500] "GET /?b=148024466 HTTP/1.1" 200 79028 "-" "Mozilla/5.0 (Linux; Android 6.0.1; Nexus 5X Build/MMB29P) AppleWebKit/537.36 (KHTML, like Gecko) Chrome/131.0.6778.139 Mobile Safari/537.36 (compatible; GoogleOther)"
66.249.68.68 - - [04/Jan/2025:11:49:28 -0500] "GET /?b=221919266 HTTP/1.1" 200 79409 "-" "Mozilla/5.0 (Linux; Android 6.0.1; Nexus 5X Build/MMB29P) AppleWebKit/537.36 (KHTML, like Gecko) Chrome/131.0.6778.139 Mobile Safari/537.36 (compatible; GoogleOther)"
66.249.79.6 - - [04/Jan/2025:11:49:34 -0500] "GET /?b=343765466 HTTP/1.1" 200 79812 "-" "Mozilla/5.0 (Linux; Android 6.0.1; Nexus 5X Build/MMB29P) AppleWebKit/537.36 (KHTML, like Gecko) Chrome/131.0.6778.139 Mobile Safari/537.36 (compatible; GoogleOther)"
66.249.79.104 - - [04/Jan/2025:11:49:40 -0500] "GET /?b=284373966 HTTP/1.1" 200 81022 "-" "Mozilla/5.0 (Linux; Android 6.0.1; Nexus 5X Build/MMB29P) AppleWebKit/537.36 (KHTML, like Gecko) Chrome/131.0.6778.139 Mobile Safari/537.36 (compatible; GoogleOther)"
66.249.68.6 - - [04/Jan/2025:11:49:46 -0500] "GET /?b=277055766 HTTP/1.1" 200 79827 "-" "Mozilla/5.0 (Linux; Android 6.0.1; Nexus 5X Build/MMB29P) AppleWebKit/537.36 (KHTML, like Gecko) Chrome/131.0.6778.139 Mobile Safari/537.36 (compatible; GoogleOther)"
52.167.144.188 - - [04/Jan/2025:11:49:51 -0500] "GET /bgrda/f151731.html HTTP/1.1" 200 79728 "-" "Mozilla/5.0 AppleWebKit/537.36 (KHTML, like Gecko; compatible; bingbot/2.0; +http://www.bing.com/bingbot.htm) Chrome/116.0.1938.76 Safari/537.36"
66.249.68.36 - - [04/Jan/2025:11:49:52 -0500] "GET /?b=114897366 HTTP/1.1" 200 79573 "-" "Mozilla/5.0 (Linux; Android 6.0.1; Nexus 5X Build/MMB29P) AppleWebKit/537.36 (KHTML, like Gecko) Chrome/131.0.6778.139 Mobile Safari/537.36 (compatible; GoogleOther)"
40.77.167.78 - - [04/Jan/2025:11:49:57 -0500] "GET /mhcch/a888774.html HTTP/1.1" 200 79375 "-" "Mozilla/5.0 AppleWebKit/537.36 (KHTML, like Gecko; compatible; bingbot/2.0; +http://www.bing.com/bingbot.htm) Chrome/116.0.1938.76 Safari/537.36"
66.249.68.68 - - [04/Jan/2025:11:49:58 -0500] "GET /?b=245390066 HTTP/1.1" 200 79889 "-" "Mozilla/5.0 (Linux; Android 6.0.1; Nexus 5X Build/MMB29P) AppleWebKit/537.36 (KHTML, like Gecko) Chrome/131.0.6778.139 Mobile Safari/537.36 (compatible; GoogleOther)"
66.249.68.68 - - [04/Jan/2025:11:50:04 -0500] "GET /?b=246289966 HTTP/1.1" 200 79570 "-" "Mozilla/5.0 (Linux; Android 6.0.1; Nexus 5X Build/MMB29P) AppleWebKit/537.36 (KHTML, like Gecko) Chrome/131.0.6778.139 Mobile Safari/537.36 (compatible; Googlebot/2.1; +http://www.google.com/bot.html)"
66.249.68.5 - - [04/Jan/2025:11:50:10 -0500] "GET /?b=11798366 HTTP/1.1" 200 79682 "-" "Mozilla/5.0 (Linux; Android 6.0.1; Nexus 5X Build/MMB29P) AppleWebKit/537.36 (KHTML, like Gecko) Chrome/131.0.6778.139 Mobile Safari/537.36 (compatible; Googlebot/2.1; +http://www.google.com/bot.html)"
66.249.68.68 - - [04/Jan/2025:11:50:10 -0500] "GET /?b=353049266 HTTP/1.1" 200 80161 "-" "Mozilla/5.0 (Linux; Android 6.0.1; Nexus 5X Build/MMB29P) AppleWebKit/537.36 (KHTML, like Gecko) Chrome/131.0.6778.139 Mobile Safari/537.36 (compatible; GoogleOther)"
52.167.144.188 - - [04/Jan/2025:11:50:11 -0500] "GET /aaxyp/z1552631.html HTTP/1.1" 200 79651 "-" "Mozilla/5.0 AppleWebKit/537.36 (KHTML, like Gecko; compatible; bingbot/2.0; +http://www.bing.com/bingbot.htm) Chrome/116.0.1938.76 Safari/537.36"
66.249.79.35 - - [04/Jan/2025:11:50:14 -0500] "GET /?b=264139066 HTTP/1.1" 200 79960 "-" "Mozilla/5.0 (Linux; Android 6.0.1; Nexus 5X Build/MMB29P) AppleWebKit/537.36 (KHTML, like Gecko) Chrome/131.0.6778.139 Mobile Safari/537.36 (compatible; Googlebot/2.1; +http://www.google.com/bot.html)"
66.249.68.68 - - [04/Jan/2025:11:50:16 -0500] "GET /?b=335585366 HTTP/1.1" 200 79926 "-" "Mozilla/5.0 (Linux; Android 6.0.1; Nexus 5X Build/MMB29P) AppleWebKit/537.36 (KHTML, like Gecko) Chrome/131.0.6778.139 Mobile Safari/537.36 (compatible; GoogleOther)"
66.249.68.6 - - [04/Jan/2025:11:50:17 -0500] "GET /?b=284290066 HTTP/1.1" 200 80499 "-" "Mozilla/5.0 (Linux; Android 6.0.1; Nexus 5X Build/MMB29P) AppleWebKit/537.36 (KHTML, like Gecko) Chrome/131.0.6778.139 Mobile Safari/537.36 (compatible; Googlebot/2.1; +http://www.google.com/bot.html)"
66.249.79.194 - - [04/Jan/2025:11:50:22 -0500] "GET /?b=13649566 HTTP/1.1" 200 79531 "-" "Mozilla/5.0 (Linux; Android 6.0.1; Nexus 5X Build/MMB29P) AppleWebKit/537.36 (KHTML, like Gecko) Chrome/131.0.6778.139 Mobile Safari/537.36 (compatible; GoogleOther)"
66.249.68.68 - - [04/Jan/2025:11:50:28 -0500] "GET /?b=124245866 HTTP/1.1" 200 80409 "-" "Mozilla/5.0 (Linux; Android 6.0.1; Nexus 5X Build/MMB29P) AppleWebKit/537.36 (KHTML, like Gecko) Chrome/131.0.6778.139 Mobile Safari/537.36 (compatible; GoogleOther)"
52.167.144.188 - - [04/Jan/2025:11:50:29 -0500] "GET /momwh/x631371.html HTTP/1.1" 200 81569 "-" "Mozilla/5.0 AppleWebKit/537.36 (KHTML, like Gecko; compatible; bingbot/2.0; +http://www.bing.com/bingbot.htm) Chrome/116.0.1938.76 Safari/537.36"
66.249.68.70 - - [04/Jan/2025:11:50:34 -0500] "GET /?b=250505066 HTTP/1.1" 200 79660 "-" "Mozilla/5.0 (Linux; Android 6.0.1; Nexus 5X Build/MMB29P) AppleWebKit/537.36 (KHTML, like Gecko) Chrome/131.0.6778.139 Mobile Safari/537.36 (compatible; GoogleOther)"
66.249.68.70 - - [04/Jan/2025:11:50:40 -0500] "GET /?b=1795266 HTTP/1.1" 200 80134 "-" "Mozilla/5.0 (Linux; Android 6.0.1; Nexus 5X Build/MMB29P) AppleWebKit/537.36 (KHTML, like Gecko) Chrome/131.0.6778.139 Mobile Safari/537.36 (compatible; GoogleOther)"
66.249.68.68 - - [04/Jan/2025:11:50:46 -0500] "GET /?b=338387666 HTTP/1.1" 200 80484 "-" "Mozilla/5.0 (Linux; Android 6.0.1; Nexus 5X Build/MMB29P) AppleWebKit/537.36 (KHTML, like Gecko) Chrome/131.0.6778.139 Mobile Safari/537.36 (compatible; GoogleOther)"
66.249.68.71 - - [04/Jan/2025:11:50:52 -0500] "GET /?b=340526866 HTTP/1.1" 200 79301 "-" "Mozilla/5.0 (Linux; Android 6.0.1; Nexus 5X Build/MMB29P) AppleWebKit/537.36 (KHTML, like Gecko) Chrome/131.0.6778.139 Mobile Safari/537.36 (compatible; GoogleOther)"
66.249.68.70 - - [04/Jan/2025:11:50:58 -0500] "GET /?b=1326366 HTTP/1.1" 200 80414 "-" "Mozilla/5.0 (Linux; Android 6.0.1; Nexus 5X Build/MMB29P) AppleWebKit/537.36 (KHTML, like Gecko) Chrome/131.0.6778.139 Mobile Safari/537.36 (compatible; GoogleOther)"
66.249.68.68 - - [04/Jan/2025:11:51:04 -0500] "GET /?b=92462066 HTTP/1.1" 200 79914 "-" "Mozilla/5.0 (Linux; Android 6.0.1; Nexus 5X Build/MMB29P) AppleWebKit/537.36 (KHTML, like Gecko) Chrome/131.0.6778.139 Mobile Safari/537.36 (compatible; GoogleOther)"
66.249.68.68 - - [04/Jan/2025:11:51:10 -0500] "GET /?b=170845766 HTTP/1.1" 200 79617 "-" "Mozilla/5.0 (Linux; Android 6.0.1; Nexus 5X Build/MMB29P) AppleWebKit/537.36 (KHTML, like Gecko) Chrome/131.0.6778.204 Mobile Safari/537.36 (compatible; Googlebot/2.1; +http://www.google.com/bot.html)"
66.249.68.5 - - [04/Jan/2025:11:51:10 -0500] "GET /?b=320444566 HTTP/1.1" 200 79751 "-" "Mozilla/5.0 (Linux; Android 6.0.1; Nexus 5X Build/MMB29P) AppleWebKit/537.36 (KHTML, like Gecko) Chrome/131.0.6778.139 Mobile Safari/537.36 (compatible; GoogleOther)"
66.249.68.69 - - [04/Jan/2025:11:51:13 -0500] "GET /?b=133734766 HTTP/1.1" 200 79926 "-" "Mozilla/5.0 (Linux; Android 6.0.1; Nexus 5X Build/MMB29P) AppleWebKit/537.36 (KHTML, like Gecko) Chrome/131.0.6778.139 Mobile Safari/537.36 (compatible; Googlebot/2.1; +http://www.google.com/bot.html)"
66.249.79.194 - - [04/Jan/2025:11:51:16 -0500] "GET /?b=211153666 HTTP/1.1" 200 81561 "-" "Mozilla/5.0 (Linux; Android 6.0.1; Nexus 5X Build/MMB29P) AppleWebKit/537.36 (KHTML, like Gecko) Chrome/131.0.6778.139 Mobile Safari/537.36 (compatible; GoogleOther)"
52.167.144.160 - - [04/Jan/2025:11:51:21 -0500] "GET /odurl/a561122.html HTTP/1.1" 200 79657 "-" "Mozilla/5.0 AppleWebKit/537.36 (KHTML, like Gecko; compatible; bingbot/2.0; +http://www.bing.com/bingbot.htm) Chrome/116.0.1938.76 Safari/537.36"
66.249.79.105 - - [04/Jan/2025:11:51:22 -0500] "GET /?b=277570766 HTTP/1.1" 200 79575 "-" "Mozilla/5.0 (Linux; Android 6.0.1; Nexus 5X Build/MMB29P) AppleWebKit/537.36 (KHTML, like Gecko) Chrome/131.0.6778.139 Mobile Safari/537.36 (compatible; GoogleOther)"
66.249.68.69 - - [04/Jan/2025:11:51:28 -0500] "GET /?b=338129266 HTTP/1.1" 200 80018 "-" "Mozilla/5.0 (Linux; Android 6.0.1; Nexus 5X Build/MMB29P) AppleWebKit/537.36 (KHTML, like Gecko) Chrome/131.0.6778.139 Mobile Safari/537.36 (compatible; GoogleOther)"
66.249.79.104 - - [04/Jan/2025:11:51:34 -0500] "GET /?b=94646966 HTTP/1.1" 200 79572 "-" "Mozilla/5.0 (Linux; Android 6.0.1; Nexus 5X Build/MMB29P) AppleWebKit/537.36 (KHTML, like Gecko) Chrome/131.0.6778.139 Mobile Safari/537.36 (compatible; GoogleOther)"
66.249.68.68 - - [04/Jan/2025:11:51:40 -0500] "GET /?b=149539966 HTTP/1.1" 200 79437 "-" "Mozilla/5.0 (Linux; Android 6.0.1; Nexus 5X Build/MMB29P) AppleWebKit/537.36 (KHTML, like Gecko) Chrome/131.0.6778.139 Mobile Safari/537.36 (compatible; GoogleOther)"
66.249.68.70 - - [04/Jan/2025:11:51:46 -0500] "GET /?b=300875566 HTTP/1.1" 200 79442 "-" "Mozilla/5.0 (Linux; Android 6.0.1; Nexus 5X Build/MMB29P) AppleWebKit/537.36 (KHTML, like Gecko) Chrome/131.0.6778.139 Mobile Safari/537.36 (compatible; GoogleOther)"
66.249.68.70 - - [04/Jan/2025:11:51:52 -0500] "GET /?b=63031766 HTTP/1.1" 200 81583 "-" "Mozilla/5.0 (Linux; Android 6.0.1; Nexus 5X Build/MMB29P) AppleWebKit/537.36 (KHTML, like Gecko) Chrome/131.0.6778.139 Mobile Safari/537.36 (compatible; GoogleOther)"
66.249.68.71 - - [04/Jan/2025:11:51:58 -0500] "GET /?b=262049966 HTTP/1.1" 200 79688 "-" "Mozilla/5.0 (Linux; Android 6.0.1; Nexus 5X Build/MMB29P) AppleWebKit/537.36 (KHTML, like Gecko) Chrome/131.0.6778.139 Mobile Safari/537.36 (compatible; GoogleOther)"
66.249.68.70 - - [04/Jan/2025:11:52:04 -0500] "GET /?b=340921866 HTTP/1.1" 200 79756 "-" "Mozilla/5.0 (Linux; Android 6.0.1; Nexus 5X Build/MMB29P) AppleWebKit/537.36 (KHTML, like Gecko) Chrome/131.0.6778.139 Mobile Safari/537.36 (compatible; GoogleOther)"
66.249.68.68 - - [04/Jan/2025:11:52:06 -0500] "GET /?b=128785466 HTTP/1.1" 200 80054 "-" "Mozilla/5.0 (Linux; Android 6.0.1; Nexus 5X Build/MMB29P) AppleWebKit/537.36 (KHTML, like Gecko) Chrome/131.0.6778.139 Mobile Safari/537.36 (compatible; Googlebot/2.1; +http://www.google.com/bot.html)"
66.249.68.68 - - [04/Jan/2025:11:52:09 -0500] "GET /?b=279217466 HTTP/1.1" 200 79951 "-" "Mozilla/5.0 (Linux; Android 6.0.1; Nexus 5X Build/MMB29P) AppleWebKit/537.36 (KHTML, like Gecko) Chrome/131.0.6778.139 Mobile Safari/537.36 (compatible; Googlebot/2.1; +http://www.google.com/bot.html)"
66.249.79.104 - - [04/Jan/2025:11:52:09 -0500] "GET /?b=65016866 HTTP/1.1" 200 81472 "-" "Mozilla/5.0 (Linux; Android 6.0.1; Nexus 5X Build/MMB29P) AppleWebKit/537.36 (KHTML, like Gecko) Chrome/131.0.6778.139 Mobile Safari/537.36 (compatible; GoogleOther)"
66.249.79.6 - - [04/Jan/2025:11:52:15 -0500] "GET /?b=345703266 HTTP/1.1" 200 79241 "-" "Mozilla/5.0 (Linux; Android 6.0.1; Nexus 5X Build/MMB29P) AppleWebKit/537.36 (KHTML, like Gecko) Chrome/131.0.6778.139 Mobile Safari/537.36 (compatible; GoogleOther)"
66.249.68.68 - - [04/Jan/2025:11:52:20 -0500] "GET /?b=27566666 HTTP/1.1" 200 79580 "-" "Mozilla/5.0 (Linux; Android 6.0.1; Nexus 5X Build/MMB29P) AppleWebKit/537.36 (KHTML, like Gecko) Chrome/131.0.6778.139 Mobile Safari/537.36 (compatible; GoogleOther)"
66.249.68.69 - - [04/Jan/2025:11:52:26 -0500] "GET /?b=94299866 HTTP/1.1" 200 80349 "-" "Mozilla/5.0 (Linux; Android 6.0.1; Nexus 5X Build/MMB29P) AppleWebKit/537.36 (KHTML, like Gecko) Chrome/131.0.6778.139 Mobile Safari/537.36 (compatible; GoogleOther)"
66.249.68.69 - - [04/Jan/2025:11:52:28 -0500] "GET /?b=165322466 HTTP/1.1" 200 81256 "-" "Mozilla/5.0 (Linux; Android 6.0.1; Nexus 5X Build/MMB29P) AppleWebKit/537.36 (KHTML, like Gecko) Chrome/131.0.6778.139 Mobile Safari/537.36 (compatible; Googlebot/2.1; +http://www.google.com/bot.html)"
66.249.68.68 - - [04/Jan/2025:11:52:32 -0500] "GET /?b=78236866 HTTP/1.1" 200 80021 "-" "Mozilla/5.0 (Linux; Android 6.0.1; Nexus 5X Build/MMB29P) AppleWebKit/537.36 (KHTML, like Gecko) Chrome/131.0.6778.139 Mobile Safari/537.36 (compatible; GoogleOther)"
66.249.68.68 - - [04/Jan/2025:11:52:38 -0500] "GET /?b=208889966 HTTP/1.1" 200 79874 "-" "Mozilla/5.0 (Linux; Android 6.0.1; Nexus 5X Build/MMB29P) AppleWebKit/537.36 (KHTML, like Gecko) Chrome/131.0.6778.139 Mobile Safari/537.36 (compatible; GoogleOther)"
66.249.79.6 - - [04/Jan/2025:11:52:44 -0500] "GET /?b=95242866 HTTP/1.1" 200 79485 "-" "Mozilla/5.0 (Linux; Android 6.0.1; Nexus 5X Build/MMB29P) AppleWebKit/537.36 (KHTML, like Gecko) Chrome/131.0.6778.139 Mobile Safari/537.36 (compatible; GoogleOther)"
66.249.68.68 - - [04/Jan/2025:11:52:50 -0500] "GET /?b=173018766 HTTP/1.1" 200 79552 "-" "Mozilla/5.0 (Linux; Android 6.0.1; Nexus 5X Build/MMB29P) AppleWebKit/537.36 (KHTML, like Gecko) Chrome/131.0.6778.139 Mobile Safari/537.36 (compatible; GoogleOther)"
66.249.68.70 - - [04/Jan/2025:11:52:56 -0500] "GET /?b=306879566 HTTP/1.1" 200 80022 "-" "Mozilla/5.0 (Linux; Android 6.0.1; Nexus 5X Build/MMB29P) AppleWebKit/537.36 (KHTML, like Gecko) Chrome/131.0.6778.139 Mobile Safari/537.36 (compatible; GoogleOther)"
40.77.167.2 - - [04/Jan/2025:11:53:00 -0500] "GET /tnaml/a558392.html HTTP/1.1" 200 80552 "-" "Mozilla/5.0 AppleWebKit/537.36 (KHTML, like Gecko; compatible; bingbot/2.0; +http://www.bing.com/bingbot.htm) Chrome/116.0.1938.76 Safari/537.36"
66.249.79.106 - - [04/Jan/2025:11:53:04 -0500] "GET /?b=264359566 HTTP/1.1" 200 79893 "-" "Mozilla/5.0 (Linux; Android 6.0.1; Nexus 5X Build/MMB29P) AppleWebKit/537.36 (KHTML, like Gecko) Chrome/131.0.6778.139 Mobile Safari/537.36 (compatible; GoogleOther)"
66.249.68.68 - - [04/Jan/2025:11:53:08 -0500] "GET /?b=4443066 HTTP/1.1" 200 79933 "-" "Mozilla/5.0 (Linux; Android 6.0.1; Nexus 5X Build/MMB29P) AppleWebKit/537.36 (KHTML, like Gecko) Chrome/131.0.6778.139 Mobile Safari/537.36 (compatible; GoogleOther)"
66.249.68.36 - - [04/Jan/2025:11:53:14 -0500] "GET /?b=41935266 HTTP/1.1" 200 81007 "-" "Mozilla/5.0 (Linux; Android 6.0.1; Nexus 5X Build/MMB29P) AppleWebKit/537.36 (KHTML, like Gecko) Chrome/131.0.6778.139 Mobile Safari/537.36 (compatible; Googlebot/2.1; +http://www.google.com/bot.html)"
66.249.68.68 - - [04/Jan/2025:11:53:14 -0500] "GET /?b=308561266 HTTP/1.1" 200 80081 "-" "Mozilla/5.0 (Linux; Android 6.0.1; Nexus 5X Build/MMB29P) AppleWebKit/537.36 (KHTML, like Gecko) Chrome/131.0.6778.139 Mobile Safari/537.36 (compatible; GoogleOther)"
66.249.79.195 - - [04/Jan/2025:11:53:20 -0500] "GET /?b=257701066 HTTP/1.1" 200 79719 "-" "Mozilla/5.0 (Linux; Android 6.0.1; Nexus 5X Build/MMB29P) AppleWebKit/537.36 (KHTML, like Gecko) Chrome/131.0.6778.139 Mobile Safari/537.36 (compatible; GoogleOther)"
66.249.68.68 - - [04/Jan/2025:11:53:25 -0500] "GET /?b=125591566 HTTP/1.1" 200 82072 "-" "Mozilla/5.0 (Linux; Android 6.0.1; Nexus 5X Build/MMB29P) AppleWebKit/537.36 (KHTML, like Gecko) Chrome/131.0.6778.139 Mobile Safari/537.36 (compatible; GoogleOther)"
40.77.167.78 - - [04/Jan/2025:11:53:26 -0500] "GET /uzulo/t724915.html HTTP/1.1" 200 79594 "-" "Mozilla/5.0 AppleWebKit/537.36 (KHTML, like Gecko; compatible; bingbot/2.0; +http://www.bing.com/bingbot.htm) Chrome/116.0.1938.76 Safari/537.36"
40.77.167.78 - - [04/Jan/2025:11:53:29 -0500] "GET /dnfpp/u695354.html HTTP/1.1" 200 80499 "-" "Mozilla/5.0 AppleWebKit/537.36 (KHTML, like Gecko; compatible; bingbot/2.0; +http://www.bing.com/bingbot.htm) Chrome/116.0.1938.76 Safari/537.36"
66.249.68.69 - - [04/Jan/2025:11:53:29 -0500] "GET /?b=356126566 HTTP/1.1" 200 80333 "-" "Mozilla/5.0 (Linux; Android 6.0.1; Nexus 5X Build/MMB29P) AppleWebKit/537.36 (KHTML, like Gecko) Chrome/131.0.6778.139 Mobile Safari/537.36 (compatible; Googlebot/2.1; +http://www.google.com/bot.html)"
66.249.68.68 - - [04/Jan/2025:11:53:32 -0500] "GET /?b=209767366 HTTP/1.1" 200 79986 "-" "Mozilla/5.0 (Linux; Android 6.0.1; Nexus 5X Build/MMB29P) AppleWebKit/537.36 (KHTML, like Gecko) Chrome/131.0.6778.139 Mobile Safari/537.36 (compatible; GoogleOther)"
66.249.68.69 - - [04/Jan/2025:11:53:38 -0500] "GET /?b=302739666 HTTP/1.1" 200 81322 "-" "Mozilla/5.0 (Linux; Android 6.0.1; Nexus 5X Build/MMB29P) AppleWebKit/537.36 (KHTML, like Gecko) Chrome/131.0.6778.139 Mobile Safari/537.36 (compatible; GoogleOther)"
66.249.68.68 - - [04/Jan/2025:11:53:40 -0500] "GET /?b=280179466 HTTP/1.1" 200 79586 "-" "Mozilla/5.0 (Linux; Android 6.0.1; Nexus 5X Build/MMB29P) AppleWebKit/537.36 (KHTML, like Gecko) Chrome/131.0.6778.139 Mobile Safari/537.36 (compatible; Googlebot/2.1; +http://www.google.com/bot.html)"
66.249.68.70 - - [04/Jan/2025:11:53:43 -0500] "GET /?b=350053266 HTTP/1.1" 200 79474 "-" "Mozilla/5.0 (Linux; Android 6.0.1; Nexus 5X Build/MMB29P) AppleWebKit/537.36 (KHTML, like Gecko) Chrome/131.0.6778.139 Mobile Safari/537.36 (compatible; Googlebot/2.1; +http://www.google.com/bot.html)"
66.249.68.69 - - [04/Jan/2025:11:53:45 -0500] "GET /?b=296031966 HTTP/1.1" 200 80348 "-" "Mozilla/5.0 (Linux; Android 6.0.1; Nexus 5X Build/MMB29P) AppleWebKit/537.36 (KHTML, like Gecko) Chrome/131.0.6778.139 Mobile Safari/537.36 (compatible; GoogleOther)"
66.249.68.68 - - [04/Jan/2025:11:53:51 -0500] "GET /?b=158466866 HTTP/1.1" 200 80094 "-" "Mozilla/5.0 (Linux; Android 6.0.1; Nexus 5X Build/MMB29P) AppleWebKit/537.36 (KHTML, like Gecko) Chrome/131.0.6778.139 Mobile Safari/537.36 (compatible; GoogleOther)"
66.249.68.71 - - [04/Jan/2025:11:53:56 -0500] "GET /?b=343750766 HTTP/1.1" 200 80276 "-" "Mozilla/5.0 (Linux; Android 6.0.1; Nexus 5X Build/MMB29P) AppleWebKit/537.36 (KHTML, like Gecko) Chrome/131.0.6778.139 Mobile Safari/537.36 (compatible; GoogleOther)"
66.249.68.68 - - [04/Jan/2025:11:54:05 -0500] "GET /?b=125595266 HTTP/1.1" 200 81573 "-" "Mozilla/5.0 (Linux; Android 6.0.1; Nexus 5X Build/MMB29P) AppleWebKit/537.36 (KHTML, like Gecko) Chrome/131.0.6778.139 Mobile Safari/537.36 (compatible; GoogleOther)"
40.77.167.10 - - [04/Jan/2025:11:54:11 -0500] "GET /kcdfd/r1442383.html HTTP/1.1" 200 81653 "-" "Mozilla/5.0 AppleWebKit/537.36 (KHTML, like Gecko; compatible; bingbot/2.0; +http://www.bing.com/bingbot.htm) Chrome/116.0.1938.76 Safari/537.36"
66.249.68.68 - - [04/Jan/2025:11:54:11 -0500] "GET /?b=335206866 HTTP/1.1" 200 79950 "-" "Mozilla/5.0 (Linux; Android 6.0.1; Nexus 5X Build/MMB29P) AppleWebKit/537.36 (KHTML, like Gecko) Chrome/131.0.6778.139 Mobile Safari/537.36 (compatible; GoogleOther)"
66.249.68.68 - - [04/Jan/2025:11:54:14 -0500] "GET /?b=136550966 HTTP/1.1" 200 79702 "-" "Mozilla/5.0 (Linux; Android 6.0.1; Nexus 5X Build/MMB29P) AppleWebKit/537.36 (KHTML, like Gecko) Chrome/131.0.6778.139 Mobile Safari/537.36 (compatible; Googlebot/2.1; +http://www.google.com/bot.html)"
40.77.167.78 - - [04/Jan/2025:11:54:16 -0500] "GET /bnsdk/e527586.html HTTP/1.1" 200 79360 "-" "Mozilla/5.0 AppleWebKit/537.36 (KHTML, like Gecko; compatible; bingbot/2.0; +http://www.bing.com/bingbot.htm) Chrome/116.0.1938.76 Safari/537.36"
66.249.79.34 - - [04/Jan/2025:11:54:16 -0500] "GET /?b=67964666 HTTP/1.1" 200 79641 "-" "Mozilla/5.0 (Linux; Android 6.0.1; Nexus 5X Build/MMB29P) AppleWebKit/537.36 (KHTML, like Gecko) Chrome/131.0.6778.139 Mobile Safari/537.36 (compatible; GoogleOther)"
66.249.68.68 - - [04/Jan/2025:11:54:22 -0500] "GET /?b=276448166 HTTP/1.1" 200 81044 "-" "Mozilla/5.0 (Linux; Android 6.0.1; Nexus 5X Build/MMB29P) AppleWebKit/537.36 (KHTML, like Gecko) Chrome/131.0.6778.139 Mobile Safari/537.36 (compatible; GoogleOther)"
66.249.68.68 - - [04/Jan/2025:11:54:27 -0500] "GET /?b=328029566 HTTP/1.1" 200 79834 "-" "Mozilla/5.0 (Linux; Android 6.0.1; Nexus 5X Build/MMB29P) AppleWebKit/537.36 (KHTML, like Gecko) Chrome/131.0.6778.139 Mobile Safari/537.36 (compatible; GoogleOther)"
66.249.79.5 - - [04/Jan/2025:11:54:29 -0500] "GET /?b=227393966 HTTP/1.1" 200 80110 "-" "Mozilla/5.0 (Linux; Android 6.0.1; Nexus 5X Build/MMB29P) AppleWebKit/537.36 (KHTML, like Gecko) Chrome/131.0.6778.139 Mobile Safari/537.36 (compatible; Googlebot/2.1; +http://www.google.com/bot.html)"
66.249.68.68 - - [04/Jan/2025:11:54:32 -0500] "GET /?b=188729266 HTTP/1.1" 200 79778 "-" "Mozilla/5.0 (Linux; Android 6.0.1; Nexus 5X Build/MMB29P) AppleWebKit/537.36 (KHTML, like Gecko) Chrome/131.0.6778.139 Mobile Safari/537.36 (compatible; GoogleOther)"
66.249.68.68 - - [04/Jan/2025:11:54:37 -0500] "GET /?b=60505366 HTTP/1.1" 200 81868 "-" "Mozilla/5.0 (Linux; Android 6.0.1; Nexus 5X Build/MMB29P) AppleWebKit/537.36 (KHTML, like Gecko) Chrome/131.0.6778.139 Mobile Safari/537.36 (compatible; GoogleOther)"
66.249.68.70 - - [04/Jan/2025:11:54:42 -0500] "GET /?b=243762666 HTTP/1.1" 200 80224 "-" "Mozilla/5.0 (Linux; Android 6.0.1; Nexus 5X Build/MMB29P) AppleWebKit/537.36 (KHTML, like Gecko) Chrome/131.0.6778.139 Mobile Safari/537.36 (compatible; GoogleOther)"
66.249.68.69 - - [04/Jan/2025:11:54:43 -0500] "GET /?b=114854366 HTTP/1.1" 200 80127 "-" "Mozilla/5.0 (Linux; Android 6.0.1; Nexus 5X Build/MMB29P) AppleWebKit/537.36 (KHTML, like Gecko) Chrome/131.0.6778.139 Mobile Safari/537.36 (compatible; Googlebot/2.1; +http://www.google.com/bot.html)"
66.249.68.70 - - [04/Jan/2025:11:54:47 -0500] "GET /?b=144321266 HTTP/1.1" 200 80780 "-" "Mozilla/5.0 (Linux; Android 6.0.1; Nexus 5X Build/MMB29P) AppleWebKit/537.36 (KHTML, like Gecko) Chrome/131.0.6778.139 Mobile Safari/537.36 (compatible; GoogleOther)"
66.249.68.70 - - [04/Jan/2025:11:54:52 -0500] "GET /?b=125974466 HTTP/1.1" 200 80551 "-" "Mozilla/5.0 (Linux; Android 6.0.1; Nexus 5X Build/MMB29P) AppleWebKit/537.36 (KHTML, like Gecko) Chrome/131.0.6778.139 Mobile Safari/537.36 (compatible; GoogleOther)"
66.249.79.165 - - [04/Jan/2025:11:54:57 -0500] "GET /?b=52089166 HTTP/1.1" 200 79337 "-" "Mozilla/5.0 (Linux; Android 6.0.1; Nexus 5X Build/MMB29P) AppleWebKit/537.36 (KHTML, like Gecko) Chrome/131.0.6778.139 Mobile Safari/537.36 (compatible; GoogleOther)"
66.249.68.70 - - [04/Jan/2025:11:55:04 -0500] "GET /?b=307454666 HTTP/1.1" 200 79671 "-" "Mozilla/5.0 (Linux; Android 6.0.1; Nexus 5X Build/MMB29P) AppleWebKit/537.36 (KHTML, like Gecko) Chrome/131.0.6778.139 Mobile Safari/537.36 (compatible; GoogleOther)"
66.249.68.36 - - [04/Jan/2025:11:55:08 -0500] "GET /?b=261455466 HTTP/1.1" 200 79828 "-" "Mozilla/5.0 (Linux; Android 6.0.1; Nexus 5X Build/MMB29P) AppleWebKit/537.36 (KHTML, like Gecko) Chrome/131.0.6778.139 Mobile Safari/537.36 (compatible; GoogleOther)"
66.249.68.68 - - [04/Jan/2025:11:55:13 -0500] "GET /?b=36884266 HTTP/1.1" 200 79434 "-" "Mozilla/5.0 (Linux; Android 6.0.1; Nexus 5X Build/MMB29P) AppleWebKit/537.36 (KHTML, like Gecko) Chrome/131.0.6778.139 Mobile Safari/537.36 (compatible; GoogleOther)"
66.249.68.68 - - [04/Jan/2025:11:55:15 -0500] "GET /?b=224845566 HTTP/1.1" 200 80832 "-" "Mozilla/5.0 (Linux; Android 6.0.1; Nexus 5X Build/MMB29P) AppleWebKit/537.36 (KHTML, like Gecko) Chrome/131.0.6778.139 Mobile Safari/537.36 (compatible; Googlebot/2.1; +http://www.google.com/bot.html)"
66.249.79.5 - - [04/Jan/2025:11:55:18 -0500] "GET /?b=244608066 HTTP/1.1" 200 80262 "-" "Mozilla/5.0 (Linux; Android 6.0.1; Nexus 5X Build/MMB29P) AppleWebKit/537.36 (KHTML, like Gecko) Chrome/131.0.6778.139 Mobile Safari/537.36 (compatible; GoogleOther)"
66.249.68.68 - - [04/Jan/2025:11:55:24 -0500] "GET /?b=193265766 HTTP/1.1" 200 80199 "-" "Mozilla/5.0 (Linux; Android 6.0.1; Nexus 5X Build/MMB29P) AppleWebKit/537.36 (KHTML, like Gecko) Chrome/131.0.6778.139 Mobile Safari/537.36 (compatible; GoogleOther)"
66.249.68.69 - - [04/Jan/2025:11:55:29 -0500] "GET /?b=280445066 HTTP/1.1" 200 79584 "-" "Mozilla/5.0 (Linux; Android 6.0.1; Nexus 5X Build/MMB29P) AppleWebKit/537.36 (KHTML, like Gecko) Chrome/131.0.6778.139 Mobile Safari/537.36 (compatible; GoogleOther)"
66.249.68.69 - - [04/Jan/2025:11:55:35 -0500] "GET /?b=135284466 HTTP/1.1" 200 79548 "-" "Mozilla/5.0 (Linux; Android 6.0.1; Nexus 5X Build/MMB29P) AppleWebKit/537.36 (KHTML, like Gecko) Chrome/131.0.6778.139 Mobile Safari/537.36 (compatible; GoogleOther)"
66.249.68.70 - - [04/Jan/2025:11:55:40 -0500] "GET /?b=268071666 HTTP/1.1" 200 79621 "-" "Mozilla/5.0 (Linux; Android 6.0.1; Nexus 5X Build/MMB29P) AppleWebKit/537.36 (KHTML, like Gecko) Chrome/131.0.6778.139 Mobile Safari/537.36 (compatible; GoogleOther)"
66.249.68.68 - - [04/Jan/2025:11:55:44 -0500] "GET /?b=298867266 HTTP/1.1" 200 79523 "-" "Mozilla/5.0 (Linux; Android 6.0.1; Nexus 5X Build/MMB29P) AppleWebKit/537.36 (KHTML, like Gecko) Chrome/131.0.6778.139 Mobile Safari/537.36 (compatible; Googlebot/2.1; +http://www.google.com/bot.html)"
66.249.68.70 - - [04/Jan/2025:11:55:45 -0500] "GET /?b=337606366 HTTP/1.1" 200 79931 "-" "Mozilla/5.0 (Linux; Android 6.0.1; Nexus 5X Build/MMB29P) AppleWebKit/537.36 (KHTML, like Gecko) Chrome/131.0.6778.139 Mobile Safari/537.36 (compatible; GoogleOther)"
66.249.68.68 - - [04/Jan/2025:11:55:50 -0500] "GET /?b=240312666 HTTP/1.1" 200 81274 "-" "Mozilla/5.0 (Linux; Android 6.0.1; Nexus 5X Build/MMB29P) AppleWebKit/537.36 (KHTML, like Gecko) Chrome/131.0.6778.139 Mobile Safari/537.36 (compatible; Googlebot/2.1; +http://www.google.com/bot.html)"
66.249.79.105 - - [04/Jan/2025:11:55:51 -0500] "GET /?b=247257966 HTTP/1.1" 200 80441 "-" "Mozilla/5.0 (Linux; Android 6.0.1; Nexus 5X Build/MMB29P) AppleWebKit/537.36 (KHTML, like Gecko) Chrome/131.0.6778.139 Mobile Safari/537.36 (compatible; GoogleOther)"
66.249.68.71 - - [04/Jan/2025:11:55:56 -0500] "GET /?b=161212966 HTTP/1.1" 200 81935 "-" "Mozilla/5.0 (Linux; Android 6.0.1; Nexus 5X Build/MMB29P) AppleWebKit/537.36 (KHTML, like Gecko) Chrome/131.0.6778.139 Mobile Safari/537.36 (compatible; GoogleOther)"
66.249.68.68 - - [04/Jan/2025:11:56:04 -0500] "GET /?b=345150766 HTTP/1.1" 200 79793 "-" "Mozilla/5.0 (Linux; Android 6.0.1; Nexus 5X Build/MMB29P) AppleWebKit/537.36 (KHTML, like Gecko) Chrome/131.0.6778.139 Mobile Safari/537.36 (compatible; GoogleOther)"
66.249.68.68 - - [04/Jan/2025:11:56:07 -0500] "GET /?b=79975766 HTTP/1.1" 200 80731 "-" "Mozilla/5.0 (Linux; Android 6.0.1; Nexus 5X Build/MMB29P) AppleWebKit/537.36 (KHTML, like Gecko) Chrome/131.0.6778.139 Mobile Safari/537.36 (compatible; GoogleOther)"
40.77.167.78 - - [04/Jan/2025:11:56:07 -0500] "GET /ceogh/k2724800.html HTTP/1.1" 200 80219 "-" "Mozilla/5.0 AppleWebKit/537.36 (KHTML, like Gecko; compatible; bingbot/2.0; +http://www.bing.com/bingbot.htm) Chrome/116.0.1938.76 Safari/537.36"
66.249.68.68 - - [04/Jan/2025:11:56:11 -0500] "GET /?b=154725966 HTTP/1.1" 200 79645 "-" "Mozilla/5.0 (Linux; Android 6.0.1; Nexus 5X Build/MMB29P) AppleWebKit/537.36 (KHTML, like Gecko) Chrome/131.0.6778.139 Mobile Safari/537.36 (compatible; Googlebot/2.1; +http://www.google.com/bot.html)"
66.249.68.68 - - [04/Jan/2025:11:56:12 -0500] "GET /?b=18650566 HTTP/1.1" 200 79952 "-" "Mozilla/5.0 (Linux; Android 6.0.1; Nexus 5X Build/MMB29P) AppleWebKit/537.36 (KHTML, like Gecko) Chrome/131.0.6778.139 Mobile Safari/537.36 (compatible; GoogleOther)"
66.249.68.69 - - [04/Jan/2025:11:56:18 -0500] "GET /?b=29372566 HTTP/1.1" 200 80863 "-" "Mozilla/5.0 (Linux; Android 6.0.1; Nexus 5X Build/MMB29P) AppleWebKit/537.36 (KHTML, like Gecko) Chrome/131.0.6778.139 Mobile Safari/537.36 (compatible; GoogleOther)"
66.249.68.68 - - [04/Jan/2025:11:56:26 -0500] "GET /?b=308245566 HTTP/1.1" 200 85168 "-" "Mozilla/5.0 (Linux; Android 6.0.1; Nexus 5X Build/MMB29P) AppleWebKit/537.36 (KHTML, like Gecko) Chrome/131.0.6778.139 Mobile Safari/537.36 (compatible; GoogleOther)"
66.249.79.35 - - [04/Jan/2025:11:56:32 -0500] "GET /?b=308230666 HTTP/1.1" 200 80239 "-" "Mozilla/5.0 (Linux; Android 6.0.1; Nexus 5X Build/MMB29P) AppleWebKit/537.36 (KHTML, like Gecko) Chrome/131.0.6778.139 Mobile Safari/537.36 (compatible; GoogleOther)"
66.249.68.68 - - [04/Jan/2025:11:56:37 -0500] "GET /?b=96553866 HTTP/1.1" 200 79660 "-" "Mozilla/5.0 (Linux; Android 6.0.1; Nexus 5X Build/MMB29P) AppleWebKit/537.36 (KHTML, like Gecko) Chrome/131.0.6778.139 Mobile Safari/537.36 (compatible; Googlebot/2.1; +http://www.google.com/bot.html)"
66.249.68.69 - - [04/Jan/2025:11:56:39 -0500] "GET /?b=215182766 HTTP/1.1" 200 79660 "-" "Mozilla/5.0 (Linux; Android 6.0.1; Nexus 5X Build/MMB29P) AppleWebKit/537.36 (KHTML, like Gecko) Chrome/131.0.6778.139 Mobile Safari/537.36 (compatible; GoogleOther)"
66.249.68.68 - - [04/Jan/2025:11:56:45 -0500] "GET /?b=322971466 HTTP/1.1" 200 79897 "-" "Mozilla/5.0 (Linux; Android 6.0.1; Nexus 5X Build/MMB29P) AppleWebKit/537.36 (KHTML, like Gecko) Chrome/131.0.6778.139 Mobile Safari/537.36 (compatible; GoogleOther)"
66.249.68.68 - - [04/Jan/2025:11:56:52 -0500] "GET /?b=75444066 HTTP/1.1" 200 79906 "-" "Mozilla/5.0 (Linux; Android 6.0.1; Nexus 5X Build/MMB29P) AppleWebKit/537.36 (KHTML, like Gecko) Chrome/131.0.6778.139 Mobile Safari/537.36 (compatible; GoogleOther)"
66.249.68.70 - - [04/Jan/2025:11:56:59 -0500] "GET /?b=131071766 HTTP/1.1" 200 79321 "-" "Mozilla/5.0 (Linux; Android 6.0.1; Nexus 5X Build/MMB29P) AppleWebKit/537.36 (KHTML, like Gecko) Chrome/131.0.6778.139 Mobile Safari/537.36 (compatible; GoogleOther)"
66.249.68.68 - - [04/Jan/2025:11:57:06 -0500] "GET /?b=348801766 HTTP/1.1" 200 80825 "-" "Mozilla/5.0 (Linux; Android 6.0.1; Nexus 5X Build/MMB29P) AppleWebKit/537.36 (KHTML, like Gecko) Chrome/131.0.6778.139 Mobile Safari/537.36 (compatible; GoogleOther)"
66.249.68.68 - - [04/Jan/2025:11:57:13 -0500] "GET /?b=325755766 HTTP/1.1" 200 80050 "-" "Mozilla/5.0 (Linux; Android 6.0.1; Nexus 5X Build/MMB29P) AppleWebKit/537.36 (KHTML, like Gecko) Chrome/131.0.6778.139 Mobile Safari/537.36 (compatible; GoogleOther)"
66.249.68.68 - - [04/Jan/2025:11:57:16 -0500] "GET /?b=224501666 HTTP/1.1" 200 79481 "-" "Mozilla/5.0 (Linux; Android 6.0.1; Nexus 5X Build/MMB29P) AppleWebKit/537.36 (KHTML, like Gecko) Chrome/131.0.6778.139 Mobile Safari/537.36 (compatible; Googlebot/2.1; +http://www.google.com/bot.html)"
66.249.68.69 - - [04/Jan/2025:11:57:19 -0500] "GET /?b=306664766 HTTP/1.1" 200 80021 "-" "Mozilla/5.0 (Linux; Android 6.0.1; Nexus 5X Build/MMB29P) AppleWebKit/537.36 (KHTML, like Gecko) Chrome/131.0.6778.139 Mobile Safari/537.36 (compatible; Googlebot/2.1; +http://www.google.com/bot.html)"
