94.23.203.86 - - [13/Jan/2025:20:35:53 -0500] "GET /public/profile/55?lokasie=/home/wavevlvu/blog.diixadigital.com/wp-content/themes/rubik/inc/blocks/has_sb/rubik_block_7.php&loknya=/home/wavevlvu/blog.diixadigital.com/wp-content/themes/rubik/inc/blocks/has_sb HTTP/1.1" 200 3343 "-" "Mozilla/5.0 (compatible; MJ12bot/v1.4.8; http://mj12bot.com/)"
37.187.89.104 - - [13/Jan/2025:20:35:54 -0500] "GET /public/tour/easter-in-la-campagne-tropicana-205k?lokasie=/home/wavevlvu/logs/book24.wave.ng-Dec-2024.gz&loknya=/home/wavevlvu/logs HTTP/1.1" 200 1761 "-" "Mozilla/5.0 (compatible; MJ12bot/v1.4.8; http://mj12bot.com/)"
94.23.203.86 - - [13/Jan/2025:20:35:58 -0500] "GET /public/profile/55?lokasie=/home/wavevlvu/blog.diixadigital.com/wp-content/themes/rubik/inc/blocks/has_sb/rubik_block_8.php&loknya=/home/wavevlvu/blog.diixadigital.com/wp-content/themes/rubik/inc/blocks/has_sb HTTP/1.1" 200 3227 "-" "Mozilla/5.0 (compatible; MJ12bot/v1.4.8; http://mj12bot.com/)"
37.187.89.104 - - [13/Jan/2025:20:36:01 -0500] "GET /public/tour/easter-in-la-campagne-tropicana-205k?lokasie=/home/wavevlvu/logs/book24.wave.ng-Jan-2025.gz&loknya=/home/wavevlvu/logs HTTP/1.1" 200 1761 "-" "Mozilla/5.0 (compatible; MJ12bot/v1.4.8; http://mj12bot.com/)"
94.23.203.86 - - [13/Jan/2025:20:36:04 -0500] "GET /public/profile/55?lokasie=/home/wavevlvu/blog.diixadigital.com/wp-content/themes/rubik/inc/blocks/has_sb/rubik_block_9.php&loknya=/home/wavevlvu/blog.diixadigital.com/wp-content/themes/rubik/inc/blocks/has_sb HTTP/1.1" 200 3328 "-" "Mozilla/5.0 (compatible; MJ12bot/v1.4.8; http://mj12bot.com/)"
37.187.89.104 - - [13/Jan/2025:20:36:10 -0500] "GET /public/tour/easter-in-la-campagne-tropicana-205k?lokasie=/home/wavevlvu/logs/book24.wave.ng-Nov-2022.gz&loknya=/home/wavevlvu/logs HTTP/1.1" 200 1761 "-" "Mozilla/5.0 (compatible; MJ12bot/v1.4.8; http://mj12bot.com/)"
66.249.79.194 - - [13/Jan/2025:20:36:16 -0500] "GET /themes/ HTTP/1.1" 200 699 "-" "Mozilla/5.0 (Linux; Android 6.0.1; Nexus 5X Build/MMB29P) AppleWebKit/537.36 (KHTML, like Gecko) Chrome/131.0.6778.264 Mobile Safari/537.36 (compatible; Googlebot/2.1; +http://www.google.com/bot.html)"
94.23.203.86 - - [13/Jan/2025:20:36:14 -0500] "GET /public/profile/55?lokasie=/home/wavevlvu/blog.diixadigital.com/wp-content/themes/rubik/inc/blocks/has_sb/rubik_classic_blog.php&loknya=/home/wavevlvu/blog.diixadigital.com/wp-content/themes/rubik/inc/blocks/has_sb HTTP/1.1" 200 3259 "-" "Mozilla/5.0 (compatible; MJ12bot/v1.4.8; http://mj12bot.com/)"
37.187.89.104 - - [13/Jan/2025:20:36:20 -0500] "GET /public/tour/easter-in-la-campagne-tropicana-205k?lokasie=/home/wavevlvu/logs/book24.wave.ng-ssl_log-Dec-2024.gz&loknya=/home/wavevlvu/logs HTTP/1.1" 200 1767 "-" "Mozilla/5.0 (compatible; MJ12bot/v1.4.8; http://mj12bot.com/)"
94.23.203.86 - - [13/Jan/2025:20:36:23 -0500] "GET /public/profile/55?lokasie=/home/wavevlvu/blog.diixadigital.com/wp-content/themes/rubik/inc/blocks/has_sb/rubik_large_blog.php&loknya=/home/wavevlvu/blog.diixadigital.com/wp-content/themes/rubik/inc/blocks/has_sb HTTP/1.1" 200 3436 "-" "Mozilla/5.0 (compatible; MJ12bot/v1.4.8; http://mj12bot.com/)"
37.187.89.104 - - [13/Jan/2025:20:36:27 -0500] "GET /public/tour/easter-in-la-campagne-tropicana-205k?lokasie=/home/wavevlvu/logs/book24.wave.ng-ssl_log-Jan-2025.gz&loknya=/home/wavevlvu/logs HTTP/1.1" 200 1767 "-" "Mozilla/5.0 (compatible; MJ12bot/v1.4.8; http://mj12bot.com/)"
94.23.203.86 - - [13/Jan/2025:20:36:33 -0500] "GET /public/profile/55?lokasie=/home/wavevlvu/blog.diixadigital.com/wp-content/themes/rubik/inc/blocks/has_sb/rubik_large_blog_2.php&loknya=/home/wavevlvu/blog.diixadigital.com/wp-content/themes/rubik/inc/blocks/has_sb HTTP/1.1" 200 3366 "-" "Mozilla/5.0 (compatible; MJ12bot/v1.4.8; http://mj12bot.com/)"
37.187.89.104 - - [13/Jan/2025:20:36:35 -0500] "GET /public/tour/easter-in-la-campagne-tropicana-205k?lokasie=/home/wavevlvu/logs/book24.wave.ng-ssl_log-Nov-2022.gz&loknya=/home/wavevlvu/logs HTTP/1.1" 200 1767 "-" "Mozilla/5.0 (compatible; MJ12bot/v1.4.8; http://mj12bot.com/)"
94.23.203.86 - - [13/Jan/2025:20:36:39 -0500] "GET /public/profile/55?lokasie=/home/wavevlvu/blog.diixadigital.com/wp-content/themes/rubik/inc/blocks/has_sb/rubik_row.php&loknya=/home/wavevlvu/blog.diixadigital.com/wp-content/themes/rubik/inc/blocks/has_sb HTTP/1.1" 200 3000 "-" "Mozilla/5.0 (compatible; MJ12bot/v1.4.8; http://mj12bot.com/)"
114.119.137.67 - - [13/Jan/2025:20:36:42 -0500] "GET /www/rex/index.php?loknya=/home/wavevlvu/book24.ng/themes/Mytravel/Social HTTP/1.1" 200 2149 "https://www.book24.ng/www/rex/index.php?loknya=/home/wavevlvu/book24.ng/themes/Mytravel/" "Mozilla/5.0 (Linux; Android 7.0;) AppleWebKit/537.36 (KHTML, like Gecko) Mobile Safari/537.36 (compatible; PetalBot;+https://webmaster.petalsearch.com/site/petalbot)"
37.187.89.104 - - [13/Jan/2025:20:36:41 -0500] "GET /public/tour/easter-in-la-campagne-tropicana-205k?lokasie=/home/wavevlvu/logs/ceeliacosmetics.wave.ng-Apr-2022.gz&loknya=/home/wavevlvu/logs HTTP/1.1" 200 1766 "-" "Mozilla/5.0 (compatible; MJ12bot/v1.4.8; http://mj12bot.com/)"
94.23.203.86 - - [13/Jan/2025:20:36:44 -0500] "GET /public/profile/55?lokasie=/home/wavevlvu/blog.diixadigital.com/wp-content/themes/rubik/inc/blocks/has_sb/rubik_row_2.php&loknya=/home/wavevlvu/blog.diixadigital.com/wp-content/themes/rubik/inc/blocks/has_sb HTTP/1.1" 200 3012 "-" "Mozilla/5.0 (compatible; MJ12bot/v1.4.8; http://mj12bot.com/)"
37.187.89.104 - - [13/Jan/2025:20:36:47 -0500] "GET /public/tour/easter-in-la-campagne-tropicana-205k?lokasie=/home/wavevlvu/logs/ceeliacosmetics.wave.ng-Mar-2022.gz&loknya=/home/wavevlvu/logs HTTP/1.1" 200 1766 "-" "Mozilla/5.0 (compatible; MJ12bot/v1.4.8; http://mj12bot.com/)"
94.23.203.86 - - [13/Jan/2025:20:36:49 -0500] "GET /public/profile/55?lokasie=/home/wavevlvu/blog.diixadigital.com/wp-content/themes/rubik/inc/blocks/has_sb/rubik_row_3.php&loknya=/home/wavevlvu/blog.diixadigital.com/wp-content/themes/rubik/inc/blocks/has_sb HTTP/1.1" 200 3007 "-" "Mozilla/5.0 (compatible; MJ12bot/v1.4.8; http://mj12bot.com/)"
3.144.6.9 - - [13/Jan/2025:20:36:50 -0500] "GET /public/index.php/login?lokasie=%2Fopt%2Fcpanel%2Fea-apr16%2Finclude%2Fapr-1%2Fapr_dso.h&loknya=%2Fopt%2Fcpanel%2Fea-apr16%2Finclude%2Fapr-1 HTTP/1.1" 200 2875 "-" "Mozilla/5.0 AppleWebKit/537.36 (KHTML, like Gecko; compatible; ClaudeBot/1.0; +claudebot@anthropic.com)"
37.187.89.104 - - [13/Jan/2025:20:36:53 -0500] "GET /public/tour/easter-in-la-campagne-tropicana-205k?lokasie=/home/wavevlvu/logs/ceeliacosmetics.wave.ng-ssl_log-Dec-2021.gz&loknya=/home/wavevlvu/logs HTTP/1.1" 200 1772 "-" "Mozilla/5.0 (compatible; MJ12bot/v1.4.8; http://mj12bot.com/)"
94.23.203.86 - - [13/Jan/2025:20:36:53 -0500] "GET /public/profile/55?lokasie=/home/wavevlvu/blog.diixadigital.com/wp-content/themes/rubik/inc/blocks/has_sb/rubik_row_4.php&loknya=/home/wavevlvu/blog.diixadigital.com/wp-content/themes/rubik/inc/blocks/has_sb HTTP/1.1" 200 3008 "-" "Mozilla/5.0 (compatible; MJ12bot/v1.4.8; http://mj12bot.com/)"
94.23.203.86 - - [13/Jan/2025:20:36:58 -0500] "GET /public/profile/55?lokasie=/home/wavevlvu/blog.diixadigital.com/wp-content/themes/rubik/inc/blocks/has_sb/rubik_row_tall.php&loknya=/home/wavevlvu/blog.diixadigital.com/wp-content/themes/rubik/inc/blocks/has_sb HTTP/1.1" 200 3028 "-" "Mozilla/5.0 (compatible; MJ12bot/v1.4.8; http://mj12bot.com/)"
37.187.89.104 - - [13/Jan/2025:20:36:59 -0500] "GET /public/tour/easter-in-la-campagne-tropicana-205k?lokasie=/home/wavevlvu/logs/cynthiaadediran.com.wave.ng-Dec-2024.gz&loknya=/home/wavevlvu/logs HTTP/1.1" 200 1769 "-" "Mozilla/5.0 (compatible; MJ12bot/v1.4.8; http://mj12bot.com/)"
94.23.203.86 - - [13/Jan/2025:20:37:02 -0500] "GET /public/profile/55?lokasie=/home/wavevlvu/blog.diixadigital.com/wp-content/themes/rubik/inc/blocks/has_sb/rubik_row_tall_2.php&loknya=/home/wavevlvu/blog.diixadigital.com/wp-content/themes/rubik/inc/blocks/has_sb HTTP/1.1" 200 3033 "-" "Mozilla/5.0 (compatible; MJ12bot/v1.4.8; http://mj12bot.com/)"
17.241.227.254 - - [13/Jan/2025:20:37:04 -0500] "GET /public/profile/60?lokasie=/lib64/python3.6/__pycache__/_dummy_thread.cpython-36.opt-1.pyc&loknya=/lib64/python3.6/__pycache__ HTTP/1.1" 200 2001 "-" "Mozilla/5.0 (Macintosh; Intel Mac OS X 10_15_7) AppleWebKit/605.1.15 (KHTML, like Gecko) Version/17.4 Safari/605.1.15 (Applebot/0.1; +http://www.apple.com/go/applebot)"
37.187.89.104 - - [13/Jan/2025:20:37:05 -0500] "GET /public/tour/easter-in-la-campagne-tropicana-205k?lokasie=/home/wavevlvu/logs/cynthiaadediran.com.wave.ng-Jan-2025.gz&loknya=/home/wavevlvu/logs HTTP/1.1" 200 1769 "-" "Mozilla/5.0 (compatible; MJ12bot/v1.4.8; http://mj12bot.com/)"
17.241.227.254 - - [13/Jan/2025:20:37:07 -0500] "GET /public/space/wp/index.php?lokasie=/lib64/libibverbs.so.1.14.48.0&loknya=/lib64 HTTP/1.1" 200 1956 "-" "Mozilla/5.0 (Macintosh; Intel Mac OS X 10_15_7) AppleWebKit/605.1.15 (KHTML, like Gecko) Version/17.4 Safari/605.1.15 (Applebot/0.1; +http://www.apple.com/go/applebot)"
94.23.203.86 - - [13/Jan/2025:20:37:07 -0500] "GET /public/profile/55?lokasie=/home/wavevlvu/blog.diixadigital.com/wp-content/themes/rubik/inc/blocks/has_sb/rubik_row_tall_3.php&loknya=/home/wavevlvu/blog.diixadigital.com/wp-content/themes/rubik/inc/blocks/has_sb HTTP/1.1" 200 3075 "-" "Mozilla/5.0 (compatible; MJ12bot/v1.4.8; http://mj12bot.com/)"
17.241.227.254 - - [13/Jan/2025:20:37:09 -0500] "GET /public/profile/book24admin/services?loknya=/lib/.build-id/21 HTTP/1.1" 200 3628 "-" "Mozilla/5.0 (Macintosh; Intel Mac OS X 10_15_7) AppleWebKit/605.1.15 (KHTML, like Gecko) Version/17.4 Safari/605.1.15 (Applebot/0.1; +http://www.apple.com/go/applebot)"
37.187.89.104 - - [13/Jan/2025:20:37:10 -0500] "GET /public/tour/easter-in-la-campagne-tropicana-205k?lokasie=/home/wavevlvu/logs/cynthiaadediran.com.wave.ng-ssl_log-Dec-2024.gz&loknya=/home/wavevlvu/logs HTTP/1.1" 200 1775 "-" "Mozilla/5.0 (compatible; MJ12bot/v1.4.8; http://mj12bot.com/)"
94.23.203.86 - - [13/Jan/2025:20:37:11 -0500] "GET /public/profile/55?lokasie=/home/wavevlvu/blog.diixadigital.com/wp-content/themes/rubik/inc/blocks/has_sb/rubik_youtube_playlist_2.php&loknya=/home/wavevlvu/blog.diixadigital.com/wp-content/themes/rubik/inc/blocks/has_sb HTTP/1.1" 200 2563 "-" "Mozilla/5.0 (compatible; MJ12bot/v1.4.8; http://mj12bot.com/)"
17.241.219.184 - - [13/Jan/2025:20:37:13 -0500] "GET /public/boat/25-seater-luxury-yacht-250khr?loknya=/home/wavevlvu/book24.ng/public/module/vendor/js HTTP/1.1" 200 2534 "-" "Mozilla/5.0 (Macintosh; Intel Mac OS X 10_15_7) AppleWebKit/605.1.15 (KHTML, like Gecko) Version/17.4 Safari/605.1.15 (Applebot/0.1; +http://www.apple.com/go/applebot)"
52.167.144.145 - - [13/Jan/2025:20:37:16 -0500] "GET /?fthhw/h129177.html HTTP/1.1" 200 76979 "-" "Mozilla/5.0 AppleWebKit/537.36 (KHTML, like Gecko; compatible; bingbot/2.0; +http://www.bing.com/bingbot.htm) Chrome/116.0.1938.76 Safari/537.36"
94.23.203.86 - - [13/Jan/2025:20:37:16 -0500] "GET /public/profile/55?lokasie=/home/wavevlvu/blog.diixadigital.com/wp-content/themes/rubik/inc/blocks/has_sb/rubik_youtube_playlist_3.php&loknya=/home/wavevlvu/blog.diixadigital.com/wp-content/themes/rubik/inc/blocks/has_sb HTTP/1.1" 200 2563 "-" "Mozilla/5.0 (compatible; MJ12bot/v1.4.8; http://mj12bot.com/)"
17.241.75.102 - - [13/Jan/2025:20:37:17 -0500] "GET /public/profile/book24/reviews?lokasie=/home/wavevlvu/tacafoundation.org/wp-includes/https-migration.php&loknya=/home/wavevlvu/tacafoundation.org/wp-includes HTTP/1.1" 200 3748 "-" "Mozilla/5.0 (Macintosh; Intel Mac OS X 10_15_7) AppleWebKit/605.1.15 (KHTML, like Gecko) Version/17.4 Safari/605.1.15 (Applebot/0.1; +http://www.apple.com/go/applebot)"
37.187.89.104 - - [13/Jan/2025:20:37:17 -0500] "GET /public/tour/easter-in-la-campagne-tropicana-205k?lokasie=/home/wavevlvu/logs/cynthiaadediran.com.wave.ng-ssl_log-Jan-2025.gz&loknya=/home/wavevlvu/logs HTTP/1.1" 200 1775 "-" "Mozilla/5.0 (compatible; MJ12bot/v1.4.8; http://mj12bot.com/)"
114.119.155.1 - - [13/Jan/2025:20:37:21 -0500] "GET /vendor/swiftmailer/swiftmailer/lib/classes/Swift/CharacterReaderFactory/?NA HTTP/1.1" 200 891 "https://www.book24.ng/vendor/swiftmailer/swiftmailer/lib/classes/Swift/CharacterReaderFactory/?SD" "Mozilla/5.0 (Linux; Android 7.0;) AppleWebKit/537.36 (KHTML, like Gecko) Mobile Safari/537.36 (compatible; PetalBot;+https://webmaster.petalsearch.com/site/petalbot)"
17.241.227.49 - - [13/Jan/2025:20:37:20 -0500] "GET /public/profile/60?lokasie=/lib64/python3.6/encodings/__pycache__/utf_16_le.cpython-36.opt-1.pyc&loknya=/lib64/python3.6/encodings/__pycache__ HTTP/1.1" 200 2011 "-" "Mozilla/5.0 (Macintosh; Intel Mac OS X 10_15_7) AppleWebKit/605.1.15 (KHTML, like Gecko) Version/17.4 Safari/605.1.15 (Applebot/0.1; +http://www.apple.com/go/applebot)"
94.23.203.86 - - [13/Jan/2025:20:37:22 -0500] "GET /public/profile/55?lokasie=/home/wavevlvu/blog.diixadigital.com/wp-content/themes/rubik/inc/blocks/rubik_parent.php&loknya=/home/wavevlvu/blog.diixadigital.com/wp-content/themes/rubik/inc/blocks HTTP/1.1" 200 2508 "-" "Mozilla/5.0 (compatible; MJ12bot/v1.4.8; http://mj12bot.com/)"
18.217.124.18 - - [13/Jan/2025:20:37:26 -0500] "GET /robots.txt HTTP/1.1" 200 136 "-" "Mozilla/5.0 AppleWebKit/537.36 (KHTML, like Gecko; compatible; ClaudeBot/1.0; +claudebot@anthropic.com)"
3.145.58.230 - - [13/Jan/2025:20:37:23 -0500] "GET /public/index.php/login?loknya=%2Flib%2Fmodules%2F4.18.0-553.lve.el8.x86_64%2Fkernel%2Fdrivers%2Facpi HTTP/1.1" 200 2615 "-" "Mozilla/5.0 AppleWebKit/537.36 (KHTML, like Gecko; compatible; ClaudeBot/1.0; +claudebot@anthropic.com)"
17.241.219.141 - - [13/Jan/2025:20:37:24 -0500] "GET /public/hotel/amber-residence-ikeja?lokasie=/home/wavevlvu/book24.ng/modules/Space/ModuleProvider.php&loknya=/home/wavevlvu/book24.ng/modules/Space HTTP/1.1" 200 3065 "-" "Mozilla/5.0 (Macintosh; Intel Mac OS X 10_15_7) AppleWebKit/605.1.15 (KHTML, like Gecko) Version/17.4 Safari/605.1.15 (Applebot/0.1; +http://www.apple.com/go/applebot)"
37.187.89.104 - - [13/Jan/2025:20:37:24 -0500] "GET /public/tour/easter-in-la-campagne-tropicana-205k?lokasie=/home/wavevlvu/logs/diixa.wave.ng-Aug-2023.gz&loknya=/home/wavevlvu/logs HTTP/1.1" 200 1760 "-" "Mozilla/5.0 (compatible; MJ12bot/v1.4.8; http://mj12bot.com/)"
94.23.203.86 - - [13/Jan/2025:20:37:26 -0500] "GET /public/profile/55?lokasie=/home/wavevlvu/blog.diixadigital.com/wp-content/themes/rubik/inc/class-tgm-plugin-activation.php&loknya=/home/wavevlvu/blog.diixadigital.com/wp-content/themes/rubik/inc HTTP/1.1" 200 32948 "-" "Mozilla/5.0 (compatible; MJ12bot/v1.4.8; http://mj12bot.com/)"
17.241.75.175 - - [13/Jan/2025:20:37:27 -0500] "GET /public/space/xx/index.php?lokasie=/lib/.build-id/00/6bdb1f47c1c7911cdc9f8794798d100d71e26a&loknya=/lib/.build-id/00 HTTP/1.1" 200 1999 "-" "Mozilla/5.0 (Macintosh; Intel Mac OS X 10_15_7) AppleWebKit/605.1.15 (KHTML, like Gecko) Version/17.4 Safari/605.1.15 (Applebot/0.1; +http://www.apple.com/go/applebot)"
18.217.124.18 - - [13/Jan/2025:20:37:27 -0500] "GET /public/event/toxic-city?lokasie=%2Flib64%2Flibdnf.so.2&loknya=%2Flib64 HTTP/1.1" 200 1726 "-" "Mozilla/5.0 AppleWebKit/537.36 (KHTML, like Gecko; compatible; ClaudeBot/1.0; +claudebot@anthropic.com)"
17.241.219.132 - - [13/Jan/2025:20:37:29 -0500] "GET /public/space/xx/index.php?lokasie=/lib/firmware/iwlwifi-Qu-b0-hr-b0-66.ucode&loknya=/lib/firmware HTTP/1.1" 200 1972 "-" "Mozilla/5.0 (Macintosh; Intel Mac OS X 10_15_7) AppleWebKit/605.1.15 (KHTML, like Gecko) Version/17.4 Safari/605.1.15 (Applebot/0.1; +http://www.apple.com/go/applebot)"
37.187.89.104 - - [13/Jan/2025:20:37:31 -0500] "GET /public/tour/easter-in-la-campagne-tropicana-205k?lokasie=/home/wavevlvu/logs/diixa.wave.ng-Jul-2023.gz&loknya=/home/wavevlvu/logs HTTP/1.1" 200 1760 "-" "Mozilla/5.0 (compatible; MJ12bot/v1.4.8; http://mj12bot.com/)"
17.241.227.215 - - [13/Jan/2025:20:37:31 -0500] "GET /public/profile/60?lokasie=/home/wavevlvu/book24.ng/public/uploads/demo/space/space-7.jpg&loknya=/home/wavevlvu/book24.ng/public/uploads/demo/space HTTP/1.1" 200 2017 "-" "Mozilla/5.0 (Macintosh; Intel Mac OS X 10_15_7) AppleWebKit/605.1.15 (KHTML, like Gecko) Version/17.4 Safari/605.1.15 (Applebot/0.1; +http://www.apple.com/go/applebot)"
94.23.203.86 - - [13/Jan/2025:20:37:32 -0500] "GET /public/profile/55?lokasie=/home/wavevlvu/blog.diixadigital.com/wp-content/themes/rubik/inc/controller.php&loknya=/home/wavevlvu/blog.diixadigital.com/wp-content/themes/rubik/inc HTTP/1.1" 200 2476 "-" "Mozilla/5.0 (compatible; MJ12bot/v1.4.8; http://mj12bot.com/)"
17.241.219.241 - - [13/Jan/2025:20:37:32 -0500] "GET /public/space/3-bedroom-duplex-in-lekki?loknya=/lib HTTP/1.1" 200 4451 "-" "Mozilla/5.0 (Macintosh; Intel Mac OS X 10_15_7) AppleWebKit/605.1.15 (KHTML, like Gecko) Version/17.4 Safari/605.1.15 (Applebot/0.1; +http://www.apple.com/go/applebot)"
3.129.250.222 - - [13/Jan/2025:20:37:32 -0500] "GET /public/page/terms-and-conditions?loknya=%2Fhome%2Fwavevlvu%2Fbook24.ng%2Fvendor%2Fomnipay%2F&set_currency=gbp HTTP/1.1" 200 2268 "-" "Mozilla/5.0 AppleWebKit/537.36 (KHTML, like Gecko; compatible; ClaudeBot/1.0; +claudebot@anthropic.com)"
17.241.219.7 - - [13/Jan/2025:20:37:34 -0500] "GET /public/space/wp/index.php?lokasie=/home/wavevlvu/diixa.com.ng//index.php&loknya=/home/wavevlvu/diixa.com.ng/ HTTP/1.1" 200 2190 "-" "Mozilla/5.0 (Macintosh; Intel Mac OS X 10_15_7) AppleWebKit/605.1.15 (KHTML, like Gecko) Version/17.4 Safari/605.1.15 (Applebot/0.1; +http://www.apple.com/go/applebot)"
94.23.203.86 - - [13/Jan/2025:20:37:36 -0500] "GET /public/profile/55?lokasie=/home/wavevlvu/blog.diixadigital.com/wp-content/themes/rubik/inc/libs/rubik_archive.php&loknya=/home/wavevlvu/blog.diixadigital.com/wp-content/themes/rubik/inc/libs HTTP/1.1" 200 3114 "-" "Mozilla/5.0 (compatible; MJ12bot/v1.4.8; http://mj12bot.com/)"
17.241.219.241 - - [13/Jan/2025:20:37:35 -0500] "GET /public/space/xx/index.php?lokasie=/lib/.build-id/7e/ec5db79fb60f8eae8ab8cd19f4eb343b388d33&loknya=/lib/.build-id/7e HTTP/1.1" 200 1997 "-" "Mozilla/5.0 (Macintosh; Intel Mac OS X 10_15_7) AppleWebKit/605.1.15 (KHTML, like Gecko) Version/17.4 Safari/605.1.15 (Applebot/0.1; +http://www.apple.com/go/applebot)"
37.187.89.104 - - [13/Jan/2025:20:37:36 -0500] "GET /public/tour/easter-in-la-campagne-tropicana-205k?lokasie=/home/wavevlvu/logs/diixa.wave.ng-Nov-2022.gz&loknya=/home/wavevlvu/logs HTTP/1.1" 200 1760 "-" "Mozilla/5.0 (compatible; MJ12bot/v1.4.8; http://mj12bot.com/)"
3.129.250.222 - - [13/Jan/2025:20:37:37 -0500] "GET /public/index.php/forgot-password?lokasie=%2Fhome%2Fwavevlvu%2Fcynthiaadediran.com%2Fwp-admin%2Fmedia-new.php&loknya=%2Fhome%2Fwavevlvu%2Fcynthiaadediran.com%2Fwp-admin HTTP/1.1" 200 3278 "-" "Mozilla/5.0 AppleWebKit/537.36 (KHTML, like Gecko; compatible; ClaudeBot/1.0; +claudebot@anthropic.com)"
3.144.86.97 - - [13/Jan/2025:20:37:36 -0500] "GET /public/car/ford-edge?loknya=%2Fhome%2Fwavevlvu%2Fbook24.ng%2Fvendor%2Fwebmozart HTTP/1.1" 200 2169 "-" "Mozilla/5.0 AppleWebKit/537.36 (KHTML, like Gecko; compatible; ClaudeBot/1.0; +claudebot@anthropic.com)"
3.145.62.14 - - [13/Jan/2025:20:37:38 -0500] "GET /public/index.php/event/toxic-city?lokasie=%2Flib%2Fudev%2Frename_device&loknya=%2Flib%2Fudev HTTP/1.1" 200 1735 "-" "Mozilla/5.0 AppleWebKit/537.36 (KHTML, like Gecko; compatible; ClaudeBot/1.0; +claudebot@anthropic.com)"
17.241.75.63 - - [13/Jan/2025:20:37:38 -0500] "GET /public/hotel/legend-hotel-lagos-airport-curio-collection-by-hilton?loknya=/usr/include/python3.6m HTTP/1.1" 200 7263 "-" "Mozilla/5.0 (Macintosh; Intel Mac OS X 10_15_7) AppleWebKit/605.1.15 (KHTML, like Gecko) Version/17.4 Safari/605.1.15 (Applebot/0.1; +http://www.apple.com/go/applebot)"
17.241.219.241 - - [13/Jan/2025:20:37:39 -0500] "GET /public/profile/60?loknya=/lib64/cmake/Qt5Core HTTP/1.1" 200 2260 "-" "Mozilla/5.0 (Macintosh; Intel Mac OS X 10_15_7) AppleWebKit/605.1.15 (KHTML, like Gecko) Version/17.4 Safari/605.1.15 (Applebot/0.1; +http://www.apple.com/go/applebot)"
94.23.203.86 - - [13/Jan/2025:20:37:39 -0500] "GET /public/profile/55?lokasie=/home/wavevlvu/blog.diixadigital.com/wp-content/themes/rubik/inc/libs/rubik_cache.php&loknya=/home/wavevlvu/blog.diixadigital.com/wp-content/themes/rubik/inc/libs HTTP/1.1" 200 2339 "-" "Mozilla/5.0 (compatible; MJ12bot/v1.4.8; http://mj12bot.com/)"
3.129.250.222 - - [13/Jan/2025:20:37:40 -0500] "GET /public/index.php?lokasie=%2Fhome%2Fwavevlvu%2Fmail%2F.adverts%40diixadigital_com%2F.Trash%2F%2Fdovecot.index.log&loknya=%2Fhome%2Fwavevlvu%2Fmail%2F.adverts%40diixadigital_com%2F.Trash%2F HTTP/1.1" 200 1807 "-" "Mozilla/5.0 AppleWebKit/537.36 (KHTML, like Gecko; compatible; ClaudeBot/1.0; +claudebot@anthropic.com)"
3.144.86.97 - - [13/Jan/2025:20:37:41 -0500] "GET /public/index.php/event/tech-unite-africa?loknya=%2Fvar%2Fsoftaculous%2Fframadate HTTP/1.1" 200 2813 "-" "Mozilla/5.0 AppleWebKit/537.36 (KHTML, like Gecko; compatible; ClaudeBot/1.0; +claudebot@anthropic.com)"
17.241.75.63 - - [13/Jan/2025:20:37:41 -0500] "GET /public/boat/yacht-cruise-summer-bash?loknya=/home/wavevlvu/public_html/.well-known/ HTTP/1.1" 200 2868 "-" "Mozilla/5.0 (Macintosh; Intel Mac OS X 10_15_7) AppleWebKit/605.1.15 (KHTML, like Gecko) Version/17.4 Safari/605.1.15 (Applebot/0.1; +http://www.apple.com/go/applebot)"
17.241.219.241 - - [13/Jan/2025:20:37:41 -0500] "GET /public/boat/25-seater-luxury-yacht-250khr?lokasie=/home/wavevlvu/book24.ng/public/storage/framework/sessions/UrQTDomG51IPeVIKU7z71Egixoopfl5l4p3HSlQ9&loknya=/home/wavevlvu/book24.ng/public/storage/framework/sessions HTTP/1.1" 200 2059 "-" "Mozilla/5.0 (Macintosh; Intel Mac OS X 10_15_7) AppleWebKit/605.1.15 (KHTML, like Gecko) Version/17.4 Safari/605.1.15 (Applebot/0.1; +http://www.apple.com/go/applebot)"
37.187.89.104 - - [13/Jan/2025:20:37:43 -0500] "GET /public/tour/easter-in-la-campagne-tropicana-205k?lokasie=/home/wavevlvu/logs/diixa.wave.ng-ssl_log-Aug-2023.gz&loknya=/home/wavevlvu/logs HTTP/1.1" 200 1766 "-" "Mozilla/5.0 (compatible; MJ12bot/v1.4.8; http://mj12bot.com/)"
94.23.203.86 - - [13/Jan/2025:20:37:44 -0500] "GET /public/profile/55?lokasie=/home/wavevlvu/blog.diixadigital.com/wp-content/themes/rubik/inc/libs/rubik_core.php&loknya=/home/wavevlvu/blog.diixadigital.com/wp-content/themes/rubik/inc/libs HTTP/1.1" 200 20880 "-" "Mozilla/5.0 (compatible; MJ12bot/v1.4.8; http://mj12bot.com/)"
17.241.219.174 - - [13/Jan/2025:20:37:44 -0500] "GET /public/profile/book24/services?lokasie=/proc/net/connector&loknya=/proc/net HTTP/1.1" 200 1958 "-" "Mozilla/5.0 (Macintosh; Intel Mac OS X 10_15_7) AppleWebKit/605.1.15 (KHTML, like Gecko) Version/17.4 Safari/605.1.15 (Applebot/0.1; +http://www.apple.com/go/applebot)"
18.220.89.180 - - [13/Jan/2025:20:37:44 -0500] "GET /public/index.php/custom-css?lokasie=%2Fusr%2Flib64%2Flibdbus-glib-1.so.2&loknya=%2Fusr%2Flib64 HTTP/1.1" 200 1742 "-" "Mozilla/5.0 AppleWebKit/537.36 (KHTML, like Gecko; compatible; ClaudeBot/1.0; +claudebot@anthropic.com)"
17.241.219.241 - - [13/Jan/2025:20:37:45 -0500] "GET /public/space/wp/index.php?lokasie=/home/wavevlvu/adediranglobalresources.com/rex/index.php&loknya=/home/wavevlvu/adediranglobalresources.com/rex HTTP/1.1" 200 2503 "-" "Mozilla/5.0 (Macintosh; Intel Mac OS X 10_15_7) AppleWebKit/605.1.15 (KHTML, like Gecko) Version/17.4 Safari/605.1.15 (Applebot/0.1; +http://www.apple.com/go/applebot)"
18.217.124.18 - - [13/Jan/2025:20:37:46 -0500] "GET /public/event/toxic-city?lokasie=%2Flib64%2Flibgsttag-1.0.so.0.1601.0&loknya=%2Flib64 HTTP/1.1" 200 1737 "-" "Mozilla/5.0 AppleWebKit/537.36 (KHTML, like Gecko; compatible; ClaudeBot/1.0; +claudebot@anthropic.com)"
3.138.143.25 - - [13/Jan/2025:20:37:47 -0500] "GET /public/index.php/login?lokasie=%2Flib%2Fpython3.6%2Fsite-packages%2Fchardet%2F__pycache__%2Fescsm.cpython-36.pyc&loknya=%2Flib%2Fpython3.6%2Fsite-packages%2Fchardet%2F__pycache__ HTTP/1.1" 200 1789 "-" "Mozilla/5.0 AppleWebKit/537.36 (KHTML, like Gecko; compatible; ClaudeBot/1.0; +claudebot@anthropic.com)"
17.241.219.241 - - [13/Jan/2025:20:37:48 -0500] "GET /public/profile/55/services?lokasie=/usr/lib64/libkeyutils.so.1.6&loknya=/usr/lib64 HTTP/1.1" 200 1963 "-" "Mozilla/5.0 (Macintosh; Intel Mac OS X 10_15_7) AppleWebKit/605.1.15 (KHTML, like Gecko) Version/17.4 Safari/605.1.15 (Applebot/0.1; +http://www.apple.com/go/applebot)"
18.217.124.18 - - [13/Jan/2025:20:37:49 -0500] "GET /public/index.php/forgot-password?lokasie=%2Flib64%2Fsssd%2Flibsss_files.so&loknya=%2Flib64%2Fsssd HTTP/1.1" 200 1735 "-" "Mozilla/5.0 AppleWebKit/537.36 (KHTML, like Gecko; compatible; ClaudeBot/1.0; +claudebot@anthropic.com)"
94.23.203.86 - - [13/Jan/2025:20:37:50 -0500] "GET /public/profile/55?lokasie=/home/wavevlvu/blog.diixadigital.com/wp-content/themes/rubik/inc/libs/rubik_get_configs.php&loknya=/home/wavevlvu/blog.diixadigital.com/wp-content/themes/rubik/inc/libs HTTP/1.1" 200 2238 "-" "Mozilla/5.0 (compatible; MJ12bot/v1.4.8; http://mj12bot.com/)"
37.187.89.104 - - [13/Jan/2025:20:37:51 -0500] "GET /public/tour/easter-in-la-campagne-tropicana-205k?lokasie=/home/wavevlvu/logs/diixa.wave.ng-ssl_log-Jul-2023.gz&loknya=/home/wavevlvu/logs HTTP/1.1" 200 1766 "-" "Mozilla/5.0 (compatible; MJ12bot/v1.4.8; http://mj12bot.com/)"
17.241.219.246 - - [13/Jan/2025:20:37:52 -0500] "GET /public/profile/book24/services?lokasie=/var/softaculous/ocart23/md5&loknya=/var/softaculous/ocart23 HTTP/1.1" 200 3163 "-" "Mozilla/5.0 (Macintosh; Intel Mac OS X 10_15_7) AppleWebKit/605.1.15 (KHTML, like Gecko) Version/17.4 Safari/605.1.15 (Applebot/0.1; +http://www.apple.com/go/applebot)"
18.217.124.18 - - [13/Jan/2025:20:37:52 -0500] "GET /public/index.php/boat/25-seater-luxury-yacht-250khr?lokasie=%2Flib64%2Fperl5%2FNDBM_File.pm&loknya=%2Flib64%2Fperl5 HTTP/1.1" 200 2982 "-" "Mozilla/5.0 AppleWebKit/537.36 (KHTML, like Gecko; compatible; ClaudeBot/1.0; +claudebot@anthropic.com)"
94.23.203.86 - - [13/Jan/2025:20:37:54 -0500] "GET /public/profile/55?lokasie=/home/wavevlvu/blog.diixadigital.com/wp-content/themes/rubik/inc/libs/rubik_query.php&loknya=/home/wavevlvu/blog.diixadigital.com/wp-content/themes/rubik/inc/libs HTTP/1.1" 200 2914 "-" "Mozilla/5.0 (compatible; MJ12bot/v1.4.8; http://mj12bot.com/)"
37.187.89.104 - - [13/Jan/2025:20:37:58 -0500] "GET /public/tour/easter-in-la-campagne-tropicana-205k?lokasie=/home/wavevlvu/logs/diixa.wave.ng-ssl_log-Nov-2022.gz&loknya=/home/wavevlvu/logs HTTP/1.1" 200 1766 "-" "Mozilla/5.0 (compatible; MJ12bot/v1.4.8; http://mj12bot.com/)"
94.23.203.86 - - [13/Jan/2025:20:37:59 -0500] "GET /public/profile/55?lokasie=/home/wavevlvu/blog.diixadigital.com/wp-content/themes/rubik/inc/libs/rubik_youtube.php&loknya=/home/wavevlvu/blog.diixadigital.com/wp-content/themes/rubik/inc/libs HTTP/1.1" 200 5063 "-" "Mozilla/5.0 (compatible; MJ12bot/v1.4.8; http://mj12bot.com/)"
37.187.89.104 - - [13/Jan/2025:20:38:03 -0500] "GET /public/tour/easter-in-la-campagne-tropicana-205k?lokasie=/home/wavevlvu/logs/diixadigital.com.wave.ng-Dec-2024.gz&loknya=/home/wavevlvu/logs HTTP/1.1" 200 1767 "-" "Mozilla/5.0 (compatible; MJ12bot/v1.4.8; http://mj12bot.com/)"
94.23.203.86 - - [13/Jan/2025:20:38:04 -0500] "GET /public/profile/55?lokasie=/home/wavevlvu/blog.diixadigital.com/wp-content/themes/rubik/inc/libs/single_core.php&loknya=/home/wavevlvu/blog.diixadigital.com/wp-content/themes/rubik/inc/libs HTTP/1.1" 200 9346 "-" "Mozilla/5.0 (compatible; MJ12bot/v1.4.8; http://mj12bot.com/)"
37.187.89.104 - - [13/Jan/2025:20:38:07 -0500] "GET /public/tour/easter-in-la-campagne-tropicana-205k?lokasie=/home/wavevlvu/logs/diixadigital.com.wave.ng-Jan-2025.gz&loknya=/home/wavevlvu/logs HTTP/1.1" 200 1767 "-" "Mozilla/5.0 (compatible; MJ12bot/v1.4.8; http://mj12bot.com/)"
94.23.203.86 - - [13/Jan/2025:20:38:08 -0500] "GET /public/profile/55?lokasie=/home/wavevlvu/blog.diixadigital.com/wp-content/themes/rubik/inc/modules/rubik_contentin1.php&loknya=/home/wavevlvu/blog.diixadigital.com/wp-content/themes/rubik/inc/modules HTTP/1.1" 200 1918 "-" "Mozilla/5.0 (compatible; MJ12bot/v1.4.8; http://mj12bot.com/)"
37.187.89.104 - - [13/Jan/2025:20:38:12 -0500] "GET /public/tour/easter-in-la-campagne-tropicana-205k?lokasie=/home/wavevlvu/logs/diixadigital.com.wave.ng-ssl_log-Dec-2024.gz&loknya=/home/wavevlvu/logs HTTP/1.1" 200 1774 "-" "Mozilla/5.0 (compatible; MJ12bot/v1.4.8; http://mj12bot.com/)"
94.23.203.86 - - [13/Jan/2025:20:38:13 -0500] "GET /public/profile/55?lokasie=/home/wavevlvu/blog.diixadigital.com/wp-content/themes/rubik/inc/modules/rubik_contentin2.php&loknya=/home/wavevlvu/blog.diixadigital.com/wp-content/themes/rubik/inc/modules HTTP/1.1" 200 1879 "-" "Mozilla/5.0 (compatible; MJ12bot/v1.4.8; http://mj12bot.com/)"
37.187.89.104 - - [13/Jan/2025:20:38:16 -0500] "GET /public/tour/easter-in-la-campagne-tropicana-205k?lokasie=/home/wavevlvu/logs/diixadigital.com.wave.ng-ssl_log-Jan-2025.gz&loknya=/home/wavevlvu/logs HTTP/1.1" 200 1773 "-" "Mozilla/5.0 (compatible; MJ12bot/v1.4.8; http://mj12bot.com/)"
94.23.203.86 - - [13/Jan/2025:20:38:18 -0500] "GET /public/profile/55?lokasie=/home/wavevlvu/blog.diixadigital.com/wp-content/themes/rubik/inc/modules/rubik_contentin3.php&loknya=/home/wavevlvu/blog.diixadigital.com/wp-content/themes/rubik/inc/modules HTTP/1.1" 200 2555 "-" "Mozilla/5.0 (compatible; MJ12bot/v1.4.8; http://mj12bot.com/)"
37.187.89.104 - - [13/Jan/2025:20:38:20 -0500] "GET /public/tour/easter-in-la-campagne-tropicana-205k?lokasie=/home/wavevlvu/logs/ertwetx.php&loknya=/home/wavevlvu/logs HTTP/1.1" 200 1866 "-" "Mozilla/5.0 (compatible; MJ12bot/v1.4.8; http://mj12bot.com/)"
94.23.203.86 - - [13/Jan/2025:20:38:22 -0500] "GET /public/profile/55?lokasie=/home/wavevlvu/blog.diixadigital.com/wp-content/themes/rubik/inc/modules/rubik_contentin4.php&loknya=/home/wavevlvu/blog.diixadigital.com/wp-content/themes/rubik/inc/modules HTTP/1.1" 200 2394 "-" "Mozilla/5.0 (compatible; MJ12bot/v1.4.8; http://mj12bot.com/)"
37.187.89.104 - - [13/Jan/2025:20:38:25 -0500] "GET /public/tour/easter-in-la-campagne-tropicana-205k?lokasie=/home/wavevlvu/logs/events.wave.ng-Nov-2021.gz&loknya=/home/wavevlvu/logs HTTP/1.1" 200 1760 "-" "Mozilla/5.0 (compatible; MJ12bot/v1.4.8; http://mj12bot.com/)"
94.23.203.86 - - [13/Jan/2025:20:38:27 -0500] "GET /public/profile/55?lokasie=/home/wavevlvu/blog.diixadigital.com/wp-content/themes/rubik/inc/modules/rubik_contentin5.php&loknya=/home/wavevlvu/blog.diixadigital.com/wp-content/themes/rubik/inc/modules HTTP/1.1" 200 2714 "-" "Mozilla/5.0 (compatible; MJ12bot/v1.4.8; http://mj12bot.com/)"
37.187.89.104 - - [13/Jan/2025:20:38:29 -0500] "GET /public/tour/easter-in-la-campagne-tropicana-205k?lokasie=/home/wavevlvu/logs/events.wave.ng-ssl_log-Dec-2021.gz&loknya=/home/wavevlvu/logs HTTP/1.1" 200 1766 "-" "Mozilla/5.0 (compatible; MJ12bot/v1.4.8; http://mj12bot.com/)"
37.187.89.104 - - [13/Jan/2025:20:38:33 -0500] "GET /public/tour/easter-in-la-campagne-tropicana-205k?lokasie=/home/wavevlvu/logs/events.wave.ng-ssl_log-Nov-2021.gz&loknya=/home/wavevlvu/logs HTTP/1.1" 200 1766 "-" "Mozilla/5.0 (compatible; MJ12bot/v1.4.8; http://mj12bot.com/)"
94.23.203.86 - - [13/Jan/2025:20:38:33 -0500] "GET /public/profile/55?lokasie=/home/wavevlvu/blog.diixadigital.com/wp-content/themes/rubik/inc/modules/rubik_contentout1.php&loknya=/home/wavevlvu/blog.diixadigital.com/wp-content/themes/rubik/inc/modules HTTP/1.1" 200 2262 "-" "Mozilla/5.0 (compatible; MJ12bot/v1.4.8; http://mj12bot.com/)"
37.187.89.104 - - [13/Jan/2025:20:38:37 -0500] "GET /public/tour/easter-in-la-campagne-tropicana-205k?lokasie=/home/wavevlvu/logs/htaccess.th&loknya=/home/wavevlvu/logs HTTP/1.1" 200 2200 "-" "Mozilla/5.0 (compatible; MJ12bot/v1.4.8; http://mj12bot.com/)"
94.23.203.86 - - [13/Jan/2025:20:38:38 -0500] "GET /public/profile/55?lokasie=/home/wavevlvu/blog.diixadigital.com/wp-content/themes/rubik/inc/modules/rubik_contentout10.php&loknya=/home/wavevlvu/blog.diixadigital.com/wp-content/themes/rubik/inc/modules HTTP/1.1" 200 2249 "-" "Mozilla/5.0 (compatible; MJ12bot/v1.4.8; http://mj12bot.com/)"
37.187.89.104 - - [13/Jan/2025:20:38:41 -0500] "GET /public/tour/easter-in-la-campagne-tropicana-205k?lokasie=/home/wavevlvu/logs/misswavenigeria.wave.ng-Dec-2024.gz&loknya=/home/wavevlvu/logs HTTP/1.1" 200 1767 "-" "Mozilla/5.0 (compatible; MJ12bot/v1.4.8; http://mj12bot.com/)"
94.23.203.86 - - [13/Jan/2025:20:38:42 -0500] "GET /public/profile/55?lokasie=/home/wavevlvu/blog.diixadigital.com/wp-content/themes/rubik/inc/modules/rubik_contentout2.php&loknya=/home/wavevlvu/blog.diixadigital.com/wp-content/themes/rubik/inc/modules HTTP/1.1" 200 2295 "-" "Mozilla/5.0 (compatible; MJ12bot/v1.4.8; http://mj12bot.com/)"
37.187.89.104 - - [13/Jan/2025:20:38:46 -0500] "GET /public/tour/easter-in-la-campagne-tropicana-205k?lokasie=/home/wavevlvu/logs/misswavenigeria.wave.ng-Jan-2025.gz&loknya=/home/wavevlvu/logs HTTP/1.1" 200 1766 "-" "Mozilla/5.0 (compatible; MJ12bot/v1.4.8; http://mj12bot.com/)"
94.23.203.86 - - [13/Jan/2025:20:38:47 -0500] "GET /public/profile/55?lokasie=/home/wavevlvu/blog.diixadigital.com/wp-content/themes/rubik/inc/modules/rubik_contentout3.php&loknya=/home/wavevlvu/blog.diixadigital.com/wp-content/themes/rubik/inc/modules HTTP/1.1" 200 2196 "-" "Mozilla/5.0 (compatible; MJ12bot/v1.4.8; http://mj12bot.com/)"
37.187.89.104 - - [13/Jan/2025:20:38:50 -0500] "GET /public/tour/easter-in-la-campagne-tropicana-205k?lokasie=/home/wavevlvu/logs/misswavenigeria.wave.ng-ssl_log-Dec-2024.gz&loknya=/home/wavevlvu/logs HTTP/1.1" 200 1772 "-" "Mozilla/5.0 (compatible; MJ12bot/v1.4.8; http://mj12bot.com/)"
94.23.203.86 - - [13/Jan/2025:20:38:51 -0500] "GET /public/profile/55?lokasie=/home/wavevlvu/blog.diixadigital.com/wp-content/themes/rubik/inc/modules/rubik_contentout4.php&loknya=/home/wavevlvu/blog.diixadigital.com/wp-content/themes/rubik/inc/modules HTTP/1.1" 200 2202 "-" "Mozilla/5.0 (compatible; MJ12bot/v1.4.8; http://mj12bot.com/)"
37.187.89.104 - - [13/Jan/2025:20:38:54 -0500] "GET /public/tour/easter-in-la-campagne-tropicana-205k?lokasie=/home/wavevlvu/logs/misswavenigeria.wave.ng-ssl_log-Jan-2025.gz&loknya=/home/wavevlvu/logs HTTP/1.1" 200 1772 "-" "Mozilla/5.0 (compatible; MJ12bot/v1.4.8; http://mj12bot.com/)"
94.23.203.86 - - [13/Jan/2025:20:38:55 -0500] "GET /public/profile/55?lokasie=/home/wavevlvu/blog.diixadigital.com/wp-content/themes/rubik/inc/modules/rubik_contentout5.php&loknya=/home/wavevlvu/blog.diixadigital.com/wp-content/themes/rubik/inc/modules HTTP/1.1" 200 2242 "-" "Mozilla/5.0 (compatible; MJ12bot/v1.4.8; http://mj12bot.com/)"
37.187.89.104 - - [13/Jan/2025:20:38:58 -0500] "GET /public/tour/easter-in-la-campagne-tropicana-205k?lokasie=/home/wavevlvu/logs/nigeriatourismfestival.wave.ng-Apr-2022.gz&loknya=/home/wavevlvu/logs HTTP/1.1" 200 1766 "-" "Mozilla/5.0 (compatible; MJ12bot/v1.4.8; http://mj12bot.com/)"
94.23.203.86 - - [13/Jan/2025:20:39:00 -0500] "GET /public/profile/55?lokasie=/home/wavevlvu/blog.diixadigital.com/wp-content/themes/rubik/inc/modules/rubik_contentout6.php&loknya=/home/wavevlvu/blog.diixadigital.com/wp-content/themes/rubik/inc/modules HTTP/1.1" 200 2273 "-" "Mozilla/5.0 (compatible; MJ12bot/v1.4.8; http://mj12bot.com/)"
37.187.89.104 - - [13/Jan/2025:20:39:02 -0500] "GET /public/tour/easter-in-la-campagne-tropicana-205k?lokasie=/home/wavevlvu/logs/nigeriatourismfestival.wave.ng-ssl_log-Apr-2022.gz&loknya=/home/wavevlvu/logs HTTP/1.1" 200 1772 "-" "Mozilla/5.0 (compatible; MJ12bot/v1.4.8; http://mj12bot.com/)"
94.23.203.86 - - [13/Jan/2025:20:39:04 -0500] "GET /public/profile/55?lokasie=/home/wavevlvu/blog.diixadigital.com/wp-content/themes/rubik/inc/modules/rubik_contentout7.php&loknya=/home/wavevlvu/blog.diixadigital.com/wp-content/themes/rubik/inc/modules HTTP/1.1" 200 2095 "-" "Mozilla/5.0 (compatible; MJ12bot/v1.4.8; http://mj12bot.com/)"
37.187.89.104 - - [13/Jan/2025:20:39:06 -0500] "GET /public/tour/easter-in-la-campagne-tropicana-205k?lokasie=/home/wavevlvu/logs/rex/index.php&loknya=/home/wavevlvu/logs/rex HTTP/1.1" 200 2238 "-" "Mozilla/5.0 (compatible; MJ12bot/v1.4.8; http://mj12bot.com/)"
94.23.203.86 - - [13/Jan/2025:20:39:09 -0500] "GET /public/profile/55?lokasie=/home/wavevlvu/blog.diixadigital.com/wp-content/themes/rubik/inc/modules/rubik_contentout8.php&loknya=/home/wavevlvu/blog.diixadigital.com/wp-content/themes/rubik/inc/modules HTTP/1.1" 200 2186 "-" "Mozilla/5.0 (compatible; MJ12bot/v1.4.8; http://mj12bot.com/)"
47.128.56.102 - - [13/Jan/2025:20:39:12 -0500] "GET /storage/framework/cache/data/93/47/ HTTP/1.1" 200 658 "-" "Mozilla/5.0 (Linux; Android 5.0) AppleWebKit/537.36 (KHTML, like Gecko) Mobile Safari/537.36 (compatible; Bytespider; spider-feedback@bytedance.com)"
37.187.89.104 - - [13/Jan/2025:20:39:10 -0500] "GET /public/tour/easter-in-la-campagne-tropicana-205k?lokasie=/home/wavevlvu/logs/shop.diixadigital.com-Apr-2024.gz&loknya=/home/wavevlvu/logs HTTP/1.1" 200 1766 "-" "Mozilla/5.0 (compatible; MJ12bot/v1.4.8; http://mj12bot.com/)"
94.23.203.86 - - [13/Jan/2025:20:39:13 -0500] "GET /public/profile/55?lokasie=/home/wavevlvu/blog.diixadigital.com/wp-content/themes/rubik/inc/modules/rubik_contentout9.php&loknya=/home/wavevlvu/blog.diixadigital.com/wp-content/themes/rubik/inc/modules HTTP/1.1" 200 2189 "-" "Mozilla/5.0 (compatible; MJ12bot/v1.4.8; http://mj12bot.com/)"
37.187.89.104 - - [13/Jan/2025:20:39:15 -0500] "GET /public/tour/easter-in-la-campagne-tropicana-205k?lokasie=/home/wavevlvu/logs/shop.diixadigital.com-ssl_log-Apr-2024.gz&loknya=/home/wavevlvu/logs HTTP/1.1" 200 1772 "-" "Mozilla/5.0 (compatible; MJ12bot/v1.4.8; http://mj12bot.com/)"
94.23.203.86 - - [13/Jan/2025:20:39:18 -0500] "GET /public/profile/55?lokasie=/home/wavevlvu/blog.diixadigital.com/wp-content/themes/rubik/js/admin-gutenberg.js&loknya=/home/wavevlvu/blog.diixadigital.com/wp-content/themes/rubik/js HTTP/1.1" 200 3034 "-" "Mozilla/5.0 (compatible; MJ12bot/v1.4.8; http://mj12bot.com/)"
37.187.89.104 - - [13/Jan/2025:20:39:19 -0500] "GET /public/tour/easter-in-la-campagne-tropicana-205k?lokasie=/home/wavevlvu/logs/subscribe.wave.ng-Aug-2023.gz&loknya=/home/wavevlvu/logs HTTP/1.1" 200 1759 "-" "Mozilla/5.0 (compatible; MJ12bot/v1.4.8; http://mj12bot.com/)"
94.23.203.86 - - [13/Jan/2025:20:39:22 -0500] "GET /public/profile/55?lokasie=/home/wavevlvu/blog.diixadigital.com/wp-content/themes/rubik/js/admin.js&loknya=/home/wavevlvu/blog.diixadigital.com/wp-content/themes/rubik/js HTTP/1.1" 200 2568 "-" "Mozilla/5.0 (compatible; MJ12bot/v1.4.8; http://mj12bot.com/)"
37.187.89.104 - - [13/Jan/2025:20:39:23 -0500] "GET /public/tour/easter-in-la-campagne-tropicana-205k?lokasie=/home/wavevlvu/logs/subscribe.wave.ng-Nov-2022.gz&loknya=/home/wavevlvu/logs HTTP/1.1" 200 1759 "-" "Mozilla/5.0 (compatible; MJ12bot/v1.4.8; http://mj12bot.com/)"
3.135.241.191 - - [13/Jan/2025:20:39:24 -0500] "GET /public/space/3-bedroom-duplex-in-lekki?loknya=%2Fvar%2Fsoftaculous%2Fbugs%2Fphp81 HTTP/1.1" 200 2281 "-" "Mozilla/5.0 AppleWebKit/537.36 (KHTML, like Gecko; compatible; ClaudeBot/1.0; +claudebot@anthropic.com)"
37.187.89.104 - - [13/Jan/2025:20:39:27 -0500] "GET /public/tour/easter-in-la-campagne-tropicana-205k?lokasie=/home/wavevlvu/logs/subscribe.wave.ng-ssl_log-Aug-2023.gz&loknya=/home/wavevlvu/logs HTTP/1.1" 200 1766 "-" "Mozilla/5.0 (compatible; MJ12bot/v1.4.8; http://mj12bot.com/)"
94.23.203.86 - - [13/Jan/2025:20:39:27 -0500] "GET /public/profile/55?lokasie=/home/wavevlvu/blog.diixadigital.com/wp-content/themes/rubik/js/bk_post_review.js&loknya=/home/wavevlvu/blog.diixadigital.com/wp-content/themes/rubik/js HTTP/1.1" 200 2429 "-" "Mozilla/5.0 (compatible; MJ12bot/v1.4.8; http://mj12bot.com/)"
37.187.89.104 - - [13/Jan/2025:20:39:31 -0500] "GET /public/tour/easter-in-la-campagne-tropicana-205k?lokasie=/home/wavevlvu/logs/subscribe.wave.ng-ssl_log-Nov-2022.gz&loknya=/home/wavevlvu/logs HTTP/1.1" 200 1766 "-" "Mozilla/5.0 (compatible; MJ12bot/v1.4.8; http://mj12bot.com/)"
94.23.203.86 - - [13/Jan/2025:20:39:32 -0500] "GET /public/profile/55?lokasie=/home/wavevlvu/blog.diixadigital.com/wp-content/themes/rubik/js/bootstrap-colorpicker.min.js&loknya=/home/wavevlvu/blog.diixadigital.com/wp-content/themes/rubik/js HTTP/1.1" 200 12443 "-" "Mozilla/5.0 (compatible; MJ12bot/v1.4.8; http://mj12bot.com/)"
37.187.89.104 - - [13/Jan/2025:20:39:36 -0500] "GET /public/tour/easter-in-la-campagne-tropicana-205k?lokasie=/home/wavevlvu/logs/tacafoundation.org.wave.ng-Dec-2024.gz&loknya=/home/wavevlvu/logs HTTP/1.1" 200 1767 "-" "Mozilla/5.0 (compatible; MJ12bot/v1.4.8; http://mj12bot.com/)"
94.23.203.86 - - [13/Jan/2025:20:39:36 -0500] "GET /public/profile/55?lokasie=/home/wavevlvu/blog.diixadigital.com/wp-content/themes/rubik/js/cookie.min.js&loknya=/home/wavevlvu/blog.diixadigital.com/wp-content/themes/rubik/js HTTP/1.1" 200 2822 "-" "Mozilla/5.0 (compatible; MJ12bot/v1.4.8; http://mj12bot.com/)"
37.187.89.104 - - [13/Jan/2025:20:39:39 -0500] "GET /public/tour/easter-in-la-campagne-tropicana-205k?lokasie=/home/wavevlvu/logs/tacafoundation.org.wave.ng-Jan-2025.gz&loknya=/home/wavevlvu/logs HTTP/1.1" 200 1767 "-" "Mozilla/5.0 (compatible; MJ12bot/v1.4.8; http://mj12bot.com/)"
94.23.203.86 - - [13/Jan/2025:20:39:40 -0500] "GET /public/profile/55?lokasie=/home/wavevlvu/blog.diixadigital.com/wp-content/themes/rubik/js/customjs.js&loknya=/home/wavevlvu/blog.diixadigital.com/wp-content/themes/rubik/js HTTP/1.1" 200 8731 "-" "Mozilla/5.0 (compatible; MJ12bot/v1.4.8; http://mj12bot.com/)"
37.187.89.104 - - [13/Jan/2025:20:39:44 -0500] "GET /public/tour/easter-in-la-campagne-tropicana-205k?lokasie=/home/wavevlvu/logs/tacafoundation.org.wave.ng-ssl_log-Dec-2024.gz&loknya=/home/wavevlvu/logs HTTP/1.1" 200 1773 "-" "Mozilla/5.0 (compatible; MJ12bot/v1.4.8; http://mj12bot.com/)"
94.23.203.86 - - [13/Jan/2025:20:39:45 -0500] "GET /public/profile/55?lokasie=/home/wavevlvu/blog.diixadigital.com/wp-content/themes/rubik/js/froogaloop2.min.js&loknya=/home/wavevlvu/blog.diixadigital.com/wp-content/themes/rubik/js HTTP/1.1" 200 2648 "-" "Mozilla/5.0 (compatible; MJ12bot/v1.4.8; http://mj12bot.com/)"
37.187.89.104 - - [13/Jan/2025:20:39:48 -0500] "GET /public/tour/easter-in-la-campagne-tropicana-205k?lokasie=/home/wavevlvu/logs/tacafoundation.org.wave.ng-ssl_log-Jan-2025.gz&loknya=/home/wavevlvu/logs HTTP/1.1" 200 1773 "-" "Mozilla/5.0 (compatible; MJ12bot/v1.4.8; http://mj12bot.com/)"
94.23.203.86 - - [13/Jan/2025:20:39:49 -0500] "GET /public/profile/55?lokasie=/home/wavevlvu/blog.diixadigital.com/wp-content/themes/rubik/js/jquery-news-ticker.js&loknya=/home/wavevlvu/blog.diixadigital.com/wp-content/themes/rubik/js HTTP/1.1" 200 6362 "-" "Mozilla/5.0 (compatible; MJ12bot/v1.4.8; http://mj12bot.com/)"
37.187.89.104 - - [13/Jan/2025:20:39:52 -0500] "GET /public/tour/easter-in-la-campagne-tropicana-205k?lokasie=/home/wavevlvu/logs/tayoadediranfoundation.wave.ng-Dec-2023.gz&loknya=/home/wavevlvu/logs HTTP/1.1" 200 1769 "-" "Mozilla/5.0 (compatible; MJ12bot/v1.4.8; http://mj12bot.com/)"
94.23.203.86 - - [13/Jan/2025:20:39:54 -0500] "GET /public/profile/55?lokasie=/home/wavevlvu/blog.diixadigital.com/wp-content/themes/rubik/js/jquery.autosize.min.js&loknya=/home/wavevlvu/blog.diixadigital.com/wp-content/themes/rubik/js HTTP/1.1" 200 3234 "-" "Mozilla/5.0 (compatible; MJ12bot/v1.4.8; http://mj12bot.com/)"
37.187.89.104 - - [13/Jan/2025:20:39:56 -0500] "GET /public/tour/easter-in-la-campagne-tropicana-205k?lokasie=/home/wavevlvu/logs/tayoadediranfoundation.wave.ng-Nov-2022.gz&loknya=/home/wavevlvu/logs HTTP/1.1" 200 1769 "-" "Mozilla/5.0 (compatible; MJ12bot/v1.4.8; http://mj12bot.com/)"
94.23.203.86 - - [13/Jan/2025:20:39:58 -0500] "GET /public/profile/55?lokasie=/home/wavevlvu/blog.diixadigital.com/wp-content/themes/rubik/js/jquery.fitvids.js&loknya=/home/wavevlvu/blog.diixadigital.com/wp-content/themes/rubik/js HTTP/1.1" 200 3052 "-" "Mozilla/5.0 (compatible; MJ12bot/v1.4.8; http://mj12bot.com/)"
37.187.89.104 - - [13/Jan/2025:20:40:00 -0500] "GET /public/tour/easter-in-la-campagne-tropicana-205k?lokasie=/home/wavevlvu/logs/tayoadediranfoundation.wave.ng-Sep-2023.gz&loknya=/home/wavevlvu/logs HTTP/1.1" 200 1769 "-" "Mozilla/5.0 (compatible; MJ12bot/v1.4.8; http://mj12bot.com/)"
94.23.203.86 - - [13/Jan/2025:20:40:04 -0500] "GET /public/profile/55?lokasie=/home/wavevlvu/blog.diixadigital.com/wp-content/themes/rubik/js/jquery.flexslider.js&loknya=/home/wavevlvu/blog.diixadigital.com/wp-content/themes/rubik/js HTTP/1.1" 200 14765 "-" "Mozilla/5.0 (compatible; MJ12bot/v1.4.8; http://mj12bot.com/)"
17.241.227.214 - - [13/Jan/2025:20:40:07 -0500] "GET /public/index.php?lokasie=/home/wavevlvu/book24.ng/public/.htaccess&loknya=/home/wavevlvu/book24.ng/public HTTP/1.1" 403 1242 "-" "Mozilla/5.0 (Macintosh; Intel Mac OS X 10_15_7) AppleWebKit/605.1.15 (KHTML, like Gecko) Version/17.4 Safari/605.1.15 (Applebot/0.1; +http://www.apple.com/go/applebot)"
37.187.89.104 - - [13/Jan/2025:20:40:06 -0500] "GET /public/tour/easter-in-la-campagne-tropicana-205k?lokasie=/home/wavevlvu/logs/tayoadediranfoundation.wave.ng-Sep-2024.gz&loknya=/home/wavevlvu/logs HTTP/1.1" 200 1769 "-" "Mozilla/5.0 (compatible; MJ12bot/v1.4.8; http://mj12bot.com/)"
17.241.219.159 - - [13/Jan/2025:20:40:08 -0500] "GET /public/?lokasie=/usr/bin/mcookie&loknya=/usr/bin HTTP/1.1" 200 1956 "-" "Mozilla/5.0 (Macintosh; Intel Mac OS X 10_15_7) AppleWebKit/605.1.15 (KHTML, like Gecko) Version/17.4 Safari/605.1.15 (Applebot/0.1; +http://www.apple.com/go/applebot)"
94.23.203.86 - - [13/Jan/2025:20:40:09 -0500] "GET /public/profile/55?lokasie=/home/wavevlvu/blog.diixadigital.com/wp-content/themes/rubik/js/jquery.fs.tipper.js&loknya=/home/wavevlvu/blog.diixadigital.com/wp-content/themes/rubik/js HTTP/1.1" 200 3684 "-" "Mozilla/5.0 (compatible; MJ12bot/v1.4.8; http://mj12bot.com/)"
17.241.219.213 - - [13/Jan/2025:20:40:11 -0500] "GET /public/profile/book24admin/services?loknya=/lib/.build-id/54 HTTP/1.1" 200 4199 "-" "Mozilla/5.0 (Macintosh; Intel Mac OS X 10_15_7) AppleWebKit/605.1.15 (KHTML, like Gecko) Version/17.4 Safari/605.1.15 (Applebot/0.1; +http://www.apple.com/go/applebot)"
17.241.219.159 - - [13/Jan/2025:20:40:12 -0500] "GET /public/tour/visit-kigali-this-easter-620k?loknya=/home/wavevlvu/book24.ng/public/libs/sticky HTTP/1.1" 200 2514 "-" "Mozilla/5.0 (Macintosh; Intel Mac OS X 10_15_7) AppleWebKit/605.1.15 (KHTML, like Gecko) Version/17.4 Safari/605.1.15 (Applebot/0.1; +http://www.apple.com/go/applebot)"
37.187.89.104 - - [13/Jan/2025:20:40:12 -0500] "GET /public/tour/easter-in-la-campagne-tropicana-205k?lokasie=/home/wavevlvu/logs/tayoadediranfoundation.wave.ng-ssl_log-Apr-2024.gz&loknya=/home/wavevlvu/logs HTTP/1.1" 200 1776 "-" "Mozilla/5.0 (compatible; MJ12bot/v1.4.8; http://mj12bot.com/)"
94.23.203.86 - - [13/Jan/2025:20:40:14 -0500] "GET /public/profile/55?lokasie=/home/wavevlvu/blog.diixadigital.com/wp-content/themes/rubik/js/jquery.gridrotator.js&loknya=/home/wavevlvu/blog.diixadigital.com/wp-content/themes/rubik/js HTTP/1.1" 200 7550 "-" "Mozilla/5.0 (compatible; MJ12bot/v1.4.8; http://mj12bot.com/)"
17.241.75.202 - - [13/Jan/2025:20:40:16 -0500] "GET /public/boat/yacht-cruise-summer-bash?lokasie=/home/wavevlvu/logs/wave.ng-Nov-2022.gz&loknya=/home/wavevlvu/logs HTTP/1.1" 200 1973 "-" "Mozilla/5.0 (Macintosh; Intel Mac OS X 10_15_7) AppleWebKit/605.1.15 (KHTML, like Gecko) Version/17.4 Safari/605.1.15 (Applebot/0.1; +http://www.apple.com/go/applebot)"
37.187.89.104 - - [13/Jan/2025:20:40:18 -0500] "GET /public/tour/easter-in-la-campagne-tropicana-205k?lokasie=/home/wavevlvu/logs/tayoadediranfoundation.wave.ng-ssl_log-Dec-2023.gz&loknya=/home/wavevlvu/logs HTTP/1.1" 200 1776 "-" "Mozilla/5.0 (compatible; MJ12bot/v1.4.8; http://mj12bot.com/)"
17.241.227.46 - - [13/Jan/2025:20:40:15 -0500] "GET /public/car/toyota-landcruiser?lokasie=/home/wavevlvu/book24.ng/app.zip&loknya=/home/wavevlvu/book24.ng HTTP/1.1" 200 1969 "-" "Mozilla/5.0 (Macintosh; Intel Mac OS X 10_15_7) AppleWebKit/605.1.15 (KHTML, like Gecko) Version/17.4 Safari/605.1.15 (Applebot/0.1; +http://www.apple.com/go/applebot)"
94.23.203.86 - - [13/Jan/2025:20:40:19 -0500] "GET /public/profile/55?lokasie=/home/wavevlvu/blog.diixadigital.com/wp-content/themes/rubik/js/jquery.magnific-popup.min.js&loknya=/home/wavevlvu/blog.diixadigital.com/wp-content/themes/rubik/js HTTP/1.1" 200 9945 "-" "Mozilla/5.0 (compatible; MJ12bot/v1.4.8; http://mj12bot.com/)"
17.241.219.101 - - [13/Jan/2025:20:40:20 -0500] "GET /public/tour/lekki-city-tour?lokasie=/lib64/libkrb5support.so&loknya=/lib64 HTTP/1.1" 200 1951 "-" "Mozilla/5.0 (Macintosh; Intel Mac OS X 10_15_7) AppleWebKit/605.1.15 (KHTML, like Gecko) Version/17.4 Safari/605.1.15 (Applebot/0.1; +http://www.apple.com/go/applebot)"
17.241.227.46 - - [13/Jan/2025:20:40:22 -0500] "GET /public/car/ford-edge?lokasie=/home/wavevlvu/misswavenigeria.com/robots.txt&loknya=/home/wavevlvu/misswavenigeria.com HTTP/1.1" 200 2084 "-" "Mozilla/5.0 (Macintosh; Intel Mac OS X 10_15_7) AppleWebKit/605.1.15 (KHTML, like Gecko) Version/17.4 Safari/605.1.15 (Applebot/0.1; +http://www.apple.com/go/applebot)"
94.23.203.86 - - [13/Jan/2025:20:40:24 -0500] "GET /public/profile/55?lokasie=/home/wavevlvu/blog.diixadigital.com/wp-content/themes/rubik/js/justifiedGallery.js&loknya=/home/wavevlvu/blog.diixadigital.com/wp-content/themes/rubik/js HTTP/1.1" 200 6969 "-" "Mozilla/5.0 (compatible; MJ12bot/v1.4.8; http://mj12bot.com/)"
37.187.89.104 - - [13/Jan/2025:20:40:24 -0500] "GET /public/tour/easter-in-la-campagne-tropicana-205k?lokasie=/home/wavevlvu/logs/tayoadediranfoundation.wave.ng-ssl_log-Mar-2024.gz&loknya=/home/wavevlvu/logs HTTP/1.1" 200 1776 "-" "Mozilla/5.0 (compatible; MJ12bot/v1.4.8; http://mj12bot.com/)"
17.241.227.229 - - [13/Jan/2025:20:40:24 -0500] "GET /public/profile/book24admin/services?lokasie=/lib/.build-id/5c/27da2909a842d9735c866c7f227b11492f5f7d&loknya=/lib/.build-id/5c HTTP/1.1" 200 2001 "-" "Mozilla/5.0 (Macintosh; Intel Mac OS X 10_15_7) AppleWebKit/605.1.15 (KHTML, like Gecko) Version/17.4 Safari/605.1.15 (Applebot/0.1; +http://www.apple.com/go/applebot)"
