114.119.155.1 - - [13/Jan/2025:21:06:42 -0500] "GET /www/rex/index.php?loknya=/proc/3515509 HTTP/1.1" 200 1933 "https://www.book24.ng/www/rex/index.php?loknya=/proc/" "Mozilla/5.0 (Linux; Android 7.0;) AppleWebKit/537.36 (KHTML, like Gecko) Mobile Safari/537.36 (compatible; PetalBot;+https://webmaster.petalsearch.com/site/petalbot)"
40.77.167.16 - - [13/Jan/2025:21:07:03 -0500] "GET /?gfayw/r1166119.html HTTP/1.1" 200 76979 "-" "Mozilla/5.0 AppleWebKit/537.36 (KHTML, like Gecko; compatible; bingbot/2.0; +http://www.bing.com/bingbot.htm) Chrome/116.0.1938.76 Safari/537.36"
17.241.75.78 - - [13/Jan/2025:21:07:01 -0500] "GET /public/profile/60?lokasie=/var/softaculous/framadate/info.xml&loknya=/var/softaculous/framadate HTTP/1.1" 200 3063 "-" "Mozilla/5.0 (Macintosh; Intel Mac OS X 10_15_7) AppleWebKit/605.1.15 (KHTML, like Gecko) Version/17.4 Safari/605.1.15 (Applebot/0.1; +http://www.apple.com/go/applebot)"
17.241.227.37 - - [13/Jan/2025:21:07:05 -0500] "GET /public/hotel/legend-hotel-lagos-airport-curio-collection-by-hilton?lokasie=/usr/include/bits/wchar-ldbl.h&loknya=/usr/include/bits HTTP/1.1" 200 2890 "-" "Mozilla/5.0 (Macintosh; Intel Mac OS X 10_15_7) AppleWebKit/605.1.15 (KHTML, like Gecko) Version/17.4 Safari/605.1.15 (Applebot/0.1; +http://www.apple.com/go/applebot)"
17.241.227.37 - - [13/Jan/2025:21:07:08 -0500] "GET /public/space/2bed-apartment-lekki-phase-1?lokasie=/home/wavevlvu/book24.ng//artisan&loknya=/home/wavevlvu/book24.ng/ HTTP/1.1" 200 2700 "-" "Mozilla/5.0 (Macintosh; Intel Mac OS X 10_15_7) AppleWebKit/605.1.15 (KHTML, like Gecko) Version/17.4 Safari/605.1.15 (Applebot/0.1; +http://www.apple.com/go/applebot)"
114.119.128.126 - - [13/Jan/2025:21:07:24 -0500] "GET /www/rex/?loknya=/lib/locale/en_NZ.utf8 HTTP/1.1" 200 2881 "https://www.book24.ng/www/rex/?loknya=/lib/locale/en_NZ.utf8" "Mozilla/5.0 (Linux; Android 7.0;) AppleWebKit/537.36 (KHTML, like Gecko) Mobile Safari/537.36 (compatible; PetalBot;+https://webmaster.petalsearch.com/site/petalbot)"
47.128.46.155 - - [13/Jan/2025:21:07:27 -0500] "GET /storage/framework/cache/data/5e/9b/5e9b8f2d5a3daa6f062fc5d4a4600ba9acdcdfc7 HTTP/1.1" 200 14 "-" "Mozilla/5.0 (Linux; Android 5.0) AppleWebKit/537.36 (KHTML, like Gecko) Mobile Safari/537.36 (compatible; Bytespider; spider-feedback@bytedance.com)"
216.244.66.237 - - [13/Jan/2025:21:07:29 -0500] "GET /public/forgot-password?loknya=/hom/wavvlvu/lscach/2/d/ HTTP/1.1" 200 6166 "-" "Mozilla/5.0 (compatible; DotBot/1.2; +https://opensiteexplorer.org/dotbot; help@moz.com)"
3.143.23.170 - - [13/Jan/2025:21:07:38 -0500] "GET /public/page/privacy-policy?loknya=%2Fusr%2Flib64%2Fpython3.8%2Fmultiprocessing%2F__pycache__ HTTP/1.1" 200 3819 "-" "Mozilla/5.0 AppleWebKit/537.36 (KHTML, like Gecko; compatible; ClaudeBot/1.0; +claudebot@anthropic.com)"
18.216.175.242 - - [13/Jan/2025:21:07:38 -0500] "GET /public/?lokasie=%2Fusr%2Fshare%2Fman%2Fman1%2Fucs2any.1.gz&loknya=%2Fusr%2Fshare%2Fman%2Fman1 HTTP/1.1" 200 1757 "-" "Mozilla/5.0 AppleWebKit/537.36 (KHTML, like Gecko; compatible; ClaudeBot/1.0; +claudebot@anthropic.com)"
216.244.66.237 - - [13/Jan/2025:21:07:41 -0500] "GET /public/forgot-password?loknya=/usr/lib/.build-id/60 HTTP/1.1" 200 20630 "-" "Mozilla/5.0 (compatible; DotBot/1.2; +https://opensiteexplorer.org/dotbot; help@moz.com)"
18.216.175.242 - - [13/Jan/2025:21:07:42 -0500] "GET /public/?lokasie=%2Fusr%2Fshare%2Fman%2Fman1%2Fvfyserv.1.gz&loknya=%2Fusr%2Fshare%2Fman%2Fman1 HTTP/1.1" 200 1756 "-" "Mozilla/5.0 AppleWebKit/537.36 (KHTML, like Gecko; compatible; ClaudeBot/1.0; +claudebot@anthropic.com)"
3.143.23.170 - - [13/Jan/2025:21:07:42 -0500] "GET /public/index.php?lokasie=%2Fvar%2Fsoftaculous%2Fgrav%2F%2Fsecurity.yaml&loknya=%2Fvar%2Fsoftaculous%2Fgrav%2F HTTP/1.1" 200 1766 "-" "Mozilla/5.0 AppleWebKit/537.36 (KHTML, like Gecko; compatible; ClaudeBot/1.0; +claudebot@anthropic.com)"
18.221.10.115 - - [13/Jan/2025:21:07:43 -0500] "GET /public/index.php/tour/badagry-weekend-package-189k?lokasie=%2Flib64%2Flibblkid.so.1&loknya=%2Flib64&set_currency=gbp HTTP/1.1" 200 1727 "-" "Mozilla/5.0 AppleWebKit/537.36 (KHTML, like Gecko; compatible; ClaudeBot/1.0; +claudebot@anthropic.com)"
40.77.167.78 - - [13/Jan/2025:21:07:47 -0500] "GET /?xtpfn/n394071.html HTTP/1.1" 200 76921 "-" "Mozilla/5.0 AppleWebKit/537.36 (KHTML, like Gecko; compatible; bingbot/2.0; +http://www.bing.com/bingbot.htm) Chrome/116.0.1938.76 Safari/537.36"
18.216.175.242 - - [13/Jan/2025:21:07:46 -0500] "GET /public/?lokasie=%2Fusr%2Fshare%2Fman%2Fman1%2Fopenssl-crl2pkcs7.1ssl.gz&loknya=%2Fusr%2Fshare%2Fman%2Fman1 HTTP/1.1" 200 1767 "-" "Mozilla/5.0 AppleWebKit/537.36 (KHTML, like Gecko; compatible; ClaudeBot/1.0; +claudebot@anthropic.com)"
3.143.23.170 - - [13/Jan/2025:21:07:47 -0500] "GET /public/?lokasie=%2Fusr%2Flib%2Ffirmware%2Fbrcm%2Fbrcmfmac4366b-pcie.bin&loknya=%2Fusr%2Flib%2Ffirmware%2Fbrcm HTTP/1.1" 200 1766 "-" "Mozilla/5.0 AppleWebKit/537.36 (KHTML, like Gecko; compatible; ClaudeBot/1.0; +claudebot@anthropic.com)"
18.221.10.115 - - [13/Jan/2025:21:07:47 -0500] "GET /public/forgot-password?lokasie=%2Fusr%2Flib64%2Fpython3.8%2Fmultiprocessing%2Fshared_memory.py&loknya=%2Fusr%2Flib64%2Fpython3.8%2Fmultiprocessing HTTP/1.1" 200 6330 "-" "Mozilla/5.0 AppleWebKit/537.36 (KHTML, like Gecko; compatible; ClaudeBot/1.0; +claudebot@anthropic.com)"
216.244.66.237 - - [13/Jan/2025:21:07:51 -0500] "GET /public/forgot-password?loknya=/usr/lib/firmware/cavium HTTP/1.1" 200 8829 "-" "Mozilla/5.0 (compatible; DotBot/1.2; +https://opensiteexplorer.org/dotbot; help@moz.com)"
18.221.10.115 - - [13/Jan/2025:21:07:51 -0500] "GET /public/page/privacy-policy?lokasie=%2Fusr%2Flib%2Ffirmware%2Fcirrus%2Fcs35l41-dsp1-spk-prot-10280cc3-spkid0.bin&loknya=%2Fusr%2Flib%2Ffirmware%2Fcirrus HTTP/1.1" 200 1783 "-" "Mozilla/5.0 AppleWebKit/537.36 (KHTML, like Gecko; compatible; ClaudeBot/1.0; +claudebot@anthropic.com)"
18.216.175.242 - - [13/Jan/2025:21:07:52 -0500] "GET /public/?lokasie=%2Fvar%2Fsoftaculous%2Fmootools%2Fphp53%2Finstall.php&loknya=%2Fvar%2Fsoftaculous%2Fmootools%2Fphp53 HTTP/1.1" 200 4321 "-" "Mozilla/5.0 AppleWebKit/537.36 (KHTML, like Gecko; compatible; ClaudeBot/1.0; +claudebot@anthropic.com)"
3.143.23.170 - - [13/Jan/2025:21:07:52 -0500] "GET /public/page/privacy-policy?lokasie=%2Fusr%2Finclude%2Fsound%2Fcompress_offload.h&loknya=%2Fusr%2Finclude%2Fsound&set_currency=gbp HTTP/1.1" 200 3659 "-" "Mozilla/5.0 AppleWebKit/537.36 (KHTML, like Gecko; compatible; ClaudeBot/1.0; +claudebot@anthropic.com)"
18.221.10.115 - - [13/Jan/2025:21:07:56 -0500] "GET /public/page/become-an-affiliate?lokasie=%2Fusr%2Fshare%2Fvim%2Fvim80%2Fsyntax%2Ffoxpro.vim&loknya=%2Fusr%2Fshare%2Fvim%2Fvim80%2Fsyntax&set_currency=gbp HTTP/1.1" 200 7168 "-" "Mozilla/5.0 AppleWebKit/537.36 (KHTML, like Gecko; compatible; ClaudeBot/1.0; +claudebot@anthropic.com)"
18.216.175.242 - - [13/Jan/2025:21:07:56 -0500] "GET /public/?lokasie=%2Fhome%2Fwavevlvu%2Flscache%2F5%2F9%2F9%2F5994f4af48765c5e&loknya=%2Fhome%2Fwavevlvu%2Flscache%2F5%2F9%2F9 HTTP/1.1" 200 1770 "-" "Mozilla/5.0 AppleWebKit/537.36 (KHTML, like Gecko; compatible; ClaudeBot/1.0; +claudebot@anthropic.com)"
3.143.23.170 - - [13/Jan/2025:21:07:57 -0500] "GET /public/forgot-password?lokasie=%2Fhome%2Fwavevlvu%2Flscache%2F5%2F0%2F4%2F504273e3fa46d5a1&loknya=%2Fhome%2Fwavevlvu%2Flscache%2F5%2F0%2F4 HTTP/1.1" 200 1767 "-" "Mozilla/5.0 AppleWebKit/537.36 (KHTML, like Gecko; compatible; ClaudeBot/1.0; +claudebot@anthropic.com)"
18.221.10.115 - - [13/Jan/2025:21:08:01 -0500] "GET /public/forgot-password?lokasie=%2Flib64%2Fpython3.8%2Fencodings%2F__pycache__%2Fcp1140.cpython-38.opt-1.pyc&loknya=%2Flib64%2Fpython3.8%2Fencodings%2F__pycache__ HTTP/1.1" 200 1783 "-" "Mozilla/5.0 AppleWebKit/537.36 (KHTML, like Gecko; compatible; ClaudeBot/1.0; +claudebot@anthropic.com)"
216.244.66.237 - - [13/Jan/2025:21:08:01 -0500] "GET /public/index.php?loknya=/home/wavevlvu/lsahe/3/f/ HTTP/1.1" 200 6176 "-" "Mozilla/5.0 (compatible; DotBot/1.2; +https://opensiteexplorer.org/dotbot; help@moz.com)"
18.216.175.242 - - [13/Jan/2025:21:08:01 -0500] "GET /public/index.php/event/tenstrings-ones2watch-live-music-show?loknya=%2Fhome%2Fwavevlvu%2Fdiixadigital.com%2Fwp-includes%2Fadmin HTTP/1.1" 200 2201 "-" "Mozilla/5.0 AppleWebKit/537.36 (KHTML, like Gecko; compatible; ClaudeBot/1.0; +claudebot@anthropic.com)"
3.143.23.170 - - [13/Jan/2025:21:08:02 -0500] "GET /public/boat/25-seater-luxury-yacht-250khr?lokasie=%2Fhome%2Fwavevlvu%2Fbook24.ng%2Fconfig%2Ftemplate.php&loknya=%2Fhome%2Fwavevlvu%2Fbook24.ng%2Fconfig HTTP/1.1" 200 1799 "-" "Mozilla/5.0 AppleWebKit/537.36 (KHTML, like Gecko; compatible; ClaudeBot/1.0; +claudebot@anthropic.com)"
18.216.175.242 - - [13/Jan/2025:21:08:05 -0500] "GET /public/index.php/car/ford-edge?lokasie=%2Fhome%2Fwavevlvu%2Fdiixadigital.com%2Fwp-includes%2Flink-template.php&loknya=%2Fhome%2Fwavevlvu%2Fdiixadigital.com%2Fwp-includes HTTP/1.1" 200 30883 "-" "Mozilla/5.0 AppleWebKit/537.36 (KHTML, like Gecko; compatible; ClaudeBot/1.0; +claudebot@anthropic.com)"
3.143.23.170 - - [13/Jan/2025:21:08:08 -0500] "GET /public/index.php/space/2bed-apartment-lekki-phase-1?lokasie=%2Fhome%2Fwavevlvu%2Fbook24.ng%2Fresources%2Fsass%2F_adminbar.scss&loknya=%2Fhome%2Fwavevlvu%2Fbook24.ng%2Fresources%2Fsass HTTP/1.1" 200 1955 "-" "Mozilla/5.0 AppleWebKit/537.36 (KHTML, like Gecko; compatible; ClaudeBot/1.0; +claudebot@anthropic.com)"
216.244.66.237 - - [13/Jan/2025:21:08:09 -0500] "GET /public/index.php?loknya=/home/wavevlvu/lsahe/a/2/ HTTP/1.1" 200 6176 "-" "Mozilla/5.0 (compatible; DotBot/1.2; +https://opensiteexplorer.org/dotbot; help@moz.com)"
216.244.66.237 - - [13/Jan/2025:21:08:17 -0500] "GET /public/index.php?loknya=/home/wvevlvu/lscche/6 HTTP/1.1" 200 6118 "-" "Mozilla/5.0 (compatible; DotBot/1.2; +https://opensiteexplorer.org/dotbot; help@moz.com)"
216.244.66.237 - - [13/Jan/2025:21:08:25 -0500] "GET /public/index.php?loknya=/proc/thread-self/cwd/wp HTTP/1.1" 200 7507 "-" "Mozilla/5.0 (compatible; DotBot/1.2; +https://opensiteexplorer.org/dotbot; help@moz.com)"
216.244.66.237 - - [13/Jan/2025:21:08:33 -0500] "GET /public/index.php?loknya=/usr/lib/debug/usr/sbin HTTP/1.1" 200 6125 "-" "Mozilla/5.0 (compatible; DotBot/1.2; +https://opensiteexplorer.org/dotbot; help@moz.com)"
216.244.66.237 - - [13/Jan/2025:21:08:45 -0500] "GET /public/index.php?loknya=/usr/share/man/id/man5 HTTP/1.1" 200 7475 "-" "Mozilla/5.0 (compatible; DotBot/1.2; +https://opensiteexplorer.org/dotbot; help@moz.com)"
216.244.66.237 - - [13/Jan/2025:21:09:23 -0500] "GET /public/index.php?lokasie=/bin/addr2line&loknya=/bin HTTP/1.1" 200 4811 "-" "Mozilla/5.0 (compatible; DotBot/1.2; +https://opensiteexplorer.org/dotbot; help@moz.com)"
18.117.74.47 - - [13/Jan/2025:21:09:27 -0500] "GET /public/space/april-26-apartment?lokasie=%2Fproc%2Fthread-self%2Fcwd%2Fstorage_%2Fframework%2Fcache%2Fdata%2F16%2F6f%2F166ff195ce840085848426df43094bc817b00638&loknya=%2Fproc%2Fthread-self%2Fcwd%2Fstorage_%2Fframework%2Fcache%2Fdata%2F16%2F6f HTTP/1.1" 200 1859 "-" "Mozilla/5.0 AppleWebKit/537.36 (KHTML, like Gecko; compatible; ClaudeBot/1.0; +claudebot@anthropic.com)"
216.244.66.237 - - [13/Jan/2025:21:09:33 -0500] "GET /public/index.php?lokasie=/bin/bunzip2&loknya=/bin HTTP/1.1" 200 4809 "-" "Mozilla/5.0 (compatible; DotBot/1.2; +https://opensiteexplorer.org/dotbot; help@moz.com)"
216.244.66.237 - - [13/Jan/2025:21:09:42 -0500] "GET /public/index.php?lokasie=/bin/fc-pattern&loknya=/bin HTTP/1.1" 200 4812 "-" "Mozilla/5.0 (compatible; DotBot/1.2; +https://opensiteexplorer.org/dotbot; help@moz.com)"
17.241.227.76 - - [13/Jan/2025:21:09:48 -0500] "GET /public/tour/visit-kigali-this-easter-620k?lokasie=/bin/aspell&loknya=/bin HTTP/1.1" 200 1941 "-" "Mozilla/5.0 (Macintosh; Intel Mac OS X 10_15_7) AppleWebKit/605.1.15 (KHTML, like Gecko) Version/17.4 Safari/605.1.15 (Applebot/0.1; +http://www.apple.com/go/applebot)"
17.241.227.69 - - [13/Jan/2025:21:09:49 -0500] "GET /public/tour/visit-kigali-this-easter-620k?lokasie=/lib64/libevent_extra-2.1.so.6.0.2&loknya=/lib64 HTTP/1.1" 200 1958 "-" "Mozilla/5.0 (Macintosh; Intel Mac OS X 10_15_7) AppleWebKit/605.1.15 (KHTML, like Gecko) Version/17.4 Safari/605.1.15 (Applebot/0.1; +http://www.apple.com/go/applebot)"
216.244.66.237 - - [13/Jan/2025:21:09:51 -0500] "GET /public/index.php?lokasie=/bin/lesspipe.sh&loknya=/bin HTTP/1.1" 200 8457 "-" "Mozilla/5.0 (compatible; DotBot/1.2; +https://opensiteexplorer.org/dotbot; help@moz.com)"
17.241.75.108 - - [13/Jan/2025:21:09:51 -0500] "GET /public/space/xx/index.php?loknya=/lib/.build-id/6c HTTP/1.1" 200 4275 "-" "Mozilla/5.0 (Macintosh; Intel Mac OS X 10_15_7) AppleWebKit/605.1.15 (KHTML, like Gecko) Version/17.4 Safari/605.1.15 (Applebot/0.1; +http://www.apple.com/go/applebot)"
17.241.75.212 - - [13/Jan/2025:21:09:52 -0500] "GET /public/boat/25-seater-boat-120khr?loknya=/proc/tty/driver HTTP/1.1" 200 2252 "-" "Mozilla/5.0 (Macintosh; Intel Mac OS X 10_15_7) AppleWebKit/605.1.15 (KHTML, like Gecko) Version/17.4 Safari/605.1.15 (Applebot/0.1; +http://www.apple.com/go/applebot)"
17.241.75.108 - - [13/Jan/2025:21:09:54 -0500] "GET /public/car/ford-edge?lokasie=/home/wavevlvu/book24.ng/storage/debugbar/Xcdf53139f4a79b7ab5e384862e94a7e6.json&loknya=/home/wavevlvu/book24.ng/storage/debugbar HTTP/1.1" 200 13770 "-" "Mozilla/5.0 (Macintosh; Intel Mac OS X 10_15_7) AppleWebKit/605.1.15 (KHTML, like Gecko) Version/17.4 Safari/605.1.15 (Applebot/0.1; +http://www.apple.com/go/applebot)"
17.241.75.212 - - [13/Jan/2025:21:09:56 -0500] "GET /public/profile/book24/services?loknya=/home/wavevlvu/lscache/a/d/1 HTTP/1.1" 200 3587 "-" "Mozilla/5.0 (Macintosh; Intel Mac OS X 10_15_7) AppleWebKit/605.1.15 (KHTML, like Gecko) Version/17.4 Safari/605.1.15 (Applebot/0.1; +http://www.apple.com/go/applebot)"
17.241.227.18 - - [13/Jan/2025:21:09:59 -0500] "GET /public/profile/book24admin/services?lokasie=/home/wavevlvu/tacafoundation.org/wp-includes/class-wp-classic-to-block-menu-converter.php&loknya=/home/wavevlvu/tacafoundation.org/wp-includes HTTP/1.1" 200 3407 "-" "Mozilla/5.0 (Macintosh; Intel Mac OS X 10_15_7) AppleWebKit/605.1.15 (KHTML, like Gecko) Version/17.4 Safari/605.1.15 (Applebot/0.1; +http://www.apple.com/go/applebot)"
17.241.219.175 - - [13/Jan/2025:21:10:00 -0500] "GET /public/profile/book24/reviews?lokasie=/home/wavevlvu/book24.ng/resources/ckeditor/package.json&loknya=/home/wavevlvu/book24.ng/resources/ckeditor HTTP/1.1" 200 3061 "-" "Mozilla/5.0 (Macintosh; Intel Mac OS X 10_15_7) AppleWebKit/605.1.15 (KHTML, like Gecko) Version/17.4 Safari/605.1.15 (Applebot/0.1; +http://www.apple.com/go/applebot)"
216.244.66.237 - - [13/Jan/2025:21:10:02 -0500] "GET /public/index.php?lokasie=/bin/printf&loknya=/bin HTTP/1.1" 200 4808 "-" "Mozilla/5.0 (compatible; DotBot/1.2; +https://opensiteexplorer.org/dotbot; help@moz.com)"
17.241.219.175 - - [13/Jan/2025:21:10:03 -0500] "GET /public/profile/60?lokasie=/lib64/libQt5Network.so.5&loknya=/lib64 HTTP/1.1" 200 1954 "-" "Mozilla/5.0 (Macintosh; Intel Mac OS X 10_15_7) AppleWebKit/605.1.15 (KHTML, like Gecko) Version/17.4 Safari/605.1.15 (Applebot/0.1; +http://www.apple.com/go/applebot)"
17.241.75.230 - - [13/Jan/2025:21:10:03 -0500] "GET /public/?lokasie=/var/lve/rubygems&loknya=/var/lve HTTP/1.1" 200 1027449 "-" "Mozilla/5.0 (Macintosh; Intel Mac OS X 10_15_7) AppleWebKit/605.1.15 (KHTML, like Gecko) Version/17.4 Safari/605.1.15 (Applebot/0.1; +http://www.apple.com/go/applebot)"
17.241.219.175 - - [13/Jan/2025:21:10:07 -0500] "GET /public/profile/book24/services?lokasie=/var/softaculous/helpdezk/php71/import.php&loknya=/var/softaculous/helpdezk/php71 HTTP/1.1" 200 5795 "-" "Mozilla/5.0 (Macintosh; Intel Mac OS X 10_15_7) AppleWebKit/605.1.15 (KHTML, like Gecko) Version/17.4 Safari/605.1.15 (Applebot/0.1; +http://www.apple.com/go/applebot)"
17.241.75.230 - - [13/Jan/2025:21:10:09 -0500] "GET /public/?lokasie=/bin/g++&loknya=/bin HTTP/1.1" 200 1940 "-" "Mozilla/5.0 (Macintosh; Intel Mac OS X 10_15_7) AppleWebKit/605.1.15 (KHTML, like Gecko) Version/17.4 Safari/605.1.15 (Applebot/0.1; +http://www.apple.com/go/applebot)"
17.241.75.37 - - [13/Jan/2025:21:10:11 -0500] "GET /public/boat/25-seater-luxury-yacht-250khr?lokasie=/home/wavevlvu/book24.ng/public/storage/framework/sessions/ZSughH4DE9OP6H7FF38KxzqlUEho1ejuvDayvzOw&loknya=/home/wavevlvu/book24.ng/public/storage/framework/sessions HTTP/1.1" 200 2062 "-" "Mozilla/5.0 (Macintosh; Intel Mac OS X 10_15_7) AppleWebKit/605.1.15 (KHTML, like Gecko) Version/17.4 Safari/605.1.15 (Applebot/0.1; +http://www.apple.com/go/applebot)"
17.241.75.37 - - [13/Jan/2025:21:10:15 -0500] "GET /public/tour/osun-3-day-tour-osun-sacred-shrine-erin-ijesha-waterfall-nike-art-gallery-ataoja-oshogbo-palace?lokasie=/home/wavevlvu/book24.ng/compat/.htaccess&loknya=/home/wavevlvu/book24.ng/compat HTTP/1.1" 403 1242 "-" "Mozilla/5.0 (Macintosh; Intel Mac OS X 10_15_7) AppleWebKit/605.1.15 (KHTML, like Gecko) Version/17.4 Safari/605.1.15 (Applebot/0.1; +http://www.apple.com/go/applebot)"
17.241.227.47 - - [13/Jan/2025:21:10:14 -0500] "GET /public/space/3-bedroom-luxurious-apartment?lokasie=/usr/lib64/libgstisoff-1.0.so.0&loknya=/usr/lib64 HTTP/1.1" 200 1964 "-" "Mozilla/5.0 (Macintosh; Intel Mac OS X 10_15_7) AppleWebKit/605.1.15 (KHTML, like Gecko) Version/17.4 Safari/605.1.15 (Applebot/0.1; +http://www.apple.com/go/applebot)"
216.244.66.237 - - [13/Jan/2025:21:10:14 -0500] "GET /public/index.php?lokasie=/bin/ps2pdf12&loknya=/bin HTTP/1.1" 200 5085 "-" "Mozilla/5.0 (compatible; DotBot/1.2; +https://opensiteexplorer.org/dotbot; help@moz.com)"
17.241.219.237 - - [13/Jan/2025:21:10:16 -0500] "GET /public/profile/60?lokasie=/lib64/python3.6/encodings/__pycache__/cp866.cpython-36.opt-2.pyc&loknya=/lib64/python3.6/encodings/__pycache__ HTTP/1.1" 200 1698 "-" "Mozilla/5.0 (Macintosh; Intel Mac OS X 10_15_7) AppleWebKit/605.1.15 (KHTML, like Gecko) Version/17.4 Safari/605.1.15 (Applebot/0.1; +http://www.apple.com/go/applebot)"
17.241.227.47 - - [13/Jan/2025:21:10:17 -0500] "GET /public/tour/visit-kigali-this-easter-620k?lokasie=/lib64/libncurses.so&loknya=/lib64 HTTP/1.1" 200 1963 "-" "Mozilla/5.0 (Macintosh; Intel Mac OS X 10_15_7) AppleWebKit/605.1.15 (KHTML, like Gecko) Version/17.4 Safari/605.1.15 (Applebot/0.1; +http://www.apple.com/go/applebot)"
17.241.227.61 - - [13/Jan/2025:21:10:20 -0500] "GET /public/profile/book24/services?lokasie=/var/softaculous/ninja/notes.txt&loknya=/var/softaculous/ninja HTTP/1.1" 200 3089 "-" "Mozilla/5.0 (Macintosh; Intel Mac OS X 10_15_7) AppleWebKit/605.1.15 (KHTML, like Gecko) Version/17.4 Safari/605.1.15 (Applebot/0.1; +http://www.apple.com/go/applebot)"
216.244.66.237 - - [13/Jan/2025:21:10:25 -0500] "GET /public/index.php?loknya=/home/wavevlvu/book24.ng/vendor/nesbot HTTP/1.1" 200 7412 "-" "Mozilla/5.0 (compatible; DotBot/1.2; +https://opensiteexplorer.org/dotbot; help@moz.com)"
216.244.66.237 - - [13/Jan/2025:21:10:34 -0500] "GET /public/profile/28/services?loknya=/proc/self/task HTTP/1.1" 200 7071 "-" "Mozilla/5.0 (compatible; DotBot/1.2; +https://opensiteexplorer.org/dotbot; help@moz.com)"
216.244.66.237 - - [13/Jan/2025:21:10:50 -0500] "GET /public/forgot-password?loknya=/home/wavevlvu/lscache/4/3/0 HTTP/1.1" 200 64776 "-" "Mozilla/5.0 (compatible; DotBot/1.2; +https://opensiteexplorer.org/dotbot; help@moz.com)"
40.77.167.65 - - [13/Jan/2025:21:10:58 -0500] "GET /?osoqo/x624857.html HTTP/1.1" 200 76980 "-" "Mozilla/5.0 AppleWebKit/537.36 (KHTML, like Gecko; compatible; bingbot/2.0; +http://www.bing.com/bingbot.htm) Chrome/116.0.1938.76 Safari/537.36"
216.244.66.237 - - [13/Jan/2025:21:10:58 -0500] "GET /public/forgot-password?loknya=/home/wavevlvu/lscache/6/5/5 HTTP/1.1" 200 53365 "-" "Mozilla/5.0 (compatible; DotBot/1.2; +https://opensiteexplorer.org/dotbot; help@moz.com)"
216.244.66.237 - - [13/Jan/2025:21:11:08 -0500] "GET /public/forgot-password?loknya=/home/wavevlvu/lscache/6/5/f HTTP/1.1" 200 59070 "-" "Mozilla/5.0 (compatible; DotBot/1.2; +https://opensiteexplorer.org/dotbot; help@moz.com)"
216.244.66.237 - - [13/Jan/2025:21:11:17 -0500] "GET /public/forgot-password?loknya=/home/wavevlvu/lscache/a/d/c HTTP/1.1" 200 71901 "-" "Mozilla/5.0 (compatible; DotBot/1.2; +https://opensiteexplorer.org/dotbot; help@moz.com)"
216.244.66.237 - - [13/Jan/2025:21:11:25 -0500] "GET /public/forgot-password?loknya=/home/wavevlvu/lscache/e/3/4 HTTP/1.1" 200 73344 "-" "Mozilla/5.0 (compatible; DotBot/1.2; +https://opensiteexplorer.org/dotbot; help@moz.com)"
216.244.66.237 - - [13/Jan/2025:21:11:35 -0500] "GET /public/forgot-password?loknya=/home/wavevlvu/lscache/f/8/9 HTTP/1.1" 200 63348 "-" "Mozilla/5.0 (compatible; DotBot/1.2; +https://opensiteexplorer.org/dotbot; help@moz.com)"
3.144.242.84 - - [13/Jan/2025:21:11:41 -0500] "GET /public/page/privacy-policy?loknya=%2Fproc%2Fthread-self%2Froot%2Flib%2Fkbd HTTP/1.1" 200 2231 "-" "Mozilla/5.0 AppleWebKit/537.36 (KHTML, like Gecko; compatible; ClaudeBot/1.0; +claudebot@anthropic.com)"
114.119.136.76 - - [13/Jan/2025:21:11:44 -0500] "GET /www/rex/index.php?loknya=/proc/3512618 HTTP/1.1" 200 1928 "https://www.book24.ng/www/rex/index.php?loknya=/proc/" "Mozilla/5.0 (Linux; Android 7.0;) AppleWebKit/537.36 (KHTML, like Gecko) Mobile Safari/537.36 (compatible; PetalBot;+https://webmaster.petalsearch.com/site/petalbot)"
216.244.66.237 - - [13/Jan/2025:21:11:44 -0500] "GET /public/forgot-password?loknya=/proc/self/root/proc/2922535 HTTP/1.1" 200 6154 "-" "Mozilla/5.0 (compatible; DotBot/1.2; +https://opensiteexplorer.org/dotbot; help@moz.com)"
3.144.242.84 - - [13/Jan/2025:21:11:45 -0500] "GET /public/index.php/custom-css?loknya=%2Fhome%2Fwavevlvu%2Ftmp%2Fwebalizer%2Fpatior HTTP/1.1" 200 2246 "-" "Mozilla/5.0 AppleWebKit/537.36 (KHTML, like Gecko; compatible; ClaudeBot/1.0; +claudebot@anthropic.com)"
3.144.242.84 - - [13/Jan/2025:21:11:49 -0500] "GET /public/tour/couple-romantic-weekend-getaway-250kcouple?lokasie=%2Fbin%2Fvimtutor&loknya=%2Fbin HTTP/1.1" 200 2853 "-" "Mozilla/5.0 AppleWebKit/537.36 (KHTML, like Gecko; compatible; ClaudeBot/1.0; +claudebot@anthropic.com)"
216.244.66.237 - - [13/Jan/2025:21:11:52 -0500] "GET /public/forgot-password?loknya=/usr/share/locale/ko/LC_TIME HTTP/1.1" 200 7531 "-" "Mozilla/5.0 (compatible; DotBot/1.2; +https://opensiteexplorer.org/dotbot; help@moz.com)"
3.144.242.84 - - [13/Jan/2025:21:11:54 -0500] "GET /public/boat/25-seater-luxury-yacht-250khr?loknya=%2Fhome%2Fwavevlvu%2Fbook24.ng%2Fvendor%2Fsimplesoftwareio HTTP/1.1" 200 2163 "-" "Mozilla/5.0 AppleWebKit/537.36 (KHTML, like Gecko; compatible; ClaudeBot/1.0; +claudebot@anthropic.com)"
3.144.242.84 - - [13/Jan/2025:21:11:58 -0500] "GET /public/forgot-password?lokasie=%2Fhome%2Fwavevlvu%2Flscache%2F9%2Fc%2Fb%2F9cb25fe6346bbbda&loknya=%2Fhome%2Fwavevlvu%2Flscache%2F9%2Fc%2Fb HTTP/1.1" 200 1767 "-" "Mozilla/5.0 AppleWebKit/537.36 (KHTML, like Gecko; compatible; ClaudeBot/1.0; +claudebot@anthropic.com)"
216.244.66.237 - - [13/Jan/2025:21:12:02 -0500] "GET /public/index.php?loknya=/home/wavevlvu/lscache/9/f/b HTTP/1.1" 200 66212 "-" "Mozilla/5.0 (compatible; DotBot/1.2; +https://opensiteexplorer.org/dotbot; help@moz.com)"
3.144.242.84 - - [13/Jan/2025:21:12:02 -0500] "GET /public/forgot-password?lokasie=%2Fhome%2Fwavevlvu%2Fmail%2Fdiixadigital.com%2Fcontribute%2F.Trash%2Fdovecot-uidlist&loknya=%2Fhome%2Fwavevlvu%2Fmail%2Fdiixadigital.com%2Fcontribute%2F.Trash HTTP/1.1" 200 1834 "-" "Mozilla/5.0 AppleWebKit/537.36 (KHTML, like Gecko; compatible; ClaudeBot/1.0; +claudebot@anthropic.com)"
3.144.242.84 - - [13/Jan/2025:21:12:07 -0500] "GET /public/index.php/images/ico_close.svg?lokasie=%2Fhome%2Fwavevlvu%2Fbook24.ng%2Fpublic%2Fmodule%2Fcar%2Fimages%2Fico_next.svg&loknya=%2Fhome%2Fwavevlvu%2Fbook24.ng%2Fpublic%2Fmodule%2Fcar%2Fimages HTTP/1.1" 200 2326 "-" "Mozilla/5.0 AppleWebKit/537.36 (KHTML, like Gecko; compatible; ClaudeBot/1.0; +claudebot@anthropic.com)"
216.244.66.237 - - [13/Jan/2025:21:12:18 -0500] "GET /public/index.php?loknya=/home/wavevlvu/lscache/e/4/e HTTP/1.1" 200 53341 "-" "Mozilla/5.0 (compatible; DotBot/1.2; +https://opensiteexplorer.org/dotbot; help@moz.com)"
114.119.137.67 - - [13/Jan/2025:21:12:24 -0500] "GET /vendor/symfony/polyfill-php80/Resources/?MA HTTP/1.1" 200 792 "https://www.book24.ng/vendor/symfony/polyfill-php80/Resources/?MD" "Mozilla/5.0 (Linux; Android 7.0;) AppleWebKit/537.36 (KHTML, like Gecko) Mobile Safari/537.36 (compatible; PetalBot;+https://webmaster.petalsearch.com/site/petalbot)"
216.244.66.237 - - [13/Jan/2025:21:12:33 -0500] "GET /public/index.php?loknya=/lib/dracut/modules.d/95nvmf HTTP/1.1" 200 10356 "-" "Mozilla/5.0 (compatible; DotBot/1.2; +https://opensiteexplorer.org/dotbot; help@moz.com)"
40.77.167.65 - - [13/Jan/2025:21:12:47 -0500] "GET /?gtmgc/i575572.html HTTP/1.1" 200 76896 "-" "Mozilla/5.0 AppleWebKit/537.36 (KHTML, like Gecko; compatible; bingbot/2.0; +http://www.bing.com/bingbot.htm) Chrome/116.0.1938.76 Safari/537.36"
216.244.66.237 - - [13/Jan/2025:21:12:47 -0500] "GET /public/index.php?loknya=/proc/thread-self/cwd/sass HTTP/1.1" 200 31366 "-" "Mozilla/5.0 (compatible; DotBot/1.2; +https://opensiteexplorer.org/dotbot; help@moz.com)"
17.241.75.138 - - [13/Jan/2025:21:12:49 -0500] "GET /public/profile/book24admin/services?lokasie=/proc/sys/crypto/fips_name&loknya=/proc/sys/crypto HTTP/1.1" 200 2011 "-" "Mozilla/5.0 (Macintosh; Intel Mac OS X 10_15_7) AppleWebKit/605.1.15 (KHTML, like Gecko) Version/17.4 Safari/605.1.15 (Applebot/0.1; +http://www.apple.com/go/applebot)"
52.167.144.172 - - [13/Jan/2025:21:12:52 -0500] "GET /event?end=11%2F19%2F2024&start=11%2F18%2F2024&date=2025 HTTP/1.1" 200 76849 "-" "Mozilla/5.0 AppleWebKit/537.36 (KHTML, like Gecko; compatible; bingbot/2.0; +http://www.bing.com/bingbot.htm) Chrome/116.0.1938.76 Safari/537.36"
17.241.75.14 - - [13/Jan/2025:21:12:52 -0500] "GET /public/space/2bed-apartment-lekki-phase-1?loknya=/home/wavevlvu/book24.ng/public/dist/frontend HTTP/1.1" 200 2763 "-" "Mozilla/5.0 (Macintosh; Intel Mac OS X 10_15_7) AppleWebKit/605.1.15 (KHTML, like Gecko) Version/17.4 Safari/605.1.15 (Applebot/0.1; +http://www.apple.com/go/applebot)"
17.241.75.14 - - [13/Jan/2025:21:12:55 -0500] "GET /public/profile/60?lokasie=/lib/grub/i386-pc/disk.mod&loknya=/lib/grub/i386-pc HTTP/1.1" 200 1972 "-" "Mozilla/5.0 (Macintosh; Intel Mac OS X 10_15_7) AppleWebKit/605.1.15 (KHTML, like Gecko) Version/17.4 Safari/605.1.15 (Applebot/0.1; +http://www.apple.com/go/applebot)"
17.241.75.14 - - [13/Jan/2025:21:12:58 -0500] "GET /public/profile/book24admin/services?loknya=/usr/lib64/traceevent/ HTTP/1.1" 200 2423 "-" "Mozilla/5.0 (Macintosh; Intel Mac OS X 10_15_7) AppleWebKit/605.1.15 (KHTML, like Gecko) Version/17.4 Safari/605.1.15 (Applebot/0.1; +http://www.apple.com/go/applebot)"
216.244.66.237 - - [13/Jan/2025:21:13:00 -0500] "GET /public/index.php?loknya=/usr/lib/kbd/keymaps/legacy HTTP/1.1" 200 13634 "-" "Mozilla/5.0 (compatible; DotBot/1.2; +https://opensiteexplorer.org/dotbot; help@moz.com)"
17.241.75.212 - - [13/Jan/2025:21:13:02 -0500] "GET /public/profile/60?lokasie=/lib64/python3.6/encodings/__pycache__/ascii.cpython-36.opt-1.pyc&loknya=/lib64/python3.6/encodings/__pycache__ HTTP/1.1" 200 2008 "-" "Mozilla/5.0 (Macintosh; Intel Mac OS X 10_15_7) AppleWebKit/605.1.15 (KHTML, like Gecko) Version/17.4 Safari/605.1.15 (Applebot/0.1; +http://www.apple.com/go/applebot)"
17.241.227.46 - - [13/Jan/2025:21:13:06 -0500] "GET /public/profile/kimmelapartments/services?loknya=/home/wavevlvu/.cphorde HTTP/1.1" 200 2965 "-" "Mozilla/5.0 (Macintosh; Intel Mac OS X 10_15_7) AppleWebKit/605.1.15 (KHTML, like Gecko) Version/17.4 Safari/605.1.15 (Applebot/0.1; +http://www.apple.com/go/applebot)"
17.241.75.184 - - [13/Jan/2025:21:13:06 -0500] "GET /public/profile/60?lokasie=/lib64//libgraphite2.so.3.0.1&loknya=/lib64/ HTTP/1.1" 200 1955 "-" "Mozilla/5.0 (Macintosh; Intel Mac OS X 10_15_7) AppleWebKit/605.1.15 (KHTML, like Gecko) Version/17.4 Safari/605.1.15 (Applebot/0.1; +http://www.apple.com/go/applebot)"
17.241.75.184 - - [13/Jan/2025:21:13:09 -0500] "GET /public/car/toyota-landcruiser?lokasie=/home/wavevlvu/.wget-hsts&loknya=/home/wavevlvu HTTP/1.1" 200 2088 "-" "Mozilla/5.0 (Macintosh; Intel Mac OS X 10_15_7) AppleWebKit/605.1.15 (KHTML, like Gecko) Version/17.4 Safari/605.1.15 (Applebot/0.1; +http://www.apple.com/go/applebot)"
216.244.66.237 - - [13/Jan/2025:21:13:12 -0500] "GET /public/index.php?loknya=/var/lib/mysql/adocydaz_wp420 HTTP/1.1" 200 6108 "-" "Mozilla/5.0 (compatible; DotBot/1.2; +https://opensiteexplorer.org/dotbot; help@moz.com)"
17.241.219.38 - - [13/Jan/2025:21:13:13 -0500] "GET /public/space/xx/index.php?lokasie=/lib/firmware/iwlwifi-ty-a0-gf-a0-84.ucode&loknya=/lib/firmware HTTP/1.1" 200 1974 "-" "Mozilla/5.0 (Macintosh; Intel Mac OS X 10_15_7) AppleWebKit/605.1.15 (KHTML, like Gecko) Version/17.4 Safari/605.1.15 (Applebot/0.1; +http://www.apple.com/go/applebot)"
40.77.167.65 - - [13/Jan/2025:21:13:17 -0500] "GET /?iktpi/u1025150.html HTTP/1.1" 200 76912 "-" "Mozilla/5.0 AppleWebKit/537.36 (KHTML, like Gecko; compatible; bingbot/2.0; +http://www.bing.com/bingbot.htm) Chrome/116.0.1938.76 Safari/537.36"
17.241.219.149 - - [13/Jan/2025:21:13:17 -0500] "GET /public/space/wp/index.php?lokasie=/lib64/libaio.so&loknya=/lib64 HTTP/1.1" 200 1945 "-" "Mozilla/5.0 (Macintosh; Intel Mac OS X 10_15_7) AppleWebKit/605.1.15 (KHTML, like Gecko) Version/17.4 Safari/605.1.15 (Applebot/0.1; +http://www.apple.com/go/applebot)"
17.241.227.183 - - [13/Jan/2025:21:13:20 -0500] "GET /public/profile/60/services?loknya=/home/wavevlvu/book24.ng/vendor/sebastian HTTP/1.1" 200 3011 "-" "Mozilla/5.0 (Macintosh; Intel Mac OS X 10_15_7) AppleWebKit/605.1.15 (KHTML, like Gecko) Version/17.4 Safari/605.1.15 (Applebot/0.1; +http://www.apple.com/go/applebot)"
216.244.66.237 - - [13/Jan/2025:21:13:23 -0500] "GET /public/index.php?loknya=/var/lib/mysql/alpuqqli_wp317 HTTP/1.1" 200 6108 "-" "Mozilla/5.0 (compatible; DotBot/1.2; +https://opensiteexplorer.org/dotbot; help@moz.com)"
17.241.227.244 - - [13/Jan/2025:21:13:25 -0500] "GET /public/space/miniflat-shortlet-in-lekki-phase-1?loknya=/home/wavevlvu/tacafoundation.org HTTP/1.1" 200 4151 "-" "Mozilla/5.0 (Macintosh; Intel Mac OS X 10_15_7) AppleWebKit/605.1.15 (KHTML, like Gecko) Version/17.4 Safari/605.1.15 (Applebot/0.1; +http://www.apple.com/go/applebot)"
17.241.227.244 - - [13/Jan/2025:21:13:28 -0500] "GET /public/profile/book24/services?lokasie=/home/wavevlvu/logs/cynthiaadediran.com.wave.ng-ssl_log-Dec-2024.gz&loknya=/home/wavevlvu/logs HTTP/1.1" 200 1993 "-" "Mozilla/5.0 (Macintosh; Intel Mac OS X 10_15_7) AppleWebKit/605.1.15 (KHTML, like Gecko) Version/17.4 Safari/605.1.15 (Applebot/0.1; +http://www.apple.com/go/applebot)"
17.241.75.163 - - [13/Jan/2025:21:13:32 -0500] "GET /public/hotel/legend-hotel-lagos-airport-curio-collection-by-hilton?lokasie=/lib64/liblz4.so.1&loknya=/lib64 HTTP/1.1" 200 1947 "-" "Mozilla/5.0 (Macintosh; Intel Mac OS X 10_15_7) AppleWebKit/605.1.15 (KHTML, like Gecko) Version/17.4 Safari/605.1.15 (Applebot/0.1; +http://www.apple.com/go/applebot)"
216.244.66.237 - - [13/Jan/2025:21:13:32 -0500] "GET /public/index.php?loknya=/var/lib/mysql/cmcosydn_wp552 HTTP/1.1" 200 6108 "-" "Mozilla/5.0 (compatible; DotBot/1.2; +https://opensiteexplorer.org/dotbot; help@moz.com)"
216.244.66.237 - - [13/Jan/2025:21:13:41 -0500] "GET /public/index.php?loknya=/var/lib/mysql/fhebgxoa_wp60 HTTP/1.1" 200 6104 "-" "Mozilla/5.0 (compatible; DotBot/1.2; +https://opensiteexplorer.org/dotbot; help@moz.com)"
216.244.66.237 - - [13/Jan/2025:21:13:49 -0500] "GET /public/index.php?loknya=/var/lib/mysql/gavxjpff_wp749 HTTP/1.1" 200 6108 "-" "Mozilla/5.0 (compatible; DotBot/1.2; +https://opensiteexplorer.org/dotbot; help@moz.com)"
216.244.66.237 - - [13/Jan/2025:21:13:56 -0500] "GET /public/index.php?loknya=/var/lib/mysql/meletxmv_wp981 HTTP/1.1" 200 6108 "-" "Mozilla/5.0 (compatible; DotBot/1.2; +https://opensiteexplorer.org/dotbot; help@moz.com)"
216.244.66.237 - - [13/Jan/2025:21:14:04 -0500] "GET /public/index.php?loknya=/var/softaculous/fuel/php81 HTTP/1.1" 200 7490 "-" "Mozilla/5.0 (compatible; DotBot/1.2; +https://opensiteexplorer.org/dotbot; help@moz.com)"
52.167.144.220 - - [13/Jan/2025:21:14:58 -0500] "GET /?hlqls/i589300.html HTTP/1.1" 200 76849 "-" "Mozilla/5.0 AppleWebKit/537.36 (KHTML, like Gecko; compatible; bingbot/2.0; +http://www.bing.com/bingbot.htm) Chrome/116.0.1938.76 Safari/537.36"
18.118.252.215 - - [13/Jan/2025:21:15:21 -0500] "GET /public/tour/zanzibar-package?lokasie=%2Fhome%2Fwavevlvu%2Fcynthiaadediran.com%2Fwp-includes%2Fjs%2Fcustomize-selective-refresh.js&loknya=%2Fhome%2Fwavevlvu%2Fcynthiaadediran.com%2Fwp-includes%2Fjs&set_currency=usd HTTP/1.1" 200 11099 "-" "Mozilla/5.0 AppleWebKit/537.36 (KHTML, like Gecko; compatible; ClaudeBot/1.0; +claudebot@anthropic.com)"
18.117.94.221 - - [13/Jan/2025:21:15:37 -0500] "GET /public/tour/zanzibar-package?lokasie=%2Fusr%2Fshare%2Fman%2Fman3%2FSSL_set_options.3ssl.gz&loknya=%2Fusr%2Fshare%2Fman%2Fman3 HTTP/1.1" 200 1763 "-" "Mozilla/5.0 AppleWebKit/537.36 (KHTML, like Gecko; compatible; ClaudeBot/1.0; +claudebot@anthropic.com)"
17.241.219.176 - - [13/Jan/2025:21:15:37 -0500] "GET /public/space/xx/index.php?lokasie=/lib/.build-id/cf/4aba1e84c683c553dc17a83472d12d4cb304ed&loknya=/lib/.build-id/cf HTTP/1.1" 200 2000 "-" "Mozilla/5.0 (Macintosh; Intel Mac OS X 10_15_7) AppleWebKit/605.1.15 (KHTML, like Gecko) Version/17.4 Safari/605.1.15 (Applebot/0.1; +http://www.apple.com/go/applebot)"
18.117.94.221 - - [13/Jan/2025:21:15:37 -0500] "GET /public/tour/zanzibar-package?lokasie=%2Fusr%2Fshare%2Fman%2Fman3%2Ftep_add_plugin_path.3.gz&loknya=%2Fusr%2Fshare%2Fman%2Fman3 HTTP/1.1" 200 1764 "-" "Mozilla/5.0 AppleWebKit/537.36 (KHTML, like Gecko; compatible; ClaudeBot/1.0; +claudebot@anthropic.com)"
18.117.94.221 - - [13/Jan/2025:21:15:37 -0500] "GET /public/tour/zanzibar-package?lokasie=%2Fusr%2Fshare%2Fman%2Fman3%2Fi2d_DSAPublicKey.3ssl.gz&loknya=%2Fusr%2Fshare%2Fman%2Fman3 HTTP/1.1" 200 1765 "-" "Mozilla/5.0 AppleWebKit/537.36 (KHTML, like Gecko; compatible; ClaudeBot/1.0; +claudebot@anthropic.com)"
18.117.94.221 - - [13/Jan/2025:21:15:37 -0500] "GET /public/tour/zanzibar-package?lokasie=%2Fusr%2Fshare%2Fman%2Fman3%2Fxcb_sync_query_alarm.3.gz&loknya=%2Fusr%2Fshare%2Fman%2Fman3 HTTP/1.1" 200 1768 "-" "Mozilla/5.0 AppleWebKit/537.36 (KHTML, like Gecko; compatible; ClaudeBot/1.0; +claudebot@anthropic.com)"
18.117.94.221 - - [13/Jan/2025:21:15:38 -0500] "GET /public/tour/zanzibar-package?lokasie=%2Fusr%2Fshare%2Fman%2Fman3%2FSCT_set0_signature.3ssl.gz&loknya=%2Fusr%2Fshare%2Fman%2Fman3 HTTP/1.1" 200 1765 "-" "Mozilla/5.0 AppleWebKit/537.36 (KHTML, like Gecko; compatible; ClaudeBot/1.0; +claudebot@anthropic.com)"
52.167.144.172 - - [13/Jan/2025:21:15:42 -0500] "GET /?vdrkk/g891392.html HTTP/1.1" 200 76921 "-" "Mozilla/5.0 AppleWebKit/537.36 (KHTML, like Gecko; compatible; bingbot/2.0; +http://www.bing.com/bingbot.htm) Chrome/116.0.1938.76 Safari/537.36"
18.117.94.221 - - [13/Jan/2025:21:15:40 -0500] "GET /public/tour/zanzibar-package?lokasie=%2Fusr%2Fshare%2Fman%2Fman3%2FX509_getm_notBefore.3ssl.gz&loknya=%2Fusr%2Fshare%2Fman%2Fman3 HTTP/1.1" 200 1767 "-" "Mozilla/5.0 AppleWebKit/537.36 (KHTML, like Gecko; compatible; ClaudeBot/1.0; +claudebot@anthropic.com)"
18.117.94.221 - - [13/Jan/2025:21:15:40 -0500] "GET /public/tour/zanzibar-package?lokasie=%2Fusr%2Fshare%2Fman%2Fman3%2FBIO_get_cipher_status.3ssl.gz&loknya=%2Fusr%2Fshare%2Fman%2Fman3 HTTP/1.1" 200 1770 "-" "Mozilla/5.0 AppleWebKit/537.36 (KHTML, like Gecko; compatible; ClaudeBot/1.0; +claudebot@anthropic.com)"
17.241.219.176 - - [13/Jan/2025:21:15:40 -0500] "GET /public/hotel/federal-palace-hotel-and-casino?loknya=/home/wavevlvu/book24.ng/public/storage_/framework/cache/data/97 HTTP/1.1" 200 2773 "-" "Mozilla/5.0 (Macintosh; Intel Mac OS X 10_15_7) AppleWebKit/605.1.15 (KHTML, like Gecko) Version/17.4 Safari/605.1.15 (Applebot/0.1; +http://www.apple.com/go/applebot)"
18.117.94.221 - - [13/Jan/2025:21:15:40 -0500] "GET /public/tour/zanzibar-package?lokasie=%2Fusr%2Fshare%2Fman%2Fman3%2Fextended_pair_content_sp.3x.gz&loknya=%2Fusr%2Fshare%2Fman%2Fman3 HTTP/1.1" 200 1767 "-" "Mozilla/5.0 AppleWebKit/537.36 (KHTML, like Gecko; compatible; ClaudeBot/1.0; +claudebot@anthropic.com)"
18.117.94.221 - - [13/Jan/2025:21:15:40 -0500] "GET /public/tour/zanzibar-package?lokasie=%2Fusr%2Fshare%2Fman%2Fman3%2Fldap_extended_operation_s.3.gz&loknya=%2Fusr%2Fshare%2Fman%2Fman3 HTTP/1.1" 200 1765 "-" "Mozilla/5.0 AppleWebKit/537.36 (KHTML, like Gecko; compatible; ClaudeBot/1.0; +claudebot@anthropic.com)"
18.117.94.221 - - [13/Jan/2025:21:15:41 -0500] "GET /public/tour/zanzibar-package?lokasie=%2Fusr%2Fshare%2Fman%2Fman3%2Fxcb_input_property_event_t.3.gz&loknya=%2Fusr%2Fshare%2Fman%2Fman3 HTTP/1.1" 200 1767 "-" "Mozilla/5.0 AppleWebKit/537.36 (KHTML, like Gecko; compatible; ClaudeBot/1.0; +claudebot@anthropic.com)"
18.117.94.221 - - [13/Jan/2025:21:15:42 -0500] "GET /public/tour/zanzibar-package?lokasie=%2Fusr%2Fshare%2Fman%2Fman3%2Fxcb_glx_set_client_info_arb.3.gz&loknya=%2Fusr%2Fshare%2Fman%2Fman3 HTTP/1.1" 200 1771 "-" "Mozilla/5.0 AppleWebKit/537.36 (KHTML, like Gecko; compatible; ClaudeBot/1.0; +claudebot@anthropic.com)"
18.117.94.221 - - [13/Jan/2025:21:15:43 -0500] "GET /public/tour/zanzibar-package?lokasie=%2Fusr%2Fshare%2Fman%2Fman3%2FCMS_ReceiptRequest_create0.3ssl.gz&loknya=%2Fusr%2Fshare%2Fman%2Fman3 HTTP/1.1" 200 1773 "-" "Mozilla/5.0 AppleWebKit/537.36 (KHTML, like Gecko; compatible; ClaudeBot/1.0; +claudebot@anthropic.com)"
18.117.94.221 - - [13/Jan/2025:21:15:43 -0500] "GET /public/tour/zanzibar-package?lokasie=%2Fusr%2Fshare%2Fman%2Fman3%2FCURLOPT_RESOLVER_START_FUNCTION.3.gz&loknya=%2Fusr%2Fshare%2Fman%2Fman3 HTTP/1.1" 200 1786 "-" "Mozilla/5.0 AppleWebKit/537.36 (KHTML, like Gecko; compatible; ClaudeBot/1.0; +claudebot@anthropic.com)"
3.141.12.236 - - [13/Jan/2025:21:15:43 -0500] "GET /public/space/april-26-apartment?loknya=%2Fproc%2Fthread-self%2Fcwd%2Fstorage_%2Fframework%2Fcache%2Fdata%2F28%2F71&set_currency=gbp HTTP/1.1" 200 2282 "-" "Mozilla/5.0 AppleWebKit/537.36 (KHTML, like Gecko; compatible; ClaudeBot/1.0; +claudebot@anthropic.com)"
3.141.12.236 - - [13/Jan/2025:21:15:43 -0500] "GET /public/boat/10-seater-boat-60khr?loknya=%2Fhome%2Fwavevlvu%2Fmail%2Fwave.ng%2Finfo%2F.Junk HTTP/1.1" 200 2423 "-" "Mozilla/5.0 AppleWebKit/537.36 (KHTML, like Gecko; compatible; ClaudeBot/1.0; +claudebot@anthropic.com)"
18.117.94.221 - - [13/Jan/2025:21:15:43 -0500] "GET /public/tour/zanzibar-package?lokasie=%2Fusr%2Fshare%2Fman%2Fman3%2Fxcb_glx_get_tex_genfv_data_length.3.gz&loknya=%2Fusr%2Fshare%2Fman%2Fman3 HTTP/1.1" 200 1774 "-" "Mozilla/5.0 AppleWebKit/537.36 (KHTML, like Gecko; compatible; ClaudeBot/1.0; +claudebot@anthropic.com)"
18.117.94.221 - - [13/Jan/2025:21:15:43 -0500] "GET /public/tour/zanzibar-package?lokasie=%2Fusr%2Fshare%2Fman%2Fman3%2FSSL_get_ex_data_X509_STORE_CTX_idx.3ssl.gz&loknya=%2Fusr%2Fshare%2Fman%2Fman3 HTTP/1.1" 200 1784 "-" "Mozilla/5.0 AppleWebKit/537.36 (KHTML, like Gecko; compatible; ClaudeBot/1.0; +claudebot@anthropic.com)"
3.141.12.236 - - [13/Jan/2025:21:15:43 -0500] "GET /public/boat/10-seater-boat-60khr?lokasie=%2Fhome%2Fwavevlvu%2Ftmp%2F%2Fsess_d6f5fc3a94bc2689f390121c8594c27a&loknya=%2Fhome%2Fwavevlvu%2Ftmp%2F HTTP/1.1" 200 1760 "-" "Mozilla/5.0 AppleWebKit/537.36 (KHTML, like Gecko; compatible; ClaudeBot/1.0; +claudebot@anthropic.com)"
3.141.12.236 - - [13/Jan/2025:21:15:44 -0500] "GET /public/space/april-26-apartment?loknya=%2Fproc%2Fthread-self%2Froot%2Fopt%2Falt%2Falt-ImageMagick%2Fusr%2Flib64%2FImageMagick-7.1.1%2Fconfig-Q16HDRI HTTP/1.1" 200 2297 "-" "Mozilla/5.0 AppleWebKit/537.36 (KHTML, like Gecko; compatible; ClaudeBot/1.0; +claudebot@anthropic.com)"
17.241.219.180 - - [13/Jan/2025:21:15:44 -0500] "GET /public/boat/25-seater-luxury-yacht-250khr?loknya=/home/wavevlvu/book24.ng/public/module/tour HTTP/1.1" 200 2599 "-" "Mozilla/5.0 (Macintosh; Intel Mac OS X 10_15_7) AppleWebKit/605.1.15 (KHTML, like Gecko) Version/17.4 Safari/605.1.15 (Applebot/0.1; +http://www.apple.com/go/applebot)"
17.241.219.180 - - [13/Jan/2025:21:15:48 -0500] "GET /public/boat/25-seater-boat-120khr?lokasie=/lib/sysusers.d/bird.conf&loknya=/lib/sysusers.d HTTP/1.1" 200 2034 "-" "Mozilla/5.0 (Macintosh; Intel Mac OS X 10_15_7) AppleWebKit/605.1.15 (KHTML, like Gecko) Version/17.4 Safari/605.1.15 (Applebot/0.1; +http://www.apple.com/go/applebot)"
17.241.219.180 - - [13/Jan/2025:21:15:51 -0500] "GET /public/?lokasie=/proc/slabinfo&loknya=/proc HTTP/1.1" 200 1631 "-" "Mozilla/5.0 (Macintosh; Intel Mac OS X 10_15_7) AppleWebKit/605.1.15 (KHTML, like Gecko) Version/17.4 Safari/605.1.15 (Applebot/0.1; +http://www.apple.com/go/applebot)"
3.144.35.147 - - [13/Jan/2025:21:15:51 -0500] "GET /public/tour/zanzibar-package?lokasie=%2Fusr%2Fshare%2Fman%2Fman3%2FDH_get_2048_224.3ssl.gz&loknya=%2Fusr%2Fshare%2Fman%2Fman3 HTTP/1.1" 200 1761 "-" "Mozilla/5.0 AppleWebKit/537.36 (KHTML, like Gecko; compatible; ClaudeBot/1.0; +claudebot@anthropic.com)"
3.144.35.147 - - [13/Jan/2025:21:15:52 -0500] "GET /public/tour/zanzibar-package?lokasie=%2Fusr%2Fshare%2Fman%2Fman3%2FXcmsCIELuvQueryMaxLC.3.gz&loknya=%2Fusr%2Fshare%2Fman%2Fman3 HTTP/1.1" 200 1766 "-" "Mozilla/5.0 AppleWebKit/537.36 (KHTML, like Gecko; compatible; ClaudeBot/1.0; +claudebot@anthropic.com)"
3.144.35.147 - - [13/Jan/2025:21:15:52 -0500] "GET /public/tour/zanzibar-package?lokasie=%2Fusr%2Fshare%2Fman%2Fman3%2FEVP_PKEY_paramgen.3ssl.gz&loknya=%2Fusr%2Fshare%2Fman%2Fman3 HTTP/1.1" 200 1764 "-" "Mozilla/5.0 AppleWebKit/537.36 (KHTML, like Gecko; compatible; ClaudeBot/1.0; +claudebot@anthropic.com)"
3.144.35.147 - - [13/Jan/2025:21:15:52 -0500] "GET /public/tour/zanzibar-package?lokasie=%2Fusr%2Fshare%2Fman%2Fman3%2FXkbAllocDeviceLedInfo.3.gz&loknya=%2Fusr%2Fshare%2Fman%2Fman3 HTTP/1.1" 200 1763 "-" "Mozilla/5.0 AppleWebKit/537.36 (KHTML, like Gecko; compatible; ClaudeBot/1.0; +claudebot@anthropic.com)"
3.144.35.147 - - [13/Jan/2025:21:15:52 -0500] "GET /public/tour/zanzibar-package?lokasie=%2Fusr%2Fshare%2Fman%2Fman3%2FEC_GROUP_order_bits.3ssl.gz&loknya=%2Fusr%2Fshare%2Fman%2Fman3 HTTP/1.1" 200 1766 "-" "Mozilla/5.0 AppleWebKit/537.36 (KHTML, like Gecko; compatible; ClaudeBot/1.0; +claudebot@anthropic.com)"
17.241.227.145 - - [13/Jan/2025:21:15:54 -0500] "GET /public/hotel/legend-hotel-lagos-airport-curio-collection-by-hilton?loknya=/home/wavevlvu/book24.ng/public/module/car/js HTTP/1.1" 200 2648 "-" "Mozilla/5.0 (Macintosh; Intel Mac OS X 10_15_7) AppleWebKit/605.1.15 (KHTML, like Gecko) Version/17.4 Safari/605.1.15 (Applebot/0.1; +http://www.apple.com/go/applebot)"
3.144.35.147 - - [13/Jan/2025:21:15:54 -0500] "GET /public/tour/zanzibar-package?lokasie=%2Fusr%2Fshare%2Fman%2Fman3%2FBN_BLINDING_set_flags.3ssl.gz&loknya=%2Fusr%2Fshare%2Fman%2Fman3 HTTP/1.1" 200 1769 "-" "Mozilla/5.0 AppleWebKit/537.36 (KHTML, like Gecko; compatible; ClaudeBot/1.0; +claudebot@anthropic.com)"
3.144.35.147 - - [13/Jan/2025:21:15:54 -0500] "GET /public/tour/zanzibar-package?lokasie=%2Fusr%2Fshare%2Fman%2Fman3%2Fxcb_xkb_get_named_indicator.3.gz&loknya=%2Fusr%2Fshare%2Fman%2Fman3 HTTP/1.1" 200 1767 "-" "Mozilla/5.0 AppleWebKit/537.36 (KHTML, like Gecko; compatible; ClaudeBot/1.0; +claudebot@anthropic.com)"
3.144.35.147 - - [13/Jan/2025:21:15:55 -0500] "GET /public/tour/zanzibar-package?lokasie=%2Fusr%2Fshare%2Fman%2Fman3%2Fxcb_randr_get_crtc_gamma_red.3.gz&loknya=%2Fusr%2Fshare%2Fman%2Fman3 HTTP/1.1" 200 1768 "-" "Mozilla/5.0 AppleWebKit/537.36 (KHTML, like Gecko; compatible; ClaudeBot/1.0; +claudebot@anthropic.com)"
3.144.35.147 - - [13/Jan/2025:21:15:55 -0500] "GET /public/tour/zanzibar-package?lokasie=%2Fusr%2Fshare%2Fman%2Fman3%2Fxcb_render_free_picture_checked.3.gz&loknya=%2Fusr%2Fshare%2Fman%2Fman3 HTTP/1.1" 200 1765 "-" "Mozilla/5.0 AppleWebKit/537.36 (KHTML, like Gecko; compatible; ClaudeBot/1.0; +claudebot@anthropic.com)"
3.144.35.147 - - [13/Jan/2025:21:15:55 -0500] "GET /public/tour/zanzibar-package?lokasie=%2Fusr%2Fshare%2Fman%2Fman3%2Fxcb_test_compare_cursor_unchecked.3.gz&loknya=%2Fusr%2Fshare%2Fman%2Fman3 HTTP/1.1" 200 1767 "-" "Mozilla/5.0 AppleWebKit/537.36 (KHTML, like Gecko; compatible; ClaudeBot/1.0; +claudebot@anthropic.com)"
17.241.227.145 - - [13/Jan/2025:21:15:56 -0500] "GET /public/tour/experience-badagry-tour?lokasie=/home/wavevlvu/book24.ng/public/module/space/css/loop.css&loknya=/home/wavevlvu/book24.ng/public/module/space/css HTTP/1.1" 200 3235 "-" "Mozilla/5.0 (Macintosh; Intel Mac OS X 10_15_7) AppleWebKit/605.1.15 (KHTML, like Gecko) Version/17.4 Safari/605.1.15 (Applebot/0.1; +http://www.apple.com/go/applebot)"
3.143.237.203 - - [13/Jan/2025:21:15:57 -0500] "GET /public/tour/zanzibar-package?lokasie=%2Fusr%2Fshare%2Fman%2Fman3%2FURI%3A%3Afile.3pm.gz&loknya=%2Fusr%2Fshare%2Fman%2Fman3 HTTP/1.1" 200 1758 "-" "Mozilla/5.0 AppleWebKit/537.36 (KHTML, like Gecko; compatible; ClaudeBot/1.0; +claudebot@anthropic.com)"
3.143.237.203 - - [13/Jan/2025:21:15:56 -0500] "GET /public/tour/zanzibar-package?lokasie=%2Fusr%2Fshare%2Fman%2Fman3%2FBIO_set_ssl.3ssl.gz&loknya=%2Fusr%2Fshare%2Fman%2Fman3 HTTP/1.1" 200 1762 "-" "Mozilla/5.0 AppleWebKit/537.36 (KHTML, like Gecko; compatible; ClaudeBot/1.0; +claudebot@anthropic.com)"
3.144.35.147 - - [13/Jan/2025:21:15:57 -0500] "GET /public/space/april-26-apartment?lokasie=%2Fproc%2Fthread-self%2Froot%2Fopt%2Fcpanel%2Fea-php81%2Froot%2Fusr%2Fbin%2Fphar&loknya=%2Fproc%2Fthread-self%2Froot%2Fopt%2Fcpanel%2Fea-php81%2Froot%2Fusr%2Fbin HTTP/1.1" 200 1804 "-" "Mozilla/5.0 AppleWebKit/537.36 (KHTML, like Gecko; compatible; ClaudeBot/1.0; +claudebot@anthropic.com)"
3.143.237.203 - - [13/Jan/2025:21:15:57 -0500] "GET /public/tour/zanzibar-package?lokasie=%2Fusr%2Fshare%2Fman%2Fman3%2FOSSL_STORE_eof.3ssl.gz&loknya=%2Fusr%2Fshare%2Fman%2Fman3 HTTP/1.1" 200 1765 "-" "Mozilla/5.0 AppleWebKit/537.36 (KHTML, like Gecko; compatible; ClaudeBot/1.0; +claudebot@anthropic.com)"
3.143.237.203 - - [13/Jan/2025:21:15:57 -0500] "GET /public/tour/zanzibar-package?lokasie=%2Fusr%2Fshare%2Fman%2Fman3%2FBIO_callback_fn.3ssl.gz&loknya=%2Fusr%2Fshare%2Fman%2Fman3 HTTP/1.1" 200 1762 "-" "Mozilla/5.0 AppleWebKit/537.36 (KHTML, like Gecko; compatible; ClaudeBot/1.0; +claudebot@anthropic.com)"
3.144.35.147 - - [13/Jan/2025:21:15:57 -0500] "GET /public/space/april-26-apartment?lokasie=%2Fproc%2Fthread-self%2Froot%2Fhome%2Fwavevlvu%2Flscache%2Fa%2Fd%2Fe%2Faded43b90d64e60d&loknya=%2Fproc%2Fthread-self%2Froot%2Fhome%2Fwavevlvu%2Flscache%2Fa%2Fd%2Fe HTTP/1.1" 200 1806 "-" "Mozilla/5.0 AppleWebKit/537.36 (KHTML, like Gecko; compatible; ClaudeBot/1.0; +claudebot@anthropic.com)"
3.143.237.203 - - [13/Jan/2025:21:15:57 -0500] "GET /public/tour/zanzibar-package?lokasie=%2Fusr%2Fshare%2Fman%2Fman3%2FXrmCombineDatabase.3.gz&loknya=%2Fusr%2Fshare%2Fman%2Fman3 HTTP/1.1" 200 1763 "-" "Mozilla/5.0 AppleWebKit/537.36 (KHTML, like Gecko; compatible; ClaudeBot/1.0; +claudebot@anthropic.com)"
3.143.237.203 - - [13/Jan/2025:21:15:59 -0500] "GET /public/tour/zanzibar-package?lokasie=%2Fusr%2Fshare%2Fman%2Fman3%2FCURLOPT_RESUME_FROM.3.gz&loknya=%2Fusr%2Fshare%2Fman%2Fman3 HTTP/1.1" 200 1771 "-" "Mozilla/5.0 AppleWebKit/537.36 (KHTML, like Gecko; compatible; ClaudeBot/1.0; +claudebot@anthropic.com)"
3.143.237.203 - - [13/Jan/2025:21:16:00 -0500] "GET /public/tour/zanzibar-package?lokasie=%2Fusr%2Fshare%2Fman%2Fman3%2Fxcb_list_fonts_reply.3.gz&loknya=%2Fusr%2Fshare%2Fman%2Fman3 HTTP/1.1" 200 1765 "-" "Mozilla/5.0 AppleWebKit/537.36 (KHTML, like Gecko; compatible; ClaudeBot/1.0; +claudebot@anthropic.com)"
3.143.237.203 - - [13/Jan/2025:21:15:59 -0500] "GET /public/tour/zanzibar-package?lokasie=%2Fusr%2Fshare%2Fman%2Fman3%2FDES_ecb3_encrypt.3ssl.gz&loknya=%2Fusr%2Fshare%2Fman%2Fman3 HTTP/1.1" 200 1765 "-" "Mozilla/5.0 AppleWebKit/537.36 (KHTML, like Gecko; compatible; ClaudeBot/1.0; +claudebot@anthropic.com)"
3.143.237.203 - - [13/Jan/2025:21:16:00 -0500] "GET /public/tour/zanzibar-package?lokasie=%2Fusr%2Fshare%2Fman%2Fman3%2FGENERAL_NAMES_new.3ssl.gz&loknya=%2Fusr%2Fshare%2Fman%2Fman3 HTTP/1.1" 200 1771 "-" "Mozilla/5.0 AppleWebKit/537.36 (KHTML, like Gecko; compatible; ClaudeBot/1.0; +claudebot@anthropic.com)"
17.241.227.145 - - [13/Jan/2025:21:15:59 -0500] "GET /public/profile/book24/services?lokasie=/lib64/libffi.so.6&loknya=/lib64 HTTP/1.1" 200 1947 "-" "Mozilla/5.0 (Macintosh; Intel Mac OS X 10_15_7) AppleWebKit/605.1.15 (KHTML, like Gecko) Version/17.4 Safari/605.1.15 (Applebot/0.1; +http://www.apple.com/go/applebot)"
3.143.237.203 - - [13/Jan/2025:21:16:00 -0500] "GET /public/tour/zanzibar-package?lokasie=%2Fusr%2Fshare%2Fman%2Fman3%2FASIdentifiers_free.3ssl.gz&loknya=%2Fusr%2Fshare%2Fman%2Fman3 HTTP/1.1" 200 1765 "-" "Mozilla/5.0 AppleWebKit/537.36 (KHTML, like Gecko; compatible; ClaudeBot/1.0; +claudebot@anthropic.com)"
3.143.237.203 - - [13/Jan/2025:21:16:03 -0500] "GET /public/tour/zanzibar-package?lokasie=%2Fusr%2Fshare%2Fman%2Fman3%2Fxcb_xkb_select_events_checked.3.gz&loknya=%2Fusr%2Fshare%2Fman%2Fman3 HTTP/1.1" 200 1500 "-" "Mozilla/5.0 AppleWebKit/537.36 (KHTML, like Gecko; compatible; ClaudeBot/1.0; +claudebot@anthropic.com)"
3.143.237.203 - - [13/Jan/2025:21:16:02 -0500] "GET /public/tour/zanzibar-package?lokasie=%2Fusr%2Fshare%2Fman%2Fman3%2Fpcre2_general_context_copy.3.gz&loknya=%2Fusr%2Fshare%2Fman%2Fman3 HTTP/1.1" 200 1768 "-" "Mozilla/5.0 AppleWebKit/537.36 (KHTML, like Gecko; compatible; ClaudeBot/1.0; +claudebot@anthropic.com)"
3.143.237.203 - - [13/Jan/2025:21:16:02 -0500] "GET /public/tour/zanzibar-package?lokasie=%2Fusr%2Fshare%2Fman%2Fman3%2Fxcb_configure_window_checked.3.gz&loknya=%2Fusr%2Fshare%2Fman%2Fman3 HTTP/1.1" 200 1767 "-" "Mozilla/5.0 AppleWebKit/537.36 (KHTML, like Gecko; compatible; ClaudeBot/1.0; +claudebot@anthropic.com)"
3.143.237.203 - - [13/Jan/2025:21:16:02 -0500] "GET /public/tour/zanzibar-package?lokasie=%2Fusr%2Fshare%2Fman%2Fman3%2FEVP_CIPHER_CTX_block_size.3ssl.gz&loknya=%2Fusr%2Fshare%2Fman%2Fman3 HTTP/1.1" 200 1777 "-" "Mozilla/5.0 AppleWebKit/537.36 (KHTML, like Gecko; compatible; ClaudeBot/1.0; +claudebot@anthropic.com)"
