94.23.203.86 - - [13/Jan/2025:20:45:50 -0500] "GET /public/profile/55?lokasie=/home/wavevlvu/blog.diixadigital.com/wp-content/themes/rubik/library/templates/single/single_template_15.php&loknya=/home/wavevlvu/blog.diixadigital.com/wp-content/themes/rubik/library/templates/single HTTP/1.1" 200 4873 "-" "Mozilla/5.0 (compatible; MJ12bot/v1.4.8; http://mj12bot.com/)"
17.241.75.246 - - [13/Jan/2025:20:45:51 -0500] "GET /public/space/wp/index.php?lokasie=/lib64/libQt5DBus.so.5.15.3&loknya=/lib64 HTTP/1.1" 200 1955 "-" "Mozilla/5.0 (Macintosh; Intel Mac OS X 10_15_7) AppleWebKit/605.1.15 (KHTML, like Gecko) Version/17.4 Safari/605.1.15 (Applebot/0.1; +http://www.apple.com/go/applebot)"
37.187.89.104 - - [13/Jan/2025:20:45:52 -0500] "GET /public/tour/easter-in-la-campagne-tropicana-205k?lokasie=/home/wavevlvu/mail/.adverts@diixadigital_com/dovecot.index.cache&loknya=/home/wavevlvu/mail/.adverts@diixadigital_com HTTP/1.1" 200 1770 "-" "Mozilla/5.0 (compatible; MJ12bot/v1.4.8; http://mj12bot.com/)"
17.241.75.246 - - [13/Jan/2025:20:45:54 -0500] "GET /public/space/3-bedroom-luxurious-apartment?lokasie=/usr/lib64/libmenuw.so&loknya=/usr/lib64 HTTP/1.1" 200 1956 "-" "Mozilla/5.0 (Macintosh; Intel Mac OS X 10_15_7) AppleWebKit/605.1.15 (KHTML, like Gecko) Version/17.4 Safari/605.1.15 (Applebot/0.1; +http://www.apple.com/go/applebot)"
94.23.203.86 - - [13/Jan/2025:20:45:55 -0500] "GET /public/profile/55?lokasie=/home/wavevlvu/blog.diixadigital.com/wp-content/themes/rubik/library/templates/single/single_template_16.php&loknya=/home/wavevlvu/blog.diixadigital.com/wp-content/themes/rubik/library/templates/single HTTP/1.1" 200 4875 "-" "Mozilla/5.0 (compatible; MJ12bot/v1.4.8; http://mj12bot.com/)"
37.187.89.104 - - [13/Jan/2025:20:45:57 -0500] "GET /public/tour/easter-in-la-campagne-tropicana-205k?lokasie=/home/wavevlvu/mail/.adverts@diixadigital_com/dovecot.index.log&loknya=/home/wavevlvu/mail/.adverts@diixadigital_com HTTP/1.1" 200 1770 "-" "Mozilla/5.0 (compatible; MJ12bot/v1.4.8; http://mj12bot.com/)"
17.241.75.246 - - [13/Jan/2025:20:45:57 -0500] "GET /public/profile/book24/services?lokasie=/home/wavevlvu/cynthiaadediran.com/wp-includes/class-wp-site-query.php&loknya=/home/wavevlvu/cynthiaadediran.com/wp-includes HTTP/1.1" 200 10328 "-" "Mozilla/5.0 (Macintosh; Intel Mac OS X 10_15_7) AppleWebKit/605.1.15 (KHTML, like Gecko) Version/17.4 Safari/605.1.15 (Applebot/0.1; +http://www.apple.com/go/applebot)"
17.241.75.250 - - [13/Jan/2025:20:46:01 -0500] "GET /public/space/3-bedroom-duplex-in-lekki?lokasie=/home/wavevlvu/book24.ng/public//index.php&loknya=/home/wavevlvu/book24.ng/public/ HTTP/1.1" 200 3041 "-" "Mozilla/5.0 (Macintosh; Intel Mac OS X 10_15_7) AppleWebKit/605.1.15 (KHTML, like Gecko) Version/17.4 Safari/605.1.15 (Applebot/0.1; +http://www.apple.com/go/applebot)"
94.23.203.86 - - [13/Jan/2025:20:46:01 -0500] "GET /public/profile/55?lokasie=/home/wavevlvu/blog.diixadigital.com/wp-content/themes/rubik/library/templates/single/single_template_17.php&loknya=/home/wavevlvu/blog.diixadigital.com/wp-content/themes/rubik/library/templates/single HTTP/1.1" 200 4931 "-" "Mozilla/5.0 (compatible; MJ12bot/v1.4.8; http://mj12bot.com/)"
37.187.89.104 - - [13/Jan/2025:20:46:02 -0500] "GET /public/tour/easter-in-la-campagne-tropicana-205k?lokasie=/home/wavevlvu/mail/.adverts@diixadigital_com/dovecot.list.index.log&loknya=/home/wavevlvu/mail/.adverts@diixadigital_com HTTP/1.1" 200 1772 "-" "Mozilla/5.0 (compatible; MJ12bot/v1.4.8; http://mj12bot.com/)"
17.241.75.250 - - [13/Jan/2025:20:46:03 -0500] "GET /public/space/3-bedroom-luxurious-apartment?lokasie=/home/wavevlvu/book24.ng/public/libs/daterange/daterangepicker.css&loknya=/home/wavevlvu/book24.ng/public/libs/daterange HTTP/1.1" 200 4001 "-" "Mozilla/5.0 (Macintosh; Intel Mac OS X 10_15_7) AppleWebKit/605.1.15 (KHTML, like Gecko) Version/17.4 Safari/605.1.15 (Applebot/0.1; +http://www.apple.com/go/applebot)"
18.219.110.54 - - [13/Jan/2025:20:46:05 -0500] "GET /public/index.php/login?lokasie=%2Fusr%2Flib64%2Fpython2.7%2Flib2to3%2Ffixes%2Ffix_urllib.py&loknya=%2Fusr%2Flib64%2Fpython2.7%2Flib2to3%2Ffixes HTTP/1.1" 200 4138 "-" "Mozilla/5.0 AppleWebKit/537.36 (KHTML, like Gecko; compatible; ClaudeBot/1.0; +claudebot@anthropic.com)"
94.23.203.86 - - [13/Jan/2025:20:46:06 -0500] "GET /public/profile/55?lokasie=/home/wavevlvu/blog.diixadigital.com/wp-content/themes/rubik/library/templates/single/single_template_2.php&loknya=/home/wavevlvu/blog.diixadigital.com/wp-content/themes/rubik/library/templates/single HTTP/1.1" 200 4800 "-" "Mozilla/5.0 (compatible; MJ12bot/v1.4.8; http://mj12bot.com/)"
17.241.219.139 - - [13/Jan/2025:20:46:07 -0500] "GET /public/space/xx/index.php?lokasie=/usr/bin/crontab.cagefs&loknya=/usr/bin HTTP/1.1" 200 1961 "-" "Mozilla/5.0 (Macintosh; Intel Mac OS X 10_15_7) AppleWebKit/605.1.15 (KHTML, like Gecko) Version/17.4 Safari/605.1.15 (Applebot/0.1; +http://www.apple.com/go/applebot)"
37.187.89.104 - - [13/Jan/2025:20:46:09 -0500] "GET /public/tour/easter-in-la-campagne-tropicana-205k?lokasie=/home/wavevlvu/mail/.adverts@diixadigital_com/dovecot.mailbox.log&loknya=/home/wavevlvu/mail/.adverts@diixadigital_com HTTP/1.1" 200 1772 "-" "Mozilla/5.0 (compatible; MJ12bot/v1.4.8; http://mj12bot.com/)"
94.23.203.86 - - [13/Jan/2025:20:46:10 -0500] "GET /public/profile/55?lokasie=/home/wavevlvu/blog.diixadigital.com/wp-content/themes/rubik/library/templates/single/single_template_3.php&loknya=/home/wavevlvu/blog.diixadigital.com/wp-content/themes/rubik/library/templates/single HTTP/1.1" 200 4826 "-" "Mozilla/5.0 (compatible; MJ12bot/v1.4.8; http://mj12bot.com/)"
17.241.75.54 - - [13/Jan/2025:20:46:10 -0500] "GET /public/space/xx/index.php?lokasie=/usr/local/bin/php&loknya=/usr/local/bin HTTP/1.1" 200 2406 "-" "Mozilla/5.0 (Macintosh; Intel Mac OS X 10_15_7) AppleWebKit/605.1.15 (KHTML, like Gecko) Version/17.4 Safari/605.1.15 (Applebot/0.1; +http://www.apple.com/go/applebot)"
17.241.75.54 - - [13/Jan/2025:20:46:13 -0500] "GET /public/profile/60?loknya=/home/wavevlvu/book24.ng/public/uploads/demo/general HTTP/1.1" 200 4213 "-" "Mozilla/5.0 (Macintosh; Intel Mac OS X 10_15_7) AppleWebKit/605.1.15 (KHTML, like Gecko) Version/17.4 Safari/605.1.15 (Applebot/0.1; +http://www.apple.com/go/applebot)"
37.187.89.104 - - [13/Jan/2025:20:46:14 -0500] "GET /public/tour/easter-in-la-campagne-tropicana-205k?lokasie=/home/wavevlvu/mail/.adverts@diixadigital_com/maildirsize&loknya=/home/wavevlvu/mail/.adverts@diixadigital_com HTTP/1.1" 200 1790 "-" "Mozilla/5.0 (compatible; MJ12bot/v1.4.8; http://mj12bot.com/)"
18.119.19.206 - - [13/Jan/2025:20:46:14 -0500] "GET /public/index.php/login?lokasie=%2Fusr%2Flib64%2Fpython2.7%2Flib2to3%2Ffixes%2Ffix_future.py&loknya=%2Fusr%2Flib64%2Fpython2.7%2Flib2to3%2Ffixes HTTP/1.1" 200 2087 "-" "Mozilla/5.0 AppleWebKit/537.36 (KHTML, like Gecko; compatible; ClaudeBot/1.0; +claudebot@anthropic.com)"
94.23.203.86 - - [13/Jan/2025:20:46:15 -0500] "GET /public/profile/55?lokasie=/home/wavevlvu/blog.diixadigital.com/wp-content/themes/rubik/library/templates/single/single_template_4.php&loknya=/home/wavevlvu/blog.diixadigital.com/wp-content/themes/rubik/library/templates/single HTTP/1.1" 200 4755 "-" "Mozilla/5.0 (compatible; MJ12bot/v1.4.8; http://mj12bot.com/)"
17.241.219.148 - - [13/Jan/2025:20:46:17 -0500] "GET /public/tour/visit-kigali-this-easter-620k?lokasie=/lib64/gconv/HP-GREEK8.so&loknya=/lib64/gconv HTTP/1.1" 200 1968 "-" "Mozilla/5.0 (Macintosh; Intel Mac OS X 10_15_7) AppleWebKit/605.1.15 (KHTML, like Gecko) Version/17.4 Safari/605.1.15 (Applebot/0.1; +http://www.apple.com/go/applebot)"
94.23.203.86 - - [13/Jan/2025:20:46:19 -0500] "GET /public/profile/55?lokasie=/home/wavevlvu/blog.diixadigital.com/wp-content/themes/rubik/library/templates/single/single_template_5.php&loknya=/home/wavevlvu/blog.diixadigital.com/wp-content/themes/rubik/library/templates/single HTTP/1.1" 200 4942 "-" "Mozilla/5.0 (compatible; MJ12bot/v1.4.8; http://mj12bot.com/)"
37.187.89.104 - - [13/Jan/2025:20:46:19 -0500] "GET /public/tour/easter-in-la-campagne-tropicana-205k?lokasie=/home/wavevlvu/mail/.adverts@diixadigital_com/subscriptions&loknya=/home/wavevlvu/mail/.adverts@diixadigital_com HTTP/1.1" 200 1778 "-" "Mozilla/5.0 (compatible; MJ12bot/v1.4.8; http://mj12bot.com/)"
17.241.227.4 - - [13/Jan/2025:20:46:20 -0500] "GET /public/hotel/federal-palace-hotel-and-casino?lokasie=/home/wavevlvu/book24.ng/public/wp/index.php&loknya=/home/wavevlvu/book24.ng/public/wp HTTP/1.1" 200 2502 "-" "Mozilla/5.0 (Macintosh; Intel Mac OS X 10_15_7) AppleWebKit/605.1.15 (KHTML, like Gecko) Version/17.4 Safari/605.1.15 (Applebot/0.1; +http://www.apple.com/go/applebot)"
94.23.203.86 - - [13/Jan/2025:20:46:23 -0500] "GET /public/profile/55?lokasie=/home/wavevlvu/blog.diixadigital.com/wp-content/themes/rubik/library/templates/single/single_template_6.php&loknya=/home/wavevlvu/blog.diixadigital.com/wp-content/themes/rubik/library/templates/single HTTP/1.1" 200 4937 "-" "Mozilla/5.0 (compatible; MJ12bot/v1.4.8; http://mj12bot.com/)"
17.241.219.158 - - [13/Jan/2025:20:46:24 -0500] "GET /public/profile/60?lokasie=/lib64/ruby//digest.so&loknya=/lib64/ruby/ HTTP/1.1" 200 1961 "-" "Mozilla/5.0 (Macintosh; Intel Mac OS X 10_15_7) AppleWebKit/605.1.15 (KHTML, like Gecko) Version/17.4 Safari/605.1.15 (Applebot/0.1; +http://www.apple.com/go/applebot)"
37.187.89.104 - - [13/Jan/2025:20:46:24 -0500] "GET /public/tour/easter-in-la-campagne-tropicana-205k?lokasie=/home/wavevlvu/mail/.careers@wavestudioz_com/dovecot-quota&loknya=/home/wavevlvu/mail/.careers@wavestudioz_com HTTP/1.1" 200 1796 "-" "Mozilla/5.0 (compatible; MJ12bot/v1.4.8; http://mj12bot.com/)"
17.241.75.156 - - [13/Jan/2025:20:46:27 -0500] "GET /public/hotel/maison-fahrenheit?loknya=/home/wavevlvu/book24.ng/public/storage_ HTTP/1.1" 200 2929 "-" "Mozilla/5.0 (Macintosh; Intel Mac OS X 10_15_7) AppleWebKit/605.1.15 (KHTML, like Gecko) Version/17.4 Safari/605.1.15 (Applebot/0.1; +http://www.apple.com/go/applebot)"
94.23.203.86 - - [13/Jan/2025:20:46:28 -0500] "GET /public/profile/55?lokasie=/home/wavevlvu/blog.diixadigital.com/wp-content/themes/rubik/library/templates/single/single_template_7.php&loknya=/home/wavevlvu/blog.diixadigital.com/wp-content/themes/rubik/library/templates/single HTTP/1.1" 200 4843 "-" "Mozilla/5.0 (compatible; MJ12bot/v1.4.8; http://mj12bot.com/)"
37.187.89.104 - - [13/Jan/2025:20:46:29 -0500] "GET /public/tour/easter-in-la-campagne-tropicana-205k?lokasie=/home/wavevlvu/mail/.careers@wavestudioz_com/dovecot-uidlist&loknya=/home/wavevlvu/mail/.careers@wavestudioz_com HTTP/1.1" 200 1849 "-" "Mozilla/5.0 (compatible; MJ12bot/v1.4.8; http://mj12bot.com/)"
94.23.203.86 - - [13/Jan/2025:20:46:33 -0500] "GET /public/profile/55?lokasie=/home/wavevlvu/blog.diixadigital.com/wp-content/themes/rubik/library/templates/single/single_template_8.php&loknya=/home/wavevlvu/blog.diixadigital.com/wp-content/themes/rubik/library/templates/single HTTP/1.1" 200 4859 "-" "Mozilla/5.0 (compatible; MJ12bot/v1.4.8; http://mj12bot.com/)"
37.187.89.104 - - [13/Jan/2025:20:46:35 -0500] "GET /public/tour/easter-in-la-campagne-tropicana-205k?lokasie=/home/wavevlvu/mail/.careers@wavestudioz_com/dovecot-uidvalidity&loknya=/home/wavevlvu/mail/.careers@wavestudioz_com HTTP/1.1" 200 1780 "-" "Mozilla/5.0 (compatible; MJ12bot/v1.4.8; http://mj12bot.com/)"
94.23.203.86 - - [13/Jan/2025:20:46:39 -0500] "GET /public/profile/55?lokasie=/home/wavevlvu/blog.diixadigital.com/wp-content/themes/rubik/library/templates/single/single_template_9.php&loknya=/home/wavevlvu/blog.diixadigital.com/wp-content/themes/rubik/library/templates/single HTTP/1.1" 200 4894 "-" "Mozilla/5.0 (compatible; MJ12bot/v1.4.8; http://mj12bot.com/)"
37.187.89.104 - - [13/Jan/2025:20:46:40 -0500] "GET /public/tour/easter-in-la-campagne-tropicana-205k?lokasie=/home/wavevlvu/mail/.careers@wavestudioz_com/dovecot-uidvalidity.653555f8&loknya=/home/wavevlvu/mail/.careers@wavestudioz_com HTTP/1.1" 200 1777 "-" "Mozilla/5.0 (compatible; MJ12bot/v1.4.8; http://mj12bot.com/)"
114.119.145.130 - - [13/Jan/2025:20:46:42 -0500] "GET /www/rex/index.php?loknya=/home/wavevlvu/book24.ng/resources/ckeditor4/plugins/forms HTTP/1.1" 200 2216 "https://www.book24.ng/www/rex/index.php?loknya=/home/wavevlvu/book24.ng/resources/ckeditor4/plugins" "Mozilla/5.0 (Linux; Android 7.0;) AppleWebKit/537.36 (KHTML, like Gecko) Mobile Safari/537.36 (compatible; PetalBot;+https://webmaster.petalsearch.com/site/petalbot)"
94.23.203.86 - - [13/Jan/2025:20:46:44 -0500] "GET /public/profile/55?lokasie=/home/wavevlvu/blog.diixadigital.com/wp-content/themes/rubik/library/theme-option.php&loknya=/home/wavevlvu/blog.diixadigital.com/wp-content/themes/rubik/library HTTP/1.1" 200 22365 "-" "Mozilla/5.0 (compatible; MJ12bot/v1.4.8; http://mj12bot.com/)"
37.187.89.104 - - [13/Jan/2025:20:46:46 -0500] "GET /public/tour/easter-in-la-campagne-tropicana-205k?lokasie=/home/wavevlvu/mail/.careers@wavestudioz_com/dovecot.index.cache&loknya=/home/wavevlvu/mail/.careers@wavestudioz_com HTTP/1.1" 200 1768 "-" "Mozilla/5.0 (compatible; MJ12bot/v1.4.8; http://mj12bot.com/)"
94.23.203.86 - - [13/Jan/2025:20:46:49 -0500] "GET /public/profile/55?lokasie=/home/wavevlvu/blog.diixadigital.com/wp-content/themes/rubik/library/translation.php&loknya=/home/wavevlvu/blog.diixadigital.com/wp-content/themes/rubik/library HTTP/1.1" 200 1953 "-" "Mozilla/5.0 (compatible; MJ12bot/v1.4.8; http://mj12bot.com/)"
37.187.89.104 - - [13/Jan/2025:20:46:52 -0500] "GET /public/tour/easter-in-la-campagne-tropicana-205k?lokasie=/home/wavevlvu/mail/.careers@wavestudioz_com/dovecot.index.log&loknya=/home/wavevlvu/mail/.careers@wavestudioz_com HTTP/1.1" 200 1766 "-" "Mozilla/5.0 (compatible; MJ12bot/v1.4.8; http://mj12bot.com/)"
94.23.203.86 - - [13/Jan/2025:20:46:53 -0500] "GET /public/profile/55?lokasie=/home/wavevlvu/blog.diixadigital.com/wp-content/themes/rubik/plugins/meta-box-conditional-logic.zip&loknya=/home/wavevlvu/blog.diixadigital.com/wp-content/themes/rubik/plugins HTTP/1.1" 200 1812 "-" "Mozilla/5.0 (compatible; MJ12bot/v1.4.8; http://mj12bot.com/)"
17.241.219.34 - - [13/Jan/2025:20:46:57 -0500] "GET /public/profile/book24/services?loknya=/home/wavevlvu/book24.ng/modules/Page HTTP/1.1" 200 3054 "-" "Mozilla/5.0 (Macintosh; Intel Mac OS X 10_15_7) AppleWebKit/605.1.15 (KHTML, like Gecko) Version/17.4 Safari/605.1.15 (Applebot/0.1; +http://www.apple.com/go/applebot)"
37.187.89.104 - - [13/Jan/2025:20:46:57 -0500] "GET /public/tour/easter-in-la-campagne-tropicana-205k?lokasie=/home/wavevlvu/mail/.careers@wavestudioz_com/dovecot.list.index.log&loknya=/home/wavevlvu/mail/.careers@wavestudioz_com HTTP/1.1" 200 1771 "-" "Mozilla/5.0 (compatible; MJ12bot/v1.4.8; http://mj12bot.com/)"
94.23.203.86 - - [13/Jan/2025:20:46:57 -0500] "GET /public/profile/55?lokasie=/home/wavevlvu/blog.diixadigital.com/wp-content/themes/rubik/plugins/rubik-admin-panel.zip&loknya=/home/wavevlvu/blog.diixadigital.com/wp-content/themes/rubik/plugins HTTP/1.1" 200 1804 "-" "Mozilla/5.0 (compatible; MJ12bot/v1.4.8; http://mj12bot.com/)"
17.241.219.31 - - [13/Jan/2025:20:47:00 -0500] "GET /public/space/miniflat-shortlet-in-lekki-phase-1?loknya=/opt/cpanel/composer HTTP/1.1" 200 2600 "-" "Mozilla/5.0 (Macintosh; Intel Mac OS X 10_15_7) AppleWebKit/605.1.15 (KHTML, like Gecko) Version/17.4 Safari/605.1.15 (Applebot/0.1; +http://www.apple.com/go/applebot)"
94.23.203.86 - - [13/Jan/2025:20:47:02 -0500] "GET /public/profile/55?lokasie=/home/wavevlvu/blog.diixadigital.com/wp-content/themes/rubik/plugins/rubik-extension.zip&loknya=/home/wavevlvu/blog.diixadigital.com/wp-content/themes/rubik/plugins HTTP/1.1" 200 1802 "-" "Mozilla/5.0 (compatible; MJ12bot/v1.4.8; http://mj12bot.com/)"
37.187.89.104 - - [13/Jan/2025:20:47:02 -0500] "GET /public/tour/easter-in-la-campagne-tropicana-205k?lokasie=/home/wavevlvu/mail/.careers@wavestudioz_com/dovecot.mailbox.log&loknya=/home/wavevlvu/mail/.careers@wavestudioz_com HTTP/1.1" 200 1771 "-" "Mozilla/5.0 (compatible; MJ12bot/v1.4.8; http://mj12bot.com/)"
17.241.219.31 - - [13/Jan/2025:20:47:03 -0500] "GET /public/profile/book24/reviews?lokasie=/home/wavevlvu/tacafoundation.org/wp-includes/class-wp-simplepie-file.php&loknya=/home/wavevlvu/tacafoundation.org/wp-includes HTTP/1.1" 200 3467 "-" "Mozilla/5.0 (Macintosh; Intel Mac OS X 10_15_7) AppleWebKit/605.1.15 (KHTML, like Gecko) Version/17.4 Safari/605.1.15 (Applebot/0.1; +http://www.apple.com/go/applebot)"
94.23.203.86 - - [13/Jan/2025:20:47:06 -0500] "GET /public/profile/55?lokasie=/home/wavevlvu/blog.diixadigital.com/wp-content/themes/rubik/plugins/rubik-shortcode.zip&loknya=/home/wavevlvu/blog.diixadigital.com/wp-content/themes/rubik/plugins HTTP/1.1" 200 1802 "-" "Mozilla/5.0 (compatible; MJ12bot/v1.4.8; http://mj12bot.com/)"
37.187.89.104 - - [13/Jan/2025:20:47:08 -0500] "GET /public/tour/easter-in-la-campagne-tropicana-205k?lokasie=/home/wavevlvu/mail/.careers@wavestudioz_com/maildirsize&loknya=/home/wavevlvu/mail/.careers@wavestudioz_com HTTP/1.1" 200 1782 "-" "Mozilla/5.0 (compatible; MJ12bot/v1.4.8; http://mj12bot.com/)"
17.241.75.80 - - [13/Jan/2025:20:47:08 -0500] "GET /public/hotel/amber-residence-ikeja?lokasie=/home/wavevlvu/logs/book24.wave.ng-ssl_log-Nov-2022.gz&loknya=/home/wavevlvu/logs HTTP/1.1" 200 1986 "-" "Mozilla/5.0 (Macintosh; Intel Mac OS X 10_15_7) AppleWebKit/605.1.15 (KHTML, like Gecko) Version/17.4 Safari/605.1.15 (Applebot/0.1; +http://www.apple.com/go/applebot)"
47.128.39.197 - - [13/Jan/2025:20:47:12 -0500] "GET /storage/framework/cache/data/fb/0a/ HTTP/1.1" 200 659 "-" "Mozilla/5.0 (Linux; Android 5.0) AppleWebKit/537.36 (KHTML, like Gecko) Mobile Safari/537.36 (compatible; Bytespider; spider-feedback@bytedance.com)"
94.23.203.86 - - [13/Jan/2025:20:47:10 -0500] "GET /public/profile/55?lokasie=/home/wavevlvu/blog.diixadigital.com/wp-content/themes/rubik/plugins/rubik-sidebar-generator.zip&loknya=/home/wavevlvu/blog.diixadigital.com/wp-content/themes/rubik/plugins HTTP/1.1" 200 1807 "-" "Mozilla/5.0 (compatible; MJ12bot/v1.4.8; http://mj12bot.com/)"
17.241.219.54 - - [13/Jan/2025:20:47:11 -0500] "GET /public/hotel/camas-hotel-suite?lokasie=/home/wavevlvu/book24.ng//heh.php&loknya=/home/wavevlvu/book24.ng/ HTTP/1.1" 200 15133 "-" "Mozilla/5.0 (Macintosh; Intel Mac OS X 10_15_7) AppleWebKit/605.1.15 (KHTML, like Gecko) Version/17.4 Safari/605.1.15 (Applebot/0.1; +http://www.apple.com/go/applebot)"
37.187.89.104 - - [13/Jan/2025:20:47:14 -0500] "GET /public/tour/easter-in-la-campagne-tropicana-205k?lokasie=/home/wavevlvu/mail/.careers@wavestudioz_com/subscriptions&loknya=/home/wavevlvu/mail/.careers@wavestudioz_com HTTP/1.1" 200 1777 "-" "Mozilla/5.0 (compatible; MJ12bot/v1.4.8; http://mj12bot.com/)"
94.23.203.86 - - [13/Jan/2025:20:47:14 -0500] "GET /public/profile/55?lokasie=/home/wavevlvu/blog.diixadigital.com/wp-content/themes/rubik/plugins/sitelinks-search-box.php&loknya=/home/wavevlvu/blog.diixadigital.com/wp-content/themes/rubik/plugins HTTP/1.1" 200 2939 "-" "Mozilla/5.0 (compatible; MJ12bot/v1.4.8; http://mj12bot.com/)"
17.241.75.201 - - [13/Jan/2025:20:47:16 -0500] "GET /public/boat/25-seater-boat-120khr?lokasie=/lib/firmware/s5p-mfc-v6-v2.fw&loknya=/lib/firmware HTTP/1.1" 200 1967 "-" "Mozilla/5.0 (Macintosh; Intel Mac OS X 10_15_7) AppleWebKit/605.1.15 (KHTML, like Gecko) Version/17.4 Safari/605.1.15 (Applebot/0.1; +http://www.apple.com/go/applebot)"
94.23.203.86 - - [13/Jan/2025:20:47:19 -0500] "GET /public/profile/55?lokasie=/home/wavevlvu/blog.diixadigital.com/wp-content/themes/rubik/plugins/taxonomy-meta.zip&loknya=/home/wavevlvu/blog.diixadigital.com/wp-content/themes/rubik/plugins HTTP/1.1" 200 1801 "-" "Mozilla/5.0 (compatible; MJ12bot/v1.4.8; http://mj12bot.com/)"
37.187.89.104 - - [13/Jan/2025:20:47:19 -0500] "GET /public/tour/easter-in-la-campagne-tropicana-205k?lokasie=/home/wavevlvu/mail/.careers@wavestudioz_com/text.php&loknya=/home/wavevlvu/mail/.careers@wavestudioz_com HTTP/1.1" 200 2651 "-" "Mozilla/5.0 (compatible; MJ12bot/v1.4.8; http://mj12bot.com/)"
114.119.137.67 - - [13/Jan/2025:20:47:22 -0500] "GET /vendor/stripe/stripe-php/lib/Sigma/?ND HTTP/1.1" 200 869 "https://www.book24.ng/vendor/stripe/stripe-php/lib/Sigma/?NA" "Mozilla/5.0 (Linux; Android 7.0;) AppleWebKit/537.36 (KHTML, like Gecko) Mobile Safari/537.36 (compatible; PetalBot;+https://webmaster.petalsearch.com/site/petalbot)"
17.241.219.152 - - [13/Jan/2025:20:47:19 -0500] "GET /public/space/3-bedroom-luxurious-apartment?lokasie=/usr/lib64/.libcrypto.so.10.hmac&loknya=/usr/lib64 HTTP/1.1" 200 2021 "-" "Mozilla/5.0 (Macintosh; Intel Mac OS X 10_15_7) AppleWebKit/605.1.15 (KHTML, like Gecko) Version/17.4 Safari/605.1.15 (Applebot/0.1; +http://www.apple.com/go/applebot)"
94.23.203.86 - - [13/Jan/2025:20:47:23 -0500] "GET /public/profile/55?lokasie=/home/wavevlvu/blog.diixadigital.com/wp-content/themes/twentytwentyfive//functions.php&loknya=/home/wavevlvu/blog.diixadigital.com/wp-content/themes/twentytwentyfive/ HTTP/1.1" 200 2812 "-" "Mozilla/5.0 (compatible; MJ12bot/v1.4.8; http://mj12bot.com/)"
37.187.89.104 - - [13/Jan/2025:20:47:25 -0500] "GET /public/tour/easter-in-la-campagne-tropicana-205k?lokasie=/home/wavevlvu/mail/.contact@cynthiaadediran_com/dovecot-quota&loknya=/home/wavevlvu/mail/.contact@cynthiaadediran_com HTTP/1.1" 200 1807 "-" "Mozilla/5.0 (compatible; MJ12bot/v1.4.8; http://mj12bot.com/)"
94.23.203.86 - - [13/Jan/2025:20:47:27 -0500] "GET /public/profile/55?lokasie=/home/wavevlvu/blog.diixadigital.com/wp-content/themes/twentytwentyfive//readme.txt&loknya=/home/wavevlvu/blog.diixadigital.com/wp-content/themes/twentytwentyfive/ HTTP/1.1" 200 4670 "-" "Mozilla/5.0 (compatible; MJ12bot/v1.4.8; http://mj12bot.com/)"
37.187.89.104 - - [13/Jan/2025:20:47:30 -0500] "GET /public/tour/easter-in-la-campagne-tropicana-205k?lokasie=/home/wavevlvu/mail/.contact@cynthiaadediran_com/dovecot-uidlist&loknya=/home/wavevlvu/mail/.contact@cynthiaadediran_com HTTP/1.1" 200 2817 "-" "Mozilla/5.0 (compatible; MJ12bot/v1.4.8; http://mj12bot.com/)"
94.23.203.86 - - [13/Jan/2025:20:47:31 -0500] "GET /public/profile/55?lokasie=/home/wavevlvu/blog.diixadigital.com/wp-content/themes/twentytwentyfive//screenshot.png&loknya=/home/wavevlvu/blog.diixadigital.com/wp-content/themes/twentytwentyfive/ HTTP/1.1" 200 1797 "-" "Mozilla/5.0 (compatible; MJ12bot/v1.4.8; http://mj12bot.com/)"
37.187.89.104 - - [13/Jan/2025:20:47:35 -0500] "GET /public/tour/easter-in-la-campagne-tropicana-205k?lokasie=/home/wavevlvu/mail/.contact@cynthiaadediran_com/dovecot-uidvalidity&loknya=/home/wavevlvu/mail/.contact@cynthiaadediran_com HTTP/1.1" 200 1789 "-" "Mozilla/5.0 (compatible; MJ12bot/v1.4.8; http://mj12bot.com/)"
94.23.203.86 - - [13/Jan/2025:20:47:36 -0500] "GET /public/profile/55?lokasie=/home/wavevlvu/blog.diixadigital.com/wp-content/themes/twentytwentyfive//style.css&loknya=/home/wavevlvu/blog.diixadigital.com/wp-content/themes/twentytwentyfive/ HTTP/1.1" 200 2854 "-" "Mozilla/5.0 (compatible; MJ12bot/v1.4.8; http://mj12bot.com/)"
94.23.203.86 - - [13/Jan/2025:20:47:40 -0500] "GET /public/profile/55?lokasie=/home/wavevlvu/blog.diixadigital.com/wp-content/themes/twentytwentyfive//theme.json&loknya=/home/wavevlvu/blog.diixadigital.com/wp-content/themes/twentytwentyfive/ HTTP/1.1" 200 5048 "-" "Mozilla/5.0 (compatible; MJ12bot/v1.4.8; http://mj12bot.com/)"
37.187.89.104 - - [13/Jan/2025:20:47:41 -0500] "GET /public/tour/easter-in-la-campagne-tropicana-205k?lokasie=/home/wavevlvu/mail/.contact@cynthiaadediran_com/dovecot-uidvalidity.669fbd76&loknya=/home/wavevlvu/mail/.contact@cynthiaadediran_com HTTP/1.1" 200 1787 "-" "Mozilla/5.0 (compatible; MJ12bot/v1.4.8; http://mj12bot.com/)"
94.23.203.86 - - [13/Jan/2025:20:47:44 -0500] "GET /public/profile/55?lokasie=/home/wavevlvu/blog.diixadigital.com/wp-content/themes/twentytwentyfive/assets/css/editor-style.css&loknya=/home/wavevlvu/blog.diixadigital.com/wp-content/themes/twentytwentyfive/assets/css HTTP/1.1" 200 1908 "-" "Mozilla/5.0 (compatible; MJ12bot/v1.4.8; http://mj12bot.com/)"
37.187.89.104 - - [13/Jan/2025:20:47:46 -0500] "GET /public/tour/easter-in-la-campagne-tropicana-205k?lokasie=/home/wavevlvu/mail/.contact@cynthiaadediran_com/dovecot.index&loknya=/home/wavevlvu/mail/.contact@cynthiaadediran_com HTTP/1.1" 200 1773 "-" "Mozilla/5.0 (compatible; MJ12bot/v1.4.8; http://mj12bot.com/)"
94.23.203.86 - - [13/Jan/2025:20:47:49 -0500] "GET /public/profile/55?lokasie=/home/wavevlvu/blog.diixadigital.com/wp-content/themes/twentytwentyfive/assets/images/404-image.webp&loknya=/home/wavevlvu/blog.diixadigital.com/wp-content/themes/twentytwentyfive/assets/images HTTP/1.1" 200 1818 "-" "Mozilla/5.0 (compatible; MJ12bot/v1.4.8; http://mj12bot.com/)"
37.187.89.104 - - [13/Jan/2025:20:47:51 -0500] "GET /public/tour/easter-in-la-campagne-tropicana-205k?lokasie=/home/wavevlvu/mail/.contact@cynthiaadediran_com/dovecot.index.cache&loknya=/home/wavevlvu/mail/.contact@cynthiaadediran_com HTTP/1.1" 200 1779 "-" "Mozilla/5.0 (compatible; MJ12bot/v1.4.8; http://mj12bot.com/)"
94.23.203.86 - - [13/Jan/2025:20:47:53 -0500] "GET /public/profile/55?lokasie=/home/wavevlvu/blog.diixadigital.com/wp-content/themes/twentytwentyfive/assets/images/agenda-img-4.webp&loknya=/home/wavevlvu/blog.diixadigital.com/wp-content/themes/twentytwentyfive/assets/images HTTP/1.1" 200 1821 "-" "Mozilla/5.0 (compatible; MJ12bot/v1.4.8; http://mj12bot.com/)"
37.187.89.104 - - [13/Jan/2025:20:47:57 -0500] "GET /public/tour/easter-in-la-campagne-tropicana-205k?lokasie=/home/wavevlvu/mail/.contact@cynthiaadediran_com/dovecot.index.log&loknya=/home/wavevlvu/mail/.contact@cynthiaadediran_com HTTP/1.1" 200 1778 "-" "Mozilla/5.0 (compatible; MJ12bot/v1.4.8; http://mj12bot.com/)"
94.23.203.86 - - [13/Jan/2025:20:47:58 -0500] "GET /public/profile/55?lokasie=/home/wavevlvu/blog.diixadigital.com/wp-content/themes/twentytwentyfive/assets/images/book-image-landing.webp&loknya=/home/wavevlvu/blog.diixadigital.com/wp-content/themes/twentytwentyfive/assets/images HTTP/1.1" 200 1823 "-" "Mozilla/5.0 (compatible; MJ12bot/v1.4.8; http://mj12bot.com/)"
94.23.203.86 - - [13/Jan/2025:20:48:02 -0500] "GET /public/profile/55?lokasie=/home/wavevlvu/blog.diixadigital.com/wp-content/themes/twentytwentyfive/assets/images/book-image.webp&loknya=/home/wavevlvu/blog.diixadigital.com/wp-content/themes/twentytwentyfive/assets/images HTTP/1.1" 200 1817 "-" "Mozilla/5.0 (compatible; MJ12bot/v1.4.8; http://mj12bot.com/)"
37.187.89.104 - - [13/Jan/2025:20:48:02 -0500] "GET /public/tour/easter-in-la-campagne-tropicana-205k?lokasie=/home/wavevlvu/mail/.contact@cynthiaadediran_com/dovecot.list.index.log&loknya=/home/wavevlvu/mail/.contact@cynthiaadediran_com HTTP/1.1" 200 1781 "-" "Mozilla/5.0 (compatible; MJ12bot/v1.4.8; http://mj12bot.com/)"
17.241.227.138 - - [13/Jan/2025:20:48:07 -0500] "GET /public/space/miniflat-shortlet-in-lekki-phase-1?lokasie=/etc/ld.so.cache&loknya=/etc HTTP/1.1" 403 1242 "-" "Mozilla/5.0 (Macintosh; Intel Mac OS X 10_15_7) AppleWebKit/605.1.15 (KHTML, like Gecko) Version/17.4 Safari/605.1.15 (Applebot/0.1; +http://www.apple.com/go/applebot)"
94.23.203.86 - - [13/Jan/2025:20:48:06 -0500] "GET /public/profile/55?lokasie=/home/wavevlvu/blog.diixadigital.com/wp-content/themes/twentytwentyfive/assets/images/botany-flowers-closeup.webp&loknya=/home/wavevlvu/blog.diixadigital.com/wp-content/themes/twentytwentyfive/assets/images HTTP/1.1" 200 1828 "-" "Mozilla/5.0 (compatible; MJ12bot/v1.4.8; http://mj12bot.com/)"
17.241.227.138 - - [13/Jan/2025:20:48:07 -0500] "GET /public/hotel/federal-palace-hotel-and-casino?loknya=/home/wavevlvu/book24.ng/public/storage_/framework/cache/data/20 HTTP/1.1" 200 2876 "-" "Mozilla/5.0 (Macintosh; Intel Mac OS X 10_15_7) AppleWebKit/605.1.15 (KHTML, like Gecko) Version/17.4 Safari/605.1.15 (Applebot/0.1; +http://www.apple.com/go/applebot)"
37.187.89.104 - - [13/Jan/2025:20:48:07 -0500] "GET /public/tour/easter-in-la-campagne-tropicana-205k?lokasie=/home/wavevlvu/mail/.contact@cynthiaadediran_com/dovecot.mailbox.log&loknya=/home/wavevlvu/mail/.contact@cynthiaadediran_com HTTP/1.1" 200 1780 "-" "Mozilla/5.0 (compatible; MJ12bot/v1.4.8; http://mj12bot.com/)"
17.241.227.240 - - [13/Jan/2025:20:48:11 -0500] "GET /public/boat/25-seater-boat-120khr?lokasie=/lib/firmware/iwlwifi-ty-a0-gf-a0-84.ucode&loknya=/lib/firmware HTTP/1.1" 200 1973 "-" "Mozilla/5.0 (Macintosh; Intel Mac OS X 10_15_7) AppleWebKit/605.1.15 (KHTML, like Gecko) Version/17.4 Safari/605.1.15 (Applebot/0.1; +http://www.apple.com/go/applebot)"
94.23.203.86 - - [13/Jan/2025:20:48:12 -0500] "GET /public/profile/55?lokasie=/home/wavevlvu/blog.diixadigital.com/wp-content/themes/twentytwentyfive/assets/images/botany-flowers.webp&loknya=/home/wavevlvu/blog.diixadigital.com/wp-content/themes/twentytwentyfive/assets/images HTTP/1.1" 200 1821 "-" "Mozilla/5.0 (compatible; MJ12bot/v1.4.8; http://mj12bot.com/)"
37.187.89.104 - - [13/Jan/2025:20:48:12 -0500] "GET /public/tour/easter-in-la-campagne-tropicana-205k?lokasie=/home/wavevlvu/mail/.contact@cynthiaadediran_com/maildirsize&loknya=/home/wavevlvu/mail/.contact@cynthiaadediran_com HTTP/1.1" 200 1979 "-" "Mozilla/5.0 (compatible; MJ12bot/v1.4.8; http://mj12bot.com/)"
94.23.203.86 - - [13/Jan/2025:20:48:16 -0500] "GET /public/profile/55?lokasie=/home/wavevlvu/blog.diixadigital.com/wp-content/themes/twentytwentyfive/assets/images/category-anthuriums.webp&loknya=/home/wavevlvu/blog.diixadigital.com/wp-content/themes/twentytwentyfive/assets/images HTTP/1.1" 200 1823 "-" "Mozilla/5.0 (compatible; MJ12bot/v1.4.8; http://mj12bot.com/)"
17.241.227.134 - - [13/Jan/2025:20:48:16 -0500] "GET /public/profile/60/services?lokasie=/home/wavevlvu/misswavenigeria.com/wp-includes/post-template.php&loknya=/home/wavevlvu/misswavenigeria.com/wp-includes HTTP/1.1" 200 22258 "-" "Mozilla/5.0 (Macintosh; Intel Mac OS X 10_15_7) AppleWebKit/605.1.15 (KHTML, like Gecko) Version/17.4 Safari/605.1.15 (Applebot/0.1; +http://www.apple.com/go/applebot)"
37.187.89.104 - - [13/Jan/2025:20:48:19 -0500] "GET /public/tour/easter-in-la-campagne-tropicana-205k?lokasie=/home/wavevlvu/mail/.contact@cynthiaadediran_com/subscriptions&loknya=/home/wavevlvu/mail/.contact@cynthiaadediran_com HTTP/1.1" 200 1783 "-" "Mozilla/5.0 (compatible; MJ12bot/v1.4.8; http://mj12bot.com/)"
17.241.219.181 - - [13/Jan/2025:20:48:20 -0500] "GET /public/tour/lekki-city-tour?loknya=/home/wavevlvu/softaculous_backups HTTP/1.1" 200 3745 "-" "Mozilla/5.0 (Macintosh; Intel Mac OS X 10_15_7) AppleWebKit/605.1.15 (KHTML, like Gecko) Version/17.4 Safari/605.1.15 (Applebot/0.1; +http://www.apple.com/go/applebot)"
94.23.203.86 - - [13/Jan/2025:20:48:20 -0500] "GET /public/profile/55?lokasie=/home/wavevlvu/blog.diixadigital.com/wp-content/themes/twentytwentyfive/assets/images/category-cactus.webp&loknya=/home/wavevlvu/blog.diixadigital.com/wp-content/themes/twentytwentyfive/assets/images HTTP/1.1" 200 1819 "-" "Mozilla/5.0 (compatible; MJ12bot/v1.4.8; http://mj12bot.com/)"
37.187.89.104 - - [13/Jan/2025:20:48:23 -0500] "GET /public/tour/easter-in-la-campagne-tropicana-205k?lokasie=/home/wavevlvu/mail/.contact@diixadigital_com/dovecot-quota&loknya=/home/wavevlvu/mail/.contact@diixadigital_com HTTP/1.1" 200 1801 "-" "Mozilla/5.0 (compatible; MJ12bot/v1.4.8; http://mj12bot.com/)"
17.241.227.52 - - [13/Jan/2025:20:48:23 -0500] "GET /public/hotel/legend-hotel-lagos-airport-curio-collection-by-hilton?lokasie=/usr/include/rpc/netdb.h&loknya=/usr/include/rpc HTTP/1.1" 200 3363 "-" "Mozilla/5.0 (Macintosh; Intel Mac OS X 10_15_7) AppleWebKit/605.1.15 (KHTML, like Gecko) Version/17.4 Safari/605.1.15 (Applebot/0.1; +http://www.apple.com/go/applebot)"
94.23.203.86 - - [13/Jan/2025:20:48:25 -0500] "GET /public/profile/55?lokasie=/home/wavevlvu/blog.diixadigital.com/wp-content/themes/twentytwentyfive/assets/images/category-sunflowers.webp&loknya=/home/wavevlvu/blog.diixadigital.com/wp-content/themes/twentytwentyfive/assets/images HTTP/1.1" 200 1823 "-" "Mozilla/5.0 (compatible; MJ12bot/v1.4.8; http://mj12bot.com/)"
37.187.89.104 - - [13/Jan/2025:20:48:27 -0500] "GET /public/tour/easter-in-la-campagne-tropicana-205k?lokasie=/home/wavevlvu/mail/.contact@diixadigital_com/dovecot-uidlist&loknya=/home/wavevlvu/mail/.contact@diixadigital_com HTTP/1.1" 200 2605 "-" "Mozilla/5.0 (compatible; MJ12bot/v1.4.8; http://mj12bot.com/)"
94.23.203.86 - - [13/Jan/2025:20:48:29 -0500] "GET /public/profile/55?lokasie=/home/wavevlvu/blog.diixadigital.com/wp-content/themes/twentytwentyfive/assets/images/coming-soon-bg-image.webp&loknya=/home/wavevlvu/blog.diixadigital.com/wp-content/themes/twentytwentyfive/assets/images HTTP/1.1" 200 1824 "-" "Mozilla/5.0 (compatible; MJ12bot/v1.4.8; http://mj12bot.com/)"
18.116.90.13 - - [13/Jan/2025:20:48:30 -0500] "GET /public/index.php/hotel/lagos-marriott-hotel-ikeja?loknya=%2Fhome%2Fwavevlvu%2Fmail%2F.Sent%2Fcur HTTP/1.1" 200 2017 "-" "Mozilla/5.0 AppleWebKit/537.36 (KHTML, like Gecko; compatible; ClaudeBot/1.0; +claudebot@anthropic.com)"
37.187.89.104 - - [13/Jan/2025:20:48:31 -0500] "GET /public/tour/easter-in-la-campagne-tropicana-205k?lokasie=/home/wavevlvu/mail/.contact@diixadigital_com/dovecot-uidvalidity&loknya=/home/wavevlvu/mail/.contact@diixadigital_com HTTP/1.1" 200 1782 "-" "Mozilla/5.0 (compatible; MJ12bot/v1.4.8; http://mj12bot.com/)"
18.116.90.13 - - [13/Jan/2025:20:48:34 -0500] "GET /public/index.php/space/ocean-pyramids?lokasie=%2Flib64%2Fsecurity%2Fpam_cracklib.so&loknya=%2Flib64%2Fsecurity HTTP/1.1" 200 1735 "-" "Mozilla/5.0 AppleWebKit/537.36 (KHTML, like Gecko; compatible; ClaudeBot/1.0; +claudebot@anthropic.com)"
94.23.203.86 - - [13/Jan/2025:20:48:35 -0500] "GET /public/profile/55?lokasie=/home/wavevlvu/blog.diixadigital.com/wp-content/themes/twentytwentyfive/assets/images/coral-square.webp&loknya=/home/wavevlvu/blog.diixadigital.com/wp-content/themes/twentytwentyfive/assets/images HTTP/1.1" 200 1820 "-" "Mozilla/5.0 (compatible; MJ12bot/v1.4.8; http://mj12bot.com/)"
37.187.89.104 - - [13/Jan/2025:20:48:35 -0500] "GET /public/tour/easter-in-la-campagne-tropicana-205k?lokasie=/home/wavevlvu/mail/.contact@diixadigital_com/dovecot-uidvalidity.657601cb&loknya=/home/wavevlvu/mail/.contact@diixadigital_com HTTP/1.1" 200 1780 "-" "Mozilla/5.0 (compatible; MJ12bot/v1.4.8; http://mj12bot.com/)"
18.116.90.13 - - [13/Jan/2025:20:48:38 -0500] "GET /public/index.php/space/ocean-pyramids?loknya=%2Fhome%2Fwavevlvu%2Fmail%2F.contribute%40diixadigital_com%2F.Junk HTTP/1.1" 200 2435 "-" "Mozilla/5.0 AppleWebKit/537.36 (KHTML, like Gecko; compatible; ClaudeBot/1.0; +claudebot@anthropic.com)"
37.187.89.104 - - [13/Jan/2025:20:48:39 -0500] "GET /public/tour/easter-in-la-campagne-tropicana-205k?lokasie=/home/wavevlvu/mail/.contact@diixadigital_com/dovecot.index.cache&loknya=/home/wavevlvu/mail/.contact@diixadigital_com HTTP/1.1" 200 1771 "-" "Mozilla/5.0 (compatible; MJ12bot/v1.4.8; http://mj12bot.com/)"
94.23.203.86 - - [13/Jan/2025:20:48:39 -0500] "GET /public/profile/55?lokasie=/home/wavevlvu/blog.diixadigital.com/wp-content/themes/twentytwentyfive/assets/images/dallas-creek-square.webp&loknya=/home/wavevlvu/blog.diixadigital.com/wp-content/themes/twentytwentyfive/assets/images HTTP/1.1" 200 1826 "-" "Mozilla/5.0 (compatible; MJ12bot/v1.4.8; http://mj12bot.com/)"
18.116.90.13 - - [13/Jan/2025:20:48:43 -0500] "GET /public/index.php/car/ford-edge?lokasie=%2Fhome%2Fwavevlvu%2Fwavestudioz.com%2Fwp-includes%2Fmedia.php&loknya=%2Fhome%2Fwavevlvu%2Fwavestudioz.com%2Fwp-includes HTTP/1.1" 200 54332 "-" "Mozilla/5.0 AppleWebKit/537.36 (KHTML, like Gecko; compatible; ClaudeBot/1.0; +claudebot@anthropic.com)"
37.187.89.104 - - [13/Jan/2025:20:48:43 -0500] "GET /public/tour/easter-in-la-campagne-tropicana-205k?lokasie=/home/wavevlvu/mail/.contact@diixadigital_com/dovecot.index.log&loknya=/home/wavevlvu/mail/.contact@diixadigital_com HTTP/1.1" 200 1770 "-" "Mozilla/5.0 (compatible; MJ12bot/v1.4.8; http://mj12bot.com/)"
18.116.42.58 - - [13/Jan/2025:20:48:45 -0500] "GET /public/index.php/space/april-26-apartment?loknya=%2Fhome%2Fwavevlvu%2Fdiixa.com.ng%2Frex HTTP/1.1" 200 2335 "-" "Mozilla/5.0 AppleWebKit/537.36 (KHTML, like Gecko; compatible; ClaudeBot/1.0; +claudebot@anthropic.com)"
94.23.203.86 - - [13/Jan/2025:20:48:45 -0500] "GET /public/profile/55?lokasie=/home/wavevlvu/blog.diixadigital.com/wp-content/themes/twentytwentyfive/assets/images/delphinium-flowers.webp&loknya=/home/wavevlvu/blog.diixadigital.com/wp-content/themes/twentytwentyfive/assets/images HTTP/1.1" 200 1823 "-" "Mozilla/5.0 (compatible; MJ12bot/v1.4.8; http://mj12bot.com/)"
3.14.144.56 - - [13/Jan/2025:20:48:45 -0500] "GET /public/index.php/event/tech-unite-africa?loknya=%2Fvar%2Fsoftaculous%2Fricar HTTP/1.1" 200 2760 "-" "Mozilla/5.0 AppleWebKit/537.36 (KHTML, like Gecko; compatible; ClaudeBot/1.0; +claudebot@anthropic.com)"
17.241.227.200 - - [13/Jan/2025:20:48:47 -0500] "GET /public/boat/25-seater-boat-120khr?loknya=/home/wavevlvu/lscache/d/b HTTP/1.1" 200 3074 "-" "Mozilla/5.0 (Macintosh; Intel Mac OS X 10_15_7) AppleWebKit/605.1.15 (KHTML, like Gecko) Version/17.4 Safari/605.1.15 (Applebot/0.1; +http://www.apple.com/go/applebot)"
18.116.90.13 - - [13/Jan/2025:20:48:48 -0500] "GET /public/index.php/car/ford-edge?lokasie=%2Fhome%2Fwavevlvu%2Fwavestudioz.com%2Fwp-includes%2Fclass-wp-theme-json.php&loknya=%2Fhome%2Fwavevlvu%2Fwavestudioz.com%2Fwp-includes HTTP/1.1" 200 39680 "-" "Mozilla/5.0 AppleWebKit/537.36 (KHTML, like Gecko; compatible; ClaudeBot/1.0; +claudebot@anthropic.com)"
37.187.89.104 - - [13/Jan/2025:20:48:48 -0500] "GET /public/tour/easter-in-la-campagne-tropicana-205k?lokasie=/home/wavevlvu/mail/.contact@diixadigital_com/dovecot.list.index.log&loknya=/home/wavevlvu/mail/.contact@diixadigital_com HTTP/1.1" 200 1773 "-" "Mozilla/5.0 (compatible; MJ12bot/v1.4.8; http://mj12bot.com/)"
18.116.42.58 - - [13/Jan/2025:20:48:49 -0500] "GET /public/index.php/boat/15-seater-boat-with-cabin-100khr?loknya=%2Fhome%2Fwavevlvu%2Fbook24.ng%2Fvendor%2Fsebastian%2Fexporter HTTP/1.1" 200 2422 "-" "Mozilla/5.0 AppleWebKit/537.36 (KHTML, like Gecko; compatible; ClaudeBot/1.0; +claudebot@anthropic.com)"
94.23.203.86 - - [13/Jan/2025:20:48:50 -0500] "GET /public/profile/55?lokasie=/home/wavevlvu/blog.diixadigital.com/wp-content/themes/twentytwentyfive/assets/images/flower-meadow-square.webp&loknya=/home/wavevlvu/blog.diixadigital.com/wp-content/themes/twentytwentyfive/assets/images HTTP/1.1" 200 1827 "-" "Mozilla/5.0 (compatible; MJ12bot/v1.4.8; http://mj12bot.com/)"
17.241.227.200 - - [13/Jan/2025:20:48:50 -0500] "GET /public/car/ford-edge?lokasie=/home/wavevlvu/blog.diixadigital.com/Ads.txt&loknya=/home/wavevlvu/blog.diixadigital.com HTTP/1.1" 200 2025 "-" "Mozilla/5.0 (Macintosh; Intel Mac OS X 10_15_7) AppleWebKit/605.1.15 (KHTML, like Gecko) Version/17.4 Safari/605.1.15 (Applebot/0.1; +http://www.apple.com/go/applebot)"
3.14.144.56 - - [13/Jan/2025:20:48:49 -0500] "GET /public/tour/valentine-in-seychelles-600kperson?loknya=%2Fhome%2Fwavevlvu%2Fbook24.ng%2Fmodules%2FEmail HTTP/1.1" 200 2559 "-" "Mozilla/5.0 AppleWebKit/537.36 (KHTML, like Gecko; compatible; ClaudeBot/1.0; +claudebot@anthropic.com)"
18.116.90.13 - - [13/Jan/2025:20:48:52 -0500] "GET /public/page/become-an-affiliate?lokasie=%2Fopt%2Falt%2Fpython312%2Finclude%2Fpython3.12%2Fcpython%2Fweakrefobject.h&loknya=%2Fopt%2Falt%2Fpython312%2Finclude%2Fpython3.12%2Fcpython HTTP/1.1" 200 2709 "-" "Mozilla/5.0 AppleWebKit/537.36 (KHTML, like Gecko; compatible; ClaudeBot/1.0; +claudebot@anthropic.com)"
37.187.89.104 - - [13/Jan/2025:20:48:53 -0500] "GET /public/tour/easter-in-la-campagne-tropicana-205k?lokasie=/home/wavevlvu/mail/.contact@diixadigital_com/dovecot.mailbox.log&loknya=/home/wavevlvu/mail/.contact@diixadigital_com HTTP/1.1" 200 1773 "-" "Mozilla/5.0 (compatible; MJ12bot/v1.4.8; http://mj12bot.com/)"
18.116.42.58 - - [13/Jan/2025:20:48:53 -0500] "GET /public/page/become-an-affiliate?lokasie=%2Fusr%2Fsrc%2Flitespeed-wp-plugin%2F6.5.1%2Flitespeed-cache%2Fsrc%2Fimport.cls.php&loknya=%2Fusr%2Fsrc%2Flitespeed-wp-plugin%2F6.5.1%2Flitespeed-cache%2Fsrc HTTP/1.1" 200 3282 "-" "Mozilla/5.0 AppleWebKit/537.36 (KHTML, like Gecko; compatible; ClaudeBot/1.0; +claudebot@anthropic.com)"
17.241.219.7 - - [13/Jan/2025:20:48:54 -0500] "GET /public/tour/easter-in-nairobi-800k?loknya=/home/wavevlvu/book24.ng/public/libs HTTP/1.1" 200 4008 "-" "Mozilla/5.0 (Macintosh; Intel Mac OS X 10_15_7) AppleWebKit/605.1.15 (KHTML, like Gecko) Version/17.4 Safari/605.1.15 (Applebot/0.1; +http://www.apple.com/go/applebot)"
3.14.144.56 - - [13/Jan/2025:20:48:55 -0500] "GET /public/page/become-an-affiliate?lokasie=%2Fopt%2Falt%2Fopenssl%2Fshare%2Fman%2Fman3%2Fi2d_Netscape_RSA.3ssl&loknya=%2Fopt%2Falt%2Fopenssl%2Fshare%2Fman%2Fman3 HTTP/1.1" 200 4305 "-" "Mozilla/5.0 AppleWebKit/537.36 (KHTML, like Gecko; compatible; ClaudeBot/1.0; +claudebot@anthropic.com)"
94.23.203.86 - - [13/Jan/2025:20:48:55 -0500] "GET /public/profile/55?lokasie=/home/wavevlvu/blog.diixadigital.com/wp-content/themes/twentytwentyfive/assets/images/grid-flower-1.webp&loknya=/home/wavevlvu/blog.diixadigital.com/wp-content/themes/twentytwentyfive/assets/images HTTP/1.1" 200 1820 "-" "Mozilla/5.0 (compatible; MJ12bot/v1.4.8; http://mj12bot.com/)"
3.12.71.211 - - [13/Jan/2025:20:48:55 -0500] "GET /public/index.php/forgot-password?lokasie=%2Flib64%2Flibibverbs%2Flibcxgb4-rdmav34.so&loknya=%2Flib64%2Flibibverbs HTTP/1.1" 200 1744 "-" "Mozilla/5.0 AppleWebKit/537.36 (KHTML, like Gecko; compatible; ClaudeBot/1.0; +claudebot@anthropic.com)"
37.187.89.104 - - [13/Jan/2025:20:48:57 -0500] "GET /public/tour/easter-in-la-campagne-tropicana-205k?lokasie=/home/wavevlvu/mail/.contact@diixadigital_com/maildirsize&loknya=/home/wavevlvu/mail/.contact@diixadigital_com HTTP/1.1" 200 1922 "-" "Mozilla/5.0 (compatible; MJ12bot/v1.4.8; http://mj12bot.com/)"
17.241.219.97 - - [13/Jan/2025:20:48:58 -0500] "GET /public/space/miniflat-shortlet-in-lekki-phase-1?lokasie=/lib64/libauthselect.so.3.1.1&loknya=/lib64 HTTP/1.1" 200 1954 "-" "Mozilla/5.0 (Macintosh; Intel Mac OS X 10_15_7) AppleWebKit/605.1.15 (KHTML, like Gecko) Version/17.4 Safari/605.1.15 (Applebot/0.1; +http://www.apple.com/go/applebot)"
3.12.71.211 - - [13/Jan/2025:20:48:58 -0500] "GET /public/index.php?lokasie=%2Fhome%2Fwavevlvu%2Fbook24.ng%2Fvendor%2Fdoctrine%2Fdeprecations%2F%2F.gitignore&loknya=%2Fhome%2Fwavevlvu%2Fbook24.ng%2Fvendor%2Fdoctrine%2Fdeprecations%2F HTTP/1.1" 200 1811 "-" "Mozilla/5.0 AppleWebKit/537.36 (KHTML, like Gecko; compatible; ClaudeBot/1.0; +claudebot@anthropic.com)"
3.14.144.56 - - [13/Jan/2025:20:48:59 -0500] "GET /public/page/become-an-affiliate?lokasie=%2Fopt%2Falt%2Fopenssl%2Fshare%2Fman%2Fman3%2FX509_VERIFY_PARAM_set_time.3ssl&loknya=%2Fopt%2Falt%2Fopenssl%2Fshare%2Fman%2Fman3 HTTP/1.1" 200 7862 "-" "Mozilla/5.0 AppleWebKit/537.36 (KHTML, like Gecko; compatible; ClaudeBot/1.0; +claudebot@anthropic.com)"
94.23.203.86 - - [13/Jan/2025:20:49:00 -0500] "GET /public/profile/55?lokasie=/home/wavevlvu/blog.diixadigital.com/wp-content/themes/twentytwentyfive/assets/images/grid-flower-2.webp&loknya=/home/wavevlvu/blog.diixadigital.com/wp-content/themes/twentytwentyfive/assets/images HTTP/1.1" 200 1821 "-" "Mozilla/5.0 (compatible; MJ12bot/v1.4.8; http://mj12bot.com/)"
17.241.75.110 - - [13/Jan/2025:20:49:01 -0500] "GET /public/profile/60/services?loknya=/home/wavevlvu/book24.ng/public/libs/leaflet1.4.0 HTTP/1.1" 200 2969 "-" "Mozilla/5.0 (Macintosh; Intel Mac OS X 10_15_7) AppleWebKit/605.1.15 (KHTML, like Gecko) Version/17.4 Safari/605.1.15 (Applebot/0.1; +http://www.apple.com/go/applebot)"
37.187.89.104 - - [13/Jan/2025:20:49:02 -0500] "GET /public/tour/easter-in-la-campagne-tropicana-205k?lokasie=/home/wavevlvu/mail/.contact@diixadigital_com/subscriptions&loknya=/home/wavevlvu/mail/.contact@diixadigital_com HTTP/1.1" 200 1779 "-" "Mozilla/5.0 (compatible; MJ12bot/v1.4.8; http://mj12bot.com/)"
3.12.71.211 - - [13/Jan/2025:20:49:01 -0500] "GET /public/index.php/event/tenstrings-ones2watch-live-music-show?lokasie=%2Fhome%2Fwavevlvu%2Ftacafoundation.org%2Fwp-admin%2Fms-options.php&loknya=%2Fhome%2Fwavevlvu%2Ftacafoundation.org%2Fwp-admin HTTP/1.1" 200 1905 "-" "Mozilla/5.0 AppleWebKit/537.36 (KHTML, like Gecko; compatible; ClaudeBot/1.0; +claudebot@anthropic.com)"
94.23.203.86 - - [13/Jan/2025:20:49:04 -0500] "GET /public/profile/55?lokasie=/home/wavevlvu/blog.diixadigital.com/wp-content/themes/twentytwentyfive/assets/images/hero-podcast.webp&loknya=/home/wavevlvu/blog.diixadigital.com/wp-content/themes/twentytwentyfive/assets/images HTTP/1.1" 200 1819 "-" "Mozilla/5.0 (compatible; MJ12bot/v1.4.8; http://mj12bot.com/)"
17.241.227.170 - - [13/Jan/2025:20:49:05 -0500] "GET /public/profile/60?lokasie=/home/wavevlvu/book24.ng/admin/index.php&loknya=/home/wavevlvu/book24.ng/admin HTTP/1.1" 200 2497 "-" "Mozilla/5.0 (Macintosh; Intel Mac OS X 10_15_7) AppleWebKit/605.1.15 (KHTML, like Gecko) Version/17.4 Safari/605.1.15 (Applebot/0.1; +http://www.apple.com/go/applebot)"
37.187.89.104 - - [13/Jan/2025:20:49:07 -0500] "GET /public/tour/easter-in-la-campagne-tropicana-205k?lokasie=/home/wavevlvu/mail/.contribute@diixadigital_com/dovecot-quota&loknya=/home/wavevlvu/mail/.contribute@diixadigital_com HTTP/1.1" 200 1804 "-" "Mozilla/5.0 (compatible; MJ12bot/v1.4.8; http://mj12bot.com/)"
94.23.203.86 - - [13/Jan/2025:20:49:09 -0500] "GET /public/profile/55?lokasie=/home/wavevlvu/blog.diixadigital.com/wp-content/themes/twentytwentyfive/assets/images/link-in-bio-background.webp&loknya=/home/wavevlvu/blog.diixadigital.com/wp-content/themes/twentytwentyfive/assets/images HTTP/1.1" 200 1822 "-" "Mozilla/5.0 (compatible; MJ12bot/v1.4.8; http://mj12bot.com/)"
17.241.219.16 - - [13/Jan/2025:20:49:11 -0500] "GET /public/profile/book24/services?lokasie=/home/wavevlvu/wavestudioz.com/wp-includes/pluggable-deprecated.php&loknya=/home/wavevlvu/wavestudioz.com/wp-includes HTTP/1.1" 200 4097 "-" "Mozilla/5.0 (Macintosh; Intel Mac OS X 10_15_7) AppleWebKit/605.1.15 (KHTML, like Gecko) Version/17.4 Safari/605.1.15 (Applebot/0.1; +http://www.apple.com/go/applebot)"
37.187.89.104 - - [13/Jan/2025:20:49:12 -0500] "GET /public/tour/easter-in-la-campagne-tropicana-205k?lokasie=/home/wavevlvu/mail/.contribute@diixadigital_com/dovecot-uidlist&loknya=/home/wavevlvu/mail/.contribute@diixadigital_com HTTP/1.1" 200 1854 "-" "Mozilla/5.0 (compatible; MJ12bot/v1.4.8; http://mj12bot.com/)"
17.241.219.141 - - [13/Jan/2025:20:49:12 -0500] "GET /public/profile/book24admin/services?loknya=/usr/local/share HTTP/1.1" 200 2415 "-" "Mozilla/5.0 (Macintosh; Intel Mac OS X 10_15_7) AppleWebKit/605.1.15 (KHTML, like Gecko) Version/17.4 Safari/605.1.15 (Applebot/0.1; +http://www.apple.com/go/applebot)"
94.23.203.86 - - [13/Jan/2025:20:49:14 -0500] "GET /public/profile/55?lokasie=/home/wavevlvu/blog.diixadigital.com/wp-content/themes/twentytwentyfive/assets/images/link-in-bio-image.webp&loknya=/home/wavevlvu/blog.diixadigital.com/wp-content/themes/twentytwentyfive/assets/images HTTP/1.1" 200 1822 "-" "Mozilla/5.0 (compatible; MJ12bot/v1.4.8; http://mj12bot.com/)"
37.187.89.104 - - [13/Jan/2025:20:49:16 -0500] "GET /public/tour/easter-in-la-campagne-tropicana-205k?lokasie=/home/wavevlvu/mail/.contribute@diixadigital_com/dovecot-uidvalidity&loknya=/home/wavevlvu/mail/.contribute@diixadigital_com HTTP/1.1" 200 1787 "-" "Mozilla/5.0 (compatible; MJ12bot/v1.4.8; http://mj12bot.com/)"
94.23.203.86 - - [13/Jan/2025:20:49:18 -0500] "GET /public/profile/55?lokasie=/home/wavevlvu/blog.diixadigital.com/wp-content/themes/twentytwentyfive/assets/images/location.webp&loknya=/home/wavevlvu/blog.diixadigital.com/wp-content/themes/twentytwentyfive/assets/images HTTP/1.1" 200 1814 "-" "Mozilla/5.0 (compatible; MJ12bot/v1.4.8; http://mj12bot.com/)"
37.187.89.104 - - [13/Jan/2025:20:49:21 -0500] "GET /public/tour/easter-in-la-campagne-tropicana-205k?lokasie=/home/wavevlvu/mail/.contribute@diixadigital_com/dovecot-uidvalidity.660d6ade&loknya=/home/wavevlvu/mail/.contribute@diixadigital_com HTTP/1.1" 200 1784 "-" "Mozilla/5.0 (compatible; MJ12bot/v1.4.8; http://mj12bot.com/)"
94.23.203.86 - - [13/Jan/2025:20:49:23 -0500] "GET /public/profile/55?lokasie=/home/wavevlvu/blog.diixadigital.com/wp-content/themes/twentytwentyfive/assets/images/malibu-plantlife.webp&loknya=/home/wavevlvu/blog.diixadigital.com/wp-content/themes/twentytwentyfive/assets/images HTTP/1.1" 200 1823 "-" "Mozilla/5.0 (compatible; MJ12bot/v1.4.8; http://mj12bot.com/)"
37.187.89.104 - - [13/Jan/2025:20:49:26 -0500] "GET /public/tour/easter-in-la-campagne-tropicana-205k?lokasie=/home/wavevlvu/mail/.contribute@diixadigital_com/dovecot.index.cache&loknya=/home/wavevlvu/mail/.contribute@diixadigital_com HTTP/1.1" 200 1777 "-" "Mozilla/5.0 (compatible; MJ12bot/v1.4.8; http://mj12bot.com/)"
94.23.203.86 - - [13/Jan/2025:20:49:27 -0500] "GET /public/profile/55?lokasie=/home/wavevlvu/blog.diixadigital.com/wp-content/themes/twentytwentyfive/assets/images/man-in-hat.webp&loknya=/home/wavevlvu/blog.diixadigital.com/wp-content/themes/twentytwentyfive/assets/images HTTP/1.1" 200 1818 "-" "Mozilla/5.0 (compatible; MJ12bot/v1.4.8; http://mj12bot.com/)"
94.23.203.86 - - [13/Jan/2025:20:49:32 -0500] "GET /public/profile/55?lokasie=/home/wavevlvu/blog.diixadigital.com/wp-content/themes/twentytwentyfive/assets/images/marshland-birds-square.webp&loknya=/home/wavevlvu/blog.diixadigital.com/wp-content/themes/twentytwentyfive/assets/images HTTP/1.1" 200 1558 "-" "Mozilla/5.0 (compatible; MJ12bot/v1.4.8; http://mj12bot.com/)"
18.118.19.247 - - [13/Jan/2025:20:49:31 -0500] "GET /public/index.php/login?lokasie=%2Fvar%2Fsoftaculous%2Fops%2Fphp53%2Fedit.php&loknya=%2Fvar%2Fsoftaculous%2Fops%2Fphp53 HTTP/1.1" 200 4880 "-" "Mozilla/5.0 AppleWebKit/537.36 (KHTML, like Gecko; compatible; ClaudeBot/1.0; +claudebot@anthropic.com)"
