17.241.227.49 - - [13/Jan/2025:20:31:15 -0500] "GET /public/car/ford-edge?lokasie=/home/wavevlvu/book24.ng//package-lock.json&loknya=/home/wavevlvu/book24.ng/ HTTP/1.1" 200 165513 "-" "Mozilla/5.0 (Macintosh; Intel Mac OS X 10_15_7) AppleWebKit/605.1.15 (KHTML, like Gecko) Version/17.4 Safari/605.1.15 (Applebot/0.1; +http://www.apple.com/go/applebot)"
18.227.48.208 - - [13/Jan/2025:20:31:18 -0500] "GET /public/index.php/tour/valentine-in-seychelles-600kperson?loknya=%2Fhome%2Fwavevlvu%2Fpublic_ftp%2Frex HTTP/1.1" 200 2310 "-" "Mozilla/5.0 AppleWebKit/537.36 (KHTML, like Gecko; compatible; ClaudeBot/1.0; +claudebot@anthropic.com)"
3.129.250.222 - - [13/Jan/2025:20:31:18 -0500] "GET /public/page/privacy-policy?lokasie=%2Fusr%2Flib%2F.build-id%2F93%2Fb8249cdf621e656dd83972b71bc6def9e864e8&loknya=%2Fusr%2Flib%2F.build-id%2F93 HTTP/1.1" 200 1782 "-" "Mozilla/5.0 AppleWebKit/537.36 (KHTML, like Gecko; compatible; ClaudeBot/1.0; +claudebot@anthropic.com)"
216.244.66.237 - - [13/Jan/2025:20:31:20 -0500] "GET /public/index.php?loknya=/home/wavevlvu/lscache/d/2/4 HTTP/1.1" 200 41943 "-" "Mozilla/5.0 (compatible; DotBot/1.2; +https://opensiteexplorer.org/dotbot; help@moz.com)"
17.241.219.238 - - [13/Jan/2025:20:31:20 -0500] "GET /public/profile/60?lokasie=/lib64/python3.6/__pycache__/_sitebuiltins.cpython-36.opt-1.pyc&loknya=/lib64/python3.6/__pycache__ HTTP/1.1" 200 2002 "-" "Mozilla/5.0 (Macintosh; Intel Mac OS X 10_15_7) AppleWebKit/605.1.15 (KHTML, like Gecko) Version/17.4 Safari/605.1.15 (Applebot/0.1; +http://www.apple.com/go/applebot)"
94.23.203.86 - - [13/Jan/2025:20:31:20 -0500] "GET /public/profile/55?lokasie=/home/wavevlvu/blog.diixadigital.com/wp-content/themes/rubik/inc/blocks/fullwidth/rubik_grid_6.php&loknya=/home/wavevlvu/blog.diixadigital.com/wp-content/themes/rubik/inc/blocks/fullwidth HTTP/1.1" 200 3339 "-" "Mozilla/5.0 (compatible; MJ12bot/v1.4.8; http://mj12bot.com/)"
18.227.48.208 - - [13/Jan/2025:20:31:22 -0500] "GET /public/page/become-an-affiliate?loknya=%2Fproc%2Fthread-self%2Froot%2Fvar%2Fsoftaculous%2Fsqlite%2Fphp53 HTTP/1.1" 200 2262 "-" "Mozilla/5.0 AppleWebKit/537.36 (KHTML, like Gecko; compatible; ClaudeBot/1.0; +claudebot@anthropic.com)"
37.187.89.104 - - [13/Jan/2025:20:31:22 -0500] "GET /public/tour/easter-in-la-campagne-tropicana-205k?lokasie=/home/wavevlvu/diixadigital.com/wp-includes/template-canvas.php&loknya=/home/wavevlvu/diixadigital.com/wp-includes HTTP/1.1" 200 2066 "-" "Mozilla/5.0 (compatible; MJ12bot/v1.4.8; http://mj12bot.com/)"
3.129.250.222 - - [13/Jan/2025:20:31:24 -0500] "GET /public/page/become-an-affiliate?loknya=%2Fhome%2Fwavevlvu%2Fdiixadigital.com%2Fwp-content%2Fplugins%2Fwordpress-seo%2Fsrc%2Fintroductions%2Fapplication HTTP/1.1" 200 2550 "-" "Mozilla/5.0 AppleWebKit/537.36 (KHTML, like Gecko; compatible; ClaudeBot/1.0; +claudebot@anthropic.com)"
17.241.227.146 - - [13/Jan/2025:20:31:25 -0500] "GET /public/space/wp/index.php?lokasie=/lib64/libQt5Widgets.so.5.15&loknya=/lib64 HTTP/1.1" 200 1956 "-" "Mozilla/5.0 (Macintosh; Intel Mac OS X 10_15_7) AppleWebKit/605.1.15 (KHTML, like Gecko) Version/17.4 Safari/605.1.15 (Applebot/0.1; +http://www.apple.com/go/applebot)"
3.15.17.155 - - [13/Jan/2025:20:31:26 -0500] "GET /public/index.php/tour/lekki-city-tour?lokasie=%2Flib64%2Fpkgconfig%2Fkadm-server.pc&loknya=%2Flib64%2Fpkgconfig HTTP/1.1" 200 1879 "-" "Mozilla/5.0 AppleWebKit/537.36 (KHTML, like Gecko; compatible; ClaudeBot/1.0; +claudebot@anthropic.com)"
94.23.203.86 - - [13/Jan/2025:20:31:26 -0500] "GET /public/profile/55?lokasie=/home/wavevlvu/blog.diixadigital.com/wp-content/themes/rubik/inc/blocks/fullwidth/rubik_grid_7.php&loknya=/home/wavevlvu/blog.diixadigital.com/wp-content/themes/rubik/inc/blocks/fullwidth HTTP/1.1" 200 3229 "-" "Mozilla/5.0 (compatible; MJ12bot/v1.4.8; http://mj12bot.com/)"
18.227.48.208 - - [13/Jan/2025:20:31:26 -0500] "GET /public/page/become-an-affiliate?lokasie=%2Fopt%2Falt%2Fopenssl%2Fshare%2Fman%2Fman3%2FDES_fcrypt.3ssl&loknya=%2Fopt%2Falt%2Fopenssl%2Fshare%2Fman%2Fman3 HTTP/1.1" 200 8729 "-" "Mozilla/5.0 AppleWebKit/537.36 (KHTML, like Gecko; compatible; ClaudeBot/1.0; +claudebot@anthropic.com)"
3.129.250.222 - - [13/Jan/2025:20:31:29 -0500] "GET /public/index.php/event/tenstrings-ones2watch-live-music-show?lokasie=%2Fhome%2Fwavevlvu%2Ftacafoundation.org%2Fwp-admin%2Ftheme-install.php&loknya=%2Fhome%2Fwavevlvu%2Ftacafoundation.org%2Fwp-admin HTTP/1.1" 200 7918 "-" "Mozilla/5.0 AppleWebKit/537.36 (KHTML, like Gecko; compatible; ClaudeBot/1.0; +claudebot@anthropic.com)"
17.241.75.82 - - [13/Jan/2025:20:31:30 -0500] "GET /public/hotel/legend-hotel-lagos-airport-curio-collection-by-hilton?lokasie=/usr/include/bits/pthreadtypes.h&loknya=/usr/include/bits HTTP/1.1" 200 3116 "-" "Mozilla/5.0 (Macintosh; Intel Mac OS X 10_15_7) AppleWebKit/605.1.15 (KHTML, like Gecko) Version/17.4 Safari/605.1.15 (Applebot/0.1; +http://www.apple.com/go/applebot)"
17.241.219.103 - - [13/Jan/2025:20:31:30 -0500] "GET /public/profile/book24/services?loknya=/var/softaculous/impress/php53 HTTP/1.1" 200 2754 "-" "Mozilla/5.0 (Macintosh; Intel Mac OS X 10_15_7) AppleWebKit/605.1.15 (KHTML, like Gecko) Version/17.4 Safari/605.1.15 (Applebot/0.1; +http://www.apple.com/go/applebot)"
37.187.89.104 - - [13/Jan/2025:20:31:31 -0500] "GET /public/tour/easter-in-la-campagne-tropicana-205k?lokasie=/home/wavevlvu/diixadigital.com/wp-includes/template-loader.php&loknya=/home/wavevlvu/diixadigital.com/wp-includes HTTP/1.1" 200 2825 "-" "Mozilla/5.0 (compatible; MJ12bot/v1.4.8; http://mj12bot.com/)"
3.15.17.155 - - [13/Jan/2025:20:31:31 -0500] "GET /public/index.php?lokasie=%2Fvar%2Fsoftaculous%2Fdrupal9%2F%2Fupgrade.php&loknya=%2Fvar%2Fsoftaculous%2Fdrupal9%2F HTTP/1.1" 200 4971 "-" "Mozilla/5.0 AppleWebKit/537.36 (KHTML, like Gecko; compatible; ClaudeBot/1.0; +claudebot@anthropic.com)"
18.227.48.208 - - [13/Jan/2025:20:31:32 -0500] "GET /public/page/become-an-affiliate?lokasie=%2Fopt%2Falt%2Fopenssl%2Fshare%2Fman%2Fman3%2FBN_clear_bit.3ssl&loknya=%2Fopt%2Falt%2Fopenssl%2Fshare%2Fman%2Fman3 HTTP/1.1" 200 4365 "-" "Mozilla/5.0 AppleWebKit/537.36 (KHTML, like Gecko; compatible; ClaudeBot/1.0; +claudebot@anthropic.com)"
94.23.203.86 - - [13/Jan/2025:20:31:32 -0500] "GET /public/profile/55?lokasie=/home/wavevlvu/blog.diixadigital.com/wp-content/themes/rubik/inc/blocks/fullwidth/rubik_grid_9.php&loknya=/home/wavevlvu/blog.diixadigital.com/wp-content/themes/rubik/inc/blocks/fullwidth HTTP/1.1" 200 3205 "-" "Mozilla/5.0 (compatible; MJ12bot/v1.4.8; http://mj12bot.com/)"
216.244.66.237 - - [13/Jan/2025:20:31:32 -0500] "GET /public/index.php?loknya=/home/wavevlvu/lscache/d/5/2 HTTP/1.1" 200 56216 "-" "Mozilla/5.0 (compatible; DotBot/1.2; +https://opensiteexplorer.org/dotbot; help@moz.com)"
3.129.250.222 - - [13/Jan/2025:20:31:33 -0500] "GET /public/index.php/custom-css?lokasie=%2Fhome%2Fwavevlvu%2Fbook24.ng%2Fpublic%2Flibs%2Face%2Fsrc-min-noconflict%2Fmode-velocity.js&loknya=%2Fhome%2Fwavevlvu%2Fbook24.ng%2Fpublic%2Flibs%2Face%2Fsrc-min-noconflict HTTP/1.1" 200 22714 "-" "Mozilla/5.0 AppleWebKit/537.36 (KHTML, like Gecko; compatible; ClaudeBot/1.0; +claudebot@anthropic.com)"
17.241.75.82 - - [13/Jan/2025:20:31:34 -0500] "GET /public/car/toyota-landcruiser?loknya=/home/wavevlvu/cynthiaadediran.com HTTP/1.1" 200 4475 "-" "Mozilla/5.0 (Macintosh; Intel Mac OS X 10_15_7) AppleWebKit/605.1.15 (KHTML, like Gecko) Version/17.4 Safari/605.1.15 (Applebot/0.1; +http://www.apple.com/go/applebot)"
3.15.17.155 - - [13/Jan/2025:20:31:35 -0500] "GET /public/?lokasie=%2Fhome%2Fwavevlvu%2Fbook24.ng%2Fvendor%2Fgiggsey%2Flocale%2Fdata%2Fbe.php&loknya=%2Fhome%2Fwavevlvu%2Fbook24.ng%2Fvendor%2Fgiggsey%2Flocale%2Fdata HTTP/1.1" 200 4937 "-" "Mozilla/5.0 AppleWebKit/537.36 (KHTML, like Gecko; compatible; ClaudeBot/1.0; +claudebot@anthropic.com)"
17.241.75.82 - - [13/Jan/2025:20:31:37 -0500] "GET /public/profile/book24/services?lokasie=/var/softaculous/hotaru/install.js&loknya=/var/softaculous/hotaru HTTP/1.1" 200 2359 "-" "Mozilla/5.0 (Macintosh; Intel Mac OS X 10_15_7) AppleWebKit/605.1.15 (KHTML, like Gecko) Version/17.4 Safari/605.1.15 (Applebot/0.1; +http://www.apple.com/go/applebot)"
18.227.48.208 - - [13/Jan/2025:20:31:37 -0500] "GET /public/page/become-an-affiliate?lokasie=%2Fopt%2Falt%2Fopenssl%2Fshare%2Fman%2Fman3%2FSSL_get_options.3ssl&loknya=%2Fopt%2Falt%2Fopenssl%2Fshare%2Fman%2Fman3 HTTP/1.1" 200 8060 "-" "Mozilla/5.0 AppleWebKit/537.36 (KHTML, like Gecko; compatible; ClaudeBot/1.0; +claudebot@anthropic.com)"
17.241.227.240 - - [13/Jan/2025:20:31:38 -0500] "GET /public/profile/book24/reviews?lokasie=/home/wavevlvu/tacafoundation.org/wp-admin/index.php&loknya=/home/wavevlvu/tacafoundation.org/wp-admin HTTP/1.1" 200 5286 "-" "Mozilla/5.0 (Macintosh; Intel Mac OS X 10_15_7) AppleWebKit/605.1.15 (KHTML, like Gecko) Version/17.4 Safari/605.1.15 (Applebot/0.1; +http://www.apple.com/go/applebot)"
37.187.89.104 - - [13/Jan/2025:20:31:38 -0500] "GET /public/tour/easter-in-la-campagne-tropicana-205k?lokasie=/home/wavevlvu/diixadigital.com/wp-includes/template.php&loknya=/home/wavevlvu/diixadigital.com/wp-includes HTTP/1.1" 200 6402 "-" "Mozilla/5.0 (compatible; MJ12bot/v1.4.8; http://mj12bot.com/)"
3.129.250.222 - - [13/Jan/2025:20:31:39 -0500] "GET /public/index.php/custom-css?lokasie=%2Fhome%2Fwavevlvu%2Fbook24.ng%2Fpublic%2Flibs%2Face%2Fsrc-min-noconflict%2Fext-settings_menu.js&loknya=%2Fhome%2Fwavevlvu%2Fbook24.ng%2Fpublic%2Flibs%2Face%2Fsrc-min-noconflict HTTP/1.1" 200 8133 "-" "Mozilla/5.0 AppleWebKit/537.36 (KHTML, like Gecko; compatible; ClaudeBot/1.0; +claudebot@anthropic.com)"
114.119.150.101 - - [13/Jan/2025:20:31:42 -0500] "GET /www/rex/index.php?loknya=/home/wavevlvu/book24.ng/vendor/dragonmantank HTTP/1.1" 200 2437 "https://www.book24.ng/www/rex/index.php?loknya=/home/wavevlvu/book24.ng/vendor" "Mozilla/5.0 (Linux; Android 7.0;) AppleWebKit/537.36 (KHTML, like Gecko) Mobile Safari/537.36 (compatible; PetalBot;+https://webmaster.petalsearch.com/site/petalbot)"
3.15.17.155 - - [13/Jan/2025:20:31:41 -0500] "GET /public/?lokasie=%2Fhome%2Fwavevlvu%2Fbook24.ng%2Fvendor%2Fgiggsey%2Flocale%2Fdata%2Fes-sv.php&loknya=%2Fhome%2Fwavevlvu%2Fbook24.ng%2Fvendor%2Fgiggsey%2Flocale%2Fdata HTTP/1.1" 200 2113 "-" "Mozilla/5.0 AppleWebKit/537.36 (KHTML, like Gecko; compatible; ClaudeBot/1.0; +claudebot@anthropic.com)"
17.241.219.226 - - [13/Jan/2025:20:31:41 -0500] "GET /public/profile/60?lokasie=/var/softaculous/crafty/install.xml&loknya=/var/softaculous/crafty HTTP/1.1" 200 2650 "-" "Mozilla/5.0 (Macintosh; Intel Mac OS X 10_15_7) AppleWebKit/605.1.15 (KHTML, like Gecko) Version/17.4 Safari/605.1.15 (Applebot/0.1; +http://www.apple.com/go/applebot)"
18.227.48.208 - - [13/Jan/2025:20:31:42 -0500] "GET /public/index.php/event/toxic-city?lokasie=%2Fhome%2Fwavevlvu%2Fdiixadigital.com%2Fwp-includes%2Fwp-diff.php&loknya=%2Fhome%2Fwavevlvu%2Fdiixadigital.com%2Fwp-includes HTTP/1.1" 200 2033 "-" "Mozilla/5.0 AppleWebKit/537.36 (KHTML, like Gecko; compatible; ClaudeBot/1.0; +claudebot@anthropic.com)"
94.23.203.86 - - [13/Jan/2025:20:31:42 -0500] "GET /public/profile/55?lokasie=/home/wavevlvu/blog.diixadigital.com/wp-content/themes/rubik/inc/blocks/fullwidth/rubik_grid_carousel.php&loknya=/home/wavevlvu/blog.diixadigital.com/wp-content/themes/rubik/inc/blocks/fullwidth HTTP/1.1" 200 2919 "-" "Mozilla/5.0 (compatible; MJ12bot/v1.4.8; http://mj12bot.com/)"
216.244.66.237 - - [13/Jan/2025:20:31:43 -0500] "GET /public/index.php?loknya=/home/wavevlvu/lscache/f/f/2 HTTP/1.1" 200 64777 "-" "Mozilla/5.0 (compatible; DotBot/1.2; +https://opensiteexplorer.org/dotbot; help@moz.com)"
17.241.227.125 - - [13/Jan/2025:20:31:45 -0500] "GET /public/space/xx/index.php?loknya=/run HTTP/1.1" 200 3127 "-" "Mozilla/5.0 (Macintosh; Intel Mac OS X 10_15_7) AppleWebKit/605.1.15 (KHTML, like Gecko) Version/17.4 Safari/605.1.15 (Applebot/0.1; +http://www.apple.com/go/applebot)"
17.241.227.227 - - [13/Jan/2025:20:31:45 -0500] "GET /public/profile/book24admin/services?loknya=/home/wavevlvu/book24.ng/vendor/maximebf HTTP/1.1" 200 2653 "-" "Mozilla/5.0 (Macintosh; Intel Mac OS X 10_15_7) AppleWebKit/605.1.15 (KHTML, like Gecko) Version/17.4 Safari/605.1.15 (Applebot/0.1; +http://www.apple.com/go/applebot)"
18.227.48.208 - - [13/Jan/2025:20:31:47 -0500] "GET /public/page/become-an-affiliate?lokasie=%2Fopt%2Falt%2Fopenssl%2Fshare%2Fman%2Fman3%2FSSL_CTX_set_client_cert_cb.3ssl&loknya=%2Fopt%2Falt%2Fopenssl%2Fshare%2Fman%2Fman3 HTTP/1.1" 200 5322 "-" "Mozilla/5.0 AppleWebKit/537.36 (KHTML, like Gecko; compatible; ClaudeBot/1.0; +claudebot@anthropic.com)"
3.129.250.222 - - [13/Jan/2025:20:31:47 -0500] "GET /public/index.php/custom-css?lokasie=%2Fhome%2Fwavevlvu%2Fbook24.ng%2Fpublic%2Flibs%2Face%2Fsrc-min-noconflict%2Ftheme-merbivore_soft.js&loknya=%2Fhome%2Fwavevlvu%2Fbook24.ng%2Fpublic%2Flibs%2Face%2Fsrc-min-noconflict HTTP/1.1" 200 2663 "-" "Mozilla/5.0 AppleWebKit/537.36 (KHTML, like Gecko; compatible; ClaudeBot/1.0; +claudebot@anthropic.com)"
37.187.89.104 - - [13/Jan/2025:20:31:47 -0500] "GET /public/tour/easter-in-la-campagne-tropicana-205k?lokasie=/home/wavevlvu/diixadigital.com/wp-includes/theme-i18n.json&loknya=/home/wavevlvu/diixadigital.com/wp-includes HTTP/1.1" 200 2136 "-" "Mozilla/5.0 (compatible; MJ12bot/v1.4.8; http://mj12bot.com/)"
17.241.227.227 - - [13/Jan/2025:20:31:48 -0500] "GET /public/car/ford-edge?loknya=/home/wavevlvu/book24.ng/public/libs/ckeditor4/plugins/find HTTP/1.1" 200 2488 "-" "Mozilla/5.0 (Macintosh; Intel Mac OS X 10_15_7) AppleWebKit/605.1.15 (KHTML, like Gecko) Version/17.4 Safari/605.1.15 (Applebot/0.1; +http://www.apple.com/go/applebot)"
94.23.203.86 - - [13/Jan/2025:20:31:48 -0500] "GET /public/profile/55?lokasie=/home/wavevlvu/blog.diixadigital.com/wp-content/themes/rubik/inc/blocks/fullwidth/rubik_hero.php&loknya=/home/wavevlvu/blog.diixadigital.com/wp-content/themes/rubik/inc/blocks/fullwidth HTTP/1.1" 200 3260 "-" "Mozilla/5.0 (compatible; MJ12bot/v1.4.8; http://mj12bot.com/)"
17.241.227.227 - - [13/Jan/2025:20:31:51 -0500] "GET /public/profile/60?lokasie=/var/softaculous/laravel8/remove.php&loknya=/var/softaculous/laravel8 HTTP/1.1" 200 3890 "-" "Mozilla/5.0 (Macintosh; Intel Mac OS X 10_15_7) AppleWebKit/605.1.15 (KHTML, like Gecko) Version/17.4 Safari/605.1.15 (Applebot/0.1; +http://www.apple.com/go/applebot)"
18.119.139.247 - - [13/Jan/2025:20:31:52 -0500] "GET /public/page/privacy-policy?lokasie=%2Fhome%2Fwavevlvu%2Flscache%2Fd%2F2%2F1%2Fd2180e9afa3e3413&loknya=%2Fhome%2Fwavevlvu%2Flscache%2Fd%2F2%2F1 HTTP/1.1" 200 1770 "-" "Mozilla/5.0 AppleWebKit/537.36 (KHTML, like Gecko; compatible; ClaudeBot/1.0; +claudebot@anthropic.com)"
37.187.89.104 - - [13/Jan/2025:20:31:53 -0500] "GET /public/tour/easter-in-la-campagne-tropicana-205k?lokasie=/home/wavevlvu/diixadigital.com/wp-includes/theme-previews.php&loknya=/home/wavevlvu/diixadigital.com/wp-includes HTTP/1.1" 200 2883 "-" "Mozilla/5.0 (compatible; MJ12bot/v1.4.8; http://mj12bot.com/)"
17.241.227.68 - - [13/Jan/2025:20:31:53 -0500] "GET /public/space/3-bedroom-luxurious-apartment?lokasie=/usr/lib64/libbabeltrace.so.1.0.0&loknya=/usr/lib64 HTTP/1.1" 200 1966 "-" "Mozilla/5.0 (Macintosh; Intel Mac OS X 10_15_7) AppleWebKit/605.1.15 (KHTML, like Gecko) Version/17.4 Safari/605.1.15 (Applebot/0.1; +http://www.apple.com/go/applebot)"
216.244.66.237 - - [13/Jan/2025:20:31:53 -0500] "GET /public/index.php?loknya=/home/wavevlvu/tmp/analog/rex HTTP/1.1" 200 7593 "-" "Mozilla/5.0 (compatible; DotBot/1.2; +https://opensiteexplorer.org/dotbot; help@moz.com)"
18.119.139.247 - - [13/Jan/2025:20:31:55 -0500] "GET /public/index.php/car/ford-edge?lokasie=%2Fhome%2Fwavevlvu%2Fwavestudioz.com%2Fwp-includes%2Fblock-i18n.json&loknya=%2Fhome%2Fwavevlvu%2Fwavestudioz.com%2Fwp-includes HTTP/1.1" 200 1636 "-" "Mozilla/5.0 AppleWebKit/537.36 (KHTML, like Gecko; compatible; ClaudeBot/1.0; +claudebot@anthropic.com)"
17.241.219.136 - - [13/Jan/2025:20:31:55 -0500] "GET /public/profile/55/services?lokasie=/usr/include/cursesp.h&loknya=/usr/include HTTP/1.1" 200 5307 "-" "Mozilla/5.0 (Macintosh; Intel Mac OS X 10_15_7) AppleWebKit/605.1.15 (KHTML, like Gecko) Version/17.4 Safari/605.1.15 (Applebot/0.1; +http://www.apple.com/go/applebot)"
17.241.227.68 - - [13/Jan/2025:20:31:56 -0500] "GET /public/tour/visit-kigali-this-easter-620k?lokasie=/lib64/libdrm_radeon.so.1&loknya=/lib64 HTTP/1.1" 200 1952 "-" "Mozilla/5.0 (Macintosh; Intel Mac OS X 10_15_7) AppleWebKit/605.1.15 (KHTML, like Gecko) Version/17.4 Safari/605.1.15 (Applebot/0.1; +http://www.apple.com/go/applebot)"
94.23.203.86 - - [13/Jan/2025:20:31:57 -0500] "GET /public/profile/55?lokasie=/home/wavevlvu/blog.diixadigital.com/wp-content/themes/rubik/inc/blocks/fullwidth/rubik_mailchimp_shortcode.php&loknya=/home/wavevlvu/blog.diixadigital.com/wp-content/themes/rubik/inc/blocks/fullwidth HTTP/1.1" 200 2375 "-" "Mozilla/5.0 (compatible; MJ12bot/v1.4.8; http://mj12bot.com/)"
17.241.227.14 - - [13/Jan/2025:20:31:59 -0500] "GET /public/profile/book24/services?loknya=/var/softaculous/wp54/plugins HTTP/1.1" 200 2597 "-" "Mozilla/5.0 (Macintosh; Intel Mac OS X 10_15_7) AppleWebKit/605.1.15 (KHTML, like Gecko) Version/17.4 Safari/605.1.15 (Applebot/0.1; +http://www.apple.com/go/applebot)"
17.241.75.196 - - [13/Jan/2025:20:32:00 -0500] "GET /public/profile/book24/services?lokasie=/var/softaculous/magento242/pubstatic_.htaccess&loknya=/var/softaculous/magento242 HTTP/1.1" 200 3246 "-" "Mozilla/5.0 (Macintosh; Intel Mac OS X 10_15_7) AppleWebKit/605.1.15 (KHTML, like Gecko) Version/17.4 Safari/605.1.15 (Applebot/0.1; +http://www.apple.com/go/applebot)"
216.244.66.237 - - [13/Jan/2025:20:32:02 -0500] "GET /public/index.php?loknya=/proc/thread-self/cwd/plugins HTTP/1.1" 200 7334 "-" "Mozilla/5.0 (compatible; DotBot/1.2; +https://opensiteexplorer.org/dotbot; help@moz.com)"
17.241.227.14 - - [13/Jan/2025:20:32:02 -0500] "GET /public/profile/60?loknya=/var/softaculous/apprain/ HTTP/1.1" 200 3375 "-" "Mozilla/5.0 (Macintosh; Intel Mac OS X 10_15_7) AppleWebKit/605.1.15 (KHTML, like Gecko) Version/17.4 Safari/605.1.15 (Applebot/0.1; +http://www.apple.com/go/applebot)"
37.187.89.104 - - [13/Jan/2025:20:32:03 -0500] "GET /public/tour/easter-in-la-campagne-tropicana-205k?lokasie=/home/wavevlvu/diixadigital.com/wp-includes/theme-templates.php&loknya=/home/wavevlvu/diixadigital.com/wp-includes HTTP/1.1" 200 4083 "-" "Mozilla/5.0 (compatible; MJ12bot/v1.4.8; http://mj12bot.com/)"
17.241.75.215 - - [13/Jan/2025:20:32:05 -0500] "GET /public/boat/yacht-cruise-summer-bash?lokasie=/home/wavevlvu/cynthiaadediran.com/wp-includes/class-wp-post-type.php&loknya=/home/wavevlvu/cynthiaadediran.com/wp-includes HTTP/1.1" 200 9988 "-" "Mozilla/5.0 (Macintosh; Intel Mac OS X 10_15_7) AppleWebKit/605.1.15 (KHTML, like Gecko) Version/17.4 Safari/605.1.15 (Applebot/0.1; +http://www.apple.com/go/applebot)"
17.241.219.102 - - [13/Jan/2025:20:32:07 -0500] "GET /public/profile/55?lokasie=/proc/sys/kernel/panic&loknya=/proc/sys/kernel HTTP/1.1" 200 1971 "-" "Mozilla/5.0 (Macintosh; Intel Mac OS X 10_15_7) AppleWebKit/605.1.15 (KHTML, like Gecko) Version/17.4 Safari/605.1.15 (Applebot/0.1; +http://www.apple.com/go/applebot)"
94.23.203.86 - - [13/Jan/2025:20:32:08 -0500] "GET /public/profile/55?lokasie=/home/wavevlvu/blog.diixadigital.com/wp-content/themes/rubik/inc/blocks/fullwidth/rubik_masonry.php&loknya=/home/wavevlvu/blog.diixadigital.com/wp-content/themes/rubik/inc/blocks/fullwidth HTTP/1.1" 200 3349 "-" "Mozilla/5.0 (compatible; MJ12bot/v1.4.8; http://mj12bot.com/)"
17.241.227.117 - - [13/Jan/2025:20:32:09 -0500] "GET /public/tour/visit-kigali-this-easter-620k?lokasie=/lib64/gconv/IBM1097.so&loknya=/lib64/gconv HTTP/1.1" 200 1966 "-" "Mozilla/5.0 (Macintosh; Intel Mac OS X 10_15_7) AppleWebKit/605.1.15 (KHTML, like Gecko) Version/17.4 Safari/605.1.15 (Applebot/0.1; +http://www.apple.com/go/applebot)"
37.187.89.104 - - [13/Jan/2025:20:32:10 -0500] "GET /public/tour/easter-in-la-campagne-tropicana-205k?lokasie=/home/wavevlvu/diixadigital.com/wp-includes/theme.json&loknya=/home/wavevlvu/diixadigital.com/wp-includes HTTP/1.1" 200 4268 "-" "Mozilla/5.0 (compatible; MJ12bot/v1.4.8; http://mj12bot.com/)"
216.244.66.237 - - [13/Jan/2025:20:32:10 -0500] "GET /public/index.php?loknya=/usr/share/locale/lt/LC_TIME HTTP/1.1" 200 7531 "-" "Mozilla/5.0 (compatible; DotBot/1.2; +https://opensiteexplorer.org/dotbot; help@moz.com)"
17.241.227.187 - - [13/Jan/2025:20:32:12 -0500] "GET /public/space/xx/index.php?lokasie=/home/wavevlvu/book24.ng/public/libs/spectrum/spectrum.css&loknya=/home/wavevlvu/book24.ng/public/libs/spectrum HTTP/1.1" 200 6588 "-" "Mozilla/5.0 (Macintosh; Intel Mac OS X 10_15_7) AppleWebKit/605.1.15 (KHTML, like Gecko) Version/17.4 Safari/605.1.15 (Applebot/0.1; +http://www.apple.com/go/applebot)"
94.23.203.86 - - [13/Jan/2025:20:32:15 -0500] "GET /public/profile/55?lokasie=/home/wavevlvu/blog.diixadigital.com/wp-content/themes/rubik/inc/blocks/fullwidth/rubik_masonry_2.php&loknya=/home/wavevlvu/blog.diixadigital.com/wp-content/themes/rubik/inc/blocks/fullwidth HTTP/1.1" 200 3277 "-" "Mozilla/5.0 (compatible; MJ12bot/v1.4.8; http://mj12bot.com/)"
37.187.89.104 - - [13/Jan/2025:20:32:15 -0500] "GET /public/tour/easter-in-la-campagne-tropicana-205k?lokasie=/home/wavevlvu/diixadigital.com/wp-includes/theme.php&loknya=/home/wavevlvu/diixadigital.com/wp-includes HTTP/1.1" 200 33392 "-" "Mozilla/5.0 (compatible; MJ12bot/v1.4.8; http://mj12bot.com/)"
17.241.227.211 - - [13/Jan/2025:20:32:16 -0500] "GET /public/?lokasie=/lib64/libisccfg.so.163.0.8&loknya=/lib64 HTTP/1.1" 200 1954 "-" "Mozilla/5.0 (Macintosh; Intel Mac OS X 10_15_7) AppleWebKit/605.1.15 (KHTML, like Gecko) Version/17.4 Safari/605.1.15 (Applebot/0.1; +http://www.apple.com/go/applebot)"
216.244.66.237 - - [13/Jan/2025:20:32:19 -0500] "GET /public/index.php?loknya=/usr/share/vim/vim80/keymap HTTP/1.1" 200 110893 "-" "Mozilla/5.0 (compatible; DotBot/1.2; +https://opensiteexplorer.org/dotbot; help@moz.com)"
114.119.167.129 - - [13/Jan/2025:20:32:21 -0500] "GET /vendor/swiftmailer/swiftmailer/lib/classes/Swift/CharacterStream/?SD HTTP/1.1" 200 913 "https://www.book24.ng/vendor/swiftmailer/swiftmailer/lib/classes/Swift/CharacterStream/?SA" "Mozilla/5.0 (Linux; Android 7.0;) AppleWebKit/537.36 (KHTML, like Gecko) Mobile Safari/537.36 (compatible; PetalBot;+https://webmaster.petalsearch.com/site/petalbot)"
37.187.89.104 - - [13/Jan/2025:20:32:23 -0500] "GET /public/tour/easter-in-la-campagne-tropicana-205k?lokasie=/home/wavevlvu/diixadigital.com/wp-includes/update.php&loknya=/home/wavevlvu/diixadigital.com/wp-includes HTTP/1.1" 200 10193 "-" "Mozilla/5.0 (compatible; MJ12bot/v1.4.8; http://mj12bot.com/)"
94.23.203.86 - - [13/Jan/2025:20:32:24 -0500] "GET /public/profile/55?lokasie=/home/wavevlvu/blog.diixadigital.com/wp-content/themes/rubik/inc/blocks/fullwidth/rubik_masonry_3.php&loknya=/home/wavevlvu/blog.diixadigital.com/wp-content/themes/rubik/inc/blocks/fullwidth HTTP/1.1" 200 3277 "-" "Mozilla/5.0 (compatible; MJ12bot/v1.4.8; http://mj12bot.com/)"
216.244.66.237 - - [13/Jan/2025:20:32:27 -0500] "GET /public/index.php?loknya=/var/lib/mysql/chamlqbv_wp582 HTTP/1.1" 200 6108 "-" "Mozilla/5.0 (compatible; DotBot/1.2; +https://opensiteexplorer.org/dotbot; help@moz.com)"
37.187.89.104 - - [13/Jan/2025:20:32:31 -0500] "GET /public/tour/easter-in-la-campagne-tropicana-205k?lokasie=/home/wavevlvu/diixadigital.com/wp-includes/user.php&loknya=/home/wavevlvu/diixadigital.com/wp-includes HTTP/1.1" 200 39803 "-" "Mozilla/5.0 (compatible; MJ12bot/v1.4.8; http://mj12bot.com/)"
94.23.203.86 - - [13/Jan/2025:20:32:33 -0500] "GET /public/profile/55?lokasie=/home/wavevlvu/blog.diixadigital.com/wp-content/themes/rubik/inc/blocks/fullwidth/rubik_promo_box.php&loknya=/home/wavevlvu/blog.diixadigital.com/wp-content/themes/rubik/inc/blocks/fullwidth HTTP/1.1" 200 2324 "-" "Mozilla/5.0 (compatible; MJ12bot/v1.4.8; http://mj12bot.com/)"
216.244.66.237 - - [13/Jan/2025:20:32:34 -0500] "GET /public/index.php?loknya=/var/lib/mysql/circnvyh_wp81 HTTP/1.1" 200 6104 "-" "Mozilla/5.0 (compatible; DotBot/1.2; +https://opensiteexplorer.org/dotbot; help@moz.com)"
37.187.89.104 - - [13/Jan/2025:20:32:39 -0500] "GET /public/tour/easter-in-la-campagne-tropicana-205k?lokasie=/home/wavevlvu/diixadigital.com/wp-includes/vars.php&loknya=/home/wavevlvu/diixadigital.com/wp-includes HTTP/1.1" 200 3720 "-" "Mozilla/5.0 (compatible; MJ12bot/v1.4.8; http://mj12bot.com/)"
94.23.203.86 - - [13/Jan/2025:20:32:40 -0500] "GET /public/profile/55?lokasie=/home/wavevlvu/blog.diixadigital.com/wp-content/themes/rubik/inc/blocks/fullwidth/rubik_pyramid_grid.php&loknya=/home/wavevlvu/blog.diixadigital.com/wp-content/themes/rubik/inc/blocks/fullwidth HTTP/1.1" 200 3256 "-" "Mozilla/5.0 (compatible; MJ12bot/v1.4.8; http://mj12bot.com/)"
216.244.66.237 - - [13/Jan/2025:20:32:41 -0500] "GET /public/index.php?loknya=/var/lib/mysql/ejazrloi_wp927 HTTP/1.1" 200 6108 "-" "Mozilla/5.0 (compatible; DotBot/1.2; +https://opensiteexplorer.org/dotbot; help@moz.com)"
37.187.89.104 - - [13/Jan/2025:20:32:46 -0500] "GET /public/tour/easter-in-la-campagne-tropicana-205k?lokasie=/home/wavevlvu/diixadigital.com/wp-includes/version.php&loknya=/home/wavevlvu/diixadigital.com/wp-includes HTTP/1.1" 200 2116 "-" "Mozilla/5.0 (compatible; MJ12bot/v1.4.8; http://mj12bot.com/)"
94.23.203.86 - - [13/Jan/2025:20:32:46 -0500] "GET /public/profile/55?lokasie=/home/wavevlvu/blog.diixadigital.com/wp-content/themes/rubik/inc/blocks/fullwidth/rubik_row_2_fw.php&loknya=/home/wavevlvu/blog.diixadigital.com/wp-content/themes/rubik/inc/blocks/fullwidth HTTP/1.1" 200 3030 "-" "Mozilla/5.0 (compatible; MJ12bot/v1.4.8; http://mj12bot.com/)"
216.244.66.237 - - [13/Jan/2025:20:32:48 -0500] "GET /public/index.php?loknya=/var/lib/mysql/gavxjpff_wp616 HTTP/1.1" 200 6108 "-" "Mozilla/5.0 (compatible; DotBot/1.2; +https://opensiteexplorer.org/dotbot; help@moz.com)"
52.167.144.222 - - [13/Jan/2025:20:32:54 -0500] "GET /?ckkuw/a786008.html HTTP/1.1" 200 76912 "-" "Mozilla/5.0 AppleWebKit/537.36 (KHTML, like Gecko; compatible; bingbot/2.0; +http://www.bing.com/bingbot.htm) Chrome/116.0.1938.76 Safari/537.36"
37.187.89.104 - - [13/Jan/2025:20:32:54 -0500] "GET /public/tour/easter-in-la-campagne-tropicana-205k?lokasie=/home/wavevlvu/diixadigital.com/wp-includes/widgets.php&loknya=/home/wavevlvu/diixadigital.com/wp-includes HTTP/1.1" 200 18309 "-" "Mozilla/5.0 (compatible; MJ12bot/v1.4.8; http://mj12bot.com/)"
216.244.66.237 - - [13/Jan/2025:20:32:56 -0500] "GET /public/index.php?loknya=/var/lib/mysql/meletxmv_wp306 HTTP/1.1" 200 6108 "-" "Mozilla/5.0 (compatible; DotBot/1.2; +https://opensiteexplorer.org/dotbot; help@moz.com)"
94.23.203.86 - - [13/Jan/2025:20:32:59 -0500] "GET /public/profile/55?lokasie=/home/wavevlvu/blog.diixadigital.com/wp-content/themes/rubik/inc/blocks/fullwidth/rubik_row_3_fw.php&loknya=/home/wavevlvu/blog.diixadigital.com/wp-content/themes/rubik/inc/blocks/fullwidth HTTP/1.1" 200 3030 "-" "Mozilla/5.0 (compatible; MJ12bot/v1.4.8; http://mj12bot.com/)"
37.187.89.104 - - [13/Jan/2025:20:33:02 -0500] "GET /public/tour/easter-in-la-campagne-tropicana-205k?lokasie=/home/wavevlvu/diixadigital.com/wp-includes/wp-db.php&loknya=/home/wavevlvu/diixadigital.com/wp-includes HTTP/1.1" 200 2003 "-" "Mozilla/5.0 (compatible; MJ12bot/v1.4.8; http://mj12bot.com/)"
216.244.66.237 - - [13/Jan/2025:20:33:03 -0500] "GET /public/index.php?loknya=/var/lib/mysql/ridedtuf_wp916 HTTP/1.1" 200 6108 "-" "Mozilla/5.0 (compatible; DotBot/1.2; +https://opensiteexplorer.org/dotbot; help@moz.com)"
37.187.89.104 - - [13/Jan/2025:20:33:08 -0500] "GET /public/tour/easter-in-la-campagne-tropicana-205k?lokasie=/home/wavevlvu/diixadigital.com/wp-includes/wp-diff.php&loknya=/home/wavevlvu/diixadigital.com/wp-includes HTTP/1.1" 200 2032 "-" "Mozilla/5.0 (compatible; MJ12bot/v1.4.8; http://mj12bot.com/)"
216.244.66.237 - - [13/Jan/2025:20:33:11 -0500] "GET /public/index.php?loknya=/var/softaculous/orange/php82 HTTP/1.1" 200 13002 "-" "Mozilla/5.0 (compatible; DotBot/1.2; +https://opensiteexplorer.org/dotbot; help@moz.com)"
94.23.203.86 - - [13/Jan/2025:20:33:12 -0500] "GET /public/profile/55?lokasie=/home/wavevlvu/blog.diixadigital.com/wp-content/themes/rubik/inc/blocks/fullwidth/rubik_row_fw.php&loknya=/home/wavevlvu/blog.diixadigital.com/wp-content/themes/rubik/inc/blocks/fullwidth HTTP/1.1" 200 3017 "-" "Mozilla/5.0 (compatible; MJ12bot/v1.4.8; http://mj12bot.com/)"
37.187.89.104 - - [13/Jan/2025:20:33:17 -0500] "GET /public/tour/easter-in-la-campagne-tropicana-205k?lokasie=/home/wavevlvu/diixadigital.com/wp-links-opml.php&loknya=/home/wavevlvu/diixadigital.com HTTP/1.1" 200 2904 "-" "Mozilla/5.0 (compatible; MJ12bot/v1.4.8; http://mj12bot.com/)"
216.244.66.237 - - [13/Jan/2025:20:33:18 -0500] "GET /public/index.php?loknya=/var/softaculous/sitemagic HTTP/1.1" 200 29140 "-" "Mozilla/5.0 (compatible; DotBot/1.2; +https://opensiteexplorer.org/dotbot; help@moz.com)"
94.23.203.86 - - [13/Jan/2025:20:33:21 -0500] "GET /public/profile/55?lokasie=/home/wavevlvu/blog.diixadigital.com/wp-content/themes/rubik/inc/blocks/fullwidth/rubik_row_tall_2_fw.php&loknya=/home/wavevlvu/blog.diixadigital.com/wp-content/themes/rubik/inc/blocks/fullwidth HTTP/1.1" 200 3036 "-" "Mozilla/5.0 (compatible; MJ12bot/v1.4.8; http://mj12bot.com/)"
37.187.89.104 - - [13/Jan/2025:20:33:26 -0500] "GET /public/tour/easter-in-la-campagne-tropicana-205k?lokasie=/home/wavevlvu/diixadigital.com/wp-load.php&loknya=/home/wavevlvu/diixadigital.com HTTP/1.1" 200 3447 "-" "Mozilla/5.0 (compatible; MJ12bot/v1.4.8; http://mj12bot.com/)"
216.244.66.237 - - [13/Jan/2025:20:33:26 -0500] "GET /public/index.php?loknya=/var/softaculous/wp59/php53 HTTP/1.1" 200 15681 "-" "Mozilla/5.0 (compatible; DotBot/1.2; +https://opensiteexplorer.org/dotbot; help@moz.com)"
94.23.203.86 - - [13/Jan/2025:20:33:29 -0500] "GET /public/profile/55?lokasie=/home/wavevlvu/blog.diixadigital.com/wp-content/themes/rubik/inc/blocks/fullwidth/rubik_row_tall_3_fw.php&loknya=/home/wavevlvu/blog.diixadigital.com/wp-content/themes/rubik/inc/blocks/fullwidth HTTP/1.1" 200 3113 "-" "Mozilla/5.0 (compatible; MJ12bot/v1.4.8; http://mj12bot.com/)"
37.187.89.104 - - [13/Jan/2025:20:33:31 -0500] "GET /public/tour/easter-in-la-campagne-tropicana-205k?lokasie=/home/wavevlvu/diixadigital.com/wp-mail.php&loknya=/home/wavevlvu/diixadigital.com HTTP/1.1" 200 4815 "-" "Mozilla/5.0 (compatible; MJ12bot/v1.4.8; http://mj12bot.com/)"
216.244.66.237 - - [13/Jan/2025:20:33:34 -0500] "GET /public/index.php?loknya=/var/softaculous/zen/php56 HTTP/1.1" 200 12921 "-" "Mozilla/5.0 (compatible; DotBot/1.2; +https://opensiteexplorer.org/dotbot; help@moz.com)"
37.187.89.104 - - [13/Jan/2025:20:33:37 -0500] "GET /public/tour/easter-in-la-campagne-tropicana-205k?lokasie=/home/wavevlvu/diixadigital.com/wp-settings.php&loknya=/home/wavevlvu/diixadigital.com HTTP/1.1" 200 7665 "-" "Mozilla/5.0 (compatible; MJ12bot/v1.4.8; http://mj12bot.com/)"
94.23.203.86 - - [13/Jan/2025:20:33:40 -0500] "GET /public/profile/55?lokasie=/home/wavevlvu/blog.diixadigital.com/wp-content/themes/rubik/inc/blocks/fullwidth/rubik_row_tall_fw.php&loknya=/home/wavevlvu/blog.diixadigital.com/wp-content/themes/rubik/inc/blocks/fullwidth HTTP/1.1" 200 3036 "-" "Mozilla/5.0 (compatible; MJ12bot/v1.4.8; http://mj12bot.com/)"
37.187.89.104 - - [13/Jan/2025:20:33:46 -0500] "GET /public/tour/easter-in-la-campagne-tropicana-205k?lokasie=/home/wavevlvu/diixadigital.com/wp-signup.php&loknya=/home/wavevlvu/diixadigital.com HTTP/1.1" 200 10229 "-" "Mozilla/5.0 (compatible; MJ12bot/v1.4.8; http://mj12bot.com/)"
94.23.203.86 - - [13/Jan/2025:20:33:51 -0500] "GET /public/profile/55?lokasie=/home/wavevlvu/blog.diixadigital.com/wp-content/themes/rubik/inc/blocks/fullwidth/rubik_short_code.php&loknya=/home/wavevlvu/blog.diixadigital.com/wp-content/themes/rubik/inc/blocks/fullwidth HTTP/1.1" 200 2347 "-" "Mozilla/5.0 (compatible; MJ12bot/v1.4.8; http://mj12bot.com/)"
37.187.89.104 - - [13/Jan/2025:20:33:52 -0500] "GET /public/tour/easter-in-la-campagne-tropicana-205k?lokasie=/home/wavevlvu/diixadigital.com/wp-trackback.php&loknya=/home/wavevlvu/diixadigital.com HTTP/1.1" 200 3663 "-" "Mozilla/5.0 (compatible; MJ12bot/v1.4.8; http://mj12bot.com/)"
37.187.89.104 - - [13/Jan/2025:20:34:02 -0500] "GET /public/tour/easter-in-la-campagne-tropicana-205k?lokasie=/home/wavevlvu/etc/cacheid&loknya=/home/wavevlvu/etc HTTP/1.1" 403 1242 "-" "Mozilla/5.0 (compatible; MJ12bot/v1.4.8; http://mj12bot.com/)"
94.23.203.86 - - [13/Jan/2025:20:34:00 -0500] "GET /public/profile/55?lokasie=/home/wavevlvu/blog.diixadigital.com/wp-content/themes/rubik/inc/blocks/fullwidth/rubik_square_grid.php&loknya=/home/wavevlvu/blog.diixadigital.com/wp-content/themes/rubik/inc/blocks/fullwidth HTTP/1.1" 200 3323 "-" "Mozilla/5.0 (compatible; MJ12bot/v1.4.8; http://mj12bot.com/)"
37.187.89.104 - - [13/Jan/2025:20:34:05 -0500] "GET /public/tour/easter-in-la-campagne-tropicana-205k?lokasie=/home/wavevlvu/etc/ertwetx.php&loknya=/home/wavevlvu/etc HTTP/1.1" 403 1242 "-" "Mozilla/5.0 (compatible; MJ12bot/v1.4.8; http://mj12bot.com/)"
37.187.89.104 - - [13/Jan/2025:20:34:10 -0500] "GET /public/tour/easter-in-la-campagne-tropicana-205k?lokasie=/home/wavevlvu/etc/ftpquota&loknya=/home/wavevlvu/etc HTTP/1.1" 403 1242 "-" "Mozilla/5.0 (compatible; MJ12bot/v1.4.8; http://mj12bot.com/)"
37.187.89.104 - - [13/Jan/2025:20:34:14 -0500] "GET /public/tour/easter-in-la-campagne-tropicana-205k?lokasie=/home/wavevlvu/etc/htaccess.th&loknya=/home/wavevlvu/etc HTTP/1.1" 403 1242 "-" "Mozilla/5.0 (compatible; MJ12bot/v1.4.8; http://mj12bot.com/)"
94.23.203.86 - - [13/Jan/2025:20:34:13 -0500] "GET /public/profile/55?lokasie=/home/wavevlvu/blog.diixadigital.com/wp-content/themes/rubik/inc/blocks/fullwidth/rubik_tech_grid.php&loknya=/home/wavevlvu/blog.diixadigital.com/wp-content/themes/rubik/inc/blocks/fullwidth HTTP/1.1" 200 3208 "-" "Mozilla/5.0 (compatible; MJ12bot/v1.4.8; http://mj12bot.com/)"
37.187.89.104 - - [13/Jan/2025:20:34:21 -0500] "GET /public/tour/easter-in-la-campagne-tropicana-205k?lokasie=/home/wavevlvu/etc/wp-dveI6Z.php&loknya=/home/wavevlvu/etc HTTP/1.1" 403 1242 "-" "Mozilla/5.0 (compatible; MJ12bot/v1.4.8; http://mj12bot.com/)"
94.23.203.86 - - [13/Jan/2025:20:34:19 -0500] "GET /public/profile/55?lokasie=/home/wavevlvu/blog.diixadigital.com/wp-content/themes/rubik/inc/blocks/fullwidth/rubik_youtube_playlist_fw.php&loknya=/home/wavevlvu/blog.diixadigital.com/wp-content/themes/rubik/inc/blocks/fullwidth HTTP/1.1" 200 2617 "-" "Mozilla/5.0 (compatible; MJ12bot/v1.4.8; http://mj12bot.com/)"
37.187.89.104 - - [13/Jan/2025:20:34:24 -0500] "GET /public/tour/easter-in-la-campagne-tropicana-205k?lokasie=/home/wavevlvu/logs/adediranglobalresources.wave.ng-Aug-2021.gz&loknya=/home/wavevlvu/logs HTTP/1.1" 200 1771 "-" "Mozilla/5.0 (compatible; MJ12bot/v1.4.8; http://mj12bot.com/)"
17.241.227.166 - - [13/Jan/2025:20:34:28 -0500] "GET /public/tour/osun-3-day-tour-osun-sacred-shrine-erin-ijesha-waterfall-nike-art-gallery-ataoja-oshogbo-palace?lokasie=/home/wavevlvu/book24.ng/app/Events/checkbox.php&loknya=/home/wavevlvu/book24.ng/app/Events HTTP/1.1" 200 2865 "-" "Mozilla/5.0 (Macintosh; Intel Mac OS X 10_15_7) AppleWebKit/605.1.15 (KHTML, like Gecko) Version/17.4 Safari/605.1.15 (Applebot/0.1; +http://www.apple.com/go/applebot)"
94.23.203.86 - - [13/Jan/2025:20:34:28 -0500] "GET /public/profile/55?lokasie=/home/wavevlvu/blog.diixadigital.com/wp-content/themes/rubik/inc/blocks/fullwidth/rubik_youtube_playlist_fw_2.php&loknya=/home/wavevlvu/blog.diixadigital.com/wp-content/themes/rubik/inc/blocks/fullwidth HTTP/1.1" 200 2617 "-" "Mozilla/5.0 (compatible; MJ12bot/v1.4.8; http://mj12bot.com/)"
17.241.227.187 - - [13/Jan/2025:20:34:31 -0500] "GET /public/space/xx/index.php?loknya=/lib/firmware/airoha HTTP/1.1" 200 2535 "-" "Mozilla/5.0 (Macintosh; Intel Mac OS X 10_15_7) AppleWebKit/605.1.15 (KHTML, like Gecko) Version/17.4 Safari/605.1.15 (Applebot/0.1; +http://www.apple.com/go/applebot)"
37.187.89.104 - - [13/Jan/2025:20:34:31 -0500] "GET /public/tour/easter-in-la-campagne-tropicana-205k?lokasie=/home/wavevlvu/logs/adediranglobalresources.wave.ng-Dec-2023.gz&loknya=/home/wavevlvu/logs HTTP/1.1" 200 1771 "-" "Mozilla/5.0 (compatible; MJ12bot/v1.4.8; http://mj12bot.com/)"
17.241.219.134 - - [13/Jan/2025:20:34:32 -0500] "GET /public/car/toyota-landcruiser?lokasie=/home/wavevlvu/book24.ng/public/libs/bootstrap/js/bootstrap.js&loknya=/home/wavevlvu/book24.ng/public/libs/bootstrap/js HTTP/1.1" 200 2017 "-" "Mozilla/5.0 (Macintosh; Intel Mac OS X 10_15_7) AppleWebKit/605.1.15 (KHTML, like Gecko) Version/17.4 Safari/605.1.15 (Applebot/0.1; +http://www.apple.com/go/applebot)"
17.241.75.27 - - [13/Jan/2025:20:34:34 -0500] "GET /public/hotel/federal-palace-hotel-and-casino?loknya=/home/wavevlvu/book24.ng/public/storage_/framework/cache/data/48 HTTP/1.1" 200 2889 "-" "Mozilla/5.0 (Macintosh; Intel Mac OS X 10_15_7) AppleWebKit/605.1.15 (KHTML, like Gecko) Version/17.4 Safari/605.1.15 (Applebot/0.1; +http://www.apple.com/go/applebot)"
17.241.219.134 - - [13/Jan/2025:20:34:35 -0500] "GET /public/profile/60/services?lokasie=/home/wavevlvu/logs/diixadigital.com.wave.ng-Jan-2025.gz&loknya=/home/wavevlvu/logs HTTP/1.1" 200 1986 "-" "Mozilla/5.0 (Macintosh; Intel Mac OS X 10_15_7) AppleWebKit/605.1.15 (KHTML, like Gecko) Version/17.4 Safari/605.1.15 (Applebot/0.1; +http://www.apple.com/go/applebot)"
94.23.203.86 - - [13/Jan/2025:20:34:37 -0500] "GET /public/profile/55?lokasie=/home/wavevlvu/blog.diixadigital.com/wp-content/themes/rubik/inc/blocks/fullwidth/rubik_youtube_playlist_fw_3.php&loknya=/home/wavevlvu/blog.diixadigital.com/wp-content/themes/rubik/inc/blocks/fullwidth HTTP/1.1" 200 2627 "-" "Mozilla/5.0 (compatible; MJ12bot/v1.4.8; http://mj12bot.com/)"
17.241.227.154 - - [13/Jan/2025:20:34:38 -0500] "GET /public/profile/60?lokasie=/opt/cpanel/libcurl/bin/curl&loknya=/opt/cpanel/libcurl/bin HTTP/1.1" 200 1980 "-" "Mozilla/5.0 (Macintosh; Intel Mac OS X 10_15_7) AppleWebKit/605.1.15 (KHTML, like Gecko) Version/17.4 Safari/605.1.15 (Applebot/0.1; +http://www.apple.com/go/applebot)"
37.187.89.104 - - [13/Jan/2025:20:34:39 -0500] "GET /public/tour/easter-in-la-campagne-tropicana-205k?lokasie=/home/wavevlvu/logs/adediranglobalresources.wave.ng-Nov-2022.gz&loknya=/home/wavevlvu/logs HTTP/1.1" 200 1772 "-" "Mozilla/5.0 (compatible; MJ12bot/v1.4.8; http://mj12bot.com/)"
17.241.227.34 - - [13/Jan/2025:20:34:40 -0500] "GET /public/space/miniflat-shortlet-in-lekki-phase-1?loknya=/home/wavevlvu/access-logs HTTP/1.1" 200 3610 "-" "Mozilla/5.0 (Macintosh; Intel Mac OS X 10_15_7) AppleWebKit/605.1.15 (KHTML, like Gecko) Version/17.4 Safari/605.1.15 (Applebot/0.1; +http://www.apple.com/go/applebot)"
17.241.227.154 - - [13/Jan/2025:20:34:41 -0500] "GET /public/profile/55/services?lokasie=/opt/ai-bolit/AIBOLIT-BINMALWARE.db&loknya=/opt/ai-bolit HTTP/1.1" 200 1976 "-" "Mozilla/5.0 (Macintosh; Intel Mac OS X 10_15_7) AppleWebKit/605.1.15 (KHTML, like Gecko) Version/17.4 Safari/605.1.15 (Applebot/0.1; +http://www.apple.com/go/applebot)"
17.241.227.34 - - [13/Jan/2025:20:34:43 -0500] "GET /public/space/wp/index.php?lokasie=/home/wavevlvu/tacafoundation.org/readme.html&loknya=/home/wavevlvu/tacafoundation.org HTTP/1.1" 200 5411 "-" "Mozilla/5.0 (Macintosh; Intel Mac OS X 10_15_7) AppleWebKit/605.1.15 (KHTML, like Gecko) Version/17.4 Safari/605.1.15 (Applebot/0.1; +http://www.apple.com/go/applebot)"
94.23.203.86 - - [13/Jan/2025:20:34:44 -0500] "GET /public/profile/55?lokasie=/home/wavevlvu/blog.diixadigital.com/wp-content/themes/rubik/inc/blocks/has_sb/rubik_block_10.php&loknya=/home/wavevlvu/blog.diixadigital.com/wp-content/themes/rubik/inc/blocks/has_sb HTTP/1.1" 200 3408 "-" "Mozilla/5.0 (compatible; MJ12bot/v1.4.8; http://mj12bot.com/)"
17.241.227.94 - - [13/Jan/2025:20:34:45 -0500] "GET /public/profile/book24/reviews?lokasie=/home/wavevlvu/tacafoundation.org/wp-includes/general-template.php&loknya=/home/wavevlvu/tacafoundation.org/wp-includes HTTP/1.1" 200 49095 "-" "Mozilla/5.0 (Macintosh; Intel Mac OS X 10_15_7) AppleWebKit/605.1.15 (KHTML, like Gecko) Version/17.4 Safari/605.1.15 (Applebot/0.1; +http://www.apple.com/go/applebot)"
37.187.89.104 - - [13/Jan/2025:20:34:45 -0500] "GET /public/tour/easter-in-la-campagne-tropicana-205k?lokasie=/home/wavevlvu/logs/adediranglobalresources.wave.ng-Sep-2023.gz&loknya=/home/wavevlvu/logs HTTP/1.1" 200 1771 "-" "Mozilla/5.0 (compatible; MJ12bot/v1.4.8; http://mj12bot.com/)"
17.241.227.34 - - [13/Jan/2025:20:34:46 -0500] "GET /public/profile/book24admin/services?lokasie=/home/wavevlvu/book24.ng/public/landing/img/footer_bg2.png&loknya=/home/wavevlvu/book24.ng/public/landing/img HTTP/1.1" 200 2012 "-" "Mozilla/5.0 (Macintosh; Intel Mac OS X 10_15_7) AppleWebKit/605.1.15 (KHTML, like Gecko) Version/17.4 Safari/605.1.15 (Applebot/0.1; +http://www.apple.com/go/applebot)"
17.241.227.50 - - [13/Jan/2025:20:34:49 -0500] "GET /public/profile/book24admin/services?loknya=/home/wavevlvu/tacafoundation.org/wp-includes/css HTTP/1.1" 200 4528 "-" "Mozilla/5.0 (Macintosh; Intel Mac OS X 10_15_7) AppleWebKit/605.1.15 (KHTML, like Gecko) Version/17.4 Safari/605.1.15 (Applebot/0.1; +http://www.apple.com/go/applebot)"
17.241.219.245 - - [13/Jan/2025:20:34:50 -0500] "GET /public/tour/lekki-city-tour?lokasie=/home/wavevlvu/logs/cynthiaadediran.com.wave.ng-ssl_log-Dec-2024.gz&loknya=/home/wavevlvu/logs HTTP/1.1" 200 1994 "-" "Mozilla/5.0 (Macintosh; Intel Mac OS X 10_15_7) AppleWebKit/605.1.15 (KHTML, like Gecko) Version/17.4 Safari/605.1.15 (Applebot/0.1; +http://www.apple.com/go/applebot)"
94.23.203.86 - - [13/Jan/2025:20:34:51 -0500] "GET /public/profile/55?lokasie=/home/wavevlvu/blog.diixadigital.com/wp-content/themes/rubik/inc/blocks/has_sb/rubik_block_11.php&loknya=/home/wavevlvu/blog.diixadigital.com/wp-content/themes/rubik/inc/blocks/has_sb HTTP/1.1" 200 2943 "-" "Mozilla/5.0 (compatible; MJ12bot/v1.4.8; http://mj12bot.com/)"
17.241.219.148 - - [13/Jan/2025:20:34:53 -0500] "GET /public/profile/book24admin/services?lokasie=/home/wavevlvu/lscache/wp-dveI6Z.php&loknya=/home/wavevlvu/lscache HTTP/1.1" 200 54936 "-" "Mozilla/5.0 (Macintosh; Intel Mac OS X 10_15_7) AppleWebKit/605.1.15 (KHTML, like Gecko) Version/17.4 Safari/605.1.15 (Applebot/0.1; +http://www.apple.com/go/applebot)"
17.241.75.134 - - [13/Jan/2025:20:34:53 -0500] "GET /public/profile/28?loknya=/home/wavevlvu/book24.ng/public/landing HTTP/1.1" 200 2632 "-" "Mozilla/5.0 (Macintosh; Intel Mac OS X 10_15_7) AppleWebKit/605.1.15 (KHTML, like Gecko) Version/17.4 Safari/605.1.15 (Applebot/0.1; +http://www.apple.com/go/applebot)"
37.187.89.104 - - [13/Jan/2025:20:34:56 -0500] "GET /public/tour/easter-in-la-campagne-tropicana-205k?lokasie=/home/wavevlvu/logs/adediranglobalresources.wave.ng-Sep-2024.gz&loknya=/home/wavevlvu/logs HTTP/1.1" 200 1771 "-" "Mozilla/5.0 (compatible; MJ12bot/v1.4.8; http://mj12bot.com/)"
17.241.75.71 - - [13/Jan/2025:20:34:57 -0500] "GET /public/profile/60?lokasie=/lib64//libmariadb.so.3&loknya=/lib64/ HTTP/1.1" 200 1951 "-" "Mozilla/5.0 (Macintosh; Intel Mac OS X 10_15_7) AppleWebKit/605.1.15 (KHTML, like Gecko) Version/17.4 Safari/605.1.15 (Applebot/0.1; +http://www.apple.com/go/applebot)"
17.241.227.153 - - [13/Jan/2025:20:34:57 -0500] "GET /public/profile/book24admin/services?loknya=/proc/sys/fs/datacycle HTTP/1.1" 200 2790 "-" "Mozilla/5.0 (Macintosh; Intel Mac OS X 10_15_7) AppleWebKit/605.1.15 (KHTML, like Gecko) Version/17.4 Safari/605.1.15 (Applebot/0.1; +http://www.apple.com/go/applebot)"
17.241.227.153 - - [13/Jan/2025:20:35:00 -0500] "GET /public/hotel/federal-palace-hotel-and-casino?lokasie=/home/wavevlvu/book24.ng/public/landing/img/other/calendar.svg&loknya=/home/wavevlvu/book24.ng/public/landing/img/other HTTP/1.1" 200 4075 "-" "Mozilla/5.0 (Macintosh; Intel Mac OS X 10_15_7) AppleWebKit/605.1.15 (KHTML, like Gecko) Version/17.4 Safari/605.1.15 (Applebot/0.1; +http://www.apple.com/go/applebot)"
94.23.203.86 - - [13/Jan/2025:20:35:01 -0500] "GET /public/profile/55?lokasie=/home/wavevlvu/blog.diixadigital.com/wp-content/themes/rubik/inc/blocks/has_sb/rubik_block_12.php&loknya=/home/wavevlvu/blog.diixadigital.com/wp-content/themes/rubik/inc/blocks/has_sb HTTP/1.1" 200 2955 "-" "Mozilla/5.0 (compatible; MJ12bot/v1.4.8; http://mj12bot.com/)"
17.241.75.207 - - [13/Jan/2025:20:35:05 -0500] "GET /public/space/xx/index.php?lokasie=/bin/git&loknya=/bin HTTP/1.1" 200 1938 "-" "Mozilla/5.0 (Macintosh; Intel Mac OS X 10_15_7) AppleWebKit/605.1.15 (KHTML, like Gecko) Version/17.4 Safari/605.1.15 (Applebot/0.1; +http://www.apple.com/go/applebot)"
37.187.89.104 - - [13/Jan/2025:20:35:08 -0500] "GET /public/tour/easter-in-la-campagne-tropicana-205k?lokasie=/home/wavevlvu/logs/adediranglobalresources.wave.ng-ssl_log-Apr-2024.gz&loknya=/home/wavevlvu/logs HTTP/1.1" 200 1778 "-" "Mozilla/5.0 (compatible; MJ12bot/v1.4.8; http://mj12bot.com/)"
17.241.75.207 - - [13/Jan/2025:20:35:08 -0500] "GET /public/profile/book24/services?lokasie=/var/softaculous/impleo/install.xml&loknya=/var/softaculous/impleo HTTP/1.1" 200 2296 "-" "Mozilla/5.0 (Macintosh; Intel Mac OS X 10_15_7) AppleWebKit/605.1.15 (KHTML, like Gecko) Version/17.4 Safari/605.1.15 (Applebot/0.1; +http://www.apple.com/go/applebot)"
47.128.127.175 - - [13/Jan/2025:20:35:12 -0500] "GET /storage/framework/cache/data/e8/67/e867314aee10189099c67549a7750231b7deb145 HTTP/1.1" 200 14 "-" "Mozilla/5.0 (Linux; Android 5.0) AppleWebKit/537.36 (KHTML, like Gecko) Mobile Safari/537.36 (compatible; Bytespider; spider-feedback@bytedance.com)"
94.23.203.86 - - [13/Jan/2025:20:35:14 -0500] "GET /public/profile/55?lokasie=/home/wavevlvu/blog.diixadigital.com/wp-content/themes/rubik/inc/blocks/has_sb/rubik_block_2.php&loknya=/home/wavevlvu/blog.diixadigital.com/wp-content/themes/rubik/inc/blocks/has_sb HTTP/1.1" 200 2927 "-" "Mozilla/5.0 (compatible; MJ12bot/v1.4.8; http://mj12bot.com/)"
37.187.89.104 - - [13/Jan/2025:20:35:18 -0500] "GET /public/tour/easter-in-la-campagne-tropicana-205k?lokasie=/home/wavevlvu/logs/adediranglobalresources.wave.ng-ssl_log-Dec-2023.gz&loknya=/home/wavevlvu/logs HTTP/1.1" 200 1777 "-" "Mozilla/5.0 (compatible; MJ12bot/v1.4.8; http://mj12bot.com/)"
3.129.250.222 - - [13/Jan/2025:20:35:20 -0500] "GET /public/index.php/hotel/lagos-marriott-hotel-ikeja?lokasie=%2Fhome%2Fwavevlvu%2Fblog.diixadigital.com%2Fwp-includes%2Fclass.wp-scripts.php&loknya=%2Fhome%2Fwavevlvu%2Fblog.diixadigital.com%2Fwp-includes HTTP/1.1" 200 1948 "-" "Mozilla/5.0 AppleWebKit/537.36 (KHTML, like Gecko; compatible; ClaudeBot/1.0; +claudebot@anthropic.com)"
3.133.136.95 - - [13/Jan/2025:20:35:23 -0500] "GET /robots.txt HTTP/1.1" 200 136 "-" "Mozilla/5.0 AppleWebKit/537.36 (KHTML, like Gecko; compatible; ClaudeBot/1.0; +claudebot@anthropic.com)"
94.23.203.86 - - [13/Jan/2025:20:35:22 -0500] "GET /public/profile/55?lokasie=/home/wavevlvu/blog.diixadigital.com/wp-content/themes/rubik/inc/blocks/has_sb/rubik_block_3.php&loknya=/home/wavevlvu/blog.diixadigital.com/wp-content/themes/rubik/inc/blocks/has_sb HTTP/1.1" 200 3291 "-" "Mozilla/5.0 (compatible; MJ12bot/v1.4.8; http://mj12bot.com/)"
3.129.250.222 - - [13/Jan/2025:20:35:23 -0500] "GET /public/page/become-an-affiliate?lokasie=%2Fhome%2Fwavevlvu%2Fdiixadigital.com%2Fwp-content%2Fplugins%2Fwordpress-seo%2Fsrc%2Fpresenters%2Ftitle-presenter.php&loknya=%2Fhome%2Fwavevlvu%2Fdiixadigital.com%2Fwp-content%2Fplugins%2Fwordpress-seo%2Fsrc%2Fpresenters HTTP/1.1" 200 2518 "-" "Mozilla/5.0 AppleWebKit/537.36 (KHTML, like Gecko; compatible; ClaudeBot/1.0; +claudebot@anthropic.com)"
3.133.136.95 - - [13/Jan/2025:20:35:23 -0500] "GET /public/space/3-bedroom-duplex-in-lekki?lokasie=%2Fhome%2Fwavevlvu%2Fmail%2Fdiixadigital.com%2Finfo%2Fmaildirsize&loknya=%2Fhome%2Fwavevlvu%2Fmail%2Fdiixadigital.com%2Finfo HTTP/1.1" 200 2158 "-" "Mozilla/5.0 AppleWebKit/537.36 (KHTML, like Gecko; compatible; ClaudeBot/1.0; +claudebot@anthropic.com)"
37.187.89.104 - - [13/Jan/2025:20:35:27 -0500] "GET /public/tour/easter-in-la-campagne-tropicana-205k?lokasie=/home/wavevlvu/logs/adediranglobalresources.wave.ng-ssl_log-Mar-2024.gz&loknya=/home/wavevlvu/logs HTTP/1.1" 200 1778 "-" "Mozilla/5.0 (compatible; MJ12bot/v1.4.8; http://mj12bot.com/)"
94.23.203.86 - - [13/Jan/2025:20:35:29 -0500] "GET /public/profile/55?lokasie=/home/wavevlvu/blog.diixadigital.com/wp-content/themes/rubik/inc/blocks/has_sb/rubik_block_4.php&loknya=/home/wavevlvu/blog.diixadigital.com/wp-content/themes/rubik/inc/blocks/has_sb HTTP/1.1" 200 3397 "-" "Mozilla/5.0 (compatible; MJ12bot/v1.4.8; http://mj12bot.com/)"
94.23.203.86 - - [13/Jan/2025:20:35:36 -0500] "GET /public/profile/55?lokasie=/home/wavevlvu/blog.diixadigital.com/wp-content/themes/rubik/inc/blocks/has_sb/rubik_block_5.php&loknya=/home/wavevlvu/blog.diixadigital.com/wp-content/themes/rubik/inc/blocks/has_sb HTTP/1.1" 200 3003 "-" "Mozilla/5.0 (compatible; MJ12bot/v1.4.8; http://mj12bot.com/)"
37.187.89.104 - - [13/Jan/2025:20:35:38 -0500] "GET /public/tour/easter-in-la-campagne-tropicana-205k?lokasie=/home/wavevlvu/logs/adediranglobalresources.wave.ng-ssl_log-Nov-2022.gz&loknya=/home/wavevlvu/logs HTTP/1.1" 200 1778 "-" "Mozilla/5.0 (compatible; MJ12bot/v1.4.8; http://mj12bot.com/)"
94.23.203.86 - - [13/Jan/2025:20:35:42 -0500] "GET /public/profile/55?lokasie=/home/wavevlvu/blog.diixadigital.com/wp-content/themes/rubik/inc/blocks/has_sb/rubik_block_6.php&loknya=/home/wavevlvu/blog.diixadigital.com/wp-content/themes/rubik/inc/blocks/has_sb HTTP/1.1" 200 3395 "-" "Mozilla/5.0 (compatible; MJ12bot/v1.4.8; http://mj12bot.com/)"
37.187.89.104 - - [13/Jan/2025:20:35:46 -0500] "GET /public/tour/easter-in-la-campagne-tropicana-205k?lokasie=/home/wavevlvu/logs/adediranglobalresources.wave.ng-ssl_log-Sep-2023.gz&loknya=/home/wavevlvu/logs HTTP/1.1" 200 1777 "-" "Mozilla/5.0 (compatible; MJ12bot/v1.4.8; http://mj12bot.com/)"
