17.241.227.189 - - [13/Jan/2025:20:40:26 -0500] "GET /public/space/miniflat-shortlet-in-lekki-phase-1?loknya=/opt/imunify360/lib HTTP/1.1" 200 2255 "-" "Mozilla/5.0 (Macintosh; Intel Mac OS X 10_15_7) AppleWebKit/605.1.15 (KHTML, like Gecko) Version/17.4 Safari/605.1.15 (Applebot/0.1; +http://www.apple.com/go/applebot)"
17.241.219.172 - - [13/Jan/2025:20:40:28 -0500] "GET /public/profile/60/services?loknya=/home/wavevlvu/mail/tmp/rex HTTP/1.1" 200 2499 "-" "Mozilla/5.0 (Macintosh; Intel Mac OS X 10_15_7) AppleWebKit/605.1.15 (KHTML, like Gecko) Version/17.4 Safari/605.1.15 (Applebot/0.1; +http://www.apple.com/go/applebot)"
37.187.89.104 - - [13/Jan/2025:20:40:29 -0500] "GET /public/tour/easter-in-la-campagne-tropicana-205k?lokasie=/home/wavevlvu/logs/tayoadediranfoundation.wave.ng-ssl_log-Nov-2022.gz&loknya=/home/wavevlvu/logs HTTP/1.1" 200 1776 "-" "Mozilla/5.0 (compatible; MJ12bot/v1.4.8; http://mj12bot.com/)"
94.23.203.86 - - [13/Jan/2025:20:40:29 -0500] "GET /public/profile/55?lokasie=/home/wavevlvu/blog.diixadigital.com/wp-content/themes/rubik/js/menu.js&loknya=/home/wavevlvu/blog.diixadigital.com/wp-content/themes/rubik/js HTTP/1.1" 200 2688 "-" "Mozilla/5.0 (compatible; MJ12bot/v1.4.8; http://mj12bot.com/)"
17.241.75.111 - - [13/Jan/2025:20:40:30 -0500] "GET /public/tour/visit-kigali-this-easter-620k?lokasie=/bin/perlthanks&loknya=/bin HTTP/1.1" 200 20885 "-" "Mozilla/5.0 (Macintosh; Intel Mac OS X 10_15_7) AppleWebKit/605.1.15 (KHTML, like Gecko) Version/17.4 Safari/605.1.15 (Applebot/0.1; +http://www.apple.com/go/applebot)"
17.241.75.111 - - [13/Jan/2025:20:40:33 -0500] "GET /public/profile/book24/services?lokasie=/home/wavevlvu/cynthiaadediran.com/wp-includes/class-wp-customize-setting.php&loknya=/home/wavevlvu/cynthiaadediran.com/wp-includes HTTP/1.1" 200 10365 "-" "Mozilla/5.0 (Macintosh; Intel Mac OS X 10_15_7) AppleWebKit/605.1.15 (KHTML, like Gecko) Version/17.4 Safari/605.1.15 (Applebot/0.1; +http://www.apple.com/go/applebot)"
94.23.203.86 - - [13/Jan/2025:20:40:34 -0500] "GET /public/profile/55?lokasie=/home/wavevlvu/blog.diixadigital.com/wp-content/themes/rubik/js/modernizr.js&loknya=/home/wavevlvu/blog.diixadigital.com/wp-content/themes/rubik/js HTTP/1.1" 200 6119 "-" "Mozilla/5.0 (compatible; MJ12bot/v1.4.8; http://mj12bot.com/)"
37.187.89.104 - - [13/Jan/2025:20:40:36 -0500] "GET /public/tour/easter-in-la-campagne-tropicana-205k?lokasie=/home/wavevlvu/logs/tayoadediranfoundation.wave.ng-ssl_log-Sep-2023.gz&loknya=/home/wavevlvu/logs HTTP/1.1" 200 1775 "-" "Mozilla/5.0 (compatible; MJ12bot/v1.4.8; http://mj12bot.com/)"
17.241.75.111 - - [13/Jan/2025:20:40:36 -0500] "GET /public/?loknya=/home/wavevlvu/book24.ng/vendor/dragonmantank HTTP/1.1" 200 2745 "-" "Mozilla/5.0 (Macintosh; Intel Mac OS X 10_15_7) AppleWebKit/605.1.15 (KHTML, like Gecko) Version/17.4 Safari/605.1.15 (Applebot/0.1; +http://www.apple.com/go/applebot)"
94.23.203.86 - - [13/Jan/2025:20:40:39 -0500] "GET /public/profile/55?lokasie=/home/wavevlvu/blog.diixadigital.com/wp-content/themes/rubik/js/module-load-post.js&loknya=/home/wavevlvu/blog.diixadigital.com/wp-content/themes/rubik/js HTTP/1.1" 200 9338 "-" "Mozilla/5.0 (compatible; MJ12bot/v1.4.8; http://mj12bot.com/)"
17.241.227.109 - - [13/Jan/2025:20:40:41 -0500] "GET /public/profile/55?lokasie=/home/wavevlvu/.softaculous/wp-dveI6Z.php&loknya=/home/wavevlvu/.softaculous HTTP/1.1" 200 54940 "-" "Mozilla/5.0 (Macintosh; Intel Mac OS X 10_15_7) AppleWebKit/605.1.15 (KHTML, like Gecko) Version/17.4 Safari/605.1.15 (Applebot/0.1; +http://www.apple.com/go/applebot)"
37.187.89.104 - - [13/Jan/2025:20:40:41 -0500] "GET /public/tour/easter-in-la-campagne-tropicana-205k?lokasie=/home/wavevlvu/logs/tayoadediranfoundation.wave.ng-ssl_log-Sep-2024.gz&loknya=/home/wavevlvu/logs HTTP/1.1" 200 1776 "-" "Mozilla/5.0 (compatible; MJ12bot/v1.4.8; http://mj12bot.com/)"
94.23.203.86 - - [13/Jan/2025:20:40:43 -0500] "GET /public/profile/55?lokasie=/home/wavevlvu/blog.diixadigital.com/wp-content/themes/rubik/js/onviewport.js&loknya=/home/wavevlvu/blog.diixadigital.com/wp-content/themes/rubik/js HTTP/1.1" 200 2927 "-" "Mozilla/5.0 (compatible; MJ12bot/v1.4.8; http://mj12bot.com/)"
17.241.227.73 - - [13/Jan/2025:20:40:45 -0500] "GET /public/profile/55/services?lokasie=/usr/lib64/libfastjson.so.4.3.0&loknya=/usr/lib64 HTTP/1.1" 200 1963 "-" "Mozilla/5.0 (Macintosh; Intel Mac OS X 10_15_7) AppleWebKit/605.1.15 (KHTML, like Gecko) Version/17.4 Safari/605.1.15 (Applebot/0.1; +http://www.apple.com/go/applebot)"
37.187.89.104 - - [13/Jan/2025:20:40:47 -0500] "GET /public/tour/easter-in-la-campagne-tropicana-205k?lokasie=/home/wavevlvu/logs/vim.wave.ng-Nov-2021.gz&loknya=/home/wavevlvu/logs HTTP/1.1" 200 1757 "-" "Mozilla/5.0 (compatible; MJ12bot/v1.4.8; http://mj12bot.com/)"
17.241.227.73 - - [13/Jan/2025:20:40:48 -0500] "GET /public/profile/55?lokasie=/home/wavevlvu/book24.ng/config/database.php&loknya=/home/wavevlvu/book24.ng/config HTTP/1.1" 200 3379 "-" "Mozilla/5.0 (Macintosh; Intel Mac OS X 10_15_7) AppleWebKit/605.1.15 (KHTML, like Gecko) Version/17.4 Safari/605.1.15 (Applebot/0.1; +http://www.apple.com/go/applebot)"
94.23.203.86 - - [13/Jan/2025:20:40:48 -0500] "GET /public/profile/55?lokasie=/home/wavevlvu/blog.diixadigital.com/wp-content/themes/rubik/js/pagebuilder-classic-init.js&loknya=/home/wavevlvu/blog.diixadigital.com/wp-content/themes/rubik/js HTTP/1.1" 200 2239 "-" "Mozilla/5.0 (compatible; MJ12bot/v1.4.8; http://mj12bot.com/)"
17.241.227.137 - - [13/Jan/2025:20:40:52 -0500] "GET /public/boat/yacht-cruise-summer-bash?lokasie=/home/wavevlvu/cynthiaadediran.com/wp-includes/theme.json&loknya=/home/wavevlvu/cynthiaadediran.com/wp-includes HTTP/1.1" 200 4802 "-" "Mozilla/5.0 (Macintosh; Intel Mac OS X 10_15_7) AppleWebKit/605.1.15 (KHTML, like Gecko) Version/17.4 Safari/605.1.15 (Applebot/0.1; +http://www.apple.com/go/applebot)"
3.144.100.197 - - [13/Jan/2025:20:40:52 -0500] "GET /public/index.php/login?loknya=%2Flib%2Fpython3.6%2Fsite-packages%2Ftuned%2Futils%2F__pycache__ HTTP/1.1" 200 2638 "-" "Mozilla/5.0 AppleWebKit/537.36 (KHTML, like Gecko; compatible; ClaudeBot/1.0; +claudebot@anthropic.com)"
94.23.203.86 - - [13/Jan/2025:20:40:53 -0500] "GET /public/profile/55?lokasie=/home/wavevlvu/blog.diixadigital.com/wp-content/themes/rubik/js/pagebuilder-gutenberg-init.js&loknya=/home/wavevlvu/blog.diixadigital.com/wp-content/themes/rubik/js HTTP/1.1" 200 2835 "-" "Mozilla/5.0 (compatible; MJ12bot/v1.4.8; http://mj12bot.com/)"
37.187.89.104 - - [13/Jan/2025:20:40:53 -0500] "GET /public/tour/easter-in-la-campagne-tropicana-205k?lokasie=/home/wavevlvu/logs/vim.wave.ng-ssl_log-Nov-2021.gz&loknya=/home/wavevlvu/logs HTTP/1.1" 200 1764 "-" "Mozilla/5.0 (compatible; MJ12bot/v1.4.8; http://mj12bot.com/)"
17.241.227.228 - - [13/Jan/2025:20:40:56 -0500] "GET /public/space/miniflat-shortlet-in-lekki-phase-1?lokasie=/sbin/dnssec-settime&loknya=/sbin HTTP/1.1" 200 1949 "-" "Mozilla/5.0 (Macintosh; Intel Mac OS X 10_15_7) AppleWebKit/605.1.15 (KHTML, like Gecko) Version/17.4 Safari/605.1.15 (Applebot/0.1; +http://www.apple.com/go/applebot)"
94.23.203.86 - - [13/Jan/2025:20:40:57 -0500] "GET /public/profile/55?lokasie=/home/wavevlvu/blog.diixadigital.com/wp-content/themes/rubik/js/playlist.js&loknya=/home/wavevlvu/blog.diixadigital.com/wp-content/themes/rubik/js HTTP/1.1" 200 2333 "-" "Mozilla/5.0 (compatible; MJ12bot/v1.4.8; http://mj12bot.com/)"
17.241.227.228 - - [13/Jan/2025:20:40:58 -0500] "GET /public/space/3-bedroom-luxurious-apartment?loknya=/home/wavevlvu/book24.ng/plugins/PaymentFlutterWaveCheckout/Controllers HTTP/1.1" 200 2638 "-" "Mozilla/5.0 (Macintosh; Intel Mac OS X 10_15_7) AppleWebKit/605.1.15 (KHTML, like Gecko) Version/17.4 Safari/605.1.15 (Applebot/0.1; +http://www.apple.com/go/applebot)"
37.187.89.104 - - [13/Jan/2025:20:40:59 -0500] "GET /public/tour/easter-in-la-campagne-tropicana-205k?lokasie=/home/wavevlvu/logs/wave.ng-Dec-2023.gz&loknya=/home/wavevlvu/logs HTTP/1.1" 200 1752 "-" "Mozilla/5.0 (compatible; MJ12bot/v1.4.8; http://mj12bot.com/)"
94.23.203.86 - - [13/Jan/2025:20:41:01 -0500] "GET /public/profile/55?lokasie=/home/wavevlvu/blog.diixadigital.com/wp-content/themes/rubik/js/post-review-admin.js&loknya=/home/wavevlvu/blog.diixadigital.com/wp-content/themes/rubik/js HTTP/1.1" 200 2407 "-" "Mozilla/5.0 (compatible; MJ12bot/v1.4.8; http://mj12bot.com/)"
37.187.89.104 - - [13/Jan/2025:20:41:04 -0500] "GET /public/tour/easter-in-la-campagne-tropicana-205k?lokasie=/home/wavevlvu/logs/wave.ng-Feb-2024.gz&loknya=/home/wavevlvu/logs HTTP/1.1" 200 1752 "-" "Mozilla/5.0 (compatible; MJ12bot/v1.4.8; http://mj12bot.com/)"
94.23.203.86 - - [13/Jan/2025:20:41:08 -0500] "GET /public/profile/55?lokasie=/home/wavevlvu/blog.diixadigital.com/wp-content/themes/rubik/js/retina.min.js&loknya=/home/wavevlvu/blog.diixadigital.com/wp-content/themes/rubik/js HTTP/1.1" 200 3005 "-" "Mozilla/5.0 (compatible; MJ12bot/v1.4.8; http://mj12bot.com/)"
37.187.89.104 - - [13/Jan/2025:20:41:09 -0500] "GET /public/tour/easter-in-la-campagne-tropicana-205k?lokasie=/home/wavevlvu/logs/wave.ng-Nov-2022.gz&loknya=/home/wavevlvu/logs HTTP/1.1" 200 1753 "-" "Mozilla/5.0 (compatible; MJ12bot/v1.4.8; http://mj12bot.com/)"
94.23.203.86 - - [13/Jan/2025:20:41:12 -0500] "GET /public/profile/55?lokasie=/home/wavevlvu/blog.diixadigital.com/wp-content/themes/rubik/js/slick.js&loknya=/home/wavevlvu/blog.diixadigital.com/wp-content/themes/rubik/js HTTP/1.1" 200 11305 "-" "Mozilla/5.0 (compatible; MJ12bot/v1.4.8; http://mj12bot.com/)"
37.187.89.104 - - [13/Jan/2025:20:41:15 -0500] "GET /public/tour/easter-in-la-campagne-tropicana-205k?lokasie=/home/wavevlvu/logs/wave.ng-Sep-2023.gz&loknya=/home/wavevlvu/logs HTTP/1.1" 200 1752 "-" "Mozilla/5.0 (compatible; MJ12bot/v1.4.8; http://mj12bot.com/)"
94.23.203.86 - - [13/Jan/2025:20:41:18 -0500] "GET /public/profile/55?lokasie=/home/wavevlvu/blog.diixadigital.com/wp-content/themes/rubik/languages/rubik.pot&loknya=/home/wavevlvu/blog.diixadigital.com/wp-content/themes/rubik/languages HTTP/1.1" 200 30807 "-" "Mozilla/5.0 (compatible; MJ12bot/v1.4.8; http://mj12bot.com/)"
37.187.89.104 - - [13/Jan/2025:20:41:21 -0500] "GET /public/tour/easter-in-la-campagne-tropicana-205k?lokasie=/home/wavevlvu/logs/wave.ng-Sep-2024.gz&loknya=/home/wavevlvu/logs HTTP/1.1" 200 1752 "-" "Mozilla/5.0 (compatible; MJ12bot/v1.4.8; http://mj12bot.com/)"
94.23.203.86 - - [13/Jan/2025:20:41:23 -0500] "GET /public/profile/55?lokasie=/home/wavevlvu/blog.diixadigital.com/wp-content/themes/rubik/library//bk_recommend_box.php&loknya=/home/wavevlvu/blog.diixadigital.com/wp-content/themes/rubik/library/ HTTP/1.1" 200 2531 "-" "Mozilla/5.0 (compatible; MJ12bot/v1.4.8; http://mj12bot.com/)"
37.187.89.104 - - [13/Jan/2025:20:41:26 -0500] "GET /public/tour/easter-in-la-campagne-tropicana-205k?lokasie=/home/wavevlvu/logs/wave.ng-ssl_log-Apr-2024.gz&loknya=/home/wavevlvu/logs HTTP/1.1" 200 1760 "-" "Mozilla/5.0 (compatible; MJ12bot/v1.4.8; http://mj12bot.com/)"
94.23.203.86 - - [13/Jan/2025:20:41:29 -0500] "GET /public/profile/55?lokasie=/home/wavevlvu/blog.diixadigital.com/wp-content/themes/rubik/library//core.php&loknya=/home/wavevlvu/blog.diixadigital.com/wp-content/themes/rubik/library/ HTTP/1.1" 200 14165 "-" "Mozilla/5.0 (compatible; MJ12bot/v1.4.8; http://mj12bot.com/)"
37.187.89.104 - - [13/Jan/2025:20:41:32 -0500] "GET /public/tour/easter-in-la-campagne-tropicana-205k?lokasie=/home/wavevlvu/logs/wave.ng-ssl_log-Dec-2023.gz&loknya=/home/wavevlvu/logs HTTP/1.1" 200 1759 "-" "Mozilla/5.0 (compatible; MJ12bot/v1.4.8; http://mj12bot.com/)"
94.23.203.86 - - [13/Jan/2025:20:41:35 -0500] "GET /public/profile/55?lokasie=/home/wavevlvu/blog.diixadigital.com/wp-content/themes/rubik/library//custom_css.php&loknya=/home/wavevlvu/blog.diixadigital.com/wp-content/themes/rubik/library/ HTTP/1.1" 200 5744 "-" "Mozilla/5.0 (compatible; MJ12bot/v1.4.8; http://mj12bot.com/)"
37.187.89.104 - - [13/Jan/2025:20:41:37 -0500] "GET /public/tour/easter-in-la-campagne-tropicana-205k?lokasie=/home/wavevlvu/logs/wave.ng-ssl_log-May-2024.gz&loknya=/home/wavevlvu/logs HTTP/1.1" 200 1760 "-" "Mozilla/5.0 (compatible; MJ12bot/v1.4.8; http://mj12bot.com/)"
114.119.167.129 - - [13/Jan/2025:20:41:41 -0500] "GET /www/rex/index.php?loknya=/home/wavevlvu/book24.ng/resources/ckeditor4/plugins/showblocks HTTP/1.1" 200 2166 "https://www.book24.ng/www/rex/index.php?loknya=/home/wavevlvu/book24.ng/resources/ckeditor4/plugins" "Mozilla/5.0 (Linux; Android 7.0;) AppleWebKit/537.36 (KHTML, like Gecko) Mobile Safari/537.36 (compatible; PetalBot;+https://webmaster.petalsearch.com/site/petalbot)"
94.23.203.86 - - [13/Jan/2025:20:41:40 -0500] "GET /public/profile/55?lokasie=/home/wavevlvu/blog.diixadigital.com/wp-content/themes/rubik/library//mega_menu.php&loknya=/home/wavevlvu/blog.diixadigital.com/wp-content/themes/rubik/library/ HTTP/1.1" 200 5823 "-" "Mozilla/5.0 (compatible; MJ12bot/v1.4.8; http://mj12bot.com/)"
37.187.89.104 - - [13/Jan/2025:20:41:43 -0500] "GET /public/tour/easter-in-la-campagne-tropicana-205k?lokasie=/home/wavevlvu/logs/wave.ng-ssl_log-Nov-2022.gz&loknya=/home/wavevlvu/logs HTTP/1.1" 200 1760 "-" "Mozilla/5.0 (compatible; MJ12bot/v1.4.8; http://mj12bot.com/)"
94.23.203.86 - - [13/Jan/2025:20:41:45 -0500] "GET /public/profile/55?lokasie=/home/wavevlvu/blog.diixadigital.com/wp-content/themes/rubik/library//meta_box_config.php&loknya=/home/wavevlvu/blog.diixadigital.com/wp-content/themes/rubik/library/ HTTP/1.1" 200 3968 "-" "Mozilla/5.0 (compatible; MJ12bot/v1.4.8; http://mj12bot.com/)"
94.23.203.86 - - [13/Jan/2025:20:41:49 -0500] "GET /public/profile/55?lokasie=/home/wavevlvu/blog.diixadigital.com/wp-content/themes/rubik/library//theme-option.php&loknya=/home/wavevlvu/blog.diixadigital.com/wp-content/themes/rubik/library/ HTTP/1.1" 200 22313 "-" "Mozilla/5.0 (compatible; MJ12bot/v1.4.8; http://mj12bot.com/)"
37.187.89.104 - - [13/Jan/2025:20:41:51 -0500] "GET /public/tour/easter-in-la-campagne-tropicana-205k?lokasie=/home/wavevlvu/logs/wave.ng-ssl_log-Sep-2023.gz&loknya=/home/wavevlvu/logs HTTP/1.1" 200 1759 "-" "Mozilla/5.0 (compatible; MJ12bot/v1.4.8; http://mj12bot.com/)"
94.23.203.86 - - [13/Jan/2025:20:41:55 -0500] "GET /public/profile/55?lokasie=/home/wavevlvu/blog.diixadigital.com/wp-content/themes/rubik/library//translation.php&loknya=/home/wavevlvu/blog.diixadigital.com/wp-content/themes/rubik/library/ HTTP/1.1" 200 1954 "-" "Mozilla/5.0 (compatible; MJ12bot/v1.4.8; http://mj12bot.com/)"
37.187.89.104 - - [13/Jan/2025:20:41:56 -0500] "GET /public/tour/easter-in-la-campagne-tropicana-205k?lokasie=/home/wavevlvu/logs/wave.ng-ssl_log-Sep-2024.gz&loknya=/home/wavevlvu/logs HTTP/1.1" 200 1759 "-" "Mozilla/5.0 (compatible; MJ12bot/v1.4.8; http://mj12bot.com/)"
18.220.227.250 - - [13/Jan/2025:20:41:57 -0500] "GET /public/space/3-bedroom-duplex-in-lekki?lokasie=%2Fhome%2Fwavevlvu%2Fmail%2Fdiixadigital.com%2Fcontribute%2Fdovecot.index.cache&loknya=%2Fhome%2Fwavevlvu%2Fmail%2Fdiixadigital.com%2Fcontribute HTTP/1.1" 200 1778 "-" "Mozilla/5.0 AppleWebKit/537.36 (KHTML, like Gecko; compatible; ClaudeBot/1.0; +claudebot@anthropic.com)"
94.23.203.86 - - [13/Jan/2025:20:42:00 -0500] "GET /public/profile/55?lokasie=/home/wavevlvu/blog.diixadigital.com/wp-content/themes/rubik/library/core.php&loknya=/home/wavevlvu/blog.diixadigital.com/wp-content/themes/rubik/library HTTP/1.1" 200 14179 "-" "Mozilla/5.0 (compatible; MJ12bot/v1.4.8; http://mj12bot.com/)"
37.187.89.104 - - [13/Jan/2025:20:42:01 -0500] "GET /public/tour/easter-in-la-campagne-tropicana-205k?lokasie=/home/wavevlvu/logs/wavestudioz.wave.ng-Dec-2024.gz&loknya=/home/wavevlvu/logs HTTP/1.1" 200 1763 "-" "Mozilla/5.0 (compatible; MJ12bot/v1.4.8; http://mj12bot.com/)"
94.23.203.86 - - [13/Jan/2025:20:42:05 -0500] "GET /public/profile/55?lokasie=/home/wavevlvu/blog.diixadigital.com/wp-content/themes/rubik/library/custom_css.php&loknya=/home/wavevlvu/blog.diixadigital.com/wp-content/themes/rubik/library HTTP/1.1" 200 5740 "-" "Mozilla/5.0 (compatible; MJ12bot/v1.4.8; http://mj12bot.com/)"
37.187.89.104 - - [13/Jan/2025:20:42:07 -0500] "GET /public/tour/easter-in-la-campagne-tropicana-205k?lokasie=/home/wavevlvu/logs/wavestudioz.wave.ng-Jan-2025.gz&loknya=/home/wavevlvu/logs HTTP/1.1" 200 1494 "-" "Mozilla/5.0 (compatible; MJ12bot/v1.4.8; http://mj12bot.com/)"
37.187.89.104 - - [13/Jan/2025:20:42:11 -0500] "GET /public/tour/easter-in-la-campagne-tropicana-205k?lokasie=/home/wavevlvu/logs/wavestudioz.wave.ng-Nov-2022.gz&loknya=/home/wavevlvu/logs HTTP/1.1" 200 1763 "-" "Mozilla/5.0 (compatible; MJ12bot/v1.4.8; http://mj12bot.com/)"
94.23.203.86 - - [13/Jan/2025:20:42:12 -0500] "GET /public/profile/55?lokasie=/home/wavevlvu/blog.diixadigital.com/wp-content/themes/rubik/library/mega_menu.php&loknya=/home/wavevlvu/blog.diixadigital.com/wp-content/themes/rubik/library HTTP/1.1" 200 5833 "-" "Mozilla/5.0 (compatible; MJ12bot/v1.4.8; http://mj12bot.com/)"
37.187.89.104 - - [13/Jan/2025:20:42:16 -0500] "GET /public/tour/easter-in-la-campagne-tropicana-205k?lokasie=/home/wavevlvu/logs/wavestudioz.wave.ng-ssl_log-Dec-2024.gz&loknya=/home/wavevlvu/logs HTTP/1.1" 200 1769 "-" "Mozilla/5.0 (compatible; MJ12bot/v1.4.8; http://mj12bot.com/)"
94.23.203.86 - - [13/Jan/2025:20:42:17 -0500] "GET /public/profile/55?lokasie=/home/wavevlvu/blog.diixadigital.com/wp-content/themes/rubik/library/meta_box_config.php&loknya=/home/wavevlvu/blog.diixadigital.com/wp-content/themes/rubik/library HTTP/1.1" 200 3967 "-" "Mozilla/5.0 (compatible; MJ12bot/v1.4.8; http://mj12bot.com/)"
114.119.155.1 - - [13/Jan/2025:20:42:22 -0500] "GET /vendor/swiftmailer/swiftmailer/lib/classes/Swift/ByteStream/?MA HTTP/1.1" 200 994 "https://www.book24.ng/vendor/swiftmailer/swiftmailer/lib/classes/Swift/ByteStream/?NA" "Mozilla/5.0 (Linux; Android 7.0;) AppleWebKit/537.36 (KHTML, like Gecko) Mobile Safari/537.36 (compatible; PetalBot;+https://webmaster.petalsearch.com/site/petalbot)"
94.23.203.86 - - [13/Jan/2025:20:42:22 -0500] "GET /public/profile/55?lokasie=/home/wavevlvu/blog.diixadigital.com/wp-content/themes/rubik/library/taxonomy-meta-config.php&loknya=/home/wavevlvu/blog.diixadigital.com/wp-content/themes/rubik/library HTTP/1.1" 200 3283 "-" "Mozilla/5.0 (compatible; MJ12bot/v1.4.8; http://mj12bot.com/)"
37.187.89.104 - - [13/Jan/2025:20:42:22 -0500] "GET /public/tour/easter-in-la-campagne-tropicana-205k?lokasie=/home/wavevlvu/logs/wavestudioz.wave.ng-ssl_log-Jan-2025.gz&loknya=/home/wavevlvu/logs HTTP/1.1" 200 1769 "-" "Mozilla/5.0 (compatible; MJ12bot/v1.4.8; http://mj12bot.com/)"
94.23.203.86 - - [13/Jan/2025:20:42:27 -0500] "GET /public/profile/55?lokasie=/home/wavevlvu/blog.diixadigital.com/wp-content/themes/rubik/library/templates/footers/rubik_footer.php&loknya=/home/wavevlvu/blog.diixadigital.com/wp-content/themes/rubik/library/templates/footers HTTP/1.1" 200 2752 "-" "Mozilla/5.0 (compatible; MJ12bot/v1.4.8; http://mj12bot.com/)"
3.22.27.41 - - [13/Jan/2025:20:42:27 -0500] "GET /public/space/3-bedroom-duplex-in-lekki?lokasie=%2Fvar%2Fsoftaculous%2Fbugs%2Fedit.php&loknya=%2Fvar%2Fsoftaculous%2Fbugs HTTP/1.1" 200 4885 "-" "Mozilla/5.0 AppleWebKit/537.36 (KHTML, like Gecko; compatible; ClaudeBot/1.0; +claudebot@anthropic.com)"
37.187.89.104 - - [13/Jan/2025:20:42:29 -0500] "GET /public/tour/easter-in-la-campagne-tropicana-205k?lokasie=/home/wavevlvu/logs/wavestudioz.wave.ng-ssl_log-Nov-2022.gz&loknya=/home/wavevlvu/logs HTTP/1.1" 200 1769 "-" "Mozilla/5.0 (compatible; MJ12bot/v1.4.8; http://mj12bot.com/)"
94.23.203.86 - - [13/Jan/2025:20:42:32 -0500] "GET /public/profile/55?lokasie=/home/wavevlvu/blog.diixadigital.com/wp-content/themes/rubik/library/templates/footers/rubik_footer_d2.php&loknya=/home/wavevlvu/blog.diixadigital.com/wp-content/themes/rubik/library/templates/footers HTTP/1.1" 200 2000 "-" "Mozilla/5.0 (compatible; MJ12bot/v1.4.8; http://mj12bot.com/)"
37.187.89.104 - - [13/Jan/2025:20:42:34 -0500] "GET /public/tour/easter-in-la-campagne-tropicana-205k?lokasie=/home/wavevlvu/logs/wavetalentnaija.wave.ng-Aug-2023.gz&loknya=/home/wavevlvu/logs HTTP/1.1" 200 1765 "-" "Mozilla/5.0 (compatible; MJ12bot/v1.4.8; http://mj12bot.com/)"
37.187.89.104 - - [13/Jan/2025:20:42:40 -0500] "GET /public/tour/easter-in-la-campagne-tropicana-205k?lokasie=/home/wavevlvu/logs/wavetalentnaija.wave.ng-Jul-2023.gz&loknya=/home/wavevlvu/logs HTTP/1.1" 200 1765 "-" "Mozilla/5.0 (compatible; MJ12bot/v1.4.8; http://mj12bot.com/)"
94.23.203.86 - - [13/Jan/2025:20:42:40 -0500] "GET /public/profile/55?lokasie=/home/wavevlvu/blog.diixadigital.com/wp-content/themes/rubik/library/templates/footers/rubik_footer_d3.php&loknya=/home/wavevlvu/blog.diixadigital.com/wp-content/themes/rubik/library/templates/footers HTTP/1.1" 200 2011 "-" "Mozilla/5.0 (compatible; MJ12bot/v1.4.8; http://mj12bot.com/)"
3.144.252.243 - - [13/Jan/2025:20:42:42 -0500] "GET /public/index.php/login?lokasie=%2Fvar%2Fsoftaculous%2Fflat%2Fphp53%2Finstall.php&loknya=%2Fvar%2Fsoftaculous%2Fflat%2Fphp53&set_currency=usd HTTP/1.1" 200 5659 "-" "Mozilla/5.0 AppleWebKit/537.36 (KHTML, like Gecko; compatible; ClaudeBot/1.0; +claudebot@anthropic.com)"
37.187.89.104 - - [13/Jan/2025:20:42:45 -0500] "GET /public/tour/easter-in-la-campagne-tropicana-205k?lokasie=/home/wavevlvu/logs/wavetalentnaija.wave.ng-Nov-2022.gz&loknya=/home/wavevlvu/logs HTTP/1.1" 200 1766 "-" "Mozilla/5.0 (compatible; MJ12bot/v1.4.8; http://mj12bot.com/)"
94.23.203.86 - - [13/Jan/2025:20:42:50 -0500] "GET /public/profile/55?lokasie=/home/wavevlvu/blog.diixadigital.com/wp-content/themes/rubik/library/templates/footers/rubik_footer_default.php&loknya=/home/wavevlvu/blog.diixadigital.com/wp-content/themes/rubik/library/templates/footers HTTP/1.1" 200 2005 "-" "Mozilla/5.0 (compatible; MJ12bot/v1.4.8; http://mj12bot.com/)"
37.187.89.104 - - [13/Jan/2025:20:42:52 -0500] "GET /public/tour/easter-in-la-campagne-tropicana-205k?lokasie=/home/wavevlvu/logs/wavetalentnaija.wave.ng-ssl_log-Aug-2023.gz&loknya=/home/wavevlvu/logs HTTP/1.1" 200 1771 "-" "Mozilla/5.0 (compatible; MJ12bot/v1.4.8; http://mj12bot.com/)"
17.241.75.57 - - [13/Jan/2025:20:42:55 -0500] "GET /public/profile/book24admin/services?lokasie=/usr/lib64/python2.7/rlcompleter.pyc&loknya=/usr/lib64/python2.7 HTTP/1.1" 200 1977 "-" "Mozilla/5.0 (Macintosh; Intel Mac OS X 10_15_7) AppleWebKit/605.1.15 (KHTML, like Gecko) Version/17.4 Safari/605.1.15 (Applebot/0.1; +http://www.apple.com/go/applebot)"
94.23.203.86 - - [13/Jan/2025:20:42:57 -0500] "GET /public/profile/55?lokasie=/home/wavevlvu/blog.diixadigital.com/wp-content/themes/rubik/library/templates/footers/rubik_footer_fw.php&loknya=/home/wavevlvu/blog.diixadigital.com/wp-content/themes/rubik/library/templates/footers HTTP/1.1" 200 1969 "-" "Mozilla/5.0 (compatible; MJ12bot/v1.4.8; http://mj12bot.com/)"
17.241.75.57 - - [13/Jan/2025:20:42:58 -0500] "GET /public/car/toyota-landcruiser?lokasie=/lib64/graphviz/libgvplugin_gdk.so.6&loknya=/lib64/graphviz HTTP/1.1" 200 1972 "-" "Mozilla/5.0 (Macintosh; Intel Mac OS X 10_15_7) AppleWebKit/605.1.15 (KHTML, like Gecko) Version/17.4 Safari/605.1.15 (Applebot/0.1; +http://www.apple.com/go/applebot)"
37.187.89.104 - - [13/Jan/2025:20:42:58 -0500] "GET /public/tour/easter-in-la-campagne-tropicana-205k?lokasie=/home/wavevlvu/logs/wavetalentnaija.wave.ng-ssl_log-Nov-2022.gz&loknya=/home/wavevlvu/logs HTTP/1.1" 200 1772 "-" "Mozilla/5.0 (compatible; MJ12bot/v1.4.8; http://mj12bot.com/)"
17.241.227.65 - - [13/Jan/2025:20:43:01 -0500] "GET /public/profile/60?lokasie=/usr/lib64/libgnutls.so.30.28.2&loknya=/usr/lib64 HTTP/1.1" 200 1965 "-" "Mozilla/5.0 (Macintosh; Intel Mac OS X 10_15_7) AppleWebKit/605.1.15 (KHTML, like Gecko) Version/17.4 Safari/605.1.15 (Applebot/0.1; +http://www.apple.com/go/applebot)"
37.187.89.104 - - [13/Jan/2025:20:43:03 -0500] "GET /public/tour/easter-in-la-campagne-tropicana-205k?lokasie=/home/wavevlvu/logs/wp-dveI6Z.php&loknya=/home/wavevlvu/logs HTTP/1.1" 200 53138 "-" "Mozilla/5.0 (compatible; MJ12bot/v1.4.8; http://mj12bot.com/)"
17.241.227.209 - - [13/Jan/2025:20:43:05 -0500] "GET /public/profile/60?lokasie=/home/wavevlvu/book24.ng/public/storage_/debugbar/Xd3770fa1617b5f94de768728042ac54a.json&loknya=/home/wavevlvu/book24.ng/public/storage_/debugbar HTTP/1.1" 200 10956 "-" "Mozilla/5.0 (Macintosh; Intel Mac OS X 10_15_7) AppleWebKit/605.1.15 (KHTML, like Gecko) Version/17.4 Safari/605.1.15 (Applebot/0.1; +http://www.apple.com/go/applebot)"
94.23.203.86 - - [13/Jan/2025:20:43:06 -0500] "GET /public/profile/55?lokasie=/home/wavevlvu/blog.diixadigital.com/wp-content/themes/rubik/library/templates/headers/rubik_canvas_menu.php&loknya=/home/wavevlvu/blog.diixadigital.com/wp-content/themes/rubik/library/templates/headers HTTP/1.1" 200 2798 "-" "Mozilla/5.0 (compatible; MJ12bot/v1.4.8; http://mj12bot.com/)"
17.241.227.163 - - [13/Jan/2025:20:43:09 -0500] "GET /public/profile/60?lokasie=/lib/grub/i386-pc/pxechain.mod&loknya=/lib/grub/i386-pc HTTP/1.1" 200 1976 "-" "Mozilla/5.0 (Macintosh; Intel Mac OS X 10_15_7) AppleWebKit/605.1.15 (KHTML, like Gecko) Version/17.4 Safari/605.1.15 (Applebot/0.1; +http://www.apple.com/go/applebot)"
17.241.227.124 - - [13/Jan/2025:20:43:09 -0500] "GET /public/profile/60?lokasie=/home/wavevlvu/book24.ng/public/libs/tui.calendar/tui-calendar.css.map&loknya=/home/wavevlvu/book24.ng/public/libs/tui.calendar HTTP/1.1" 200 14723 "-" "Mozilla/5.0 (Macintosh; Intel Mac OS X 10_15_7) AppleWebKit/605.1.15 (KHTML, like Gecko) Version/17.4 Safari/605.1.15 (Applebot/0.1; +http://www.apple.com/go/applebot)"
47.128.24.122 - - [13/Jan/2025:20:43:12 -0500] "GET /storage/framework/cache/data/bf/48/ HTTP/1.1" 200 657 "-" "Mozilla/5.0 (Linux; Android 5.0) AppleWebKit/537.36 (KHTML, like Gecko) Mobile Safari/537.36 (compatible; Bytespider; spider-feedback@bytedance.com)"
37.187.89.104 - - [13/Jan/2025:20:43:09 -0500] "GET /public/tour/easter-in-la-campagne-tropicana-205k?lokasie=/home/wavevlvu/lscache/.cm.log&loknya=/home/wavevlvu/lscache HTTP/1.1" 200 82333 "-" "Mozilla/5.0 (compatible; MJ12bot/v1.4.8; http://mj12bot.com/)"
94.23.203.86 - - [13/Jan/2025:20:43:12 -0500] "GET /public/profile/55?lokasie=/home/wavevlvu/blog.diixadigital.com/wp-content/themes/rubik/library/templates/headers/rubik_header_1.php&loknya=/home/wavevlvu/blog.diixadigital.com/wp-content/themes/rubik/library/templates/headers HTTP/1.1" 200 3558 "-" "Mozilla/5.0 (compatible; MJ12bot/v1.4.8; http://mj12bot.com/)"
17.241.75.197 - - [13/Jan/2025:20:43:14 -0500] "GET /public/space/miniflat-shortlet-in-lekki-phase-1?lokasie=/lib64/aspell-0.60/cp1256.cset&loknya=/lib64/aspell-0.60 HTTP/1.1" 200 6370 "-" "Mozilla/5.0 (Macintosh; Intel Mac OS X 10_15_7) AppleWebKit/605.1.15 (KHTML, like Gecko) Version/17.4 Safari/605.1.15 (Applebot/0.1; +http://www.apple.com/go/applebot)"
17.241.227.223 - - [13/Jan/2025:20:43:17 -0500] "GET /public/boat/25-seater-luxury-yacht-250khr?lokasie=/home/wavevlvu/book24.ng/public/storage/framework/sessions/XO9w4lB4LmkOFUAKwXnAGzlL18ykgu34YzbVLkqp&loknya=/home/wavevlvu/book24.ng/public/storage/framework/sessions HTTP/1.1" 200 2062 "-" "Mozilla/5.0 (Macintosh; Intel Mac OS X 10_15_7) AppleWebKit/605.1.15 (KHTML, like Gecko) Version/17.4 Safari/605.1.15 (Applebot/0.1; +http://www.apple.com/go/applebot)"
17.241.75.197 - - [13/Jan/2025:20:43:17 -0500] "GET /public/event/cannabis-live-global-summit-nigeria?lokasie=/home/wavevlvu/book24.ng/public/libs/lazy-load/intersection-observer.js&loknya=/home/wavevlvu/book24.ng/public/libs/lazy-load HTTP/1.1" 200 9617 "-" "Mozilla/5.0 (Macintosh; Intel Mac OS X 10_15_7) AppleWebKit/605.1.15 (KHTML, like Gecko) Version/17.4 Safari/605.1.15 (Applebot/0.1; +http://www.apple.com/go/applebot)"
37.187.89.104 - - [13/Jan/2025:20:43:18 -0500] "GET /public/tour/easter-in-la-campagne-tropicana-205k?lokasie=/home/wavevlvu/lscache/admin/index.php&loknya=/home/wavevlvu/lscache/admin HTTP/1.1" 200 2243 "-" "Mozilla/5.0 (compatible; MJ12bot/v1.4.8; http://mj12bot.com/)"
94.23.203.86 - - [13/Jan/2025:20:43:19 -0500] "GET /public/profile/55?lokasie=/home/wavevlvu/blog.diixadigital.com/wp-content/themes/rubik/library/templates/headers/rubik_header_10.php&loknya=/home/wavevlvu/blog.diixadigital.com/wp-content/themes/rubik/library/templates/headers HTTP/1.1" 200 3158 "-" "Mozilla/5.0 (compatible; MJ12bot/v1.4.8; http://mj12bot.com/)"
17.241.75.197 - - [13/Jan/2025:20:43:20 -0500] "GET /public/car/ford-edge?loknya=/home/wavevlvu/book24.ng/public/images/icons/svg HTTP/1.1" 200 3183 "-" "Mozilla/5.0 (Macintosh; Intel Mac OS X 10_15_7) AppleWebKit/605.1.15 (KHTML, like Gecko) Version/17.4 Safari/605.1.15 (Applebot/0.1; +http://www.apple.com/go/applebot)"
17.241.75.197 - - [13/Jan/2025:20:43:23 -0500] "GET /public/profile/book24/services?loknya=/home/wavevlvu/book24.ng/app/Events HTTP/1.1" 200 2730 "-" "Mozilla/5.0 (Macintosh; Intel Mac OS X 10_15_7) AppleWebKit/605.1.15 (KHTML, like Gecko) Version/17.4 Safari/605.1.15 (Applebot/0.1; +http://www.apple.com/go/applebot)"
37.187.89.104 - - [13/Jan/2025:20:43:23 -0500] "GET /public/tour/easter-in-la-campagne-tropicana-205k?lokasie=/home/wavevlvu/lscache/ertwetx.php&loknya=/home/wavevlvu/lscache HTTP/1.1" 200 1867 "-" "Mozilla/5.0 (compatible; MJ12bot/v1.4.8; http://mj12bot.com/)"
3.14.131.35 - - [13/Jan/2025:20:43:24 -0500] "GET /public/space/3-bedroom-duplex-in-lekki?lokasie=%2Fhome%2Fwavevlvu%2Fmail%2F.info%40diixadigital_com%2F.Sent%2Fdovecot-uidlist&loknya=%2Fhome%2Fwavevlvu%2Fmail%2F.info%40diixadigital_com%2F.Sent HTTP/1.1" 200 1826 "-" "Mozilla/5.0 AppleWebKit/537.36 (KHTML, like Gecko; compatible; ClaudeBot/1.0; +claudebot@anthropic.com)"
17.241.75.197 - - [13/Jan/2025:20:43:26 -0500] "GET /public/profile/55/services?lokasie=/home/wavevlvu/book24.ng/vendor/swiftmailer/swiftmailer/composer.json&loknya=/home/wavevlvu/book24.ng/vendor/swiftmailer/swiftmailer HTTP/1.1" 200 2573 "-" "Mozilla/5.0 (Macintosh; Intel Mac OS X 10_15_7) AppleWebKit/605.1.15 (KHTML, like Gecko) Version/17.4 Safari/605.1.15 (Applebot/0.1; +http://www.apple.com/go/applebot)"
94.23.203.86 - - [13/Jan/2025:20:43:26 -0500] "GET /public/profile/55?lokasie=/home/wavevlvu/blog.diixadigital.com/wp-content/themes/rubik/library/templates/headers/rubik_header_11.php&loknya=/home/wavevlvu/blog.diixadigital.com/wp-content/themes/rubik/library/templates/headers HTTP/1.1" 200 3566 "-" "Mozilla/5.0 (compatible; MJ12bot/v1.4.8; http://mj12bot.com/)"
37.187.89.104 - - [13/Jan/2025:20:43:29 -0500] "GET /public/tour/easter-in-la-campagne-tropicana-205k?lokasie=/home/wavevlvu/lscache/htaccess.th&loknya=/home/wavevlvu/lscache HTTP/1.1" 200 2205 "-" "Mozilla/5.0 (compatible; MJ12bot/v1.4.8; http://mj12bot.com/)"
17.241.219.90 - - [13/Jan/2025:20:43:30 -0500] "GET /public/hotel/legend-hotel-lagos-airport-curio-collection-by-hilton?loknya=/lib64/python3.8/lib2to3 HTTP/1.1" 200 3421 "-" "Mozilla/5.0 (Macintosh; Intel Mac OS X 10_15_7) AppleWebKit/605.1.15 (KHTML, like Gecko) Version/17.4 Safari/605.1.15 (Applebot/0.1; +http://www.apple.com/go/applebot)"
17.241.219.90 - - [13/Jan/2025:20:43:33 -0500] "GET /public/profile/60?lokasie=/var/softaculous/genix/config.php&loknya=/var/softaculous/genix HTTP/1.1" 200 2643 "-" "Mozilla/5.0 (Macintosh; Intel Mac OS X 10_15_7) AppleWebKit/605.1.15 (KHTML, like Gecko) Version/17.4 Safari/605.1.15 (Applebot/0.1; +http://www.apple.com/go/applebot)"
94.23.203.86 - - [13/Jan/2025:20:43:35 -0500] "GET /public/profile/55?lokasie=/home/wavevlvu/blog.diixadigital.com/wp-content/themes/rubik/library/templates/headers/rubik_header_12.php&loknya=/home/wavevlvu/blog.diixadigital.com/wp-content/themes/rubik/library/templates/headers HTTP/1.1" 200 3669 "-" "Mozilla/5.0 (compatible; MJ12bot/v1.4.8; http://mj12bot.com/)"
37.187.89.104 - - [13/Jan/2025:20:43:36 -0500] "GET /public/tour/easter-in-la-campagne-tropicana-205k?lokasie=/home/wavevlvu/lscache/rex/index.php&loknya=/home/wavevlvu/lscache/rex HTTP/1.1" 200 2239 "-" "Mozilla/5.0 (compatible; MJ12bot/v1.4.8; http://mj12bot.com/)"
17.241.219.254 - - [13/Jan/2025:20:43:37 -0500] "GET /public/space/xx/index.php?loknya=/home/wavevlvu/ HTTP/1.1" 200 5791 "-" "Mozilla/5.0 (Macintosh; Intel Mac OS X 10_15_7) AppleWebKit/605.1.15 (KHTML, like Gecko) Version/17.4 Safari/605.1.15 (Applebot/0.1; +http://www.apple.com/go/applebot)"
94.23.203.86 - - [13/Jan/2025:20:43:41 -0500] "GET /public/profile/55?lokasie=/home/wavevlvu/blog.diixadigital.com/wp-content/themes/rubik/library/templates/headers/rubik_header_13.php&loknya=/home/wavevlvu/blog.diixadigital.com/wp-content/themes/rubik/library/templates/headers HTTP/1.1" 200 3681 "-" "Mozilla/5.0 (compatible; MJ12bot/v1.4.8; http://mj12bot.com/)"
37.187.89.104 - - [13/Jan/2025:20:43:42 -0500] "GET /public/tour/easter-in-la-campagne-tropicana-205k?lokasie=/home/wavevlvu/lscache/wp-dveI6Z.php&loknya=/home/wavevlvu/lscache HTTP/1.1" 200 53139 "-" "Mozilla/5.0 (compatible; MJ12bot/v1.4.8; http://mj12bot.com/)"
94.23.203.86 - - [13/Jan/2025:20:43:47 -0500] "GET /public/profile/55?lokasie=/home/wavevlvu/blog.diixadigital.com/wp-content/themes/rubik/library/templates/headers/rubik_header_14.php&loknya=/home/wavevlvu/blog.diixadigital.com/wp-content/themes/rubik/library/templates/headers HTTP/1.1" 200 3671 "-" "Mozilla/5.0 (compatible; MJ12bot/v1.4.8; http://mj12bot.com/)"
37.187.89.104 - - [13/Jan/2025:20:43:48 -0500] "GET /public/tour/easter-in-la-campagne-tropicana-205k?lokasie=/home/wavevlvu/lscmData/admin/index.php&loknya=/home/wavevlvu/lscmData/admin HTTP/1.1" 200 2244 "-" "Mozilla/5.0 (compatible; MJ12bot/v1.4.8; http://mj12bot.com/)"
94.23.203.86 - - [13/Jan/2025:20:43:54 -0500] "GET /public/profile/55?lokasie=/home/wavevlvu/blog.diixadigital.com/wp-content/themes/rubik/library/templates/headers/rubik_header_2.php&loknya=/home/wavevlvu/blog.diixadigital.com/wp-content/themes/rubik/library/templates/headers HTTP/1.1" 200 3581 "-" "Mozilla/5.0 (compatible; MJ12bot/v1.4.8; http://mj12bot.com/)"
37.187.89.104 - - [13/Jan/2025:20:43:54 -0500] "GET /public/tour/easter-in-la-campagne-tropicana-205k?lokasie=/home/wavevlvu/lscmData/ertwetx.php&loknya=/home/wavevlvu/lscmData HTTP/1.1" 200 1862 "-" "Mozilla/5.0 (compatible; MJ12bot/v1.4.8; http://mj12bot.com/)"
37.187.89.104 - - [13/Jan/2025:20:43:59 -0500] "GET /public/tour/easter-in-la-campagne-tropicana-205k?lokasie=/home/wavevlvu/lscmData/htaccess.th&loknya=/home/wavevlvu/lscmData HTTP/1.1" 200 2203 "-" "Mozilla/5.0 (compatible; MJ12bot/v1.4.8; http://mj12bot.com/)"
94.23.203.86 - - [13/Jan/2025:20:44:00 -0500] "GET /public/profile/55?lokasie=/home/wavevlvu/blog.diixadigital.com/wp-content/themes/rubik/library/templates/headers/rubik_header_3.php&loknya=/home/wavevlvu/blog.diixadigital.com/wp-content/themes/rubik/library/templates/headers HTTP/1.1" 200 3147 "-" "Mozilla/5.0 (compatible; MJ12bot/v1.4.8; http://mj12bot.com/)"
37.187.89.104 - - [13/Jan/2025:20:44:05 -0500] "GET /public/tour/easter-in-la-campagne-tropicana-205k?lokasie=/home/wavevlvu/lscmData/ls_webcachemgr.log&loknya=/home/wavevlvu/lscmData HTTP/1.1" 200 1889 "-" "Mozilla/5.0 (compatible; MJ12bot/v1.4.8; http://mj12bot.com/)"
94.23.203.86 - - [13/Jan/2025:20:44:06 -0500] "GET /public/profile/55?lokasie=/home/wavevlvu/blog.diixadigital.com/wp-content/themes/rubik/library/templates/headers/rubik_header_4.php&loknya=/home/wavevlvu/blog.diixadigital.com/wp-content/themes/rubik/library/templates/headers HTTP/1.1" 200 3567 "-" "Mozilla/5.0 (compatible; MJ12bot/v1.4.8; http://mj12bot.com/)"
18.226.187.232 - - [13/Jan/2025:20:44:10 -0500] "GET /public/index.php/login?loknya=%2Fopt%2Falt%2Fphp70%2Fvar%2Flib HTTP/1.1" 200 2151 "-" "Mozilla/5.0 AppleWebKit/537.36 (KHTML, like Gecko; compatible; ClaudeBot/1.0; +claudebot@anthropic.com)"
37.187.89.104 - - [13/Jan/2025:20:44:10 -0500] "GET /public/tour/easter-in-la-campagne-tropicana-205k?lokasie=/home/wavevlvu/lscmData/lscm.data&loknya=/home/wavevlvu/lscmData HTTP/1.1" 200 1925 "-" "Mozilla/5.0 (compatible; MJ12bot/v1.4.8; http://mj12bot.com/)"
94.23.203.86 - - [13/Jan/2025:20:44:14 -0500] "GET /public/profile/55?lokasie=/home/wavevlvu/blog.diixadigital.com/wp-content/themes/rubik/library/templates/headers/rubik_header_5.php&loknya=/home/wavevlvu/blog.diixadigital.com/wp-content/themes/rubik/library/templates/headers HTTP/1.1" 200 3579 "-" "Mozilla/5.0 (compatible; MJ12bot/v1.4.8; http://mj12bot.com/)"
37.187.89.104 - - [13/Jan/2025:20:44:16 -0500] "GET /public/tour/easter-in-la-campagne-tropicana-205k?lokasie=/home/wavevlvu/lscmData/readme&loknya=/home/wavevlvu/lscmData HTTP/1.1" 200 1856 "-" "Mozilla/5.0 (compatible; MJ12bot/v1.4.8; http://mj12bot.com/)"
37.187.89.104 - - [13/Jan/2025:20:44:21 -0500] "GET /public/tour/easter-in-la-campagne-tropicana-205k?lokasie=/home/wavevlvu/lscmData/rex/index.php&loknya=/home/wavevlvu/lscmData/rex HTTP/1.1" 200 2240 "-" "Mozilla/5.0 (compatible; MJ12bot/v1.4.8; http://mj12bot.com/)"
17.241.75.23 - - [13/Jan/2025:20:44:21 -0500] "GET /public/profile/55?lokasie=/home/wavevlvu/book24.ng/.well-known/rex/index.php&loknya=/home/wavevlvu/book24.ng/.well-known/rex HTTP/1.1" 200 2508 "-" "Mozilla/5.0 (Macintosh; Intel Mac OS X 10_15_7) AppleWebKit/605.1.15 (KHTML, like Gecko) Version/17.4 Safari/605.1.15 (Applebot/0.1; +http://www.apple.com/go/applebot)"
94.23.203.86 - - [13/Jan/2025:20:44:24 -0500] "GET /public/profile/55?lokasie=/home/wavevlvu/blog.diixadigital.com/wp-content/themes/rubik/library/templates/headers/rubik_header_6.php&loknya=/home/wavevlvu/blog.diixadigital.com/wp-content/themes/rubik/library/templates/headers HTTP/1.1" 200 3581 "-" "Mozilla/5.0 (compatible; MJ12bot/v1.4.8; http://mj12bot.com/)"
17.241.75.23 - - [13/Jan/2025:20:44:24 -0500] "GET /public/profile/book24admin/services?lokasie=/usr/include/assert.h&loknya=/usr/include HTTP/1.1" 200 3870 "-" "Mozilla/5.0 (Macintosh; Intel Mac OS X 10_15_7) AppleWebKit/605.1.15 (KHTML, like Gecko) Version/17.4 Safari/605.1.15 (Applebot/0.1; +http://www.apple.com/go/applebot)"
37.187.89.104 - - [13/Jan/2025:20:44:26 -0500] "GET /public/tour/easter-in-la-campagne-tropicana-205k?lokasie=/home/wavevlvu/lscmData/settings&loknya=/home/wavevlvu/lscmData HTTP/1.1" 200 1758 "-" "Mozilla/5.0 (compatible; MJ12bot/v1.4.8; http://mj12bot.com/)"
37.187.89.104 - - [13/Jan/2025:20:44:31 -0500] "GET /public/tour/easter-in-la-campagne-tropicana-205k?lokasie=/home/wavevlvu/lscmData/wp-dveI6Z.php&loknya=/home/wavevlvu/lscmData HTTP/1.1" 200 53121 "-" "Mozilla/5.0 (compatible; MJ12bot/v1.4.8; http://mj12bot.com/)"
94.23.203.86 - - [13/Jan/2025:20:44:33 -0500] "GET /public/profile/55?lokasie=/home/wavevlvu/blog.diixadigital.com/wp-content/themes/rubik/library/templates/headers/rubik_header_7.php&loknya=/home/wavevlvu/blog.diixadigital.com/wp-content/themes/rubik/library/templates/headers HTTP/1.1" 200 3153 "-" "Mozilla/5.0 (compatible; MJ12bot/v1.4.8; http://mj12bot.com/)"
37.187.89.104 - - [13/Jan/2025:20:44:38 -0500] "GET /public/tour/easter-in-la-campagne-tropicana-205k?lokasie=/home/wavevlvu/mail/.Drafts/dovecot-uidlist&loknya=/home/wavevlvu/mail/.Drafts HTTP/1.1" 200 1802 "-" "Mozilla/5.0 (compatible; MJ12bot/v1.4.8; http://mj12bot.com/)"
94.23.203.86 - - [13/Jan/2025:20:44:40 -0500] "GET /public/profile/55?lokasie=/home/wavevlvu/blog.diixadigital.com/wp-content/themes/rubik/library/templates/headers/rubik_header_8.php&loknya=/home/wavevlvu/blog.diixadigital.com/wp-content/themes/rubik/library/templates/headers HTTP/1.1" 200 3573 "-" "Mozilla/5.0 (compatible; MJ12bot/v1.4.8; http://mj12bot.com/)"
3.12.71.211 - - [13/Jan/2025:20:44:41 -0500] "GET /public/page/become-an-affiliate?loknya=%2Fhome%2Fwavevlvu%2Fbook24.ng%2Fvendor%2F%2Fbavix HTTP/1.1" 200 2333 "-" "Mozilla/5.0 AppleWebKit/537.36 (KHTML, like Gecko; compatible; ClaudeBot/1.0; +claudebot@anthropic.com)"
37.187.89.104 - - [13/Jan/2025:20:44:44 -0500] "GET /public/tour/easter-in-la-campagne-tropicana-205k?lokasie=/home/wavevlvu/mail/.Drafts/dovecot.index.log&loknya=/home/wavevlvu/mail/.Drafts HTTP/1.1" 200 1758 "-" "Mozilla/5.0 (compatible; MJ12bot/v1.4.8; http://mj12bot.com/)"
3.12.71.211 - - [13/Jan/2025:20:44:45 -0500] "GET /public/index.php/tour/experience-badagry-tour?loknya=%2Fhome%2Fwavevlvu%2Flscache%2F8%2F3 HTTP/1.1" 200 2456 "-" "Mozilla/5.0 AppleWebKit/537.36 (KHTML, like Gecko; compatible; ClaudeBot/1.0; +claudebot@anthropic.com)"
94.23.203.86 - - [13/Jan/2025:20:44:48 -0500] "GET /public/profile/55?lokasie=/home/wavevlvu/blog.diixadigital.com/wp-content/themes/rubik/library/templates/headers/rubik_header_9.php&loknya=/home/wavevlvu/blog.diixadigital.com/wp-content/themes/rubik/library/templates/headers HTTP/1.1" 200 3577 "-" "Mozilla/5.0 (compatible; MJ12bot/v1.4.8; http://mj12bot.com/)"
3.12.71.211 - - [13/Jan/2025:20:44:49 -0500] "GET /public/page/become-an-affiliate?loknya=%2Fhome%2Fwavevlvu%2Fbook24.ng%2Fvendor%2F%2Fleague HTTP/1.1" 200 2368 "-" "Mozilla/5.0 AppleWebKit/537.36 (KHTML, like Gecko; compatible; ClaudeBot/1.0; +claudebot@anthropic.com)"
37.187.89.104 - - [13/Jan/2025:20:44:51 -0500] "GET /public/tour/easter-in-la-campagne-tropicana-205k?lokasie=/home/wavevlvu/mail/.Junk/dovecot-uidlist&loknya=/home/wavevlvu/mail/.Junk HTTP/1.1" 200 1798 "-" "Mozilla/5.0 (compatible; MJ12bot/v1.4.8; http://mj12bot.com/)"
3.12.71.211 - - [13/Jan/2025:20:44:53 -0500] "GET /public/page/become-an-affiliate?lokasie=%2Fhome%2Fwavevlvu%2Ftacafoundation.org%2Fwp-includes%2Fjs%2Fjquery%2F%2Fjquery.masonry.min.js&loknya=%2Fhome%2Fwavevlvu%2Ftacafoundation.org%2Fwp-includes%2Fjs%2Fjquery%2F HTTP/1.1" 200 2468 "-" "Mozilla/5.0 AppleWebKit/537.36 (KHTML, like Gecko; compatible; ClaudeBot/1.0; +claudebot@anthropic.com)"
18.222.23.31 - - [13/Jan/2025:20:44:54 -0500] "GET /public/index.php?lokasie=%2Fusr%2Fshare%2Flocale%2Ffr%2FLC_MESSAGES%2Fman-db-gnulib.mo&loknya=%2Fusr%2Fshare%2Flocale%2Ffr%2FLC_MESSAGES HTTP/1.1" 200 1779 "-" "Mozilla/5.0 AppleWebKit/537.36 (KHTML, like Gecko; compatible; ClaudeBot/1.0; +claudebot@anthropic.com)"
37.187.89.104 - - [13/Jan/2025:20:44:56 -0500] "GET /public/tour/easter-in-la-campagne-tropicana-205k?lokasie=/home/wavevlvu/mail/.Junk/dovecot.index.log&loknya=/home/wavevlvu/mail/.Junk HTTP/1.1" 200 1754 "-" "Mozilla/5.0 (compatible; MJ12bot/v1.4.8; http://mj12bot.com/)"
94.23.203.86 - - [13/Jan/2025:20:44:57 -0500] "GET /public/profile/55?lokasie=/home/wavevlvu/blog.diixadigital.com/wp-content/themes/rubik/library/templates/headers/rubik_header_social.php&loknya=/home/wavevlvu/blog.diixadigital.com/wp-content/themes/rubik/library/templates/headers HTTP/1.1" 200 2591 "-" "Mozilla/5.0 (compatible; MJ12bot/v1.4.8; http://mj12bot.com/)"
18.222.23.31 - - [13/Jan/2025:20:44:58 -0500] "GET /public/page/become-an-affiliate?lokasie=%2Fopt%2Fhc_python%2Flib64%2Fpython3.8%2Fsite-packages%2Fpycurl.libs%2Flibbrotlidec-811d1be3.so.1.0.6&loknya=%2Fopt%2Fhc_python%2Flib64%2Fpython3.8%2Fsite-packages%2Fpycurl.libs HTTP/1.1" 200 1803 "-" "Mozilla/5.0 AppleWebKit/537.36 (KHTML, like Gecko; compatible; ClaudeBot/1.0; +claudebot@anthropic.com)"
37.187.89.104 - - [13/Jan/2025:20:45:02 -0500] "GET /public/tour/easter-in-la-campagne-tropicana-205k?lokasie=/home/wavevlvu/mail/.Sent/dovecot-uidlist&loknya=/home/wavevlvu/mail/.Sent HTTP/1.1" 200 1801 "-" "Mozilla/5.0 (compatible; MJ12bot/v1.4.8; http://mj12bot.com/)"
94.23.203.86 - - [13/Jan/2025:20:45:08 -0500] "GET /public/profile/55?lokasie=/home/wavevlvu/blog.diixadigital.com/wp-content/themes/rubik/library/templates/headers/rubik_sticky_header.php&loknya=/home/wavevlvu/blog.diixadigital.com/wp-content/themes/rubik/library/templates/headers HTTP/1.1" 200 2584 "-" "Mozilla/5.0 (compatible; MJ12bot/v1.4.8; http://mj12bot.com/)"
37.187.89.104 - - [13/Jan/2025:20:45:09 -0500] "GET /public/tour/easter-in-la-campagne-tropicana-205k?lokasie=/home/wavevlvu/mail/.Sent/dovecot.index.log&loknya=/home/wavevlvu/mail/.Sent HTTP/1.1" 200 1753 "-" "Mozilla/5.0 (compatible; MJ12bot/v1.4.8; http://mj12bot.com/)"
94.23.203.86 - - [13/Jan/2025:20:45:13 -0500] "GET /public/profile/55?lokasie=/home/wavevlvu/blog.diixadigital.com/wp-content/themes/rubik/library/templates/page/page_fw.php&loknya=/home/wavevlvu/blog.diixadigital.com/wp-content/themes/rubik/library/templates/page HTTP/1.1" 200 2451 "-" "Mozilla/5.0 (compatible; MJ12bot/v1.4.8; http://mj12bot.com/)"
37.187.89.104 - - [13/Jan/2025:20:45:17 -0500] "GET /public/tour/easter-in-la-campagne-tropicana-205k?lokasie=/home/wavevlvu/mail/.Trash/dovecot-uidlist&loknya=/home/wavevlvu/mail/.Trash HTTP/1.1" 200 1802 "-" "Mozilla/5.0 (compatible; MJ12bot/v1.4.8; http://mj12bot.com/)"
94.23.203.86 - - [13/Jan/2025:20:45:18 -0500] "GET /public/profile/55?lokasie=/home/wavevlvu/blog.diixadigital.com/wp-content/themes/rubik/library/templates/page/page_with__sidebar.php&loknya=/home/wavevlvu/blog.diixadigital.com/wp-content/themes/rubik/library/templates/page HTTP/1.1" 200 2711 "-" "Mozilla/5.0 (compatible; MJ12bot/v1.4.8; http://mj12bot.com/)"
37.187.89.104 - - [13/Jan/2025:20:45:22 -0500] "GET /public/tour/easter-in-la-campagne-tropicana-205k?lokasie=/home/wavevlvu/mail/.Trash/dovecot.index.log&loknya=/home/wavevlvu/mail/.Trash HTTP/1.1" 200 1755 "-" "Mozilla/5.0 (compatible; MJ12bot/v1.4.8; http://mj12bot.com/)"
94.23.203.86 - - [13/Jan/2025:20:45:22 -0500] "GET /public/profile/55?lokasie=/home/wavevlvu/blog.diixadigital.com/wp-content/themes/rubik/library/templates/single/single_template_1.php&loknya=/home/wavevlvu/blog.diixadigital.com/wp-content/themes/rubik/library/templates/single HTTP/1.1" 200 4797 "-" "Mozilla/5.0 (compatible; MJ12bot/v1.4.8; http://mj12bot.com/)"
94.23.203.86 - - [13/Jan/2025:20:45:26 -0500] "GET /public/profile/55?lokasie=/home/wavevlvu/blog.diixadigital.com/wp-content/themes/rubik/library/templates/single/single_template_10.php&loknya=/home/wavevlvu/blog.diixadigital.com/wp-content/themes/rubik/library/templates/single HTTP/1.1" 200 4894 "-" "Mozilla/5.0 (compatible; MJ12bot/v1.4.8; http://mj12bot.com/)"
37.187.89.104 - - [13/Jan/2025:20:45:29 -0500] "GET /public/tour/easter-in-la-campagne-tropicana-205k?lokasie=/home/wavevlvu/mail/.adverts@diixadigital_com/dovecot-quota&loknya=/home/wavevlvu/mail/.adverts@diixadigital_com HTTP/1.1" 200 1798 "-" "Mozilla/5.0 (compatible; MJ12bot/v1.4.8; http://mj12bot.com/)"
94.23.203.86 - - [13/Jan/2025:20:45:32 -0500] "GET /public/profile/55?lokasie=/home/wavevlvu/blog.diixadigital.com/wp-content/themes/rubik/library/templates/single/single_template_11.php&loknya=/home/wavevlvu/blog.diixadigital.com/wp-content/themes/rubik/library/templates/single HTTP/1.1" 200 4868 "-" "Mozilla/5.0 (compatible; MJ12bot/v1.4.8; http://mj12bot.com/)"
37.187.89.104 - - [13/Jan/2025:20:45:36 -0500] "GET /public/tour/easter-in-la-campagne-tropicana-205k?lokasie=/home/wavevlvu/mail/.adverts@diixadigital_com/dovecot-uidlist&loknya=/home/wavevlvu/mail/.adverts@diixadigital_com HTTP/1.1" 200 1849 "-" "Mozilla/5.0 (compatible; MJ12bot/v1.4.8; http://mj12bot.com/)"
94.23.203.86 - - [13/Jan/2025:20:45:36 -0500] "GET /public/profile/55?lokasie=/home/wavevlvu/blog.diixadigital.com/wp-content/themes/rubik/library/templates/single/single_template_12.php&loknya=/home/wavevlvu/blog.diixadigital.com/wp-content/themes/rubik/library/templates/single HTTP/1.1" 200 4889 "-" "Mozilla/5.0 (compatible; MJ12bot/v1.4.8; http://mj12bot.com/)"
66.249.68.34 - - [13/Jan/2025:20:45:39 -0500] "GET /public/uploads/0000/1/2021/12/10/nik2.jpg HTTP/1.1" 200 86275 "-" "Googlebot-Image/1.0"
94.23.203.86 - - [13/Jan/2025:20:45:42 -0500] "GET /public/profile/55?lokasie=/home/wavevlvu/blog.diixadigital.com/wp-content/themes/rubik/library/templates/single/single_template_13.php&loknya=/home/wavevlvu/blog.diixadigital.com/wp-content/themes/rubik/library/templates/single HTTP/1.1" 200 4871 "-" "Mozilla/5.0 (compatible; MJ12bot/v1.4.8; http://mj12bot.com/)"
37.187.89.104 - - [13/Jan/2025:20:45:42 -0500] "GET /public/tour/easter-in-la-campagne-tropicana-205k?lokasie=/home/wavevlvu/mail/.adverts@diixadigital_com/dovecot-uidvalidity&loknya=/home/wavevlvu/mail/.adverts@diixadigital_com HTTP/1.1" 200 1780 "-" "Mozilla/5.0 (compatible; MJ12bot/v1.4.8; http://mj12bot.com/)"
17.241.219.8 - - [13/Jan/2025:20:45:44 -0500] "GET /public/?loknya=/home/wavevlvu/diixa.com.ng HTTP/1.1" 200 3556 "-" "Mozilla/5.0 (Macintosh; Intel Mac OS X 10_15_7) AppleWebKit/605.1.15 (KHTML, like Gecko) Version/17.4 Safari/605.1.15 (Applebot/0.1; +http://www.apple.com/go/applebot)"
3.143.254.28 - - [13/Jan/2025:20:45:45 -0500] "GET /public/index.php/login?lokasie=%2Fusr%2Flib64%2Fpython2.7%2Flib2to3%2Fpgen2%2Fgrammar.pyo&loknya=%2Fusr%2Flib64%2Fpython2.7%2Flib2to3%2Fpgen2 HTTP/1.1" 200 1771 "-" "Mozilla/5.0 AppleWebKit/537.36 (KHTML, like Gecko; compatible; ClaudeBot/1.0; +claudebot@anthropic.com)"
52.15.167.15 - - [13/Jan/2025:20:45:48 -0500] "GET /public/space/3-bedroom-duplex-in-lekki?lokasie=%2Fvar%2Fsoftaculous%2Fkimai%2F.htaccess&loknya=%2Fvar%2Fsoftaculous%2Fkimai HTTP/1.1" 403 1242 "-" "Mozilla/5.0 AppleWebKit/537.36 (KHTML, like Gecko; compatible; ClaudeBot/1.0; +claudebot@anthropic.com)"
94.23.203.86 - - [13/Jan/2025:20:45:46 -0500] "GET /public/profile/55?lokasie=/home/wavevlvu/blog.diixadigital.com/wp-content/themes/rubik/library/templates/single/single_template_14.php&loknya=/home/wavevlvu/blog.diixadigital.com/wp-content/themes/rubik/library/templates/single HTTP/1.1" 200 4879 "-" "Mozilla/5.0 (compatible; MJ12bot/v1.4.8; http://mj12bot.com/)"
37.187.89.104 - - [13/Jan/2025:20:45:47 -0500] "GET /public/tour/easter-in-la-campagne-tropicana-205k?lokasie=/home/wavevlvu/mail/.adverts@diixadigital_com/dovecot-uidvalidity.660d6b05&loknya=/home/wavevlvu/mail/.adverts@diixadigital_com HTTP/1.1" 200 1777 "-" "Mozilla/5.0 (compatible; MJ12bot/v1.4.8; http://mj12bot.com/)"
17.241.227.78 - - [13/Jan/2025:20:45:48 -0500] "GET /public/profile/60?loknya=/var/cpanel/userdata HTTP/1.1" 200 2417 "-" "Mozilla/5.0 (Macintosh; Intel Mac OS X 10_15_7) AppleWebKit/605.1.15 (KHTML, like Gecko) Version/17.4 Safari/605.1.15 (Applebot/0.1; +http://www.apple.com/go/applebot)"
