17.241.219.148 - - [13/Jan/2025:20:25:49 -0500] "GET /public/tour/lekki-city-tour?loknya=/home/wavevlvu/perl5 HTTP/1.1" 200 2923 "-" "Mozilla/5.0 (Macintosh; Intel Mac OS X 10_15_7) AppleWebKit/605.1.15 (KHTML, like Gecko) Version/17.4 Safari/605.1.15 (Applebot/0.1; +http://www.apple.com/go/applebot)"
17.241.219.148 - - [13/Jan/2025:20:25:52 -0500] "GET /public/profile/55?lokasie=/home/wavevlvu/wavestudioz.com/readme.html&loknya=/home/wavevlvu/wavestudioz.com HTTP/1.1" 200 5409 "-" "Mozilla/5.0 (Macintosh; Intel Mac OS X 10_15_7) AppleWebKit/605.1.15 (KHTML, like Gecko) Version/17.4 Safari/605.1.15 (Applebot/0.1; +http://www.apple.com/go/applebot)"
40.77.167.22 - - [13/Jan/2025:20:25:58 -0500] "GET /?ljwbv/o958766.html HTTP/1.1" 200 76908 "-" "Mozilla/5.0 AppleWebKit/537.36 (KHTML, like Gecko; compatible; bingbot/2.0; +http://www.bing.com/bingbot.htm) Chrome/116.0.1938.76 Safari/537.36"
17.241.219.52 - - [13/Jan/2025:20:25:56 -0500] "GET /public/profile/book24/services?lokasie=/home/wavevlvu/cynthiaadediran.com/wp-includes/functions.php&loknya=/home/wavevlvu/cynthiaadediran.com/wp-includes HTTP/1.1" 200 91780 "-" "Mozilla/5.0 (Macintosh; Intel Mac OS X 10_15_7) AppleWebKit/605.1.15 (KHTML, like Gecko) Version/17.4 Safari/605.1.15 (Applebot/0.1; +http://www.apple.com/go/applebot)"
17.241.75.111 - - [13/Jan/2025:20:26:01 -0500] "GET /public/boat/25-seater-luxury-yacht-250khr?lokasie=/home/wavevlvu/book24.ng/public/storage_/framework/views/9f6c33f62e7a06de548ade8cbf9763411e943e5b.php&loknya=/home/wavevlvu/book24.ng/public/storage_/framework/views HTTP/1.1" 200 3482 "-" "Mozilla/5.0 (Macintosh; Intel Mac OS X 10_15_7) AppleWebKit/605.1.15 (KHTML, like Gecko) Version/17.4 Safari/605.1.15 (Applebot/0.1; +http://www.apple.com/go/applebot)"
216.244.66.237 - - [13/Jan/2025:20:26:02 -0500] "GET /public/forgot-password?loknya=/home/wavevlvu/lscache/4/9/d HTTP/1.1" 200 33376 "-" "Mozilla/5.0 (compatible; DotBot/1.2; +https://opensiteexplorer.org/dotbot; help@moz.com)"
17.241.75.185 - - [13/Jan/2025:20:26:05 -0500] "GET /public/space/wp/index.php?lokasie=/lib64/libOpenIPMIutils.so.0&loknya=/lib64 HTTP/1.1" 200 1954 "-" "Mozilla/5.0 (Macintosh; Intel Mac OS X 10_15_7) AppleWebKit/605.1.15 (KHTML, like Gecko) Version/17.4 Safari/605.1.15 (Applebot/0.1; +http://www.apple.com/go/applebot)"
173.208.148.34 - - [13/Jan/2025:20:26:10 -0500] "GET / HTTP/1.1" 200 1044978 "-" "Mozilla/5.0 (Windows NT 10.0; Win64; x64) AppleWebKit/537.36 (KHTML, like Gecko) Chrome/91.0.4472.106 Safari/537.36"
17.241.227.45 - - [13/Jan/2025:20:26:08 -0500] "GET /public/tour/osun-3-day-tour-osun-sacred-shrine-erin-ijesha-waterfall-nike-art-gallery-ataoja-oshogbo-palace?lokasie=/home/wavevlvu/book24.ng/public/libs/leaflet1.4.0/leaflet-src.esm.js&loknya=/home/wavevlvu/book24.ng/public/libs/leaflet1.4.0 HTTP/1.1" 200 133406 "-" "Mozilla/5.0 (Macintosh; Intel Mac OS X 10_15_7) AppleWebKit/605.1.15 (KHTML, like Gecko) Version/17.4 Safari/605.1.15 (Applebot/0.1; +http://www.apple.com/go/applebot)"
173.208.148.34 - - [13/Jan/2025:20:26:11 -0500] "GET / HTTP/1.1" 200 1044978 "-" "Mozilla/5.0 (compatible; Googlebot/2.1; +http://www.google.com/bot.html)"
173.208.148.34 - - [13/Jan/2025:20:26:12 -0500] "GET /index.php?params=1 HTTP/1.1" 200 1044978 "-" "Mozilla/5.0 (Windows NT 10.0; Win64; x64) AppleWebKit/537.36 (KHTML, like Gecko) Chrome/91.0.4472.106 Safari/537.36"
17.241.227.45 - - [13/Jan/2025:20:26:13 -0500] "GET /public/profile/55?loknya=/etc/cpanel HTTP/1.1" 200 2241 "-" "Mozilla/5.0 (Macintosh; Intel Mac OS X 10_15_7) AppleWebKit/605.1.15 (KHTML, like Gecko) Version/17.4 Safari/605.1.15 (Applebot/0.1; +http://www.apple.com/go/applebot)"
17.241.219.57 - - [13/Jan/2025:20:26:17 -0500] "GET /public/space/miniflat-shortlet-in-lekki-phase-1?lokasie=/lib64/libmnl.so.0&loknya=/lib64 HTTP/1.1" 200 1947 "-" "Mozilla/5.0 (Macintosh; Intel Mac OS X 10_15_7) AppleWebKit/605.1.15 (KHTML, like Gecko) Version/17.4 Safari/605.1.15 (Applebot/0.1; +http://www.apple.com/go/applebot)"
216.244.66.237 - - [13/Jan/2025:20:26:21 -0500] "GET /public/forgot-password?loknya=/home/wavevlvu/lscache/7/8/d HTTP/1.1" 200 63347 "-" "Mozilla/5.0 (compatible; DotBot/1.2; +https://opensiteexplorer.org/dotbot; help@moz.com)"
17.241.75.38 - - [13/Jan/2025:20:26:21 -0500] "GET /public/space/3-bedroom-luxurious-apartment?lokasie=/home/wavevlvu/book24.ng/public/libs/bootstrap-datepicker/locales/bootstrap-datepicker.si.min.js&loknya=/home/wavevlvu/book24.ng/public/libs/bootstrap-datepicker/locales HTTP/1.1" 200 2521 "-" "Mozilla/5.0 (Macintosh; Intel Mac OS X 10_15_7) AppleWebKit/605.1.15 (KHTML, like Gecko) Version/17.4 Safari/605.1.15 (Applebot/0.1; +http://www.apple.com/go/applebot)"
17.241.219.149 - - [13/Jan/2025:20:26:36 -0500] "GET /public/space/wp/index.php?lokasie=/lib64/libip6tc.so.2&loknya=/lib64 HTTP/1.1" 200 1949 "-" "Mozilla/5.0 (Macintosh; Intel Mac OS X 10_15_7) AppleWebKit/605.1.15 (KHTML, like Gecko) Version/17.4 Safari/605.1.15 (Applebot/0.1; +http://www.apple.com/go/applebot)"
216.244.66.237 - - [13/Jan/2025:20:26:38 -0500] "GET /public/forgot-password?loknya=/home/wavevlvu/lscache/9/e/1 HTTP/1.1" 200 53358 "-" "Mozilla/5.0 (compatible; DotBot/1.2; +https://opensiteexplorer.org/dotbot; help@moz.com)"
17.241.219.149 - - [13/Jan/2025:20:26:39 -0500] "GET /public/tour/experience-badagry-tour?lokasie=/home/wavevlvu/book24.ng/public/module/space/css/loop.css.map&loknya=/home/wavevlvu/book24.ng/public/module/space/css HTTP/1.1" 200 2520 "-" "Mozilla/5.0 (Macintosh; Intel Mac OS X 10_15_7) AppleWebKit/605.1.15 (KHTML, like Gecko) Version/17.4 Safari/605.1.15 (Applebot/0.1; +http://www.apple.com/go/applebot)"
17.241.219.197 - - [13/Jan/2025:20:26:43 -0500] "GET /public/?lokasie=/usr/lib/sendmail&loknya=/usr/lib HTTP/1.1" 200 2496 "-" "Mozilla/5.0 (Macintosh; Intel Mac OS X 10_15_7) AppleWebKit/605.1.15 (KHTML, like Gecko) Version/17.4 Safari/605.1.15 (Applebot/0.1; +http://www.apple.com/go/applebot)"
114.119.156.17 - - [13/Jan/2025:20:26:46 -0500] "GET /www/rex/index.php?loknya=/home/wavevlvu/book24.ng/vendor/johngrogg HTTP/1.1" 200 2153 "https://www.book24.ng/www/rex/index.php?loknya=/home/wavevlvu/book24.ng/vendor" "Mozilla/5.0 (Linux; Android 7.0;) AppleWebKit/537.36 (KHTML, like Gecko) Mobile Safari/537.36 (compatible; PetalBot;+https://webmaster.petalsearch.com/site/petalbot)"
94.23.203.86 - - [13/Jan/2025:20:26:52 -0500] "GET /robots.txt HTTP/1.1" 200 944 "-" "Mozilla/5.0 (compatible; MJ12bot/v1.4.8; http://mj12bot.com/)"
216.244.66.237 - - [13/Jan/2025:20:26:53 -0500] "GET /public/forgot-password?loknya=/home/wavevlvu/lscache/c/9/7 HTTP/1.1" 200 64779 "-" "Mozilla/5.0 (compatible; DotBot/1.2; +https://opensiteexplorer.org/dotbot; help@moz.com)"
94.23.203.86 - - [13/Jan/2025:20:26:54 -0500] "GET /public/profile/55?lokasie=/home/wavevlvu/blog.diixadigital.com/wp-content/plugins/wordpress-seo/admin/metabox/class-metabox-form-tab.php&loknya=/home/wavevlvu/blog.diixadigital.com/wp-content/plugins/wordpress-seo/admin/metabox HTTP/1.1" 200 2710 "-" "Mozilla/5.0 (compatible; MJ12bot/v1.4.8; http://mj12bot.com/)"
94.23.203.86 - - [13/Jan/2025:20:26:58 -0500] "GET /public/profile/55?lokasie=/home/wavevlvu/blog.diixadigital.com/wp-content/plugins/wordpress-seo/admin/metabox/class-metabox-null-tab.php&loknya=/home/wavevlvu/blog.diixadigital.com/wp-content/plugins/wordpress-seo/admin/metabox HTTP/1.1" 200 2019 "-" "Mozilla/5.0 (compatible; MJ12bot/v1.4.8; http://mj12bot.com/)"
94.23.203.86 - - [13/Jan/2025:20:27:02 -0500] "GET /public/profile/55?lokasie=/home/wavevlvu/blog.diixadigital.com/wp-content/themes/rubik/images/bkdefaultimage.jpg&loknya=/home/wavevlvu/blog.diixadigital.com/wp-content/themes/rubik/images HTTP/1.1" 200 1802 "-" "Mozilla/5.0 (compatible; MJ12bot/v1.4.8; http://mj12bot.com/)"
18.119.118.237 - - [13/Jan/2025:20:27:03 -0500] "GET /public/index.php/login?lokasie=%2Fopt%2Falt%2Fphp52%2Flink%2Fconf%2Fposix.ini&loknya=%2Fopt%2Falt%2Fphp52%2Flink%2Fconf HTTP/1.1" 200 1794 "-" "Mozilla/5.0 AppleWebKit/537.36 (KHTML, like Gecko; compatible; ClaudeBot/1.0; +claudebot@anthropic.com)"
94.23.203.86 - - [13/Jan/2025:20:27:06 -0500] "GET /public/profile/55?lokasie=/home/wavevlvu/blog.diixadigital.com/wp-content/themes/rubik/images/bootstrap-colorpicker/alpha-horizontal.png&loknya=/home/wavevlvu/blog.diixadigital.com/wp-content/themes/rubik/images/bootstrap-colorpicker HTTP/1.1" 200 1828 "-" "Mozilla/5.0 (compatible; MJ12bot/v1.4.8; http://mj12bot.com/)"
216.244.66.237 - - [13/Jan/2025:20:27:07 -0500] "GET /public/forgot-password?loknya=/home/wavevlvu/lscache/d/1/a HTTP/1.1" 200 54777 "-" "Mozilla/5.0 (compatible; DotBot/1.2; +https://opensiteexplorer.org/dotbot; help@moz.com)"
47.128.96.185 - - [13/Jan/2025:20:27:11 -0500] "GET /storage/framework/views/b20941fb47bd99940cd626c1af8995f0f2732606.php HTTP/1.1" 500 57 "-" "Mozilla/5.0 (Linux; Android 5.0) AppleWebKit/537.36 (KHTML, like Gecko) Mobile Safari/537.36 (compatible; Bytespider; spider-feedback@bytedance.com)"
94.23.203.86 - - [13/Jan/2025:20:27:11 -0500] "GET /public/profile/55?lokasie=/home/wavevlvu/blog.diixadigital.com/wp-content/themes/rubik/images/bootstrap-colorpicker/saturation.png&loknya=/home/wavevlvu/blog.diixadigital.com/wp-content/themes/rubik/images/bootstrap-colorpicker HTTP/1.1" 200 1827 "-" "Mozilla/5.0 (compatible; MJ12bot/v1.4.8; http://mj12bot.com/)"
37.187.89.104 - - [13/Jan/2025:20:27:15 -0500] "GET /robots.txt HTTP/1.1" 200 944 "-" "Mozilla/5.0 (compatible; MJ12bot/v1.4.8; http://mj12bot.com/)"
94.23.203.86 - - [13/Jan/2025:20:27:15 -0500] "GET /public/profile/55?lokasie=/home/wavevlvu/blog.diixadigital.com/wp-content/themes/rubik/images/controls.png&loknya=/home/wavevlvu/blog.diixadigital.com/wp-content/themes/rubik/images HTTP/1.1" 200 1800 "-" "Mozilla/5.0 (compatible; MJ12bot/v1.4.8; http://mj12bot.com/)"
37.187.89.104 - - [13/Jan/2025:20:27:18 -0500] "GET /public/tour/easter-in-la-campagne-tropicana-205k?lokasie=/home/wavevlvu/diixadigital.com/wp-includes/ms-functions.php&loknya=/home/wavevlvu/diixadigital.com/wp-includes HTTP/1.1" 200 22437 "-" "Mozilla/5.0 (compatible; MJ12bot/v1.4.8; http://mj12bot.com/)"
94.23.203.86 - - [13/Jan/2025:20:27:19 -0500] "GET /public/profile/55?lokasie=/home/wavevlvu/blog.diixadigital.com/wp-content/themes/rubik/images/full-width.png&loknya=/home/wavevlvu/blog.diixadigital.com/wp-content/themes/rubik/images HTTP/1.1" 200 1800 "-" "Mozilla/5.0 (compatible; MJ12bot/v1.4.8; http://mj12bot.com/)"
114.119.167.129 - - [13/Jan/2025:20:27:24 -0500] "GET /vendor/symfony/css-selector/Parser/Tokenizer/?SD HTTP/1.1" 200 865 "https://www.book24.ng/vendor/symfony/css-selector/Parser/Tokenizer/?SA" "Mozilla/5.0 (Linux; Android 7.0;) AppleWebKit/537.36 (KHTML, like Gecko) Mobile Safari/537.36 (compatible; PetalBot;+https://webmaster.petalsearch.com/site/petalbot)"
216.244.66.237 - - [13/Jan/2025:20:27:21 -0500] "GET /public/forgot-password?loknya=/home/wavevlvu/lscache/f/3/e HTTP/1.1" 200 32606 "-" "Mozilla/5.0 (compatible; DotBot/1.2; +https://opensiteexplorer.org/dotbot; help@moz.com)"
94.23.203.86 - - [13/Jan/2025:20:27:23 -0500] "GET /public/profile/55?lokasie=/home/wavevlvu/blog.diixadigital.com/wp-content/themes/rubik/images/has-rsb.png&loknya=/home/wavevlvu/blog.diixadigital.com/wp-content/themes/rubik/images HTTP/1.1" 200 1800 "-" "Mozilla/5.0 (compatible; MJ12bot/v1.4.8; http://mj12bot.com/)"
37.187.89.104 - - [13/Jan/2025:20:27:26 -0500] "GET /public/tour/easter-in-la-campagne-tropicana-205k?lokasie=/home/wavevlvu/diixadigital.com/wp-includes/ms-load.php&loknya=/home/wavevlvu/diixadigital.com/wp-includes HTTP/1.1" 200 8141 "-" "Mozilla/5.0 (compatible; MJ12bot/v1.4.8; http://mj12bot.com/)"
94.23.203.86 - - [13/Jan/2025:20:27:28 -0500] "GET /public/profile/55?lokasie=/home/wavevlvu/blog.diixadigital.com/wp-content/themes/rubik/images/plugins/Redux.jpg&loknya=/home/wavevlvu/blog.diixadigital.com/wp-content/themes/rubik/images/plugins HTTP/1.1" 200 1804 "-" "Mozilla/5.0 (compatible; MJ12bot/v1.4.8; http://mj12bot.com/)"
94.23.203.86 - - [13/Jan/2025:20:27:32 -0500] "GET /public/profile/55?lokasie=/home/wavevlvu/blog.diixadigital.com/wp-content/themes/rubik/images/plugins/classic-editor.png&loknya=/home/wavevlvu/blog.diixadigital.com/wp-content/themes/rubik/images/plugins HTTP/1.1" 200 1808 "-" "Mozilla/5.0 (compatible; MJ12bot/v1.4.8; http://mj12bot.com/)"
216.244.66.237 - - [13/Jan/2025:20:27:34 -0500] "GET /public/forgot-password?loknya=/proc/self/root/usr/lib/kbd HTTP/1.1" 200 10564 "-" "Mozilla/5.0 (compatible; DotBot/1.2; +https://opensiteexplorer.org/dotbot; help@moz.com)"
94.23.203.86 - - [13/Jan/2025:20:27:37 -0500] "GET /public/profile/55?lokasie=/home/wavevlvu/blog.diixadigital.com/wp-content/themes/rubik/images/plugins/contact-form-7.jpg&loknya=/home/wavevlvu/blog.diixadigital.com/wp-content/themes/rubik/images/plugins HTTP/1.1" 200 1808 "-" "Mozilla/5.0 (compatible; MJ12bot/v1.4.8; http://mj12bot.com/)"
37.187.89.104 - - [13/Jan/2025:20:27:37 -0500] "GET /public/tour/easter-in-la-campagne-tropicana-205k?lokasie=/home/wavevlvu/diixadigital.com/wp-includes/ms-network.php&loknya=/home/wavevlvu/diixadigital.com/wp-includes HTTP/1.1" 200 3165 "-" "Mozilla/5.0 (compatible; MJ12bot/v1.4.8; http://mj12bot.com/)"
94.23.203.86 - - [13/Jan/2025:20:27:40 -0500] "GET /public/profile/55?lokasie=/home/wavevlvu/blog.diixadigital.com/wp-content/themes/rubik/images/plugins/extension.jpg&loknya=/home/wavevlvu/blog.diixadigital.com/wp-content/themes/rubik/images/plugins HTTP/1.1" 200 1807 "-" "Mozilla/5.0 (compatible; MJ12bot/v1.4.8; http://mj12bot.com/)"
37.187.89.104 - - [13/Jan/2025:20:27:43 -0500] "GET /public/tour/easter-in-la-campagne-tropicana-205k?lokasie=/home/wavevlvu/diixadigital.com/wp-includes/ms-settings.php&loknya=/home/wavevlvu/diixadigital.com/wp-includes HTTP/1.1" 200 3303 "-" "Mozilla/5.0 (compatible; MJ12bot/v1.4.8; http://mj12bot.com/)"
94.23.203.86 - - [13/Jan/2025:20:27:45 -0500] "GET /public/profile/55?lokasie=/home/wavevlvu/blog.diixadigital.com/wp-content/themes/rubik/images/plugins/mailchimp.jpg&loknya=/home/wavevlvu/blog.diixadigital.com/wp-content/themes/rubik/images/plugins HTTP/1.1" 200 1808 "-" "Mozilla/5.0 (compatible; MJ12bot/v1.4.8; http://mj12bot.com/)"
216.244.66.237 - - [13/Jan/2025:20:27:45 -0500] "GET /public/forgot-password?loknya=/proc/sys/net/ipv6/conf/eth1 HTTP/1.1" 200 75884 "-" "Mozilla/5.0 (compatible; DotBot/1.2; +https://opensiteexplorer.org/dotbot; help@moz.com)"
37.187.89.104 - - [13/Jan/2025:20:27:49 -0500] "GET /public/tour/easter-in-la-campagne-tropicana-205k?lokasie=/home/wavevlvu/diixadigital.com/wp-includes/ms-site.php&loknya=/home/wavevlvu/diixadigital.com/wp-includes HTTP/1.1" 200 11846 "-" "Mozilla/5.0 (compatible; MJ12bot/v1.4.8; http://mj12bot.com/)"
94.23.203.86 - - [13/Jan/2025:20:27:49 -0500] "GET /public/profile/55?lokasie=/home/wavevlvu/blog.diixadigital.com/wp-content/themes/rubik/images/plugins/meta-box.jpg&loknya=/home/wavevlvu/blog.diixadigital.com/wp-content/themes/rubik/images/plugins HTTP/1.1" 200 1807 "-" "Mozilla/5.0 (compatible; MJ12bot/v1.4.8; http://mj12bot.com/)"
81.167.26.57 - - [13/Jan/2025:20:27:53 -0500] "GET /robots.txt HTTP/1.1" 200 944 "-" "Mozilla/5.0 (compatible; MJ12bot/v1.4.8; http://mj12bot.com/)"
94.23.203.86 - - [13/Jan/2025:20:27:54 -0500] "GET /public/profile/55?lokasie=/home/wavevlvu/blog.diixadigital.com/wp-content/themes/rubik/images/plugins/rubik-functions.jpg&loknya=/home/wavevlvu/blog.diixadigital.com/wp-content/themes/rubik/images/plugins HTTP/1.1" 200 1805 "-" "Mozilla/5.0 (compatible; MJ12bot/v1.4.8; http://mj12bot.com/)"
81.167.26.57 - - [13/Jan/2025:20:27:54 -0500] "GET /public/profile/55?lokasie=/home/wavevlvu/blog.diixadigital.com/wp-content/uploads/wpforms/cache/templates.json&loknya=/home/wavevlvu/blog.diixadigital.com/wp-content/uploads/wpforms/cache HTTP/1.1" 200 225418 "-" "Mozilla/5.0 (compatible; MJ12bot/v1.4.8; http://mj12bot.com/)"
216.244.66.237 - - [13/Jan/2025:20:27:56 -0500] "GET /public/forgot-password?loknya=/var/softaculous/elgg4/php56 HTTP/1.1" 200 14348 "-" "Mozilla/5.0 (compatible; DotBot/1.2; +https://opensiteexplorer.org/dotbot; help@moz.com)"
37.187.89.104 - - [13/Jan/2025:20:27:56 -0500] "GET /public/tour/easter-in-la-campagne-tropicana-205k?lokasie=/home/wavevlvu/diixadigital.com/wp-includes/nav-menu-template.php&loknya=/home/wavevlvu/diixadigital.com/wp-includes HTTP/1.1" 200 8298 "-" "Mozilla/5.0 (compatible; MJ12bot/v1.4.8; http://mj12bot.com/)"
94.23.203.86 - - [13/Jan/2025:20:27:58 -0500] "GET /public/profile/55?lokasie=/home/wavevlvu/blog.diixadigital.com/wp-content/themes/rubik/images/plugins/shortcode.jpg&loknya=/home/wavevlvu/blog.diixadigital.com/wp-content/themes/rubik/images/plugins HTTP/1.1" 200 1807 "-" "Mozilla/5.0 (compatible; MJ12bot/v1.4.8; http://mj12bot.com/)"
81.167.26.57 - - [13/Jan/2025:20:27:59 -0500] "GET /public/profile/55?lokasie=/home/wavevlvu/book24.ng/public/libs//filerobot-image-editor/filerobot-image-editor.min.js&loknya=/home/wavevlvu/book24.ng/public/libs//filerobot-image-editor HTTP/1.1" 200 192637 "-" "Mozilla/5.0 (compatible; MJ12bot/v1.4.8; http://mj12bot.com/)"
94.23.203.86 - - [13/Jan/2025:20:28:02 -0500] "GET /public/profile/55?lokasie=/home/wavevlvu/blog.diixadigital.com/wp-content/themes/rubik/images/plugins/sidebar-generator.jpg&loknya=/home/wavevlvu/blog.diixadigital.com/wp-content/themes/rubik/images/plugins HTTP/1.1" 200 1810 "-" "Mozilla/5.0 (compatible; MJ12bot/v1.4.8; http://mj12bot.com/)"
37.187.89.104 - - [13/Jan/2025:20:28:02 -0500] "GET /public/tour/easter-in-la-campagne-tropicana-205k?lokasie=/home/wavevlvu/diixadigital.com/wp-includes/nav-menu.php&loknya=/home/wavevlvu/diixadigital.com/wp-includes HTTP/1.1" 200 12076 "-" "Mozilla/5.0 (compatible; MJ12bot/v1.4.8; http://mj12bot.com/)"
81.167.26.57 - - [13/Jan/2025:20:28:05 -0500] "GET /public/profile/55?lokasie=/home/wavevlvu/book24.ng/public/libs//tui.calendar/tui-calendar.js&loknya=/home/wavevlvu/book24.ng/public/libs//tui.calendar HTTP/1.1" 200 170569 "-" "Mozilla/5.0 (compatible; MJ12bot/v1.4.8; http://mj12bot.com/)"
216.244.66.237 - - [13/Jan/2025:20:28:05 -0500] "GET /public/forgot-password?loknya=/var/softaculous/spip/php53 HTTP/1.1" 200 12952 "-" "Mozilla/5.0 (compatible; DotBot/1.2; +https://opensiteexplorer.org/dotbot; help@moz.com)"
94.23.203.86 - - [13/Jan/2025:20:28:06 -0500] "GET /public/profile/55?lokasie=/home/wavevlvu/blog.diixadigital.com/wp-content/themes/rubik/images/plugins/wpforms.png&loknya=/home/wavevlvu/blog.diixadigital.com/wp-content/themes/rubik/images/plugins HTTP/1.1" 200 1804 "-" "Mozilla/5.0 (compatible; MJ12bot/v1.4.8; http://mj12bot.com/)"
37.187.89.104 - - [13/Jan/2025:20:28:08 -0500] "GET /public/tour/easter-in-la-campagne-tropicana-205k?lokasie=/home/wavevlvu/diixadigital.com/wp-includes/option.php&loknya=/home/wavevlvu/diixadigital.com/wp-includes HTTP/1.1" 200 20909 "-" "Mozilla/5.0 (compatible; MJ12bot/v1.4.8; http://mj12bot.com/)"
81.167.26.57 - - [13/Jan/2025:20:28:10 -0500] "GET /public/profile/55?lokasie=/home/wavevlvu/book24.ng/public/libs//tui.calendar/tui-calendar.min.js.map&loknya=/home/wavevlvu/book24.ng/public/libs//tui.calendar HTTP/1.1" 200 266018 "-" "Mozilla/5.0 (compatible; MJ12bot/v1.4.8; http://mj12bot.com/)"
3.129.250.222 - - [13/Jan/2025:20:28:10 -0500] "GET /public/?loknya=%2Fhome%2Fwavevlvu%2Fbook24.ng%2Fpics%2Fimages%2Fb%2F HTTP/1.1" 200 2273 "-" "Mozilla/5.0 AppleWebKit/537.36 (KHTML, like Gecko; compatible; ClaudeBot/1.0; +claudebot@anthropic.com)"
94.23.203.86 - - [13/Jan/2025:20:28:11 -0500] "GET /public/profile/55?lokasie=/home/wavevlvu/blog.diixadigital.com/wp-content/themes/rubik/images/video-icon.png&loknya=/home/wavevlvu/blog.diixadigital.com/wp-content/themes/rubik/images HTTP/1.1" 200 1796 "-" "Mozilla/5.0 (compatible; MJ12bot/v1.4.8; http://mj12bot.com/)"
216.244.66.237 - - [13/Jan/2025:20:28:13 -0500] "GET /public/forgot-password?loknya=/var/softaculous/spip/php71 HTTP/1.1" 200 12952 "-" "Mozilla/5.0 (compatible; DotBot/1.2; +https://opensiteexplorer.org/dotbot; help@moz.com)"
3.129.250.222 - - [13/Jan/2025:20:28:14 -0500] "GET /public/forgot-password?lokasie=%2Fhome%2Fwavevlvu%2Fbook24.ng%2Fthemes%2FBase%2FLanguage%2Ffrontend%2Fswitcher-dropdown.blade.php&loknya=%2Fhome%2Fwavevlvu%2Fbook24.ng%2Fthemes%2FBase%2FLanguage%2Ffrontend HTTP/1.1" 200 2262 "-" "Mozilla/5.0 AppleWebKit/537.36 (KHTML, like Gecko; compatible; ClaudeBot/1.0; +claudebot@anthropic.com)"
37.187.89.104 - - [13/Jan/2025:20:28:14 -0500] "GET /public/tour/easter-in-la-campagne-tropicana-205k?lokasie=/home/wavevlvu/diixadigital.com/wp-includes/pluggable-deprecated.php&loknya=/home/wavevlvu/diixadigital.com/wp-includes HTTP/1.1" 200 3644 "-" "Mozilla/5.0 (compatible; MJ12bot/v1.4.8; http://mj12bot.com/)"
81.167.26.57 - - [13/Jan/2025:20:28:14 -0500] "GET /public/profile/55?lokasie=/home/wavevlvu/tacafoundation.org/wp-includes/js/dist/block-library.js&loknya=/home/wavevlvu/tacafoundation.org/wp-includes/js/dist HTTP/1.1" 200 403466 "-" "Mozilla/5.0 (compatible; MJ12bot/v1.4.8; http://mj12bot.com/)"
94.23.203.86 - - [13/Jan/2025:20:28:16 -0500] "GET /public/profile/55?lokasie=/home/wavevlvu/blog.diixadigital.com/wp-content/themes/rubik/images/zoom_in.png&loknya=/home/wavevlvu/blog.diixadigital.com/wp-content/themes/rubik/images HTTP/1.1" 200 1801 "-" "Mozilla/5.0 (compatible; MJ12bot/v1.4.8; http://mj12bot.com/)"
81.167.26.57 - - [13/Jan/2025:20:28:19 -0500] "GET /public/profile/55?lokasie=/home/wavevlvu/tacafoundation.org/wp-includes/js/dist/components.js&loknya=/home/wavevlvu/tacafoundation.org/wp-includes/js/dist HTTP/1.1" 200 542229 "-" "Mozilla/5.0 (compatible; MJ12bot/v1.4.8; http://mj12bot.com/)"
94.23.203.86 - - [13/Jan/2025:20:28:21 -0500] "GET /public/profile/55?lokasie=/home/wavevlvu/blog.diixadigital.com/wp-content/themes/rubik/images/zoom_out.png&loknya=/home/wavevlvu/blog.diixadigital.com/wp-content/themes/rubik/images HTTP/1.1" 200 1802 "-" "Mozilla/5.0 (compatible; MJ12bot/v1.4.8; http://mj12bot.com/)"
37.187.89.104 - - [13/Jan/2025:20:28:21 -0500] "GET /public/tour/easter-in-la-campagne-tropicana-205k?lokasie=/home/wavevlvu/diixadigital.com/wp-includes/pluggable.php&loknya=/home/wavevlvu/diixadigital.com/wp-includes HTTP/1.1" 200 28930 "-" "Mozilla/5.0 (compatible; MJ12bot/v1.4.8; http://mj12bot.com/)"
216.244.66.237 - - [13/Jan/2025:20:28:22 -0500] "GET /public/forgot-password?loknya=/var/softaculous/whmcs/php53 HTTP/1.1" 200 12971 "-" "Mozilla/5.0 (compatible; DotBot/1.2; +https://opensiteexplorer.org/dotbot; help@moz.com)"
52.167.144.222 - - [13/Jan/2025:20:28:24 -0500] "GET /?fyqjr/e440732.html HTTP/1.1" 200 76872 "-" "Mozilla/5.0 AppleWebKit/537.36 (KHTML, like Gecko; compatible; bingbot/2.0; +http://www.bing.com/bingbot.htm) Chrome/116.0.1938.76 Safari/537.36"
81.167.26.57 - - [13/Jan/2025:20:28:24 -0500] "GET /public/profile/55?lokasie=/home/wavevlvu/tacafoundation.org/wp-includes/js/dist/edit-site.js&loknya=/home/wavevlvu/tacafoundation.org/wp-includes/js/dist HTTP/1.1" 200 373877 "-" "Mozilla/5.0 (compatible; MJ12bot/v1.4.8; http://mj12bot.com/)"
94.23.203.86 - - [13/Jan/2025:20:28:26 -0500] "GET /public/profile/55?lokasie=/home/wavevlvu/blog.diixadigital.com/wp-content/themes/rubik/inc//class-tgm-plugin-activation.php&loknya=/home/wavevlvu/blog.diixadigital.com/wp-content/themes/rubik/inc/ HTTP/1.1" 200 33009 "-" "Mozilla/5.0 (compatible; MJ12bot/v1.4.8; http://mj12bot.com/)"
37.187.89.104 - - [13/Jan/2025:20:28:29 -0500] "GET /public/tour/easter-in-la-campagne-tropicana-205k?lokasie=/home/wavevlvu/diixadigital.com/wp-includes/plugin.php&loknya=/home/wavevlvu/diixadigital.com/wp-includes HTTP/1.1" 200 9307 "-" "Mozilla/5.0 (compatible; MJ12bot/v1.4.8; http://mj12bot.com/)"
81.167.26.57 - - [13/Jan/2025:20:28:29 -0500] "GET /public/profile/55?lokasie=/home/wavevlvu/tacafoundation.org/wp-includes/js/dist/editor.js&loknya=/home/wavevlvu/tacafoundation.org/wp-includes/js/dist HTTP/1.1" 200 218812 "-" "Mozilla/5.0 (compatible; MJ12bot/v1.4.8; http://mj12bot.com/)"
216.244.66.237 - - [13/Jan/2025:20:28:30 -0500] "GET /public/forgot-password?loknya=/var/softaculous/yii/php71 HTTP/1.1" 200 7474 "-" "Mozilla/5.0 (compatible; DotBot/1.2; +https://opensiteexplorer.org/dotbot; help@moz.com)"
94.23.203.86 - - [13/Jan/2025:20:28:33 -0500] "GET /public/profile/55?lokasie=/home/wavevlvu/blog.diixadigital.com/wp-content/themes/rubik/inc//controller.php&loknya=/home/wavevlvu/blog.diixadigital.com/wp-content/themes/rubik/inc/ HTTP/1.1" 200 2478 "-" "Mozilla/5.0 (compatible; MJ12bot/v1.4.8; http://mj12bot.com/)"
17.241.227.52 - - [13/Jan/2025:20:28:36 -0500] "GET /public/?lokasie=/home/wavevlvu/book24.ng/public/fonts/CerebriSans-Regular.eot&loknya=/home/wavevlvu/book24.ng/public/fonts HTTP/1.1" 200 2004 "-" "Mozilla/5.0 (Macintosh; Intel Mac OS X 10_15_7) AppleWebKit/605.1.15 (KHTML, like Gecko) Version/17.4 Safari/605.1.15 (Applebot/0.1; +http://www.apple.com/go/applebot)"
216.244.66.237 - - [13/Jan/2025:20:28:38 -0500] "GET /public/forgot-password?loknya=/var/softaculous/zend/php81 HTTP/1.1" 200 8858 "-" "Mozilla/5.0 (compatible; DotBot/1.2; +https://opensiteexplorer.org/dotbot; help@moz.com)"
37.187.89.104 - - [13/Jan/2025:20:28:39 -0500] "GET /public/tour/easter-in-la-campagne-tropicana-205k?lokasie=/home/wavevlvu/diixadigital.com/wp-includes/post-formats.php&loknya=/home/wavevlvu/diixadigital.com/wp-includes HTTP/1.1" 200 3716 "-" "Mozilla/5.0 (compatible; MJ12bot/v1.4.8; http://mj12bot.com/)"
94.23.203.86 - - [13/Jan/2025:20:28:39 -0500] "GET /public/profile/55?lokasie=/home/wavevlvu/blog.diixadigital.com/wp-content/themes/rubik/inc/blocks/fullwidth/rubik_ads.php&loknya=/home/wavevlvu/blog.diixadigital.com/wp-content/themes/rubik/inc/blocks/fullwidth HTTP/1.1" 200 2275 "-" "Mozilla/5.0 (compatible; MJ12bot/v1.4.8; http://mj12bot.com/)"
17.241.227.52 - - [13/Jan/2025:20:28:40 -0500] "GET /public/profile/55/services?lokasie=/home/wavevlvu/book24.ng/public/storage/debugbar/Xb14459fb36af47c6e090eb8a4bb9150e.json&loknya=/home/wavevlvu/book24.ng/public/storage/debugbar HTTP/1.1" 200 6246 "-" "Mozilla/5.0 (Macintosh; Intel Mac OS X 10_15_7) AppleWebKit/605.1.15 (KHTML, like Gecko) Version/17.4 Safari/605.1.15 (Applebot/0.1; +http://www.apple.com/go/applebot)"
17.241.219.175 - - [13/Jan/2025:20:28:43 -0500] "GET /public/space/3-bedroom-luxurious-apartment?lokasie=/usr/lib64/libSvtAv1Dec.so.0&loknya=/usr/lib64 HTTP/1.1" 200 1964 "-" "Mozilla/5.0 (Macintosh; Intel Mac OS X 10_15_7) AppleWebKit/605.1.15 (KHTML, like Gecko) Version/17.4 Safari/605.1.15 (Applebot/0.1; +http://www.apple.com/go/applebot)"
94.23.203.86 - - [13/Jan/2025:20:28:44 -0500] "GET /public/profile/55?lokasie=/home/wavevlvu/blog.diixadigital.com/wp-content/themes/rubik/inc/blocks/fullwidth/rubik_ads_2cols.php&loknya=/home/wavevlvu/blog.diixadigital.com/wp-content/themes/rubik/inc/blocks/fullwidth HTTP/1.1" 200 2359 "-" "Mozilla/5.0 (compatible; MJ12bot/v1.4.8; http://mj12bot.com/)"
37.187.89.104 - - [13/Jan/2025:20:28:45 -0500] "GET /public/tour/easter-in-la-campagne-tropicana-205k?lokasie=/home/wavevlvu/diixadigital.com/wp-includes/post-template.php&loknya=/home/wavevlvu/diixadigital.com/wp-includes HTTP/1.1" 200 18506 "-" "Mozilla/5.0 (compatible; MJ12bot/v1.4.8; http://mj12bot.com/)"
216.244.66.237 - - [13/Jan/2025:20:28:46 -0500] "GET /public/index.php?loknya=/home/wavevlvu/lscache/0/b/9 HTTP/1.1" 200 67631 "-" "Mozilla/5.0 (compatible; DotBot/1.2; +https://opensiteexplorer.org/dotbot; help@moz.com)"
17.241.219.175 - - [13/Jan/2025:20:28:47 -0500] "GET /public/hotel/federal-palace-hotel-and-casino?loknya=/home/wavevlvu/book24.ng/public/storage_/framework/cache/data/3b HTTP/1.1" 200 2755 "-" "Mozilla/5.0 (Macintosh; Intel Mac OS X 10_15_7) AppleWebKit/605.1.15 (KHTML, like Gecko) Version/17.4 Safari/605.1.15 (Applebot/0.1; +http://www.apple.com/go/applebot)"
94.23.203.86 - - [13/Jan/2025:20:28:49 -0500] "GET /public/profile/55?lokasie=/home/wavevlvu/blog.diixadigital.com/wp-content/themes/rubik/inc/blocks/fullwidth/rubik_ads_3cols.php&loknya=/home/wavevlvu/blog.diixadigital.com/wp-content/themes/rubik/inc/blocks/fullwidth HTTP/1.1" 200 2320 "-" "Mozilla/5.0 (compatible; MJ12bot/v1.4.8; http://mj12bot.com/)"
17.241.219.175 - - [13/Jan/2025:20:28:50 -0500] "GET /public/space/2-bedroom-apartment-at-ikate-lekki?lokasie=/home/wavevlvu/book24.ng/llp.txt&loknya=/home/wavevlvu/book24.ng HTTP/1.1" 200 1972 "-" "Mozilla/5.0 (Macintosh; Intel Mac OS X 10_15_7) AppleWebKit/605.1.15 (KHTML, like Gecko) Version/17.4 Safari/605.1.15 (Applebot/0.1; +http://www.apple.com/go/applebot)"
37.187.89.104 - - [13/Jan/2025:20:28:51 -0500] "GET /public/tour/easter-in-la-campagne-tropicana-205k?lokasie=/home/wavevlvu/diixadigital.com/wp-includes/post-thumbnail-template.php&loknya=/home/wavevlvu/diixadigital.com/wp-includes HTTP/1.1" 200 4144 "-" "Mozilla/5.0 (compatible; MJ12bot/v1.4.8; http://mj12bot.com/)"
18.219.110.54 - - [13/Jan/2025:20:28:53 -0500] "GET /public/index.php/login?loknya=%2Flib%2Fmodules%2F4.18.0-553.lve.el8.x86_64%2Fkernel%2Fdrivers%2Ftty HTTP/1.1" 200 2478 "-" "Mozilla/5.0 AppleWebKit/537.36 (KHTML, like Gecko; compatible; ClaudeBot/1.0; +claudebot@anthropic.com)"
94.23.203.86 - - [13/Jan/2025:20:28:54 -0500] "GET /public/profile/55?lokasie=/home/wavevlvu/blog.diixadigital.com/wp-content/themes/rubik/inc/blocks/fullwidth/rubik_adsense.php&loknya=/home/wavevlvu/blog.diixadigital.com/wp-content/themes/rubik/inc/blocks/fullwidth HTTP/1.1" 200 2178 "-" "Mozilla/5.0 (compatible; MJ12bot/v1.4.8; http://mj12bot.com/)"
216.244.66.237 - - [13/Jan/2025:20:28:57 -0500] "GET /public/index.php?loknya=/home/wavevlvu/lscache/0/e/1 HTTP/1.1" 200 60500 "-" "Mozilla/5.0 (compatible; DotBot/1.2; +https://opensiteexplorer.org/dotbot; help@moz.com)"
94.23.203.86 - - [13/Jan/2025:20:28:58 -0500] "GET /public/profile/55?lokasie=/home/wavevlvu/blog.diixadigital.com/wp-content/themes/rubik/inc/blocks/fullwidth/rubik_block_1_fw.php&loknya=/home/wavevlvu/blog.diixadigital.com/wp-content/themes/rubik/inc/blocks/fullwidth HTTP/1.1" 200 3333 "-" "Mozilla/5.0 (compatible; MJ12bot/v1.4.8; http://mj12bot.com/)"
17.241.227.55 - - [13/Jan/2025:20:28:59 -0500] "GET /public/profile/55/services?loknya=/lib/fontconfig HTTP/1.1" 200 2406 "-" "Mozilla/5.0 (Macintosh; Intel Mac OS X 10_15_7) AppleWebKit/605.1.15 (KHTML, like Gecko) Version/17.4 Safari/605.1.15 (Applebot/0.1; +http://www.apple.com/go/applebot)"
37.187.89.104 - - [13/Jan/2025:20:29:00 -0500] "GET /public/tour/easter-in-la-campagne-tropicana-205k?lokasie=/home/wavevlvu/diixadigital.com/wp-includes/post.php&loknya=/home/wavevlvu/diixadigital.com/wp-includes HTTP/1.1" 200 65252 "-" "Mozilla/5.0 (compatible; MJ12bot/v1.4.8; http://mj12bot.com/)"
94.23.203.86 - - [13/Jan/2025:20:29:03 -0500] "GET /public/profile/55?lokasie=/home/wavevlvu/blog.diixadigital.com/wp-content/themes/rubik/inc/blocks/fullwidth/rubik_block_2_fw.php&loknya=/home/wavevlvu/blog.diixadigital.com/wp-content/themes/rubik/inc/blocks/fullwidth HTTP/1.1" 200 2945 "-" "Mozilla/5.0 (compatible; MJ12bot/v1.4.8; http://mj12bot.com/)"
17.241.227.55 - - [13/Jan/2025:20:29:03 -0500] "GET /public/boat/25-seater-luxury-yacht-250khr?lokasie=/home/wavevlvu/book24.ng/public/storage/framework/sessions/Bi4rTYxO9xUvq4R1CgAAuA6nyKjNFonxGO8mJiWQ&loknya=/home/wavevlvu/book24.ng/public/storage/framework/sessions HTTP/1.1" 200 2062 "-" "Mozilla/5.0 (Macintosh; Intel Mac OS X 10_15_7) AppleWebKit/605.1.15 (KHTML, like Gecko) Version/17.4 Safari/605.1.15 (Applebot/0.1; +http://www.apple.com/go/applebot)"
37.187.89.104 - - [13/Jan/2025:20:29:06 -0500] "GET /public/tour/easter-in-la-campagne-tropicana-205k?lokasie=/home/wavevlvu/diixadigital.com/wp-includes/query.php&loknya=/home/wavevlvu/diixadigital.com/wp-includes HTTP/1.1" 200 6931 "-" "Mozilla/5.0 (compatible; MJ12bot/v1.4.8; http://mj12bot.com/)"
216.244.66.237 - - [13/Jan/2025:20:29:07 -0500] "GET /public/index.php?loknya=/home/wavevlvu/lscache/1/5/8 HTTP/1.1" 200 66198 "-" "Mozilla/5.0 (compatible; DotBot/1.2; +https://opensiteexplorer.org/dotbot; help@moz.com)"
94.23.203.86 - - [13/Jan/2025:20:29:07 -0500] "GET /public/profile/55?lokasie=/home/wavevlvu/blog.diixadigital.com/wp-content/themes/rubik/inc/blocks/fullwidth/rubik_block_3_fw.php&loknya=/home/wavevlvu/blog.diixadigital.com/wp-content/themes/rubik/inc/blocks/fullwidth HTTP/1.1" 200 3324 "-" "Mozilla/5.0 (compatible; MJ12bot/v1.4.8; http://mj12bot.com/)"
17.241.227.128 - - [13/Jan/2025:20:29:07 -0500] "GET /public/profile/book24/services?lokasie=/home/wavevlvu/misswavenigeria.com/wp-content/uploads/x8.php&loknya=/home/wavevlvu/misswavenigeria.com/wp-content/uploads HTTP/1.1" 200 51322 "-" "Mozilla/5.0 (Macintosh; Intel Mac OS X 10_15_7) AppleWebKit/605.1.15 (KHTML, like Gecko) Version/17.4 Safari/605.1.15 (Applebot/0.1; +http://www.apple.com/go/applebot)"
94.23.203.86 - - [13/Jan/2025:20:29:11 -0500] "GET /public/profile/55?lokasie=/home/wavevlvu/blog.diixadigital.com/wp-content/themes/rubik/inc/blocks/fullwidth/rubik_block_4_fw.php&loknya=/home/wavevlvu/blog.diixadigital.com/wp-content/themes/rubik/inc/blocks/fullwidth HTTP/1.1" 200 3303 "-" "Mozilla/5.0 (compatible; MJ12bot/v1.4.8; http://mj12bot.com/)"
17.241.227.156 - - [13/Jan/2025:20:29:12 -0500] "GET /public/space/3-bedroom-luxurious-apartment?lokasie=/home/wavevlvu/.softaculous/backups/wp.26_32625.2022-11-10_17-20-02&loknya=/home/wavevlvu/.softaculous/backups HTTP/1.1" 200 3104 "-" "Mozilla/5.0 (Macintosh; Intel Mac OS X 10_15_7) AppleWebKit/605.1.15 (KHTML, like Gecko) Version/17.4 Safari/605.1.15 (Applebot/0.1; +http://www.apple.com/go/applebot)"
40.77.167.54 - - [13/Jan/2025:20:29:15 -0500] "GET /?nigit/q419450.html HTTP/1.1" 200 76900 "-" "Mozilla/5.0 AppleWebKit/537.36 (KHTML, like Gecko; compatible; bingbot/2.0; +http://www.bing.com/bingbot.htm) Chrome/116.0.1938.76 Safari/537.36"
37.187.89.104 - - [13/Jan/2025:20:29:14 -0500] "GET /public/tour/easter-in-la-campagne-tropicana-205k?lokasie=/home/wavevlvu/diixadigital.com/wp-includes/registration-functions.php&loknya=/home/wavevlvu/diixadigital.com/wp-includes HTTP/1.1" 200 1906 "-" "Mozilla/5.0 (compatible; MJ12bot/v1.4.8; http://mj12bot.com/)"
94.23.203.86 - - [13/Jan/2025:20:29:16 -0500] "GET /public/profile/55?lokasie=/home/wavevlvu/blog.diixadigital.com/wp-content/themes/rubik/inc/blocks/fullwidth/rubik_block_5_fw.php&loknya=/home/wavevlvu/blog.diixadigital.com/wp-content/themes/rubik/inc/blocks/fullwidth HTTP/1.1" 200 3020 "-" "Mozilla/5.0 (compatible; MJ12bot/v1.4.8; http://mj12bot.com/)"
17.241.219.118 - - [13/Jan/2025:20:29:16 -0500] "GET /public/event/cannabis-live-global-summit-nigeria?lokasie=/lib64/libcupsimage.so.2&loknya=/lib64 HTTP/1.1" 200 1951 "-" "Mozilla/5.0 (Macintosh; Intel Mac OS X 10_15_7) AppleWebKit/605.1.15 (KHTML, like Gecko) Version/17.4 Safari/605.1.15 (Applebot/0.1; +http://www.apple.com/go/applebot)"
216.244.66.237 - - [13/Jan/2025:20:29:17 -0500] "GET /public/index.php?loknya=/home/wavevlvu/lscache/2/5/7 HTTP/1.1" 200 47648 "-" "Mozilla/5.0 (compatible; DotBot/1.2; +https://opensiteexplorer.org/dotbot; help@moz.com)"
37.187.89.104 - - [13/Jan/2025:20:29:20 -0500] "GET /public/tour/easter-in-la-campagne-tropicana-205k?lokasie=/home/wavevlvu/diixadigital.com/wp-includes/registration.php&loknya=/home/wavevlvu/diixadigital.com/wp-includes HTTP/1.1" 200 1900 "-" "Mozilla/5.0 (compatible; MJ12bot/v1.4.8; http://mj12bot.com/)"
94.23.203.86 - - [13/Jan/2025:20:29:22 -0500] "GET /public/profile/55?lokasie=/home/wavevlvu/blog.diixadigital.com/wp-content/themes/rubik/inc/blocks/fullwidth/rubik_boxed_slider.php&loknya=/home/wavevlvu/blog.diixadigital.com/wp-content/themes/rubik/inc/blocks/fullwidth HTTP/1.1" 200 2886 "-" "Mozilla/5.0 (compatible; MJ12bot/v1.4.8; http://mj12bot.com/)"
37.187.89.104 - - [13/Jan/2025:20:29:25 -0500] "GET /public/tour/easter-in-la-campagne-tropicana-205k?lokasie=/home/wavevlvu/diixadigital.com/wp-includes/rest-api.php&loknya=/home/wavevlvu/diixadigital.com/wp-includes HTTP/1.1" 200 23846 "-" "Mozilla/5.0 (compatible; MJ12bot/v1.4.8; http://mj12bot.com/)"
94.23.203.86 - - [13/Jan/2025:20:29:26 -0500] "GET /public/profile/55?lokasie=/home/wavevlvu/blog.diixadigital.com/wp-content/themes/rubik/inc/blocks/fullwidth/rubik_breaking_carousel.php&loknya=/home/wavevlvu/blog.diixadigital.com/wp-content/themes/rubik/inc/blocks/fullwidth HTTP/1.1" 200 2436 "-" "Mozilla/5.0 (compatible; MJ12bot/v1.4.8; http://mj12bot.com/)"
216.244.66.237 - - [13/Jan/2025:20:29:29 -0500] "GET /public/index.php?loknya=/home/wavevlvu/lscache/2/6/0 HTTP/1.1" 200 77621 "-" "Mozilla/5.0 (compatible; DotBot/1.2; +https://opensiteexplorer.org/dotbot; help@moz.com)"
94.23.203.86 - - [13/Jan/2025:20:29:31 -0500] "GET /public/profile/55?lokasie=/home/wavevlvu/blog.diixadigital.com/wp-content/themes/rubik/inc/blocks/fullwidth/rubik_carousel.php&loknya=/home/wavevlvu/blog.diixadigital.com/wp-content/themes/rubik/inc/blocks/fullwidth HTTP/1.1" 200 2975 "-" "Mozilla/5.0 (compatible; MJ12bot/v1.4.8; http://mj12bot.com/)"
37.187.89.104 - - [13/Jan/2025:20:29:34 -0500] "GET /public/tour/easter-in-la-campagne-tropicana-205k?lokasie=/home/wavevlvu/diixadigital.com/wp-includes/revision.php&loknya=/home/wavevlvu/diixadigital.com/wp-includes HTTP/1.1" 200 10108 "-" "Mozilla/5.0 (compatible; MJ12bot/v1.4.8; http://mj12bot.com/)"
94.23.203.86 - - [13/Jan/2025:20:29:35 -0500] "GET /public/profile/55?lokasie=/home/wavevlvu/blog.diixadigital.com/wp-content/themes/rubik/inc/blocks/fullwidth/rubik_carousel_type2.php&loknya=/home/wavevlvu/blog.diixadigital.com/wp-content/themes/rubik/inc/blocks/fullwidth HTTP/1.1" 200 2875 "-" "Mozilla/5.0 (compatible; MJ12bot/v1.4.8; http://mj12bot.com/)"
94.23.203.86 - - [13/Jan/2025:20:29:39 -0500] "GET /public/profile/55?lokasie=/home/wavevlvu/blog.diixadigital.com/wp-content/themes/rubik/inc/blocks/fullwidth/rubik_custom_html.php&loknya=/home/wavevlvu/blog.diixadigital.com/wp-content/themes/rubik/inc/blocks/fullwidth HTTP/1.1" 200 2239 "-" "Mozilla/5.0 (compatible; MJ12bot/v1.4.8; http://mj12bot.com/)"
216.244.66.237 - - [13/Jan/2025:20:29:40 -0500] "GET /public/index.php?loknya=/home/wavevlvu/lscache/2/6/7 HTTP/1.1" 200 73338 "-" "Mozilla/5.0 (compatible; DotBot/1.2; +https://opensiteexplorer.org/dotbot; help@moz.com)"
37.187.89.104 - - [13/Jan/2025:20:29:41 -0500] "GET /public/tour/easter-in-la-campagne-tropicana-205k?lokasie=/home/wavevlvu/diixadigital.com/wp-includes/rewrite.php&loknya=/home/wavevlvu/diixadigital.com/wp-includes HTTP/1.1" 200 7878 "-" "Mozilla/5.0 (compatible; MJ12bot/v1.4.8; http://mj12bot.com/)"
94.23.203.86 - - [13/Jan/2025:20:29:44 -0500] "GET /public/profile/55?lokasie=/home/wavevlvu/blog.diixadigital.com/wp-content/themes/rubik/inc/blocks/fullwidth/rubik_feature1.php&loknya=/home/wavevlvu/blog.diixadigital.com/wp-content/themes/rubik/inc/blocks/fullwidth HTTP/1.1" 200 2998 "-" "Mozilla/5.0 (compatible; MJ12bot/v1.4.8; http://mj12bot.com/)"
37.187.89.104 - - [13/Jan/2025:20:29:47 -0500] "GET /public/tour/easter-in-la-campagne-tropicana-205k?lokasie=/home/wavevlvu/diixadigital.com/wp-includes/robots-template.php&loknya=/home/wavevlvu/diixadigital.com/wp-includes HTTP/1.1" 200 2953 "-" "Mozilla/5.0 (compatible; MJ12bot/v1.4.8; http://mj12bot.com/)"
94.23.203.86 - - [13/Jan/2025:20:29:50 -0500] "GET /public/profile/55?lokasie=/home/wavevlvu/blog.diixadigital.com/wp-content/themes/rubik/inc/blocks/fullwidth/rubik_feature2.php&loknya=/home/wavevlvu/blog.diixadigital.com/wp-content/themes/rubik/inc/blocks/fullwidth HTTP/1.1" 200 2732 "-" "Mozilla/5.0 (compatible; MJ12bot/v1.4.8; http://mj12bot.com/)"
216.244.66.237 - - [13/Jan/2025:20:29:51 -0500] "GET /public/index.php?loknya=/home/wavevlvu/lscache/3/7/5 HTTP/1.1" 200 93324 "-" "Mozilla/5.0 (compatible; DotBot/1.2; +https://opensiteexplorer.org/dotbot; help@moz.com)"
94.23.203.86 - - [13/Jan/2025:20:29:55 -0500] "GET /public/profile/55?lokasie=/home/wavevlvu/blog.diixadigital.com/wp-content/themes/rubik/inc/blocks/fullwidth/rubik_feature3.php&loknya=/home/wavevlvu/blog.diixadigital.com/wp-content/themes/rubik/inc/blocks/fullwidth HTTP/1.1" 200 3264 "-" "Mozilla/5.0 (compatible; MJ12bot/v1.4.8; http://mj12bot.com/)"
37.187.89.104 - - [13/Jan/2025:20:29:57 -0500] "GET /public/tour/easter-in-la-campagne-tropicana-205k?lokasie=/home/wavevlvu/diixadigital.com/wp-includes/rss-functions.php&loknya=/home/wavevlvu/diixadigital.com/wp-includes HTTP/1.1" 200 1936 "-" "Mozilla/5.0 (compatible; MJ12bot/v1.4.8; http://mj12bot.com/)"
94.23.203.86 - - [13/Jan/2025:20:30:00 -0500] "GET /public/profile/55?lokasie=/home/wavevlvu/blog.diixadigital.com/wp-content/themes/rubik/inc/blocks/fullwidth/rubik_feature4.php&loknya=/home/wavevlvu/blog.diixadigital.com/wp-content/themes/rubik/inc/blocks/fullwidth HTTP/1.1" 200 3296 "-" "Mozilla/5.0 (compatible; MJ12bot/v1.4.8; http://mj12bot.com/)"
216.244.66.237 - - [13/Jan/2025:20:30:00 -0500] "GET /public/index.php?loknya=/home/wavevlvu/lscache/4/3/c HTTP/1.1" 200 66193 "-" "Mozilla/5.0 (compatible; DotBot/1.2; +https://opensiteexplorer.org/dotbot; help@moz.com)"
37.187.89.104 - - [13/Jan/2025:20:30:05 -0500] "GET /public/tour/easter-in-la-campagne-tropicana-205k?lokasie=/home/wavevlvu/diixadigital.com/wp-includes/rss.php&loknya=/home/wavevlvu/diixadigital.com/wp-includes HTTP/1.1" 200 8798 "-" "Mozilla/5.0 (compatible; MJ12bot/v1.4.8; http://mj12bot.com/)"
94.23.203.86 - - [13/Jan/2025:20:30:07 -0500] "GET /public/profile/55?lokasie=/home/wavevlvu/blog.diixadigital.com/wp-content/themes/rubik/inc/blocks/fullwidth/rubik_featured_slider.php&loknya=/home/wavevlvu/blog.diixadigital.com/wp-content/themes/rubik/inc/blocks/fullwidth HTTP/1.1" 200 2789 "-" "Mozilla/5.0 (compatible; MJ12bot/v1.4.8; http://mj12bot.com/)"
94.23.203.86 - - [13/Jan/2025:20:30:15 -0500] "GET /public/profile/55?lokasie=/home/wavevlvu/blog.diixadigital.com/wp-content/themes/rubik/inc/blocks/fullwidth/rubik_fw_slider.php&loknya=/home/wavevlvu/blog.diixadigital.com/wp-content/themes/rubik/inc/blocks/fullwidth HTTP/1.1" 200 2742 "-" "Mozilla/5.0 (compatible; MJ12bot/v1.4.8; http://mj12bot.com/)"
37.187.89.104 - - [13/Jan/2025:20:30:16 -0500] "GET /public/tour/easter-in-la-campagne-tropicana-205k?lokasie=/home/wavevlvu/diixadigital.com/wp-includes/script-loader.php&loknya=/home/wavevlvu/diixadigital.com/wp-includes HTTP/1.1" 200 34193 "-" "Mozilla/5.0 (compatible; MJ12bot/v1.4.8; http://mj12bot.com/)"
216.244.66.237 - - [13/Jan/2025:20:30:19 -0500] "GET /public/index.php?loknya=/home/wavevlvu/lscache/6/f/c HTTP/1.1" 200 49063 "-" "Mozilla/5.0 (compatible; DotBot/1.2; +https://opensiteexplorer.org/dotbot; help@moz.com)"
94.23.203.86 - - [13/Jan/2025:20:30:21 -0500] "GET /public/profile/55?lokasie=/home/wavevlvu/blog.diixadigital.com/wp-content/themes/rubik/inc/blocks/fullwidth/rubik_grid_1.php&loknya=/home/wavevlvu/blog.diixadigital.com/wp-content/themes/rubik/inc/blocks/fullwidth HTTP/1.1" 200 3212 "-" "Mozilla/5.0 (compatible; MJ12bot/v1.4.8; http://mj12bot.com/)"
37.187.89.104 - - [13/Jan/2025:20:30:26 -0500] "GET /public/tour/easter-in-la-campagne-tropicana-205k?lokasie=/home/wavevlvu/diixadigital.com/wp-includes/script-modules.php&loknya=/home/wavevlvu/diixadigital.com/wp-includes HTTP/1.1" 200 3445 "-" "Mozilla/5.0 (compatible; MJ12bot/v1.4.8; http://mj12bot.com/)"
94.23.203.86 - - [13/Jan/2025:20:30:27 -0500] "GET /public/profile/55?lokasie=/home/wavevlvu/blog.diixadigital.com/wp-content/themes/rubik/inc/blocks/fullwidth/rubik_grid_10.php&loknya=/home/wavevlvu/blog.diixadigital.com/wp-content/themes/rubik/inc/blocks/fullwidth HTTP/1.1" 200 3382 "-" "Mozilla/5.0 (compatible; MJ12bot/v1.4.8; http://mj12bot.com/)"
94.23.203.86 - - [13/Jan/2025:20:30:33 -0500] "GET /public/profile/55?lokasie=/home/wavevlvu/blog.diixadigital.com/wp-content/themes/rubik/inc/blocks/fullwidth/rubik_grid_11.php&loknya=/home/wavevlvu/blog.diixadigital.com/wp-content/themes/rubik/inc/blocks/fullwidth HTTP/1.1" 200 3353 "-" "Mozilla/5.0 (compatible; MJ12bot/v1.4.8; http://mj12bot.com/)"
37.187.89.104 - - [13/Jan/2025:20:30:34 -0500] "GET /public/tour/easter-in-la-campagne-tropicana-205k?lokasie=/home/wavevlvu/diixadigital.com/wp-includes/session.php&loknya=/home/wavevlvu/diixadigital.com/wp-includes HTTP/1.1" 200 1911 "-" "Mozilla/5.0 (compatible; MJ12bot/v1.4.8; http://mj12bot.com/)"
216.244.66.237 - - [13/Jan/2025:20:30:36 -0500] "GET /public/index.php?loknya=/home/wavevlvu/lscache/7/4/c HTTP/1.1" 200 71899 "-" "Mozilla/5.0 (compatible; DotBot/1.2; +https://opensiteexplorer.org/dotbot; help@moz.com)"
94.23.203.86 - - [13/Jan/2025:20:30:39 -0500] "GET /public/profile/55?lokasie=/home/wavevlvu/blog.diixadigital.com/wp-content/themes/rubik/inc/blocks/fullwidth/rubik_grid_12.php&loknya=/home/wavevlvu/blog.diixadigital.com/wp-content/themes/rubik/inc/blocks/fullwidth HTTP/1.1" 200 3209 "-" "Mozilla/5.0 (compatible; MJ12bot/v1.4.8; http://mj12bot.com/)"
37.187.89.104 - - [13/Jan/2025:20:30:43 -0500] "GET /public/tour/easter-in-la-campagne-tropicana-205k?lokasie=/home/wavevlvu/diixadigital.com/wp-includes/shortcodes.php&loknya=/home/wavevlvu/diixadigital.com/wp-includes HTTP/1.1" 200 8608 "-" "Mozilla/5.0 (compatible; MJ12bot/v1.4.8; http://mj12bot.com/)"
94.23.203.86 - - [13/Jan/2025:20:30:45 -0500] "GET /public/profile/55?lokasie=/home/wavevlvu/blog.diixadigital.com/wp-content/themes/rubik/inc/blocks/fullwidth/rubik_grid_13.php&loknya=/home/wavevlvu/blog.diixadigital.com/wp-content/themes/rubik/inc/blocks/fullwidth HTTP/1.1" 200 3216 "-" "Mozilla/5.0 (compatible; MJ12bot/v1.4.8; http://mj12bot.com/)"
94.23.203.86 - - [13/Jan/2025:20:30:50 -0500] "GET /public/profile/55?lokasie=/home/wavevlvu/blog.diixadigital.com/wp-content/themes/rubik/inc/blocks/fullwidth/rubik_grid_14.php&loknya=/home/wavevlvu/blog.diixadigital.com/wp-content/themes/rubik/inc/blocks/fullwidth HTTP/1.1" 200 3250 "-" "Mozilla/5.0 (compatible; MJ12bot/v1.4.8; http://mj12bot.com/)"
37.187.89.104 - - [13/Jan/2025:20:30:51 -0500] "GET /public/tour/easter-in-la-campagne-tropicana-205k?lokasie=/home/wavevlvu/diixadigital.com/wp-includes/sitemaps.php&loknya=/home/wavevlvu/diixadigital.com/wp-includes HTTP/1.1" 200 2793 "-" "Mozilla/5.0 (compatible; MJ12bot/v1.4.8; http://mj12bot.com/)"
216.244.66.237 - - [13/Jan/2025:20:30:51 -0500] "GET /public/index.php?loknya=/home/wavevlvu/lscache/7/b/2 HTTP/1.1" 200 53361 "-" "Mozilla/5.0 (compatible; DotBot/1.2; +https://opensiteexplorer.org/dotbot; help@moz.com)"
94.23.203.86 - - [13/Jan/2025:20:30:56 -0500] "GET /public/profile/55?lokasie=/home/wavevlvu/blog.diixadigital.com/wp-content/themes/rubik/inc/blocks/fullwidth/rubik_grid_2.php&loknya=/home/wavevlvu/blog.diixadigital.com/wp-content/themes/rubik/inc/blocks/fullwidth HTTP/1.1" 200 3203 "-" "Mozilla/5.0 (compatible; MJ12bot/v1.4.8; http://mj12bot.com/)"
37.187.89.104 - - [13/Jan/2025:20:30:58 -0500] "GET /public/tour/easter-in-la-campagne-tropicana-205k?lokasie=/home/wavevlvu/diixadigital.com/wp-includes/spl-autoload-compat.php&loknya=/home/wavevlvu/diixadigital.com/wp-includes HTTP/1.1" 200 2039 "-" "Mozilla/5.0 (compatible; MJ12bot/v1.4.8; http://mj12bot.com/)"
94.23.203.86 - - [13/Jan/2025:20:31:02 -0500] "GET /public/profile/55?lokasie=/home/wavevlvu/blog.diixadigital.com/wp-content/themes/rubik/inc/blocks/fullwidth/rubik_grid_3.php&loknya=/home/wavevlvu/blog.diixadigital.com/wp-content/themes/rubik/inc/blocks/fullwidth HTTP/1.1" 200 3210 "-" "Mozilla/5.0 (compatible; MJ12bot/v1.4.8; http://mj12bot.com/)"
37.187.89.104 - - [13/Jan/2025:20:31:04 -0500] "GET /public/tour/easter-in-la-campagne-tropicana-205k?lokasie=/home/wavevlvu/diixadigital.com/wp-includes/style-engine.php&loknya=/home/wavevlvu/diixadigital.com/wp-includes HTTP/1.1" 200 3837 "-" "Mozilla/5.0 (compatible; MJ12bot/v1.4.8; http://mj12bot.com/)"
216.244.66.237 - - [13/Jan/2025:20:31:06 -0500] "GET /public/index.php?loknya=/home/wavevlvu/lscache/9/1/5 HTTP/1.1" 200 67631 "-" "Mozilla/5.0 (compatible; DotBot/1.2; +https://opensiteexplorer.org/dotbot; help@moz.com)"
17.241.219.154 - - [13/Jan/2025:20:31:08 -0500] "GET /public/profile/book24/services?lokasie=/var/softaculous/front/config_db.php&loknya=/var/softaculous/front HTTP/1.1" 200 2613 "-" "Mozilla/5.0 (Macintosh; Intel Mac OS X 10_15_7) AppleWebKit/605.1.15 (KHTML, like Gecko) Version/17.4 Safari/605.1.15 (Applebot/0.1; +http://www.apple.com/go/applebot)"
94.23.203.86 - - [13/Jan/2025:20:31:08 -0500] "GET /public/profile/55?lokasie=/home/wavevlvu/blog.diixadigital.com/wp-content/themes/rubik/inc/blocks/fullwidth/rubik_grid_4.php&loknya=/home/wavevlvu/blog.diixadigital.com/wp-content/themes/rubik/inc/blocks/fullwidth HTTP/1.1" 200 3215 "-" "Mozilla/5.0 (compatible; MJ12bot/v1.4.8; http://mj12bot.com/)"
47.128.127.231 - - [13/Jan/2025:20:31:12 -0500] "GET /storage/framework/cache/data/dc/89/dc89834bf9da242dc2d3f1679b94baacd61b1742 HTTP/1.1" 200 23 "-" "Mozilla/5.0 (Linux; Android 5.0) AppleWebKit/537.36 (KHTML, like Gecko) Mobile Safari/537.36 (compatible; Bytespider; spider-feedback@bytedance.com)"
17.241.219.154 - - [13/Jan/2025:20:31:11 -0500] "GET /public/space/3-bedroom-luxurious-apartment?loknya=/home/wavevlvu/.softaculous/wp_manager HTTP/1.1" 200 2632 "-" "Mozilla/5.0 (Macintosh; Intel Mac OS X 10_15_7) AppleWebKit/605.1.15 (KHTML, like Gecko) Version/17.4 Safari/605.1.15 (Applebot/0.1; +http://www.apple.com/go/applebot)"
37.187.89.104 - - [13/Jan/2025:20:31:15 -0500] "GET /public/tour/easter-in-la-campagne-tropicana-205k?lokasie=/home/wavevlvu/diixadigital.com/wp-includes/taxonomy.php&loknya=/home/wavevlvu/diixadigital.com/wp-includes HTTP/1.1" 200 41099 "-" "Mozilla/5.0 (compatible; MJ12bot/v1.4.8; http://mj12bot.com/)"
94.23.203.86 - - [13/Jan/2025:20:31:15 -0500] "GET /public/profile/55?lokasie=/home/wavevlvu/blog.diixadigital.com/wp-content/themes/rubik/inc/blocks/fullwidth/rubik_grid_5.php&loknya=/home/wavevlvu/blog.diixadigital.com/wp-content/themes/rubik/inc/blocks/fullwidth HTTP/1.1" 200 3215 "-" "Mozilla/5.0 (compatible; MJ12bot/v1.4.8; http://mj12bot.com/)"
