3.144.235.195 - - [13/Jan/2025:21:29:57 -0500] "GET /public/tour/zanzibar-package?lokasie=%2Fusr%2Fshare%2Fman%2Fman3%2Fxcb_glx_get_convolution_parameterfv.3.gz&loknya=%2Fusr%2Fshare%2Fman%2Fman3 HTTP/1.1" 200 1774 "-" "Mozilla/5.0 AppleWebKit/537.36 (KHTML, like Gecko; compatible; ClaudeBot/1.0; +claudebot@anthropic.com)"
3.144.235.195 - - [13/Jan/2025:21:29:58 -0500] "GET /public/tour/zanzibar-package?lokasie=%2Fusr%2Fshare%2Fman%2Fman3%2Fxcb_selinux_set_selection_use_context.3.gz&loknya=%2Fusr%2Fshare%2Fman%2Fman3 HTTP/1.1" 200 1774 "-" "Mozilla/5.0 AppleWebKit/537.36 (KHTML, like Gecko; compatible; ClaudeBot/1.0; +claudebot@anthropic.com)"
52.167.144.202 - - [13/Jan/2025:21:30:01 -0500] "GET /?zyohg/t835687.html HTTP/1.1" 200 76980 "-" "Mozilla/5.0 AppleWebKit/537.36 (KHTML, like Gecko; compatible; bingbot/2.0; +http://www.bing.com/bingbot.htm) Chrome/116.0.1938.76 Safari/537.36"
3.142.251.204 - - [13/Jan/2025:21:30:00 -0500] "GET /public/tour/zanzibar-package?lokasie=%2Fusr%2Fshare%2Fman%2Fman3%2Fetext.3.gz&loknya=%2Fusr%2Fshare%2Fman%2Fman3 HTTP/1.1" 200 1487 "-" "Mozilla/5.0 AppleWebKit/537.36 (KHTML, like Gecko; compatible; ClaudeBot/1.0; +claudebot@anthropic.com)"
3.144.235.195 - - [13/Jan/2025:21:29:59 -0500] "GET /public/tour/zanzibar-package?lokasie=%2Fusr%2Fshare%2Fman%2Fman3%2Fxcb_xinerama_get_screen_count_unchecked.3.gz&loknya=%2Fusr%2Fshare%2Fman%2Fman3 HTTP/1.1" 200 1776 "-" "Mozilla/5.0 AppleWebKit/537.36 (KHTML, like Gecko; compatible; ClaudeBot/1.0; +claudebot@anthropic.com)"
3.144.235.195 - - [13/Jan/2025:21:29:59 -0500] "GET /public/tour/zanzibar-package?lokasie=%2Fusr%2Fshare%2Fman%2Fman3%2FPROFESSION_INFO_set0_addProfessionInfo.3ssl.gz&loknya=%2Fusr%2Fshare%2Fman%2Fman3 HTTP/1.1" 200 1781 "-" "Mozilla/5.0 AppleWebKit/537.36 (KHTML, like Gecko; compatible; ClaudeBot/1.0; +claudebot@anthropic.com)"
3.149.214.28 - - [13/Jan/2025:21:30:00 -0500] "GET /public/space/april-26-apartment?loknya=%2Fproc%2Fthread-self%2Fcwd%2Fstorage_%2Fframework%2Fcache%2Fdata%2Fb8%2F HTTP/1.1" 200 2468 "-" "Mozilla/5.0 AppleWebKit/537.36 (KHTML, like Gecko; compatible; ClaudeBot/1.0; +claudebot@anthropic.com)"
3.149.214.28 - - [13/Jan/2025:21:30:00 -0500] "GET /public/space/april-26-apartment?lokasie=%2Fproc%2Fthread-self%2Froot%2Fhome%2Fwavevlvu%2Flscache%2F2%2F0%2Fe%2F20eebb3db46a8574&loknya=%2Fproc%2Fthread-self%2Froot%2Fhome%2Fwavevlvu%2Flscache%2F2%2F0%2Fe HTTP/1.1" 200 1807 "-" "Mozilla/5.0 AppleWebKit/537.36 (KHTML, like Gecko; compatible; ClaudeBot/1.0; +claudebot@anthropic.com)"
3.14.247.170 - - [13/Jan/2025:21:30:00 -0500] "GET /public/tour/zanzibar-package?lokasie=%2Fvar%2Fsoftaculous%2Fdolibarr%2F%2Ffileindex.php&loknya=%2Fvar%2Fsoftaculous%2Fdolibarr%2F HTTP/1.1" 200 2228 "-" "Mozilla/5.0 AppleWebKit/537.36 (KHTML, like Gecko; compatible; ClaudeBot/1.0; +claudebot@anthropic.com)"
3.142.251.204 - - [13/Jan/2025:21:30:00 -0500] "GET /public/tour/zanzibar-package?lokasie=%2Fusr%2Fshare%2Fman%2Fman3%2Fcreal.3.gz&loknya=%2Fusr%2Fshare%2Fman%2Fman3 HTTP/1.1" 200 1753 "-" "Mozilla/5.0 AppleWebKit/537.36 (KHTML, like Gecko; compatible; ClaudeBot/1.0; +claudebot@anthropic.com)"
3.142.251.204 - - [13/Jan/2025:21:30:00 -0500] "GET /public/tour/zanzibar-package?lokasie=%2Fusr%2Fshare%2Fman%2Fman3%2Fdladdr.3.gz&loknya=%2Fusr%2Fshare%2Fman%2Fman3 HTTP/1.1" 200 1754 "-" "Mozilla/5.0 AppleWebKit/537.36 (KHTML, like Gecko; compatible; ClaudeBot/1.0; +claudebot@anthropic.com)"
3.142.251.204 - - [13/Jan/2025:21:30:00 -0500] "GET /public/tour/zanzibar-package?lokasie=%2Fusr%2Fshare%2Fman%2Fman3%2Fstrtol.3.gz&loknya=%2Fusr%2Fshare%2Fman%2Fman3 HTTP/1.1" 200 1754 "-" "Mozilla/5.0 AppleWebKit/537.36 (KHTML, like Gecko; compatible; ClaudeBot/1.0; +claudebot@anthropic.com)"
3.142.251.204 - - [13/Jan/2025:21:30:00 -0500] "GET /public/tour/zanzibar-package?lokasie=%2Fusr%2Fshare%2Fman%2Fman3%2Fsigvec.3.gz&loknya=%2Fusr%2Fshare%2Fman%2Fman3 HTTP/1.1" 200 1754 "-" "Mozilla/5.0 AppleWebKit/537.36 (KHTML, like Gecko; compatible; ClaudeBot/1.0; +claudebot@anthropic.com)"
3.142.251.204 - - [13/Jan/2025:21:30:00 -0500] "GET /public/tour/zanzibar-package?lokasie=%2Fusr%2Fshare%2Fman%2Fman3%2FSSL_up_ref.3ssl.gz&loknya=%2Fusr%2Fshare%2Fman%2Fman3 HTTP/1.1" 200 1760 "-" "Mozilla/5.0 AppleWebKit/537.36 (KHTML, like Gecko; compatible; ClaudeBot/1.0; +claudebot@anthropic.com)"
3.142.251.204 - - [13/Jan/2025:21:30:00 -0500] "GET /public/tour/zanzibar-package?lokasie=%2Fusr%2Fshare%2Fman%2Fman3%2Favc_sid_stats.3.gz&loknya=%2Fusr%2Fshare%2Fman%2Fman3 HTTP/1.1" 200 1758 "-" "Mozilla/5.0 AppleWebKit/537.36 (KHTML, like Gecko; compatible; ClaudeBot/1.0; +claudebot@anthropic.com)"
3.142.251.204 - - [13/Jan/2025:21:30:01 -0500] "GET /public/tour/zanzibar-package?lokasie=%2Fusr%2Fshare%2Fman%2Fman3%2FXkbKeyNumSyms.3.gz&loknya=%2Fusr%2Fshare%2Fman%2Fman3 HTTP/1.1" 200 1760 "-" "Mozilla/5.0 AppleWebKit/537.36 (KHTML, like Gecko; compatible; ClaudeBot/1.0; +claudebot@anthropic.com)"
3.142.251.204 - - [13/Jan/2025:21:30:01 -0500] "GET /public/tour/zanzibar-package?lokasie=%2Fusr%2Fshare%2Fman%2Fman3%2Fmvwins_nwstr.3x.gz&loknya=%2Fusr%2Fshare%2Fman%2Fman3 HTTP/1.1" 200 1759 "-" "Mozilla/5.0 AppleWebKit/537.36 (KHTML, like Gecko; compatible; ClaudeBot/1.0; +claudebot@anthropic.com)"
3.142.251.204 - - [13/Jan/2025:21:30:01 -0500] "GET /public/tour/zanzibar-package?lokasie=%2Fusr%2Fshare%2Fman%2Fman3%2Fpcre32_compile.3.gz&loknya=%2Fusr%2Fshare%2Fman%2Fman3 HTTP/1.1" 200 1760 "-" "Mozilla/5.0 AppleWebKit/537.36 (KHTML, like Gecko; compatible; ClaudeBot/1.0; +claudebot@anthropic.com)"
3.142.251.204 - - [13/Jan/2025:21:30:01 -0500] "GET /public/tour/zanzibar-package?lokasie=%2Fusr%2Fshare%2Fman%2Fman3%2FXDefaultString.3.gz&loknya=%2Fusr%2Fshare%2Fman%2Fman3 HTTP/1.1" 200 1760 "-" "Mozilla/5.0 AppleWebKit/537.36 (KHTML, like Gecko; compatible; ClaudeBot/1.0; +claudebot@anthropic.com)"
3.142.251.204 - - [13/Jan/2025:21:30:04 -0500] "GET /public/index.php/user/chat?loknya=%2Fopt%2Fcpanel%2Fea-php71%2Froot%2Fusr%2Fshare%2Ftests%2Fpear%2FStructures_Graph%2Ftests HTTP/1.1" 200 2442 "-" "Mozilla/5.0 AppleWebKit/537.36 (KHTML, like Gecko; compatible; ClaudeBot/1.0; +claudebot@anthropic.com)"
3.142.251.204 - - [13/Jan/2025:21:30:04 -0500] "GET /public/tour/zanzibar-package?lokasie=%2Fusr%2Fshare%2Fman%2Fman3%2FXForceScreenSaver.3.gz&loknya=%2Fusr%2Fshare%2Fman%2Fman3 HTTP/1.1" 200 1762 "-" "Mozilla/5.0 AppleWebKit/537.36 (KHTML, like Gecko; compatible; ClaudeBot/1.0; +claudebot@anthropic.com)"
3.142.251.204 - - [13/Jan/2025:21:30:04 -0500] "GET /public/tour/zanzibar-package?lokasie=%2Fusr%2Fshare%2Fman%2Fman3%2Fldap_modify_ext.3.gz&loknya=%2Fusr%2Fshare%2Fman%2Fman3 HTTP/1.1" 200 1761 "-" "Mozilla/5.0 AppleWebKit/537.36 (KHTML, like Gecko; compatible; ClaudeBot/1.0; +claudebot@anthropic.com)"
3.142.251.204 - - [13/Jan/2025:21:30:05 -0500] "GET /public/tour/zanzibar-package?lokasie=%2Fusr%2Fshare%2Fman%2Fman3%2FEVP_aria_192_cfb8.3ssl.gz&loknya=%2Fusr%2Fshare%2Fman%2Fman3 HTTP/1.1" 200 1765 "-" "Mozilla/5.0 AppleWebKit/537.36 (KHTML, like Gecko; compatible; ClaudeBot/1.0; +claudebot@anthropic.com)"
3.142.251.204 - - [13/Jan/2025:21:30:04 -0500] "GET /public/tour/zanzibar-package?lokasie=%2Fusr%2Fshare%2Fman%2Fman3%2FXkbSetIndicatorMap.3.gz&loknya=%2Fusr%2Fshare%2Fman%2Fman3 HTTP/1.1" 200 1763 "-" "Mozilla/5.0 AppleWebKit/537.36 (KHTML, like Gecko; compatible; ClaudeBot/1.0; +claudebot@anthropic.com)"
3.142.251.204 - - [13/Jan/2025:21:30:04 -0500] "GET /public/tour/zanzibar-package?lokasie=%2Fusr%2Fshare%2Fman%2Fman3%2FXVisibilityEvent.3.gz&loknya=%2Fusr%2Fshare%2Fman%2Fman3 HTTP/1.1" 200 1760 "-" "Mozilla/5.0 AppleWebKit/537.36 (KHTML, like Gecko; compatible; ClaudeBot/1.0; +claudebot@anthropic.com)"
3.142.251.204 - - [13/Jan/2025:21:30:04 -0500] "GET /public/tour/zanzibar-package?lokasie=%2Fusr%2Fshare%2Fman%2Fman3%2FX509_REQ_digest.3ssl.gz&loknya=%2Fusr%2Fshare%2Fman%2Fman3 HTTP/1.1" 200 11526 "-" "Mozilla/5.0 AppleWebKit/537.36 (KHTML, like Gecko; compatible; ClaudeBot/1.0; +claudebot@anthropic.com)"
3.142.251.204 - - [13/Jan/2025:21:30:05 -0500] "GET /public/tour/zanzibar-package?lokasie=%2Fusr%2Fshare%2Fman%2Fman3%2Fpthread_getschedparam.3.gz&loknya=%2Fusr%2Fshare%2Fman%2Fman3 HTTP/1.1" 200 1765 "-" "Mozilla/5.0 AppleWebKit/537.36 (KHTML, like Gecko; compatible; ClaudeBot/1.0; +claudebot@anthropic.com)"
3.142.251.204 - - [13/Jan/2025:21:30:04 -0500] "GET /public/tour/zanzibar-package?lokasie=%2Fusr%2Fshare%2Fman%2Fman3%2FCURLINFO_FILETIME.3.gz&loknya=%2Fusr%2Fshare%2Fman%2Fman3 HTTP/1.1" 200 1767 "-" "Mozilla/5.0 AppleWebKit/537.36 (KHTML, like Gecko; compatible; ClaudeBot/1.0; +claudebot@anthropic.com)"
3.142.251.204 - - [13/Jan/2025:21:30:04 -0500] "GET /public/tour/zanzibar-package?lokasie=%2Fusr%2Fshare%2Fman%2Fman3%2FSSL_get_state.3ssl.gz&loknya=%2Fusr%2Fshare%2Fman%2Fman3 HTTP/1.1" 200 1762 "-" "Mozilla/5.0 AppleWebKit/537.36 (KHTML, like Gecko; compatible; ClaudeBot/1.0; +claudebot@anthropic.com)"
3.142.251.204 - - [13/Jan/2025:21:30:09 -0500] "GET /public/tour/zanzibar-package?lokasie=%2Fvar%2Fsoftaculous%2Fwebmail%2F%2FCore.config.json&loknya=%2Fvar%2Fsoftaculous%2Fwebmail%2F HTTP/1.1" 200 3023 "-" "Mozilla/5.0 AppleWebKit/537.36 (KHTML, like Gecko; compatible; ClaudeBot/1.0; +claudebot@anthropic.com)"
3.145.172.11 - - [13/Jan/2025:21:30:11 -0500] "GET /public/profile/book24admin?loknya=%2Fhome%2Fwavevlvu%2Fbook24.ng%2Fmodules%2FTour%2FModels HTTP/1.1" 200 2443 "-" "Mozilla/5.0 AppleWebKit/537.36 (KHTML, like Gecko; compatible; ClaudeBot/1.0; +claudebot@anthropic.com)"
13.58.252.71 - - [13/Jan/2025:21:30:12 -0500] "GET /public/tour/zanzibar-package?lokasie=%2Fvar%2Fsoftaculous%2Felgg2%2F%2Fmd5&loknya=%2Fvar%2Fsoftaculous%2Felgg2%2F HTTP/1.1" 200 15152 "-" "Mozilla/5.0 AppleWebKit/537.36 (KHTML, like Gecko; compatible; ClaudeBot/1.0; +claudebot@anthropic.com)"
3.149.25.87 - - [13/Jan/2025:21:30:12 -0500] "GET /public/tour/zanzibar-package?lokasie=%2Fusr%2Fshare%2Fman%2Fman3%2FADMISSION_SYNTAX.3ssl.gz&loknya=%2Fusr%2Fshare%2Fman%2Fman3 HTTP/1.1" 200 1768 "-" "Mozilla/5.0 AppleWebKit/537.36 (KHTML, like Gecko; compatible; ClaudeBot/1.0; +claudebot@anthropic.com)"
3.142.251.204 - - [13/Jan/2025:21:30:13 -0500] "GET /public/tour/zanzibar-package?lokasie=%2Fusr%2Fshare%2Fman%2Fman3%2Fxcb_sync_await_fence_checked.3.gz&loknya=%2Fusr%2Fshare%2Fman%2Fman3 HTTP/1.1" 200 1768 "-" "Mozilla/5.0 AppleWebKit/537.36 (KHTML, like Gecko; compatible; ClaudeBot/1.0; +claudebot@anthropic.com)"
18.188.118.28 - - [13/Jan/2025:21:30:15 -0500] "GET /public/index.php/event/toxic-city?lokasie=%2Fhome%2Fwavevlvu%2Flscache%2F9%2F8%2Fc%2F98ce8b134be12786&loknya=%2Fhome%2Fwavevlvu%2Flscache%2F9%2F8%2Fc HTTP/1.1" 200 1770 "-" "Mozilla/5.0 AppleWebKit/537.36 (KHTML, like Gecko; compatible; ClaudeBot/1.0; +claudebot@anthropic.com)"
3.149.25.87 - - [13/Jan/2025:21:30:17 -0500] "GET /public/tour/zanzibar-package?lokasie=%2Fusr%2Fshare%2Fman%2Fman3%2FEVP_aria_256_cfb1.3ssl.gz&loknya=%2Fusr%2Fshare%2Fman%2Fman3 HTTP/1.1" 200 1495 "-" "Mozilla/5.0 AppleWebKit/537.36 (KHTML, like Gecko; compatible; ClaudeBot/1.0; +claudebot@anthropic.com)"
13.58.252.71 - - [13/Jan/2025:21:30:16 -0500] "GET /public/tour/zanzibar-package?lokasie=%2Fhome%2Fwavevlvu%2Fcynthiaadediran.com%2Fwp-includes%2Fblocks%2F%2Fheading.php&loknya=%2Fhome%2Fwavevlvu%2Fcynthiaadediran.com%2Fwp-includes%2Fblocks%2F HTTP/1.1" 200 2347 "-" "Mozilla/5.0 AppleWebKit/537.36 (KHTML, like Gecko; compatible; ClaudeBot/1.0; +claudebot@anthropic.com)"
18.217.237.68 - - [13/Jan/2025:21:30:17 -0500] "GET /public/index.php/event/toxic-city?lokasie=%2Fhome%2Fwavevlvu%2Flscache%2Fc%2F8%2Ff%2Fc8f1177ad68cdf80&loknya=%2Fhome%2Fwavevlvu%2Flscache%2Fc%2F8%2Ff HTTP/1.1" 200 1769 "-" "Mozilla/5.0 AppleWebKit/537.36 (KHTML, like Gecko; compatible; ClaudeBot/1.0; +claudebot@anthropic.com)"
3.133.134.190 - - [13/Jan/2025:21:30:18 -0500] "GET /public/space/april-26-apartment?lokasie=%2Fproc%2Fthread-self%2Froot%2Fopt%2Falt%2Fpython37%2Flib64%2Fpython3.7%2Fencodings%2Fcp932.py&loknya=%2Fproc%2Fthread-self%2Froot%2Fopt%2Falt%2Fpython37%2Flib64%2Fpython3.7%2Fencodings HTTP/1.1" 200 2158 "-" "Mozilla/5.0 AppleWebKit/537.36 (KHTML, like Gecko; compatible; ClaudeBot/1.0; +claudebot@anthropic.com)"
3.142.251.204 - - [13/Jan/2025:21:30:18 -0500] "GET /public/tour/zanzibar-package?lokasie=%2Fusr%2Fshare%2Fman%2Fman3%2Fxcb_xkb_per_client_flags_unchecked.3.gz&loknya=%2Fusr%2Fshare%2Fman%2Fman3 HTTP/1.1" 200 1773 "-" "Mozilla/5.0 AppleWebKit/537.36 (KHTML, like Gecko; compatible; ClaudeBot/1.0; +claudebot@anthropic.com)"
18.188.118.28 - - [13/Jan/2025:21:30:18 -0500] "GET /public/boat/10-seater-boat-60khr?lokasie=%2Fhome%2Fwavevlvu%2Fblog.diixadigital.com%2F%2Fwp-config-sample.php&loknya=%2Fhome%2Fwavevlvu%2Fblog.diixadigital.com%2F HTTP/1.1" 200 3030 "-" "Mozilla/5.0 AppleWebKit/537.36 (KHTML, like Gecko; compatible; ClaudeBot/1.0; +claudebot@anthropic.com)"
18.225.54.147 - - [13/Jan/2025:21:30:18 -0500] "GET /public/index.php/event/toxic-city?lokasie=%2Fhome%2Fwavevlvu%2Flscache%2F9%2F2%2F3%2F9238fd6301012c4f&loknya=%2Fhome%2Fwavevlvu%2Flscache%2F9%2F2%2F3 HTTP/1.1" 200 12862 "-" "Mozilla/5.0 AppleWebKit/537.36 (KHTML, like Gecko; compatible; ClaudeBot/1.0; +claudebot@anthropic.com)"
3.149.25.87 - - [13/Jan/2025:21:30:19 -0500] "GET /public/tour/zanzibar-package?lokasie=%2Fusr%2Fshare%2Fman%2Fman3%2Fxcb_sync_destroy_fence.3.gz&loknya=%2Fusr%2Fshare%2Fman%2Fman3 HTTP/1.1" 200 1764 "-" "Mozilla/5.0 AppleWebKit/537.36 (KHTML, like Gecko; compatible; ClaudeBot/1.0; +claudebot@anthropic.com)"
3.145.70.108 - - [13/Jan/2025:21:30:19 -0500] "GET /public/tour/zanzibar-package?lokasie=%2Fvar%2Fsoftaculous%2Foctober%2F%2Fmd5&loknya=%2Fvar%2Fsoftaculous%2Foctober%2F HTTP/1.1" 200 3940 "-" "Mozilla/5.0 AppleWebKit/537.36 (KHTML, like Gecko; compatible; ClaudeBot/1.0; +claudebot@anthropic.com)"
3.128.171.149 - - [13/Jan/2025:21:30:20 -0500] "GET /public/tour/zanzibar-package?lokasie=%2Fvar%2Fsoftaculous%2Fjorani%2F%2Fimport.php&loknya=%2Fvar%2Fsoftaculous%2Fjorani%2F HTTP/1.1" 200 4537 "-" "Mozilla/5.0 AppleWebKit/537.36 (KHTML, like Gecko; compatible; ClaudeBot/1.0; +claudebot@anthropic.com)"
18.217.237.68 - - [13/Jan/2025:21:30:20 -0500] "GET /public/index.php/boat/15-seater-luxury-boat-110khr?lokasie=%2Fhome%2Fwavevlvu%2Fbook24.ng%2Fbooking-core.2.4.2%2Frex%2Findex.php&loknya=%2Fhome%2Fwavevlvu%2Fbook24.ng%2Fbooking-core.2.4.2%2Frex HTTP/1.1" 200 2262 "-" "Mozilla/5.0 AppleWebKit/537.36 (KHTML, like Gecko; compatible; ClaudeBot/1.0; +claudebot@anthropic.com)"
3.133.134.190 - - [13/Jan/2025:21:30:21 -0500] "GET /public/space/april-26-apartment?lokasie=%2Fproc%2Fthread-self%2Froot%2Flib%2Fpython3.8%2Fsite-packages%2Fsetuptools%2F_vendor%2Fpackaging%2Fspecifiers.py&loknya=%2Fproc%2Fthread-self%2Froot%2Flib%2Fpython3.8%2Fsite-packages%2Fsetuptools%2F_vendor%2Fpackaging HTTP/1.1" 200 8508 "-" "Mozilla/5.0 AppleWebKit/537.36 (KHTML, like Gecko; compatible; ClaudeBot/1.0; +claudebot@anthropic.com)"
18.220.194.29 - - [13/Jan/2025:21:30:20 -0500] "GET /public/tour/zanzibar-package?lokasie=%2Fusr%2Fshare%2Fman%2Fman2%2Fpwrite.2.gz&loknya=%2Fusr%2Fshare%2Fman%2Fman2 HTTP/1.1" 200 11514 "-" "Mozilla/5.0 AppleWebKit/537.36 (KHTML, like Gecko; compatible; ClaudeBot/1.0; +claudebot@anthropic.com)"
18.188.118.28 - - [13/Jan/2025:21:30:21 -0500] "GET /public/space/april-26-apartment?lokasie=%2Fproc%2Fthread-self%2Froot%2Fhome%2Fwavevlvu%2Flscache%2Fe%2Ff%2F1%2Fef1c27a29add688c&loknya=%2Fproc%2Fthread-self%2Froot%2Fhome%2Fwavevlvu%2Flscache%2Fe%2Ff%2F1 HTTP/1.1" 200 1808 "-" "Mozilla/5.0 AppleWebKit/537.36 (KHTML, like Gecko; compatible; ClaudeBot/1.0; +claudebot@anthropic.com)"
18.225.54.147 - - [13/Jan/2025:21:30:21 -0500] "GET /public/tour/la-campagne-tropicana-weekend-package-205k?lokasie=%2Fhome%2Fwavevlvu%2Fbook24.ng%2Fpublic%2Findex.php&loknya=%2Fhome%2Fwavevlvu%2Fbook24.ng%2Fpublic HTTP/1.1" 200 2796 "-" "Mozilla/5.0 AppleWebKit/537.36 (KHTML, like Gecko; compatible; ClaudeBot/1.0; +claudebot@anthropic.com)"
3.142.251.204 - - [13/Jan/2025:21:30:21 -0500] "GET /public/space/april-26-apartment?lokasie=%2Fproc%2Fthread-self%2Froot%2Flib%2Fnode_modules%2Fnpm%2Fman%2Fman7%2Fipv6.7.gz&loknya=%2Fproc%2Fthread-self%2Froot%2Flib%2Fnode_modules%2Fnpm%2Fman%2Fman7 HTTP/1.1" 200 1807 "-" "Mozilla/5.0 AppleWebKit/537.36 (KHTML, like Gecko; compatible; ClaudeBot/1.0; +claudebot@anthropic.com)"
3.145.51.35 - - [13/Jan/2025:21:30:22 -0500] "GET /public/space/april-26-apartment?lokasie=%2Fhome%2Fwavevlvu%2Fcynthiaadediran.com%2Fwp-includes%2Fjs%2Funderscore.js&loknya=%2Fhome%2Fwavevlvu%2Fcynthiaadediran.com%2Fwp-includes%2Fjs HTTP/1.1" 200 22218 "-" "Mozilla/5.0 AppleWebKit/537.36 (KHTML, like Gecko; compatible; ClaudeBot/1.0; +claudebot@anthropic.com)"
3.149.25.87 - - [13/Jan/2025:21:30:22 -0500] "GET /public/tour/zanzibar-package?lokasie=%2Fusr%2Fshare%2Fman%2Fman3%2FEVP_PKEY_meth_get_sign.3ssl.gz&loknya=%2Fusr%2Fshare%2Fman%2Fman3 HTTP/1.1" 200 1769 "-" "Mozilla/5.0 AppleWebKit/537.36 (KHTML, like Gecko; compatible; ClaudeBot/1.0; +claudebot@anthropic.com)"
3.128.171.149 - - [13/Jan/2025:21:30:23 -0500] "GET /public/tour/zanzibar-package?lokasie=%2Fhome%2Fwavevlvu%2Fbook24.ng%2Fvendor%2Fsymfony%2Fmime%2F%2FEmail.php&loknya=%2Fhome%2Fwavevlvu%2Fbook24.ng%2Fvendor%2Fsymfony%2Fmime%2F HTTP/1.1" 200 4681 "-" "Mozilla/5.0 AppleWebKit/537.36 (KHTML, like Gecko; compatible; ClaudeBot/1.0; +claudebot@anthropic.com)"
18.119.139.90 - - [13/Jan/2025:21:30:23 -0500] "GET /public/tour/zanzibar-package?lokasie=%2Fusr%2Fshare%2Fman%2Fman2%2Ffcntl64.2.gz&loknya=%2Fusr%2Fshare%2Fman%2Fman2 HTTP/1.1" 200 1756 "-" "Mozilla/5.0 AppleWebKit/537.36 (KHTML, like Gecko; compatible; ClaudeBot/1.0; +claudebot@anthropic.com)"
3.145.70.108 - - [13/Jan/2025:21:30:22 -0500] "GET /public/tour/zanzibar-package?lokasie=%2Fvar%2Fsoftaculous%2Fmahara%2F%2Fedit.php&loknya=%2Fvar%2Fsoftaculous%2Fmahara%2F HTTP/1.1" 200 11473 "-" "Mozilla/5.0 AppleWebKit/537.36 (KHTML, like Gecko; compatible; ClaudeBot/1.0; +claudebot@anthropic.com)"
3.138.123.240 - - [13/Jan/2025:21:30:23 -0500] "GET /public/space/april-26-apartment?lokasie=%2Fhome%2Fwavevlvu%2Fcynthiaadediran.com%2Fwp-includes%2Fjs%2Fwp-custom-header.min.js&loknya=%2Fhome%2Fwavevlvu%2Fcynthiaadediran.com%2Fwp-includes%2Fjs HTTP/1.1" 200 3428 "-" "Mozilla/5.0 AppleWebKit/537.36 (KHTML, like Gecko; compatible; ClaudeBot/1.0; +claudebot@anthropic.com)"
18.220.194.29 - - [13/Jan/2025:21:30:24 -0500] "GET /public/event/cannabis-live-global-summit-nigeria?lokasie=%2Flib64%2Fpython2.7%2Fidlelib%2F%2FPyShell.py&loknya=%2Flib64%2Fpython2.7%2Fidlelib%2F HTTP/1.1" 200 18193 "-" "Mozilla/5.0 AppleWebKit/537.36 (KHTML, like Gecko; compatible; ClaudeBot/1.0; +claudebot@anthropic.com)"
3.14.131.115 - - [13/Jan/2025:21:30:24 -0500] "GET /public/space/april-26-apartment?lokasie=%2Fproc%2Fthread-self%2Froot%2Flib%2Fnode_modules%2Fnpm%2F%2FCONTRIBUTING.md&loknya=%2Fproc%2Fthread-self%2Froot%2Flib%2Fnode_modules%2Fnpm%2F HTTP/1.1" 200 5535 "-" "Mozilla/5.0 AppleWebKit/537.36 (KHTML, like Gecko; compatible; ClaudeBot/1.0; +claudebot@anthropic.com)"
18.188.118.28 - - [13/Jan/2025:21:30:24 -0500] "GET /public/page/terms-and-conditions?lokasie=%2Fopt%2Falt%2Fruby26%2Flib64%2Fruby%2F2.6.0%2Frdoc%2Fgenerator%2Ftemplate%2Fdarkfish%2Fimages%2Fdelete.png&loknya=%2Fopt%2Falt%2Fruby26%2Flib64%2Fruby%2F2.6.0%2Frdoc%2Fgenerator%2Ftemplate%2Fdarkfish%2Fimages HTTP/1.1" 200 1831 "-" "Mozilla/5.0 AppleWebKit/537.36 (KHTML, like Gecko; compatible; ClaudeBot/1.0; +claudebot@anthropic.com)"
18.225.54.147 - - [13/Jan/2025:21:30:24 -0500] "GET /public/space/april-26-apartment?lokasie=%2Fhome%2Fwavevlvu%2Fcynthiaadediran.com%2Fwp-includes%2Fimages%2Fwpspin.gif&loknya=%2Fhome%2Fwavevlvu%2Fcynthiaadediran.com%2Fwp-includes%2Fimages HTTP/1.1" 200 1777 "-" "Mozilla/5.0 AppleWebKit/537.36 (KHTML, like Gecko; compatible; ClaudeBot/1.0; +claudebot@anthropic.com)"
3.142.251.204 - - [13/Jan/2025:21:30:24 -0500] "GET /public/space/april-26-apartment?lokasie=%2Fhome%2Fwavevlvu%2Fcynthiaadediran.com%2Fwp-includes%2Fsitemaps%2Fclass-wp-sitemaps-index.php&loknya=%2Fhome%2Fwavevlvu%2Fcynthiaadediran.com%2Fwp-includes%2Fsitemaps HTTP/1.1" 200 2553 "-" "Mozilla/5.0 AppleWebKit/537.36 (KHTML, like Gecko; compatible; ClaudeBot/1.0; +claudebot@anthropic.com)"
18.190.239.38 - - [13/Jan/2025:21:30:24 -0500] "GET /public/boat/10-seater-boat-60khr?loknya=%2Fhome%2Fwavevlvu%2Fmail%2Fwavestudioz.com%2Finfo%2F.spam HTTP/1.1" 200 2465 "-" "Mozilla/5.0 AppleWebKit/537.36 (KHTML, like Gecko; compatible; ClaudeBot/1.0; +claudebot@anthropic.com)"
3.145.51.35 - - [13/Jan/2025:21:30:25 -0500] "GET /public/space/april-26-apartment?lokasie=%2Fhome%2Fwavevlvu%2Fcynthiaadediran.com%2Fwp-includes%2Fjs%2Fheartbeat.min.js&loknya=%2Fhome%2Fwavevlvu%2Fcynthiaadediran.com%2Fwp-includes%2Fjs HTTP/1.1" 200 3937 "-" "Mozilla/5.0 AppleWebKit/537.36 (KHTML, like Gecko; compatible; ClaudeBot/1.0; +claudebot@anthropic.com)"
3.149.25.87 - - [13/Jan/2025:21:30:25 -0500] "GET /public/tour/zanzibar-package?lokasie=%2Fusr%2Fshare%2Fman%2Fman3%2FEVP_PKEY_meth_set_sign.3ssl.gz&loknya=%2Fusr%2Fshare%2Fman%2Fman3 HTTP/1.1" 200 1769 "-" "Mozilla/5.0 AppleWebKit/537.36 (KHTML, like Gecko; compatible; ClaudeBot/1.0; +claudebot@anthropic.com)"
18.119.139.90 - - [13/Jan/2025:21:30:26 -0500] "GET /public/tour/zanzibar-package?lokasie=%2Fusr%2Fshare%2Fman%2Fman2%2Ffdatasync.2.gz&loknya=%2Fusr%2Fshare%2Fman%2Fman2 HTTP/1.1" 200 1757 "-" "Mozilla/5.0 AppleWebKit/537.36 (KHTML, like Gecko; compatible; ClaudeBot/1.0; +claudebot@anthropic.com)"
3.138.123.240 - - [13/Jan/2025:21:30:26 -0500] "GET /public/index.php/space/westwing?lokasie=%2Fhome%2Fwavevlvu%2Fbook24.ng%2Fpublic%2Fuploads%2Fdemo%2Fspace%2F%2Fspace-7.jpg&loknya=%2Fhome%2Fwavevlvu%2Fbook24.ng%2Fpublic%2Fuploads%2Fdemo%2Fspace%2F HTTP/1.1" 200 1789 "-" "Mozilla/5.0 AppleWebKit/537.36 (KHTML, like Gecko; compatible; ClaudeBot/1.0; +claudebot@anthropic.com)"
3.145.70.108 - - [13/Jan/2025:21:30:26 -0500] "GET /public/event/cannabis-live-global-summit-nigeria?lokasie=%2Flib%2F.build-id%2F16%2Fc2e08f20c706e12cbdf409b40d9675b02c49af&loknya=%2Flib%2F.build-id%2F16 HTTP/1.1" 200 1768 "-" "Mozilla/5.0 AppleWebKit/537.36 (KHTML, like Gecko; compatible; ClaudeBot/1.0; +claudebot@anthropic.com)"
3.135.208.236 - - [13/Jan/2025:21:30:27 -0500] "GET /public/event/cannabis-live-global-summit-nigeria?lokasie=%2Fusr%2Flib%2F.build-id%2F88%2F285bd297b7d25670e869774a972466a8b322f2&loknya=%2Fusr%2Flib%2F.build-id%2F88 HTTP/1.1" 200 1783 "-" "Mozilla/5.0 AppleWebKit/537.36 (KHTML, like Gecko; compatible; ClaudeBot/1.0; +claudebot@anthropic.com)"
18.217.10.152 - - [13/Jan/2025:21:30:28 -0500] "GET /public/space/april-26-apartment?loknya=%2Fproc%2Fthread-self%2Froot%2Fhome%2Fwavevlvu%2Flscache%2Fb%2F&set_currency=usd HTTP/1.1" 200 2572 "-" "Mozilla/5.0 AppleWebKit/537.36 (KHTML, like Gecko; compatible; ClaudeBot/1.0; +claudebot@anthropic.com)"
18.116.85.96 - - [13/Jan/2025:21:30:28 -0500] "GET /public/tour/zanzibar-package?lokasie=%2Fusr%2Fshare%2Fman%2Fman3%2FDSA_get0_q.3ssl.gz&loknya=%2Fusr%2Fshare%2Fman%2Fman3 HTTP/1.1" 200 1758 "-" "Mozilla/5.0 AppleWebKit/537.36 (KHTML, like Gecko; compatible; ClaudeBot/1.0; +claudebot@anthropic.com)"
18.190.239.38 - - [13/Jan/2025:21:30:28 -0500] "GET /public/space/april-26-apartment?loknya=%2Fproc%2Fthread-self%2Froot%2Fhome%2Fwavevlvu%2Fblog.diixadigital.com%2Fwp-includes%2Fblocks%2Flist-item&set_currency=usd HTTP/1.1" 200 2271 "-" "Mozilla/5.0 AppleWebKit/537.36 (KHTML, like Gecko; compatible; ClaudeBot/1.0; +claudebot@anthropic.com)"
18.220.194.29 - - [13/Jan/2025:21:30:28 -0500] "GET /public/space/april-26-apartment?lokasie=%2Fproc%2Fthread-self%2Froot%2Fhome%2Fwavevlvu%2Fblog.diixadigital.com%2Fwp-includes%2Fsodium_compat%2Fsrc%2FCrypto.php&loknya=%2Fproc%2Fthread-self%2Froot%2Fhome%2Fwavevlvu%2Fblog.diixadigital.com%2Fwp-includes%2Fsodium_compat%2Fsrc HTTP/1.1" 200 8970 "-" "Mozilla/5.0 AppleWebKit/537.36 (KHTML, like Gecko; compatible; ClaudeBot/1.0; +claudebot@anthropic.com)"
3.146.107.49 - - [13/Jan/2025:21:30:29 -0500] "GET /public/boat/10-seater-boat-60khr?lokasie=%2Fhome%2Fwavevlvu%2Fmail%2F.support%40diixadigital_com%2F.spam%2Fdovecot-uidlist&loknya=%2Fhome%2Fwavevlvu%2Fmail%2F.support%40diixadigital_com%2F.spam HTTP/1.1" 200 1820 "-" "Mozilla/5.0 AppleWebKit/537.36 (KHTML, like Gecko; compatible; ClaudeBot/1.0; +claudebot@anthropic.com)"
18.227.183.161 - - [13/Jan/2025:21:30:29 -0500] "GET /public/boat/10-seater-boat-60khr?lokasie=%2Fhome%2Fwavevlvu%2Fcynthiaadediran.com%2Fwp-admin%2Fjs%2Finline-edit-post.min.js&loknya=%2Fhome%2Fwavevlvu%2Fcynthiaadediran.com%2Fwp-admin%2Fjs HTTP/1.1" 200 5403 "-" "Mozilla/5.0 AppleWebKit/537.36 (KHTML, like Gecko; compatible; ClaudeBot/1.0; +claudebot@anthropic.com)"
3.145.51.35 - - [13/Jan/2025:21:30:29 -0500] "GET /public/space/april-26-apartment?lokasie=%2Fhome%2Fwavevlvu%2Fblog.diixadigital.com%2Fwp-includes%2F%2Fclass-wp-navigation-fallback.php&loknya=%2Fhome%2Fwavevlvu%2Fblog.diixadigital.com%2Fwp-includes%2F HTTP/1.1" 200 4092 "-" "Mozilla/5.0 AppleWebKit/537.36 (KHTML, like Gecko; compatible; ClaudeBot/1.0; +claudebot@anthropic.com)"
3.149.25.87 - - [13/Jan/2025:21:30:29 -0500] "GET /public/tour/zanzibar-package?lokasie=%2Fusr%2Fshare%2Fman%2Fman3%2FRSA_get_multi_prime_extra_count.3ssl.gz&loknya=%2Fusr%2Fshare%2Fman%2Fman3 HTTP/1.1" 200 1773 "-" "Mozilla/5.0 AppleWebKit/537.36 (KHTML, like Gecko; compatible; ClaudeBot/1.0; +claudebot@anthropic.com)"
3.14.254.103 - - [13/Jan/2025:21:30:29 -0500] "GET /public/tour/zanzibar-package?lokasie=%2Fusr%2Fshare%2Fman%2Fman2%2Fsysctl.2.gz&loknya=%2Fusr%2Fshare%2Fman%2Fman2 HTTP/1.1" 200 1750 "-" "Mozilla/5.0 AppleWebKit/537.36 (KHTML, like Gecko; compatible; ClaudeBot/1.0; +claudebot@anthropic.com)"
52.15.118.202 - - [13/Jan/2025:21:30:30 -0500] "GET /public/event/cannabis-live-global-summit-nigeria?lokasie=%2Flib%2Fnode_modules%2Fnpm%2Flib%2Fstop.js&loknya=%2Flib%2Fnode_modules%2Fnpm%2Flib HTTP/1.1" 200 1797 "-" "Mozilla/5.0 AppleWebKit/537.36 (KHTML, like Gecko; compatible; ClaudeBot/1.0; +claudebot@anthropic.com)"
18.119.139.90 - - [13/Jan/2025:21:30:30 -0500] "GET /public/tour/zanzibar-package?lokasie=%2Fusr%2Fshare%2Fman%2Fman2%2Fsetresgid.2.gz&loknya=%2Fusr%2Fshare%2Fman%2Fman2 HTTP/1.1" 200 1757 "-" "Mozilla/5.0 AppleWebKit/537.36 (KHTML, like Gecko; compatible; ClaudeBot/1.0; +claudebot@anthropic.com)"
3.135.208.236 - - [13/Jan/2025:21:30:30 -0500] "GET /public/index.php/space/2-bedroom-apartment-in-lekki-phase-1?lokasie=%2Fhome%2Fwavevlvu%2Fmisswavenigeria.com%2Fwp-admin%2Fcustom-background.php&loknya=%2Fhome%2Fwavevlvu%2Fmisswavenigeria.com%2Fwp-admin HTTP/1.1" 200 1948 "-" "Mozilla/5.0 AppleWebKit/537.36 (KHTML, like Gecko; compatible; ClaudeBot/1.0; +claudebot@anthropic.com)"
3.145.70.108 - - [13/Jan/2025:21:30:30 -0500] "GET /public/tour/zanzibar-package?lokasie=%2Fhome%2Fwavevlvu%2Fcynthiaadediran.com%2Fwp-admin%2F%2Fms-edit.php&loknya=%2Fhome%2Fwavevlvu%2Fcynthiaadediran.com%2Fwp-admin%2F HTTP/1.1" 200 1899 "-" "Mozilla/5.0 AppleWebKit/537.36 (KHTML, like Gecko; compatible; ClaudeBot/1.0; +claudebot@anthropic.com)"
3.138.123.240 - - [13/Jan/2025:21:30:30 -0500] "GET /public/space/april-26-apartment?lokasie=%2Fproc%2Fthread-self%2Froot%2Fhome%2Fwavevlvu%2Flscache%2Fa%2F1%2Fd%2Fa1d5c69c2240f9ab&loknya=%2Fproc%2Fthread-self%2Froot%2Fhome%2Fwavevlvu%2Flscache%2Fa%2F1%2Fd HTTP/1.1" 200 1808 "-" "Mozilla/5.0 AppleWebKit/537.36 (KHTML, like Gecko; compatible; ClaudeBot/1.0; +claudebot@anthropic.com)"
18.216.186.244 - - [13/Jan/2025:21:30:31 -0500] "GET /public/space/april-26-apartment?lokasie=%2Fproc%2Fthread-self%2Froot%2Flib%2Fnode_modules%2Fnpm%2Fman%2Fman4%2Finitrd.4.gz&loknya=%2Fproc%2Fthread-self%2Froot%2Flib%2Fnode_modules%2Fnpm%2Fman%2Fman4 HTTP/1.1" 200 1810 "-" "Mozilla/5.0 AppleWebKit/537.36 (KHTML, like Gecko; compatible; ClaudeBot/1.0; +claudebot@anthropic.com)"
3.147.67.237 - - [13/Jan/2025:21:30:32 -0500] "GET /public/tour/osun-3-day-tour-osun-sacred-shrine-erin-ijesha-waterfall-nike-art-gallery-ataoja-oshogbo-palace?loknya=%2Fproc%2Fthread-self%2Froot%2Flib64%2Fpython3.6%2Fsite-packages%2Fcryptography%2Fhazmat%2Fprimitives%2F HTTP/1.1" 200 2776 "-" "Mozilla/5.0 AppleWebKit/537.36 (KHTML, like Gecko; compatible; ClaudeBot/1.0; +claudebot@anthropic.com)"
3.140.188.195 - - [13/Jan/2025:21:30:32 -0500] "GET /public/tour/zanzibar-package?lokasie=%2Fhome%2Fwavevlvu%2Fbook24.ng%2Fvendor%2Faws%2Faws-crt-php%2F%2Fformat-check.sh&loknya=%2Fhome%2Fwavevlvu%2Fbook24.ng%2Fvendor%2Faws%2Faws-crt-php%2F HTTP/1.1" 200 2054 "-" "Mozilla/5.0 AppleWebKit/537.36 (KHTML, like Gecko; compatible; ClaudeBot/1.0; +claudebot@anthropic.com)"
18.190.239.38 - - [13/Jan/2025:21:30:32 -0500] "GET /public/space/april-26-apartment?lokasie=%2Fproc%2Fthread-self%2Froot%2Flib%2Fnode_modules%2Fnpm%2Fman%2Fman1%2Fsecon.1.gz&loknya=%2Fproc%2Fthread-self%2Froot%2Flib%2Fnode_modules%2Fnpm%2Fman%2Fman1 HTTP/1.1" 200 1808 "-" "Mozilla/5.0 AppleWebKit/537.36 (KHTML, like Gecko; compatible; ClaudeBot/1.0; +claudebot@anthropic.com)"
18.116.85.96 - - [13/Jan/2025:21:30:32 -0500] "GET /public/tour/zanzibar-package?lokasie=%2Fusr%2Fshare%2Fman%2Fman3%2Fgetfscreatecon.3.gz&loknya=%2Fusr%2Fshare%2Fman%2Fman3 HTTP/1.1" 200 11507 "-" "Mozilla/5.0 AppleWebKit/537.36 (KHTML, like Gecko; compatible; ClaudeBot/1.0; +claudebot@anthropic.com)"
3.131.37.82 - - [13/Jan/2025:21:30:32 -0500] "GET /public/tour/zanzibar-package?lokasie=%2Fvar%2Fsoftaculous%2Ftoaster%2F%2Finstall.xml&loknya=%2Fvar%2Fsoftaculous%2Ftoaster%2F HTTP/1.1" 200 2101 "-" "Mozilla/5.0 AppleWebKit/537.36 (KHTML, like Gecko; compatible; ClaudeBot/1.0; +claudebot@anthropic.com)"
18.191.54.190 - - [13/Jan/2025:21:30:32 -0500] "GET /public/index.php/event/toxic-city?lokasie=%2Fhome%2Fwavevlvu%2Flscache%2Fa%2Fc%2F0%2Fac073ff623448cff&loknya=%2Fhome%2Fwavevlvu%2Flscache%2Fa%2Fc%2F0 HTTP/1.1" 200 1769 "-" "Mozilla/5.0 AppleWebKit/537.36 (KHTML, like Gecko; compatible; ClaudeBot/1.0; +claudebot@anthropic.com)"
3.14.254.103 - - [13/Jan/2025:21:30:33 -0500] "GET /public/event/cannabis-live-global-summit-nigeria?lokasie=%2Flib64%2Fpython2.7%2Fidlelib%2F%2FGrepDialog.pyc&loknya=%2Flib64%2Fpython2.7%2Fidlelib%2F HTTP/1.1" 200 1754 "-" "Mozilla/5.0 AppleWebKit/537.36 (KHTML, like Gecko; compatible; ClaudeBot/1.0; +claudebot@anthropic.com)"
18.217.108.254 - - [13/Jan/2025:21:30:33 -0500] "GET /public/car/ford-edge?lokasie=%2Fbin%2Fzcat&loknya=%2Fbin HTTP/1.1" 200 2714 "-" "Mozilla/5.0 AppleWebKit/537.36 (KHTML, like Gecko; compatible; ClaudeBot/1.0; +claudebot@anthropic.com)"
52.15.118.202 - - [13/Jan/2025:21:30:33 -0500] "GET /public/tour/zanzibar-package?lokasie=%2Fhome%2Fwavevlvu%2Fcynthiaadediran.com%2Fwp-includes%2Fblocks%2F%2Fpost-author-biography.php&loknya=%2Fhome%2Fwavevlvu%2Fcynthiaadediran.com%2Fwp-includes%2Fblocks%2F HTTP/1.1" 200 2353 "-" "Mozilla/5.0 AppleWebKit/537.36 (KHTML, like Gecko; compatible; ClaudeBot/1.0; +claudebot@anthropic.com)"
3.149.25.87 - - [13/Jan/2025:21:30:33 -0500] "GET /public/tour/zanzibar-package?lokasie=%2Fusr%2Fshare%2Fman%2Fman3%2Fxcb_input_set_device_modifier_mapping_reply.3.gz&loknya=%2Fusr%2Fshare%2Fman%2Fman3 HTTP/1.1" 200 1776 "-" "Mozilla/5.0 AppleWebKit/537.36 (KHTML, like Gecko; compatible; ClaudeBot/1.0; +claudebot@anthropic.com)"
3.138.123.240 - - [13/Jan/2025:21:30:33 -0500] "GET /public/space/april-26-apartment?lokasie=%2Fproc%2Fthread-self%2Froot%2Fopt%2Fcloudlinux%2Falt-php56%2Froot%2Flink%2Fconf%2Fmbstring.ini&loknya=%2Fproc%2Fthread-self%2Froot%2Fopt%2Fcloudlinux%2Falt-php56%2Froot%2Flink%2Fconf HTTP/1.1" 200 1848 "-" "Mozilla/5.0 AppleWebKit/537.36 (KHTML, like Gecko; compatible; ClaudeBot/1.0; +claudebot@anthropic.com)"
18.225.95.98 - - [13/Jan/2025:21:30:33 -0500] "GET /public/profile/book24admin?loknya=%2Fhome%2Fwavevlvu%2Flscache%2Fc%2Fa HTTP/1.1" 200 2465 "-" "Mozilla/5.0 AppleWebKit/537.36 (KHTML, like Gecko; compatible; ClaudeBot/1.0; +claudebot@anthropic.com)"
3.145.70.108 - - [13/Jan/2025:21:30:33 -0500] "GET /public/boat/10-seater-boat-60khr?lokasie=%2Fhome%2Fwavevlvu%2Fcynthiaadediran.com%2Fwp-admin%2Fincludes%2Ftemplate.php&loknya=%2Fhome%2Fwavevlvu%2Fcynthiaadediran.com%2Fwp-admin%2Fincludes HTTP/1.1" 200 27628 "-" "Mozilla/5.0 AppleWebKit/537.36 (KHTML, like Gecko; compatible; ClaudeBot/1.0; +claudebot@anthropic.com)"
3.131.37.82 - - [13/Jan/2025:21:30:35 -0500] "GET /public/space/april-26-apartment?lokasie=%2Fproc%2Fthread-self%2Froot%2Flib%2Fnode_modules%2Fnpm%2Fman%2Fman1%2Fnmcli.1.gz&loknya=%2Fproc%2Fthread-self%2Froot%2Flib%2Fnode_modules%2Fnpm%2Fman%2Fman1 HTTP/1.1" 200 1540 "-" "Mozilla/5.0 AppleWebKit/537.36 (KHTML, like Gecko; compatible; ClaudeBot/1.0; +claudebot@anthropic.com)"
3.149.25.87 - - [13/Jan/2025:21:30:36 -0500] "GET /public/space/april-26-apartment?lokasie=%2Fhome%2Fwavevlvu%2Fcynthiaadediran.com%2Fwp-content%2Fplugins%2Fkirki%2F.htaccess&loknya=%2Fhome%2Fwavevlvu%2Fcynthiaadediran.com%2Fwp-content%2Fplugins%2Fkirki HTTP/1.1" 403 1242 "-" "Mozilla/5.0 AppleWebKit/537.36 (KHTML, like Gecko; compatible; ClaudeBot/1.0; +claudebot@anthropic.com)"
18.119.139.90 - - [13/Jan/2025:21:30:34 -0500] "GET /public/tour/zanzibar-package?lokasie=%2Fusr%2Fshare%2Fman%2Fman2%2Ftimer_settime.2.gz&loknya=%2Fusr%2Fshare%2Fman%2Fman2 HTTP/1.1" 200 1760 "-" "Mozilla/5.0 AppleWebKit/537.36 (KHTML, like Gecko; compatible; ClaudeBot/1.0; +claudebot@anthropic.com)"
3.135.208.236 - - [13/Jan/2025:21:30:34 -0500] "GET /public/space/april-26-apartment?lokasie=%2Fproc%2Fthread-self%2Froot%2Fhome%2Fwavevlvu%2Flscache%2Fa%2Fe%2F2%2Fae23b5345e761862&loknya=%2Fproc%2Fthread-self%2Froot%2Fhome%2Fwavevlvu%2Flscache%2Fa%2Fe%2F2 HTTP/1.1" 200 1807 "-" "Mozilla/5.0 AppleWebKit/537.36 (KHTML, like Gecko; compatible; ClaudeBot/1.0; +claudebot@anthropic.com)"
18.216.186.244 - - [13/Jan/2025:21:30:34 -0500] "GET /public/space/april-26-apartment?lokasie=%2Fproc%2Fthread-self%2Froot%2Fhome%2Fwavevlvu%2Flscache%2Fe%2F4%2F3%2Fe431cab302e93b26&loknya=%2Fproc%2Fthread-self%2Froot%2Fhome%2Fwavevlvu%2Flscache%2Fe%2F4%2F3 HTTP/1.1" 200 1809 "-" "Mozilla/5.0 AppleWebKit/537.36 (KHTML, like Gecko; compatible; ClaudeBot/1.0; +claudebot@anthropic.com)"
18.220.130.220 - - [13/Jan/2025:21:30:34 -0500] "GET /public/tour/zanzibar-package?lokasie=%2Fusr%2Fshare%2Fman%2Fman3%2Fpthread_attr_setscope.3.gz&loknya=%2Fusr%2Fshare%2Fman%2Fman3 HTTP/1.1" 200 1767 "-" "Mozilla/5.0 AppleWebKit/537.36 (KHTML, like Gecko; compatible; ClaudeBot/1.0; +claudebot@anthropic.com)"
18.191.54.190 - - [13/Jan/2025:21:30:35 -0500] "GET /public/tour/badagry-weekend-package-189k?lokasie=%2Fhome%2Fwavevlvu%2Flscache%2Fc%2F7%2F2%2Fc72ce73e6002b981&loknya=%2Fhome%2Fwavevlvu%2Flscache%2Fc%2F7%2F2 HTTP/1.1" 200 1770 "-" "Mozilla/5.0 AppleWebKit/537.36 (KHTML, like Gecko; compatible; ClaudeBot/1.0; +claudebot@anthropic.com)"
18.190.239.38 - - [13/Jan/2025:21:30:35 -0500] "GET /public/space/april-26-apartment?lokasie=%2Fproc%2Fthread-self%2Froot%2Flib%2Fnode_modules%2Fnpm%2Fman%2Fman1%2Fperf-inject.1.gz&loknya=%2Fproc%2Fthread-self%2Froot%2Flib%2Fnode_modules%2Fnpm%2Fman%2Fman1 HTTP/1.1" 200 1811 "-" "Mozilla/5.0 AppleWebKit/537.36 (KHTML, like Gecko; compatible; ClaudeBot/1.0; +claudebot@anthropic.com)"
3.145.199.113 - - [13/Jan/2025:21:30:35 -0500] "GET /public/index.php/page/about-us?lokasie=%2Fhome%2Fwavevlvu%2Fdiixadigital.com%2Fwp-content%2Fthemes%2Ftwentytwentyfour%2Freadme.txt&loknya=%2Fhome%2Fwavevlvu%2Fdiixadigital.com%2Fwp-content%2Fthemes%2Ftwentytwentyfour HTTP/1.1" 200 3239 "-" "Mozilla/5.0 AppleWebKit/537.36 (KHTML, like Gecko; compatible; ClaudeBot/1.0; +claudebot@anthropic.com)"
3.149.24.49 - - [13/Jan/2025:21:30:35 -0500] "GET /public/space/april-26-apartment?loknya=%2Fproc%2Fthread-self%2Fcwd%2Fstorage_%2Fframework%2Fcache%2Fdata%2F76%2F8d&set_currency=usd HTTP/1.1" 200 2281 "-" "Mozilla/5.0 AppleWebKit/537.36 (KHTML, like Gecko; compatible; ClaudeBot/1.0; +claudebot@anthropic.com)"
18.116.85.96 - - [13/Jan/2025:21:30:36 -0500] "GET /public/tour/zanzibar-package?lokasie=%2Fusr%2Fshare%2Fman%2Fman3%2Fxcb_kill_client.3.gz&loknya=%2Fusr%2Fshare%2Fman%2Fman3 HTTP/1.1" 200 1758 "-" "Mozilla/5.0 AppleWebKit/537.36 (KHTML, like Gecko; compatible; ClaudeBot/1.0; +claudebot@anthropic.com)"
3.149.241.93 - - [13/Jan/2025:21:30:36 -0500] "GET /public/tour/zanzibar-package?lokasie=%2Fusr%2Fshare%2Fman%2Fman8%2Fgenrandom.8.gz&loknya=%2Fusr%2Fshare%2Fman%2Fman8 HTTP/1.1" 200 1752 "-" "Mozilla/5.0 AppleWebKit/537.36 (KHTML, like Gecko; compatible; ClaudeBot/1.0; +claudebot@anthropic.com)"
52.15.118.202 - - [13/Jan/2025:21:30:36 -0500] "GET /public/index.php/boat/15-seater-luxury-boat-110khr?lokasie=%2Fhome%2Fwavevlvu%2Fbook24.ng%2Fstorage%2Fdebugbar%2FXb6e0781722211220c36d45ba40acbf0d.json&loknya=%2Fhome%2Fwavevlvu%2Fbook24.ng%2Fstorage%2Fdebugbar HTTP/1.1" 200 37944 "-" "Mozilla/5.0 AppleWebKit/537.36 (KHTML, like Gecko; compatible; ClaudeBot/1.0; +claudebot@anthropic.com)"
18.225.95.98 - - [13/Jan/2025:21:30:36 -0500] "GET /public/space/april-26-apartment?lokasie=%2Fproc%2Fthread-self%2Froot%2Flib%2Flocale%2Fen_PH%2F%2FLC_NUMERIC&loknya=%2Fproc%2Fthread-self%2Froot%2Flib%2Flocale%2Fen_PH%2F&set_currency=usd HTTP/1.1" 200 1844 "-" "Mozilla/5.0 AppleWebKit/537.36 (KHTML, like Gecko; compatible; ClaudeBot/1.0; +claudebot@anthropic.com)"
18.226.94.64 - - [13/Jan/2025:21:30:36 -0500] "GET /public/tour/zanzibar-package?lokasie=%2Fusr%2Fshare%2Fman%2Fman3%2FRAND_DRBG_instantiate.3ssl.gz&loknya=%2Fusr%2Fshare%2Fman%2Fman3 HTTP/1.1" 200 1768 "-" "Mozilla/5.0 AppleWebKit/537.36 (KHTML, like Gecko; compatible; ClaudeBot/1.0; +claudebot@anthropic.com)"
3.145.70.108 - - [13/Jan/2025:21:30:36 -0500] "GET /public/space/april-26-apartment?lokasie=%2Fproc%2Fthread-self%2Froot%2Flib%2Fnode_modules%2Fnpm%2Fman%2Fman1%2Fps2ps.1.gz&loknya=%2Fproc%2Fthread-self%2Froot%2Flib%2Fnode_modules%2Fnpm%2Fman%2Fman1 HTTP/1.1" 200 12203 "-" "Mozilla/5.0 AppleWebKit/537.36 (KHTML, like Gecko; compatible; ClaudeBot/1.0; +claudebot@anthropic.com)"
18.119.139.90 - - [13/Jan/2025:21:30:37 -0500] "GET /public/tour/zanzibar-package?lokasie=%2Fvar%2Fsoftaculous%2Fwebcollab%2F%2Finstall.php&loknya=%2Fvar%2Fsoftaculous%2Fwebcollab%2F HTTP/1.1" 200 5314 "-" "Mozilla/5.0 AppleWebKit/537.36 (KHTML, like Gecko; compatible; ClaudeBot/1.0; +claudebot@anthropic.com)"
18.217.108.254 - - [13/Jan/2025:21:30:37 -0500] "GET /public/boat/10-seater-boat-60khr?lokasie=%2Flib64%2Flibpq.so.5&loknya=%2Flib64 HTTP/1.1" 200 1730 "-" "Mozilla/5.0 AppleWebKit/537.36 (KHTML, like Gecko; compatible; ClaudeBot/1.0; +claudebot@anthropic.com)"
3.149.25.87 - - [13/Jan/2025:21:30:37 -0500] "GET /public/space/april-26-apartment?lokasie=%2Fproc%2Fthread-self%2Froot%2Flib%2Fnode_modules%2Fnpm%2Fman%2Fman3p%2Fsymlink.3p.gz&loknya=%2Fproc%2Fthread-self%2Froot%2Flib%2Fnode_modules%2Fnpm%2Fman%2Fman3p HTTP/1.1" 200 1810 "-" "Mozilla/5.0 AppleWebKit/537.36 (KHTML, like Gecko; compatible; ClaudeBot/1.0; +claudebot@anthropic.com)"
52.15.241.87 - - [13/Jan/2025:21:30:37 -0500] "GET /public/index.php/event/toxic-city?lokasie=%2Fhome%2Fwavevlvu%2Flscache%2Fa%2Fa%2F2%2Faa2454be072a0861&loknya=%2Fhome%2Fwavevlvu%2Flscache%2Fa%2Fa%2F2 HTTP/1.1" 200 1764 "-" "Mozilla/5.0 AppleWebKit/537.36 (KHTML, like Gecko; compatible; ClaudeBot/1.0; +claudebot@anthropic.com)"
3.131.37.82 - - [13/Jan/2025:21:30:37 -0500] "GET /public/space/april-26-apartment?lokasie=%2Fproc%2Fthread-self%2Froot%2Flib%2Fnode_modules%2Fnpm%2Fman%2Fman1%2Fdsa.1ssl.gz&loknya=%2Fproc%2Fthread-self%2Froot%2Flib%2Fnode_modules%2Fnpm%2Fman%2Fman1 HTTP/1.1" 200 1810 "-" "Mozilla/5.0 AppleWebKit/537.36 (KHTML, like Gecko; compatible; ClaudeBot/1.0; +claudebot@anthropic.com)"
18.220.130.220 - - [13/Jan/2025:21:30:37 -0500] "GET /public/tour/zanzibar-package?lokasie=%2Fusr%2Fshare%2Fman%2Fman3%2Fxcb_input_enter_event_t.3.gz&loknya=%2Fusr%2Fshare%2Fman%2Fman3 HTTP/1.1" 200 1767 "-" "Mozilla/5.0 AppleWebKit/537.36 (KHTML, like Gecko; compatible; ClaudeBot/1.0; +claudebot@anthropic.com)"
18.216.186.244 - - [13/Jan/2025:21:30:37 -0500] "GET /public/space/april-26-apartment?lokasie=%2Fproc%2Fthread-self%2Froot%2Fhome%2Fwavevlvu%2Flscache%2F4%2Fc%2F0%2F4c0d87ba2ba722e0&loknya=%2Fproc%2Fthread-self%2Froot%2Fhome%2Fwavevlvu%2Flscache%2F4%2Fc%2F0 HTTP/1.1" 200 1810 "-" "Mozilla/5.0 AppleWebKit/537.36 (KHTML, like Gecko; compatible; ClaudeBot/1.0; +claudebot@anthropic.com)"
3.145.199.113 - - [13/Jan/2025:21:30:38 -0500] "GET /public/space/april-26-apartment?lokasie=%2Fhome%2Fwavevlvu%2Fcynthiaadediran.com%2Fwp-includes%2Fcustomize%2Fclass-wp-customize-selective-refresh.php&loknya=%2Fhome%2Fwavevlvu%2Fcynthiaadediran.com%2Fwp-includes%2Fcustomize HTTP/1.1" 200 5612 "-" "Mozilla/5.0 AppleWebKit/537.36 (KHTML, like Gecko; compatible; ClaudeBot/1.0; +claudebot@anthropic.com)"
18.191.54.190 - - [13/Jan/2025:21:30:38 -0500] "GET /public/event/cannabis-live-global-summit-nigeria?lokasie=%2Flib%2F.build-id%2Fb9%2F6a3a579799d51085c3b7bd925e3d1c6d4d3246&loknya=%2Flib%2F.build-id%2Fb9&set_currency=usd HTTP/1.1" 302 540 "-" "Mozilla/5.0 AppleWebKit/537.36 (KHTML, like Gecko; compatible; ClaudeBot/1.0; +claudebot@anthropic.com)"
3.149.24.49 - - [13/Jan/2025:21:30:38 -0500] "GET /public/space/april-26-apartment?lokasie=%2Fproc%2Fthread-self%2Froot%2Fhome%2Fwavevlvu%2Flscache%2Fc%2F1%2F5%2Fc1586c67f5b83d76&loknya=%2Fproc%2Fthread-self%2Froot%2Fhome%2Fwavevlvu%2Flscache%2Fc%2F1%2F5 HTTP/1.1" 200 1811 "-" "Mozilla/5.0 AppleWebKit/537.36 (KHTML, like Gecko; compatible; ClaudeBot/1.0; +claudebot@anthropic.com)"
18.190.239.38 - - [13/Jan/2025:21:30:38 -0500] "GET /public/space/april-26-apartment?lokasie=%2Fproc%2Fthread-self%2Froot%2Flib%2Fnode_modules%2Fnpm%2Fman%2Fman1%2Fperl5241delta.1.gz&loknya=%2Fproc%2Fthread-self%2Froot%2Flib%2Fnode_modules%2Fnpm%2Fman%2Fman1 HTTP/1.1" 200 12203 "-" "Mozilla/5.0 AppleWebKit/537.36 (KHTML, like Gecko; compatible; ClaudeBot/1.0; +claudebot@anthropic.com)"
3.149.25.87 - - [13/Jan/2025:21:30:40 -0500] "GET /public/space/april-26-apartment?lokasie=%2Fproc%2Fthread-self%2Froot%2Flib%2Fnode_modules%2Fnpm%2Fman%2Fman3p%2Fposix_spawn.3p.gz&loknya=%2Fproc%2Fthread-self%2Froot%2Flib%2Fnode_modules%2Fnpm%2Fman%2Fman3p HTTP/1.1" 200 1541 "-" "Mozilla/5.0 AppleWebKit/537.36 (KHTML, like Gecko; compatible; ClaudeBot/1.0; +claudebot@anthropic.com)"
18.116.85.96 - - [13/Jan/2025:21:30:39 -0500] "GET /public/tour/zanzibar-package?lokasie=%2Fusr%2Fshare%2Fman%2Fman3%2FTIFFReadTile.3tiff.gz&loknya=%2Fusr%2Fshare%2Fman%2Fman3 HTTP/1.1" 200 1761 "-" "Mozilla/5.0 AppleWebKit/537.36 (KHTML, like Gecko; compatible; ClaudeBot/1.0; +claudebot@anthropic.com)"
3.149.241.93 - - [13/Jan/2025:21:30:39 -0500] "GET /public/tour/zanzibar-package?lokasie=%2Fusr%2Fshare%2Fman%2Fman8%2Fselinuxexeccon.8.gz&loknya=%2Fusr%2Fshare%2Fman%2Fman8 HTTP/1.1" 200 1756 "-" "Mozilla/5.0 AppleWebKit/537.36 (KHTML, like Gecko; compatible; ClaudeBot/1.0; +claudebot@anthropic.com)"
3.12.151.11 - - [13/Jan/2025:21:30:39 -0500] "GET /public/space/april-26-apartment?lokasie=%2Fproc%2Fthread-self%2Froot%2Fhome%2Fwavevlvu%2Flscache%2Fe%2F0%2F8%2Fe086d99de7f92c50&loknya=%2Fproc%2Fthread-self%2Froot%2Fhome%2Fwavevlvu%2Flscache%2Fe%2F0%2F8 HTTP/1.1" 200 1809 "-" "Mozilla/5.0 AppleWebKit/537.36 (KHTML, like Gecko; compatible; ClaudeBot/1.0; +claudebot@anthropic.com)"
18.225.95.98 - - [13/Jan/2025:21:30:39 -0500] "GET /public/space/april-26-apartment?lokasie=%2Fproc%2Fthread-self%2Froot%2Fhome%2Fwavevlvu%2Flscache%2F9%2Fd%2Ff%2F9df6bc1892824891&loknya=%2Fproc%2Fthread-self%2Froot%2Fhome%2Fwavevlvu%2Flscache%2F9%2Fd%2Ff HTTP/1.1" 200 1809 "-" "Mozilla/5.0 AppleWebKit/537.36 (KHTML, like Gecko; compatible; ClaudeBot/1.0; +claudebot@anthropic.com)"
17.241.227.35 - - [13/Jan/2025:21:30:39 -0500] "GET /public/hotel/legend-hotel-lagos-airport-curio-collection-by-hilton?lokasie=/bin/vmstat&loknya=/bin HTTP/1.1" 200 1941 "-" "Mozilla/5.0 (Macintosh; Intel Mac OS X 10_15_7) AppleWebKit/605.1.15 (KHTML, like Gecko) Version/17.4 Safari/605.1.15 (Applebot/0.1; +http://www.apple.com/go/applebot)"
3.145.70.108 - - [13/Jan/2025:21:30:39 -0500] "GET /public/space/april-26-apartment?lokasie=%2Fproc%2Fthread-self%2Froot%2Flib%2Fnode_modules%2Fnpm%2Fman%2Fman1%2Flchfn.1.gz&loknya=%2Fproc%2Fthread-self%2Froot%2Flib%2Fnode_modules%2Fnpm%2Fman%2Fman1 HTTP/1.1" 200 1807 "-" "Mozilla/5.0 AppleWebKit/537.36 (KHTML, like Gecko; compatible; ClaudeBot/1.0; +claudebot@anthropic.com)"
18.226.94.64 - - [13/Jan/2025:21:30:39 -0500] "GET /public/tour/zanzibar-package?lokasie=%2Fusr%2Fshare%2Fman%2Fman3%2FDSA_meth_get0_app_data.3ssl.gz&loknya=%2Fusr%2Fshare%2Fman%2Fman3 HTTP/1.1" 200 1767 "-" "Mozilla/5.0 AppleWebKit/537.36 (KHTML, like Gecko; compatible; ClaudeBot/1.0; +claudebot@anthropic.com)"
3.135.185.78 - - [13/Jan/2025:21:30:40 -0500] "GET /public/index.php/space/april-26-apartment?lokasie=%2Fhome%2Fwavevlvu%2Flscache%2F9%2F7%2Fa%2F97a3ed3d86161d13&loknya=%2Fhome%2Fwavevlvu%2Flscache%2F9%2F7%2Fa HTTP/1.1" 200 1768 "-" "Mozilla/5.0 AppleWebKit/537.36 (KHTML, like Gecko; compatible; ClaudeBot/1.0; +claudebot@anthropic.com)"
3.15.151.109 - - [13/Jan/2025:21:30:40 -0500] "GET /public/index.php/event/toxic-city?lokasie=%2Fhome%2Fwavevlvu%2Flscache%2F0%2F7%2F3%2F073266ba5f9c98d8&loknya=%2Fhome%2Fwavevlvu%2Flscache%2F0%2F7%2F3 HTTP/1.1" 200 1768 "-" "Mozilla/5.0 AppleWebKit/537.36 (KHTML, like Gecko; compatible; ClaudeBot/1.0; +claudebot@anthropic.com)"
18.220.130.220 - - [13/Jan/2025:21:30:40 -0500] "GET /public/tour/zanzibar-package?lokasie=%2Fusr%2Fshare%2Fman%2Fman3%2FSSL_CTX_clear_options.3ssl.gz&loknya=%2Fusr%2Fshare%2Fman%2Fman3 HTTP/1.1" 200 1770 "-" "Mozilla/5.0 AppleWebKit/537.36 (KHTML, like Gecko; compatible; ClaudeBot/1.0; +claudebot@anthropic.com)"
3.131.37.82 - - [13/Jan/2025:21:30:40 -0500] "GET /public/space/april-26-apartment?lokasie=%2Fproc%2Fthread-self%2Froot%2Flib%2Fnode_modules%2Fnpm%2Fman%2Fman1%2Fgetfacl.1.gz&loknya=%2Fproc%2Fthread-self%2Froot%2Flib%2Fnode_modules%2Fnpm%2Fman%2Fman1 HTTP/1.1" 200 1810 "-" "Mozilla/5.0 AppleWebKit/537.36 (KHTML, like Gecko; compatible; ClaudeBot/1.0; +claudebot@anthropic.com)"
18.216.186.244 - - [13/Jan/2025:21:30:40 -0500] "GET /public/space/april-26-apartment?lokasie=%2Fproc%2Fthread-self%2Froot%2Fhome%2Fwavevlvu%2Flscache%2F2%2F4%2Fc%2F24c3ffb536a9b31b&loknya=%2Fproc%2Fthread-self%2Froot%2Fhome%2Fwavevlvu%2Flscache%2F2%2F4%2Fc HTTP/1.1" 200 1812 "-" "Mozilla/5.0 AppleWebKit/537.36 (KHTML, like Gecko; compatible; ClaudeBot/1.0; +claudebot@anthropic.com)"
52.15.241.87 - - [13/Jan/2025:21:30:40 -0500] "GET /public/tour/zanzibar-package?lokasie=%2Fhome%2Fwavevlvu%2Fbook24.ng%2Fvendor%2Fstripe%2Fstripe-php%2Flib%2FUtil%2FDefaultLogger.php&loknya=%2Fhome%2Fwavevlvu%2Fbook24.ng%2Fvendor%2Fstripe%2Fstripe-php%2Flib%2FUtil HTTP/1.1" 200 11550 "-" "Mozilla/5.0 AppleWebKit/537.36 (KHTML, like Gecko; compatible; ClaudeBot/1.0; +claudebot@anthropic.com)"
18.119.139.90 - - [13/Jan/2025:21:30:40 -0500] "GET /public/event/cannabis-live-global-summit-nigeria?lokasie=%2Flib64%2Fpython2.7%2Fidlelib%2F%2Fhelp.html&loknya=%2Flib64%2Fpython2.7%2Fidlelib%2F HTTP/1.1" 200 13711 "-" "Mozilla/5.0 AppleWebKit/537.36 (KHTML, like Gecko; compatible; ClaudeBot/1.0; +claudebot@anthropic.com)"
18.191.54.190 - - [13/Jan/2025:21:30:41 -0500] "GET /public/event/cannabis-live-global-summit-nigeria?lokasie=%2Flib%2F.build-id%2Fb9%2F6a3a579799d51085c3b7bd925e3d1c6d4d3246&loknya=%2Flib%2F.build-id%2Fb9 HTTP/1.1" 200 1770 "https://book24.ng/public/event/cannabis-live-global-summit-nigeria?lokasie=%2Flib%2F.build-id%2Fb9%2F6a3a579799d51085c3b7bd925e3d1c6d4d3246&loknya=%2Flib%2F.build-id%2Fb9&set_currency=usd" "Mozilla/5.0 AppleWebKit/537.36 (KHTML, like Gecko; compatible; ClaudeBot/1.0; +claudebot@anthropic.com)"
3.149.24.49 - - [13/Jan/2025:21:30:41 -0500] "GET /public/tour/osun-3-day-tour-osun-sacred-shrine-erin-ijesha-waterfall-nike-art-gallery-ataoja-oshogbo-palace?lokasie=%2Fproc%2Fthread-self%2Froot%2Flib64%2Fpython3.6%2Fsite-packages%2Fcryptography%2Fhazmat%2Fprimitives%2Fkdf%2Fhkdf.py&loknya=%2Fproc%2Fthread-self%2Froot%2Flib64%2Fpython3.6%2Fsite-packages%2Fcryptography%2Fhazmat%2Fprimitives%2Fkdf HTTP/1.1" 200 2889 "-" "Mozilla/5.0 AppleWebKit/537.36 (KHTML, like Gecko; compatible; ClaudeBot/1.0; +claudebot@anthropic.com)"
18.218.27.145 - - [13/Jan/2025:21:30:41 -0500] "GET /public/tour/zanzibar-package?loknya=%2Fhome%2Fwavevlvu%2Fbook24.ng%2Fthemes%2FMytravel%2FUser%2Ffrontend%2F HTTP/1.1" 200 2758 "-" "Mozilla/5.0 AppleWebKit/537.36 (KHTML, like Gecko; compatible; ClaudeBot/1.0; +claudebot@anthropic.com)"
3.144.104.175 - - [13/Jan/2025:21:30:41 -0500] "GET /public/tour/zanzibar-package?lokasie=%2Fusr%2Fshare%2Fperl5%2F%2FNEXT.pm&loknya=%2Fusr%2Fshare%2Fperl5%2F HTTP/1.1" 200 7543 "-" "Mozilla/5.0 AppleWebKit/537.36 (KHTML, like Gecko; compatible; ClaudeBot/1.0; +claudebot@anthropic.com)"
18.217.108.254 - - [13/Jan/2025:21:30:41 -0500] "GET /public/boat/10-seater-boat-60khr?lokasie=%2Flib64%2Flibmcrypt.so.4&loknya=%2Flib64 HTTP/1.1" 200 1729 "-" "Mozilla/5.0 AppleWebKit/537.36 (KHTML, like Gecko; compatible; ClaudeBot/1.0; +claudebot@anthropic.com)"
18.116.85.96 - - [13/Jan/2025:21:30:42 -0500] "GET /public/tour/zanzibar-package?lokasie=%2Fusr%2Fshare%2Fman%2Fman3%2Fxcb_glx_new_list.3.gz&loknya=%2Fusr%2Fshare%2Fman%2Fman3 HTTP/1.1" 200 1759 "-" "Mozilla/5.0 AppleWebKit/537.36 (KHTML, like Gecko; compatible; ClaudeBot/1.0; +claudebot@anthropic.com)"
3.149.241.93 - - [13/Jan/2025:21:30:42 -0500] "GET /public/space/april-26-apartment?lokasie=%2Fhome%2Fwavevlvu%2Fbook24.ng%2Fmodules%2FLocation%2FModels%2Ferror_log&loknya=%2Fhome%2Fwavevlvu%2Fbook24.ng%2Fmodules%2FLocation%2FModels HTTP/1.1" 200 2015 "-" "Mozilla/5.0 AppleWebKit/537.36 (KHTML, like Gecko; compatible; ClaudeBot/1.0; +claudebot@anthropic.com)"
3.141.198.113 - - [13/Jan/2025:21:30:42 -0500] "GET /public/tour/zanzibar-package?lokasie=%2Fvar%2Fsoftaculous%2Fmagento246%2F%2F_config.php&loknya=%2Fvar%2Fsoftaculous%2Fmagento246%2F HTTP/1.1" 200 3898 "-" "Mozilla/5.0 AppleWebKit/537.36 (KHTML, like Gecko; compatible; ClaudeBot/1.0; +claudebot@anthropic.com)"
