37.187.89.104 - - [13/Jan/2025:20:49:32 -0500] "GET /public/tour/easter-in-la-campagne-tropicana-205k?lokasie=/home/wavevlvu/mail/.contribute@diixadigital_com/dovecot.index.log&loknya=/home/wavevlvu/mail/.contribute@diixadigital_com HTTP/1.1" 200 1775 "-" "Mozilla/5.0 (compatible; MJ12bot/v1.4.8; http://mj12bot.com/)"
94.23.203.86 - - [13/Jan/2025:20:49:35 -0500] "GET /public/profile/55?lokasie=/home/wavevlvu/blog.diixadigital.com/wp-content/themes/twentytwentyfive/assets/images/nurse.webp&loknya=/home/wavevlvu/blog.diixadigital.com/wp-content/themes/twentytwentyfive/assets/images HTTP/1.1" 200 1816 "-" "Mozilla/5.0 (compatible; MJ12bot/v1.4.8; http://mj12bot.com/)"
37.187.89.104 - - [13/Jan/2025:20:49:38 -0500] "GET /public/tour/easter-in-la-campagne-tropicana-205k?lokasie=/home/wavevlvu/mail/.contribute@diixadigital_com/dovecot.list.index.log&loknya=/home/wavevlvu/mail/.contribute@diixadigital_com HTTP/1.1" 200 1779 "-" "Mozilla/5.0 (compatible; MJ12bot/v1.4.8; http://mj12bot.com/)"
94.23.203.86 - - [13/Jan/2025:20:49:39 -0500] "GET /public/profile/55?lokasie=/home/wavevlvu/blog.diixadigital.com/wp-content/themes/twentytwentyfive/assets/images/parthenon-square.webp&loknya=/home/wavevlvu/blog.diixadigital.com/wp-content/themes/twentytwentyfive/assets/images HTTP/1.1" 200 1824 "-" "Mozilla/5.0 (compatible; MJ12bot/v1.4.8; http://mj12bot.com/)"
94.23.203.86 - - [13/Jan/2025:20:49:44 -0500] "GET /public/profile/55?lokasie=/home/wavevlvu/blog.diixadigital.com/wp-content/themes/twentytwentyfive/assets/images/poster-image-background.webp&loknya=/home/wavevlvu/blog.diixadigital.com/wp-content/themes/twentytwentyfive/assets/images HTTP/1.1" 200 1822 "-" "Mozilla/5.0 (compatible; MJ12bot/v1.4.8; http://mj12bot.com/)"
37.187.89.104 - - [13/Jan/2025:20:49:44 -0500] "GET /public/tour/easter-in-la-campagne-tropicana-205k?lokasie=/home/wavevlvu/mail/.contribute@diixadigital_com/dovecot.mailbox.log&loknya=/home/wavevlvu/mail/.contribute@diixadigital_com HTTP/1.1" 200 1779 "-" "Mozilla/5.0 (compatible; MJ12bot/v1.4.8; http://mj12bot.com/)"
94.23.203.86 - - [13/Jan/2025:20:49:48 -0500] "GET /public/profile/55?lokasie=/home/wavevlvu/blog.diixadigital.com/wp-content/themes/twentytwentyfive/assets/images/red-hibiscus-closeup.webp&loknya=/home/wavevlvu/blog.diixadigital.com/wp-content/themes/twentytwentyfive/assets/images HTTP/1.1" 200 1826 "-" "Mozilla/5.0 (compatible; MJ12bot/v1.4.8; http://mj12bot.com/)"
37.187.89.104 - - [13/Jan/2025:20:49:49 -0500] "GET /public/tour/easter-in-la-campagne-tropicana-205k?lokasie=/home/wavevlvu/mail/.contribute@diixadigital_com/maildirsize&loknya=/home/wavevlvu/mail/.contribute@diixadigital_com HTTP/1.1" 200 1796 "-" "Mozilla/5.0 (compatible; MJ12bot/v1.4.8; http://mj12bot.com/)"
94.23.203.86 - - [13/Jan/2025:20:49:52 -0500] "GET /public/profile/55?lokasie=/home/wavevlvu/blog.diixadigital.com/wp-content/themes/twentytwentyfive/assets/images/ruins-image.webp&loknya=/home/wavevlvu/blog.diixadigital.com/wp-content/themes/twentytwentyfive/assets/images HTTP/1.1" 200 1817 "-" "Mozilla/5.0 (compatible; MJ12bot/v1.4.8; http://mj12bot.com/)"
37.187.89.104 - - [13/Jan/2025:20:49:54 -0500] "GET /public/tour/easter-in-la-campagne-tropicana-205k?lokasie=/home/wavevlvu/mail/.contribute@diixadigital_com/subscriptions&loknya=/home/wavevlvu/mail/.contribute@diixadigital_com HTTP/1.1" 200 1784 "-" "Mozilla/5.0 (compatible; MJ12bot/v1.4.8; http://mj12bot.com/)"
94.23.203.86 - - [13/Jan/2025:20:49:56 -0500] "GET /public/profile/55?lokasie=/home/wavevlvu/blog.diixadigital.com/wp-content/themes/twentytwentyfive/assets/images/star-thristle-flower.webp&loknya=/home/wavevlvu/blog.diixadigital.com/wp-content/themes/twentytwentyfive/assets/images HTTP/1.1" 200 1825 "-" "Mozilla/5.0 (compatible; MJ12bot/v1.4.8; http://mj12bot.com/)"
37.187.89.104 - - [13/Jan/2025:20:49:59 -0500] "GET /public/tour/easter-in-la-campagne-tropicana-205k?lokasie=/home/wavevlvu/mail/.feedback@diixadigital_com/dovecot-quota&loknya=/home/wavevlvu/mail/.feedback@diixadigital_com HTTP/1.1" 200 1800 "-" "Mozilla/5.0 (compatible; MJ12bot/v1.4.8; http://mj12bot.com/)"
94.23.203.86 - - [13/Jan/2025:20:50:02 -0500] "GET /public/profile/55?lokasie=/home/wavevlvu/blog.diixadigital.com/wp-content/themes/twentytwentyfive/assets/images/typewriter.webp&loknya=/home/wavevlvu/blog.diixadigital.com/wp-content/themes/twentytwentyfive/assets/images HTTP/1.1" 200 1818 "-" "Mozilla/5.0 (compatible; MJ12bot/v1.4.8; http://mj12bot.com/)"
37.187.89.104 - - [13/Jan/2025:20:50:04 -0500] "GET /public/tour/easter-in-la-campagne-tropicana-205k?lokasie=/home/wavevlvu/mail/.feedback@diixadigital_com/dovecot-uidlist&loknya=/home/wavevlvu/mail/.feedback@diixadigital_com HTTP/1.1" 200 1852 "-" "Mozilla/5.0 (compatible; MJ12bot/v1.4.8; http://mj12bot.com/)"
94.23.203.86 - - [13/Jan/2025:20:50:08 -0500] "GET /public/profile/55?lokasie=/home/wavevlvu/blog.diixadigital.com/wp-content/themes/twentytwentyfive/assets/images/vash-gon-square.webp&loknya=/home/wavevlvu/blog.diixadigital.com/wp-content/themes/twentytwentyfive/assets/images HTTP/1.1" 200 1823 "-" "Mozilla/5.0 (compatible; MJ12bot/v1.4.8; http://mj12bot.com/)"
37.187.89.104 - - [13/Jan/2025:20:50:09 -0500] "GET /public/tour/easter-in-la-campagne-tropicana-205k?lokasie=/home/wavevlvu/mail/.feedback@diixadigital_com/dovecot-uidvalidity&loknya=/home/wavevlvu/mail/.feedback@diixadigital_com HTTP/1.1" 200 1784 "-" "Mozilla/5.0 (compatible; MJ12bot/v1.4.8; http://mj12bot.com/)"
94.23.203.86 - - [13/Jan/2025:20:50:13 -0500] "GET /public/profile/55?lokasie=/home/wavevlvu/blog.diixadigital.com/wp-content/themes/twentytwentyfive/assets/images/woman-splashing-water.webp&loknya=/home/wavevlvu/blog.diixadigital.com/wp-content/themes/twentytwentyfive/assets/images HTTP/1.1" 200 1827 "-" "Mozilla/5.0 (compatible; MJ12bot/v1.4.8; http://mj12bot.com/)"
37.187.89.104 - - [13/Jan/2025:20:50:13 -0500] "GET /public/tour/easter-in-la-campagne-tropicana-205k?lokasie=/home/wavevlvu/mail/.feedback@diixadigital_com/dovecot-uidvalidity.660d6b1a&loknya=/home/wavevlvu/mail/.feedback@diixadigital_com HTTP/1.1" 200 1781 "-" "Mozilla/5.0 (compatible; MJ12bot/v1.4.8; http://mj12bot.com/)"
94.23.203.86 - - [13/Jan/2025:20:50:17 -0500] "GET /public/profile/55?lokasie=/home/wavevlvu/blog.diixadigital.com/wp-content/themes/twentytwentyfive/parts/footer-columns.html&loknya=/home/wavevlvu/blog.diixadigital.com/wp-content/themes/twentytwentyfive/parts HTTP/1.1" 200 1848 "-" "Mozilla/5.0 (compatible; MJ12bot/v1.4.8; http://mj12bot.com/)"
37.187.89.104 - - [13/Jan/2025:20:50:17 -0500] "GET /public/tour/easter-in-la-campagne-tropicana-205k?lokasie=/home/wavevlvu/mail/.feedback@diixadigital_com/dovecot.index.cache&loknya=/home/wavevlvu/mail/.feedback@diixadigital_com HTTP/1.1" 200 1773 "-" "Mozilla/5.0 (compatible; MJ12bot/v1.4.8; http://mj12bot.com/)"
37.187.89.104 - - [13/Jan/2025:20:50:22 -0500] "GET /public/tour/easter-in-la-campagne-tropicana-205k?lokasie=/home/wavevlvu/mail/.feedback@diixadigital_com/dovecot.index.log&loknya=/home/wavevlvu/mail/.feedback@diixadigital_com HTTP/1.1" 200 1771 "-" "Mozilla/5.0 (compatible; MJ12bot/v1.4.8; http://mj12bot.com/)"
94.23.203.86 - - [13/Jan/2025:20:50:22 -0500] "GET /public/profile/55?lokasie=/home/wavevlvu/blog.diixadigital.com/wp-content/themes/twentytwentyfive/parts/footer-newsletter.html&loknya=/home/wavevlvu/blog.diixadigital.com/wp-content/themes/twentytwentyfive/parts HTTP/1.1" 200 1847 "-" "Mozilla/5.0 (compatible; MJ12bot/v1.4.8; http://mj12bot.com/)"
37.187.89.104 - - [13/Jan/2025:20:50:26 -0500] "GET /public/tour/easter-in-la-campagne-tropicana-205k?lokasie=/home/wavevlvu/mail/.feedback@diixadigital_com/dovecot.list.index.log&loknya=/home/wavevlvu/mail/.feedback@diixadigital_com HTTP/1.1" 200 1775 "-" "Mozilla/5.0 (compatible; MJ12bot/v1.4.8; http://mj12bot.com/)"
94.23.203.86 - - [13/Jan/2025:20:50:26 -0500] "GET /public/profile/55?lokasie=/home/wavevlvu/blog.diixadigital.com/wp-content/themes/twentytwentyfive/parts/footer.html&loknya=/home/wavevlvu/blog.diixadigital.com/wp-content/themes/twentytwentyfive/parts HTTP/1.1" 200 1843 "-" "Mozilla/5.0 (compatible; MJ12bot/v1.4.8; http://mj12bot.com/)"
37.187.89.104 - - [13/Jan/2025:20:50:30 -0500] "GET /public/tour/easter-in-la-campagne-tropicana-205k?lokasie=/home/wavevlvu/mail/.feedback@diixadigital_com/dovecot.mailbox.log&loknya=/home/wavevlvu/mail/.feedback@diixadigital_com HTTP/1.1" 200 1775 "-" "Mozilla/5.0 (compatible; MJ12bot/v1.4.8; http://mj12bot.com/)"
94.23.203.86 - - [13/Jan/2025:20:50:31 -0500] "GET /public/profile/55?lokasie=/home/wavevlvu/blog.diixadigital.com/wp-content/themes/twentytwentyfive/parts/header-large-title.html&loknya=/home/wavevlvu/blog.diixadigital.com/wp-content/themes/twentytwentyfive/parts HTTP/1.1" 200 1850 "-" "Mozilla/5.0 (compatible; MJ12bot/v1.4.8; http://mj12bot.com/)"
3.23.103.203 - - [13/Jan/2025:20:50:35 -0500] "GET /public/index.php/login?loknya=%2Fopt%2Falt%2Fphp72%2Fusr%2Flib64%2Fbuild HTTP/1.1" 200 2610 "-" "Mozilla/5.0 AppleWebKit/537.36 (KHTML, like Gecko; compatible; ClaudeBot/1.0; +claudebot@anthropic.com)"
37.187.89.104 - - [13/Jan/2025:20:50:35 -0500] "GET /public/tour/easter-in-la-campagne-tropicana-205k?lokasie=/home/wavevlvu/mail/.feedback@diixadigital_com/maildirsize&loknya=/home/wavevlvu/mail/.feedback@diixadigital_com HTTP/1.1" 200 1792 "-" "Mozilla/5.0 (compatible; MJ12bot/v1.4.8; http://mj12bot.com/)"
94.23.203.86 - - [13/Jan/2025:20:50:37 -0500] "GET /public/profile/55?lokasie=/home/wavevlvu/blog.diixadigital.com/wp-content/themes/twentytwentyfive/parts/header.html&loknya=/home/wavevlvu/blog.diixadigital.com/wp-content/themes/twentytwentyfive/parts HTTP/1.1" 200 1843 "-" "Mozilla/5.0 (compatible; MJ12bot/v1.4.8; http://mj12bot.com/)"
37.187.89.104 - - [13/Jan/2025:20:50:39 -0500] "GET /public/tour/easter-in-la-campagne-tropicana-205k?lokasie=/home/wavevlvu/mail/.feedback@diixadigital_com/subscriptions&loknya=/home/wavevlvu/mail/.feedback@diixadigital_com HTTP/1.1" 200 1780 "-" "Mozilla/5.0 (compatible; MJ12bot/v1.4.8; http://mj12bot.com/)"
94.23.203.86 - - [13/Jan/2025:20:50:41 -0500] "GET /public/profile/55?lokasie=/home/wavevlvu/blog.diixadigital.com/wp-content/themes/twentytwentyfive/parts/sidebar.html&loknya=/home/wavevlvu/blog.diixadigital.com/wp-content/themes/twentytwentyfive/parts HTTP/1.1" 200 1850 "-" "Mozilla/5.0 (compatible; MJ12bot/v1.4.8; http://mj12bot.com/)"
37.187.89.104 - - [13/Jan/2025:20:50:44 -0500] "GET /public/tour/easter-in-la-campagne-tropicana-205k?lokasie=/home/wavevlvu/mail/.info@diixadigital_com/dovecot-acl-list&loknya=/home/wavevlvu/mail/.info@diixadigital_com HTTP/1.1" 200 1770 "-" "Mozilla/5.0 (compatible; MJ12bot/v1.4.8; http://mj12bot.com/)"
94.23.203.86 - - [13/Jan/2025:20:50:46 -0500] "GET /public/profile/55?lokasie=/home/wavevlvu/blog.diixadigital.com/wp-content/themes/twentytwentyfive/parts/vertical-header.html&loknya=/home/wavevlvu/blog.diixadigital.com/wp-content/themes/twentytwentyfive/parts HTTP/1.1" 200 1846 "-" "Mozilla/5.0 (compatible; MJ12bot/v1.4.8; http://mj12bot.com/)"
216.244.66.237 - - [13/Jan/2025:20:50:49 -0500] "GET /robots.txt HTTP/1.1" 200 944 "-" "Mozilla/5.0 (compatible; DotBot/1.2; +https://opensiteexplorer.org/dotbot; help@moz.com)"
216.244.66.237 - - [13/Jan/2025:20:50:49 -0500] "GET /robots.txt HTTP/1.1" 200 944 "-" "Mozilla/5.0 (compatible; DotBot/1.2; +https://opensiteexplorer.org/dotbot; help@moz.com)"
37.187.89.104 - - [13/Jan/2025:20:50:48 -0500] "GET /public/tour/easter-in-la-campagne-tropicana-205k?lokasie=/home/wavevlvu/mail/.info@diixadigital_com/dovecot-quota&loknya=/home/wavevlvu/mail/.info@diixadigital_com HTTP/1.1" 200 1800 "-" "Mozilla/5.0 (compatible; MJ12bot/v1.4.8; http://mj12bot.com/)"
52.167.144.221 - - [13/Jan/2025:20:50:54 -0500] "GET /?hlkpw/l2734355.html HTTP/1.1" 200 76849 "-" "Mozilla/5.0 AppleWebKit/537.36 (KHTML, like Gecko; compatible; bingbot/2.0; +http://www.bing.com/bingbot.htm) Chrome/116.0.1938.76 Safari/537.36"
94.23.203.86 - - [13/Jan/2025:20:50:51 -0500] "GET /public/profile/55?lokasie=/home/wavevlvu/blog.diixadigital.com/wp-content/themes/twentytwentyfive/patterns/banner-about-book.php&loknya=/home/wavevlvu/blog.diixadigital.com/wp-content/themes/twentytwentyfive/patterns HTTP/1.1" 200 3068 "-" "Mozilla/5.0 (compatible; MJ12bot/v1.4.8; http://mj12bot.com/)"
37.187.89.104 - - [13/Jan/2025:20:50:53 -0500] "GET /public/tour/easter-in-la-campagne-tropicana-205k?lokasie=/home/wavevlvu/mail/.info@diixadigital_com/dovecot-uidlist&loknya=/home/wavevlvu/mail/.info@diixadigital_com HTTP/1.1" 200 2001 "-" "Mozilla/5.0 (compatible; MJ12bot/v1.4.8; http://mj12bot.com/)"
94.23.203.86 - - [13/Jan/2025:20:50:56 -0500] "GET /public/profile/55?lokasie=/home/wavevlvu/blog.diixadigital.com/wp-content/themes/twentytwentyfive/patterns/banner-cover-big-heading.php&loknya=/home/wavevlvu/blog.diixadigital.com/wp-content/themes/twentytwentyfive/patterns HTTP/1.1" 200 2675 "-" "Mozilla/5.0 (compatible; MJ12bot/v1.4.8; http://mj12bot.com/)"
37.187.89.104 - - [13/Jan/2025:20:50:57 -0500] "GET /public/tour/easter-in-la-campagne-tropicana-205k?lokasie=/home/wavevlvu/mail/.info@diixadigital_com/dovecot-uidvalidity&loknya=/home/wavevlvu/mail/.info@diixadigital_com HTTP/1.1" 200 1781 "-" "Mozilla/5.0 (compatible; MJ12bot/v1.4.8; http://mj12bot.com/)"
37.187.89.104 - - [13/Jan/2025:20:51:01 -0500] "GET /public/tour/easter-in-la-campagne-tropicana-205k?lokasie=/home/wavevlvu/mail/.info@diixadigital_com/dovecot-uidvalidity.657601b9&loknya=/home/wavevlvu/mail/.info@diixadigital_com HTTP/1.1" 200 1779 "-" "Mozilla/5.0 (compatible; MJ12bot/v1.4.8; http://mj12bot.com/)"
94.23.203.86 - - [13/Jan/2025:20:51:02 -0500] "GET /public/profile/55?lokasie=/home/wavevlvu/blog.diixadigital.com/wp-content/themes/twentytwentyfive/patterns/banner-intro-image.php&loknya=/home/wavevlvu/blog.diixadigital.com/wp-content/themes/twentytwentyfive/patterns HTTP/1.1" 200 2807 "-" "Mozilla/5.0 (compatible; MJ12bot/v1.4.8; http://mj12bot.com/)"
37.187.89.104 - - [13/Jan/2025:20:51:06 -0500] "GET /public/tour/easter-in-la-campagne-tropicana-205k?lokasie=/home/wavevlvu/mail/.info@diixadigital_com/dovecot.index&loknya=/home/wavevlvu/mail/.info@diixadigital_com HTTP/1.1" 200 1766 "-" "Mozilla/5.0 (compatible; MJ12bot/v1.4.8; http://mj12bot.com/)"
94.23.203.86 - - [13/Jan/2025:20:51:08 -0500] "GET /public/profile/55?lokasie=/home/wavevlvu/blog.diixadigital.com/wp-content/themes/twentytwentyfive/patterns/banner-intro.php&loknya=/home/wavevlvu/blog.diixadigital.com/wp-content/themes/twentytwentyfive/patterns HTTP/1.1" 200 2480 "-" "Mozilla/5.0 (compatible; MJ12bot/v1.4.8; http://mj12bot.com/)"
37.187.89.104 - - [13/Jan/2025:20:51:11 -0500] "GET /public/tour/easter-in-la-campagne-tropicana-205k?lokasie=/home/wavevlvu/mail/.info@diixadigital_com/dovecot.index.cache&loknya=/home/wavevlvu/mail/.info@diixadigital_com HTTP/1.1" 200 1770 "-" "Mozilla/5.0 (compatible; MJ12bot/v1.4.8; http://mj12bot.com/)"
94.23.203.86 - - [13/Jan/2025:20:51:12 -0500] "GET /public/profile/55?lokasie=/home/wavevlvu/blog.diixadigital.com/wp-content/themes/twentytwentyfive/patterns/banner-poster.php&loknya=/home/wavevlvu/blog.diixadigital.com/wp-content/themes/twentytwentyfive/patterns HTTP/1.1" 200 3446 "-" "Mozilla/5.0 (compatible; MJ12bot/v1.4.8; http://mj12bot.com/)"
37.187.89.104 - - [13/Jan/2025:20:51:15 -0500] "GET /public/tour/easter-in-la-campagne-tropicana-205k?lokasie=/home/wavevlvu/mail/.info@diixadigital_com/dovecot.index.log&loknya=/home/wavevlvu/mail/.info@diixadigital_com HTTP/1.1" 200 1769 "-" "Mozilla/5.0 (compatible; MJ12bot/v1.4.8; http://mj12bot.com/)"
94.23.203.86 - - [13/Jan/2025:20:51:17 -0500] "GET /public/profile/55?lokasie=/home/wavevlvu/blog.diixadigital.com/wp-content/themes/twentytwentyfive/patterns/binding-format.php&loknya=/home/wavevlvu/blog.diixadigital.com/wp-content/themes/twentytwentyfive/patterns HTTP/1.1" 200 2083 "-" "Mozilla/5.0 (compatible; MJ12bot/v1.4.8; http://mj12bot.com/)"
37.187.89.104 - - [13/Jan/2025:20:51:20 -0500] "GET /public/tour/easter-in-la-campagne-tropicana-205k?lokasie=/home/wavevlvu/mail/.info@diixadigital_com/dovecot.list.index.log&loknya=/home/wavevlvu/mail/.info@diixadigital_com HTTP/1.1" 200 1772 "-" "Mozilla/5.0 (compatible; MJ12bot/v1.4.8; http://mj12bot.com/)"
94.23.203.86 - - [13/Jan/2025:20:51:21 -0500] "GET /public/profile/55?lokasie=/home/wavevlvu/blog.diixadigital.com/wp-content/themes/twentytwentyfive/patterns/comments.php&loknya=/home/wavevlvu/blog.diixadigital.com/wp-content/themes/twentytwentyfive/patterns HTTP/1.1" 200 2498 "-" "Mozilla/5.0 (compatible; MJ12bot/v1.4.8; http://mj12bot.com/)"
37.187.89.104 - - [13/Jan/2025:20:51:24 -0500] "GET /public/tour/easter-in-la-campagne-tropicana-205k?lokasie=/home/wavevlvu/mail/.info@diixadigital_com/dovecot.mailbox.log&loknya=/home/wavevlvu/mail/.info@diixadigital_com HTTP/1.1" 200 1772 "-" "Mozilla/5.0 (compatible; MJ12bot/v1.4.8; http://mj12bot.com/)"
94.23.203.86 - - [13/Jan/2025:20:51:25 -0500] "GET /public/profile/55?lokasie=/home/wavevlvu/blog.diixadigital.com/wp-content/themes/twentytwentyfive/patterns/contact-centered-social-link.php&loknya=/home/wavevlvu/blog.diixadigital.com/wp-content/themes/twentytwentyfive/patterns HTTP/1.1" 200 2674 "-" "Mozilla/5.0 (compatible; MJ12bot/v1.4.8; http://mj12bot.com/)"
17.241.227.121 - - [13/Jan/2025:20:51:28 -0500] "GET /public/?lokasie=/lib64/libgvc.so.6.0.0&loknya=/lib64 HTTP/1.1" 200 1950 "-" "Mozilla/5.0 (Macintosh; Intel Mac OS X 10_15_7) AppleWebKit/605.1.15 (KHTML, like Gecko) Version/17.4 Safari/605.1.15 (Applebot/0.1; +http://www.apple.com/go/applebot)"
37.187.89.104 - - [13/Jan/2025:20:51:29 -0500] "GET /public/tour/easter-in-la-campagne-tropicana-205k?lokasie=/home/wavevlvu/mail/.info@diixadigital_com/maildirsize&loknya=/home/wavevlvu/mail/.info@diixadigital_com HTTP/1.1" 200 2157 "-" "Mozilla/5.0 (compatible; MJ12bot/v1.4.8; http://mj12bot.com/)"
94.23.203.86 - - [13/Jan/2025:20:51:30 -0500] "GET /public/profile/55?lokasie=/home/wavevlvu/blog.diixadigital.com/wp-content/themes/twentytwentyfive/patterns/contact-info-locations.php&loknya=/home/wavevlvu/blog.diixadigital.com/wp-content/themes/twentytwentyfive/patterns HTTP/1.1" 200 3095 "-" "Mozilla/5.0 (compatible; MJ12bot/v1.4.8; http://mj12bot.com/)"
17.241.227.121 - - [13/Jan/2025:20:51:31 -0500] "GET /public/tour/experience-badagry-tour?lokasie=/home/wavevlvu/book24.ng/public/libs/ace/src-min-noconflict/mode-sh.js&loknya=/home/wavevlvu/book24.ng/public/libs/ace/src-min-noconflict HTTP/1.1" 200 5283 "-" "Mozilla/5.0 (Macintosh; Intel Mac OS X 10_15_7) AppleWebKit/605.1.15 (KHTML, like Gecko) Version/17.4 Safari/605.1.15 (Applebot/0.1; +http://www.apple.com/go/applebot)"
37.187.89.104 - - [13/Jan/2025:20:51:33 -0500] "GET /public/tour/easter-in-la-campagne-tropicana-205k?lokasie=/home/wavevlvu/mail/.info@diixadigital_com/subscriptions&loknya=/home/wavevlvu/mail/.info@diixadigital_com HTTP/1.1" 200 1784 "-" "Mozilla/5.0 (compatible; MJ12bot/v1.4.8; http://mj12bot.com/)"
94.23.203.86 - - [13/Jan/2025:20:51:34 -0500] "GET /public/profile/55?lokasie=/home/wavevlvu/blog.diixadigital.com/wp-content/themes/twentytwentyfive/patterns/contact-location-and-link.php&loknya=/home/wavevlvu/blog.diixadigital.com/wp-content/themes/twentytwentyfive/patterns HTTP/1.1" 200 2838 "-" "Mozilla/5.0 (compatible; MJ12bot/v1.4.8; http://mj12bot.com/)"
17.241.75.226 - - [13/Jan/2025:20:51:35 -0500] "GET /public/space/wp/index.php?lokasie=/lib64/libhgfs.so.0.0.0&loknya=/lib64 HTTP/1.1" 200 1949 "-" "Mozilla/5.0 (Macintosh; Intel Mac OS X 10_15_7) AppleWebKit/605.1.15 (KHTML, like Gecko) Version/17.4 Safari/605.1.15 (Applebot/0.1; +http://www.apple.com/go/applebot)"
17.241.227.111 - - [13/Jan/2025:20:51:36 -0500] "GET /public/profile/60?lokasie=/lib64/python3.6/tempfile.py&loknya=/lib64/python3.6 HTTP/1.1" 200 11342 "-" "Mozilla/5.0 (Macintosh; Intel Mac OS X 10_15_7) AppleWebKit/605.1.15 (KHTML, like Gecko) Version/17.4 Safari/605.1.15 (Applebot/0.1; +http://www.apple.com/go/applebot)"
17.241.75.226 - - [13/Jan/2025:20:51:38 -0500] "GET /public/tour/visit-kigali-this-easter-620k?loknya=/var/softaculous/igalerie HTTP/1.1" 200 3812 "-" "Mozilla/5.0 (Macintosh; Intel Mac OS X 10_15_7) AppleWebKit/605.1.15 (KHTML, like Gecko) Version/17.4 Safari/605.1.15 (Applebot/0.1; +http://www.apple.com/go/applebot)"
37.187.89.104 - - [13/Jan/2025:20:51:38 -0500] "GET /public/tour/easter-in-la-campagne-tropicana-205k?lokasie=/home/wavevlvu/mail/.support@diixadigital_com/dovecot-quota&loknya=/home/wavevlvu/mail/.support@diixadigital_com HTTP/1.1" 200 1797 "-" "Mozilla/5.0 (compatible; MJ12bot/v1.4.8; http://mj12bot.com/)"
94.23.203.86 - - [13/Jan/2025:20:51:39 -0500] "GET /public/profile/55?lokasie=/home/wavevlvu/blog.diixadigital.com/wp-content/themes/twentytwentyfive/patterns/cta-book-links.php&loknya=/home/wavevlvu/blog.diixadigital.com/wp-content/themes/twentytwentyfive/patterns HTTP/1.1" 200 2713 "-" "Mozilla/5.0 (compatible; MJ12bot/v1.4.8; http://mj12bot.com/)"
17.241.227.111 - - [13/Jan/2025:20:51:39 -0500] "GET /public/profile/book24/services?loknya=/home/wavevlvu/mail/tayoadediranfoundation.com HTTP/1.1" 200 2603 "-" "Mozilla/5.0 (Macintosh; Intel Mac OS X 10_15_7) AppleWebKit/605.1.15 (KHTML, like Gecko) Version/17.4 Safari/605.1.15 (Applebot/0.1; +http://www.apple.com/go/applebot)"
17.241.75.226 - - [13/Jan/2025:20:51:41 -0500] "GET /public/space/3-bedroom-luxurious-apartment?loknya=/opt/cpanel/libtidy/bin HTTP/1.1" 200 2478 "-" "Mozilla/5.0 (Macintosh; Intel Mac OS X 10_15_7) AppleWebKit/605.1.15 (KHTML, like Gecko) Version/17.4 Safari/605.1.15 (Applebot/0.1; +http://www.apple.com/go/applebot)"
17.241.227.111 - - [13/Jan/2025:20:51:42 -0500] "GET /public/space/wp/index.php?loknya=/lib64/libibverbs HTTP/1.1" 200 2991 "-" "Mozilla/5.0 (Macintosh; Intel Mac OS X 10_15_7) AppleWebKit/605.1.15 (KHTML, like Gecko) Version/17.4 Safari/605.1.15 (Applebot/0.1; +http://www.apple.com/go/applebot)"
114.119.167.129 - - [13/Jan/2025:20:51:45 -0500] "GET /www/rex/index.php?loknya=/home/wavevlvu/book24.ng/modules/Tour/ HTTP/1.1" 200 2977 "https://www.book24.ng/www/rex/index.php?loknya=/home/wavevlvu/book24.ng/modules/Tour/Views" "Mozilla/5.0 (Linux; Android 7.0;) AppleWebKit/537.36 (KHTML, like Gecko) Mobile Safari/537.36 (compatible; PetalBot;+https://webmaster.petalsearch.com/site/petalbot)"
94.23.203.86 - - [13/Jan/2025:20:51:43 -0500] "GET /public/profile/55?lokasie=/home/wavevlvu/blog.diixadigital.com/wp-content/themes/twentytwentyfive/patterns/cta-book-locations.php&loknya=/home/wavevlvu/blog.diixadigital.com/wp-content/themes/twentytwentyfive/patterns HTTP/1.1" 200 2882 "-" "Mozilla/5.0 (compatible; MJ12bot/v1.4.8; http://mj12bot.com/)"
37.187.89.104 - - [13/Jan/2025:20:51:43 -0500] "GET /public/tour/easter-in-la-campagne-tropicana-205k?lokasie=/home/wavevlvu/mail/.support@diixadigital_com/dovecot-uidlist&loknya=/home/wavevlvu/mail/.support@diixadigital_com HTTP/1.1" 200 1847 "-" "Mozilla/5.0 (compatible; MJ12bot/v1.4.8; http://mj12bot.com/)"
17.241.219.13 - - [13/Jan/2025:20:51:46 -0500] "GET /public/profile/55/services?lokasie=/home/wavevlvu/book24.ng/public/module/hotel/css/hotel.css&loknya=/home/wavevlvu/book24.ng/public/module/hotel/css HTTP/1.1" 200 19523 "-" "Mozilla/5.0 (Macintosh; Intel Mac OS X 10_15_7) AppleWebKit/605.1.15 (KHTML, like Gecko) Version/17.4 Safari/605.1.15 (Applebot/0.1; +http://www.apple.com/go/applebot)"
94.23.203.86 - - [13/Jan/2025:20:51:47 -0500] "GET /public/profile/55?lokasie=/home/wavevlvu/blog.diixadigital.com/wp-content/themes/twentytwentyfive/patterns/cta-centered-heading.php&loknya=/home/wavevlvu/blog.diixadigital.com/wp-content/themes/twentytwentyfive/patterns HTTP/1.1" 200 2603 "-" "Mozilla/5.0 (compatible; MJ12bot/v1.4.8; http://mj12bot.com/)"
37.187.89.104 - - [13/Jan/2025:20:51:48 -0500] "GET /public/tour/easter-in-la-campagne-tropicana-205k?lokasie=/home/wavevlvu/mail/.support@diixadigital_com/dovecot-uidvalidity&loknya=/home/wavevlvu/mail/.support@diixadigital_com HTTP/1.1" 200 1780 "-" "Mozilla/5.0 (compatible; MJ12bot/v1.4.8; http://mj12bot.com/)"
17.241.227.112 - - [13/Jan/2025:20:51:49 -0500] "GET /public/profile/60/services?loknya=/home/wavevlvu/book24.ng/vendor/laravel/tinker HTTP/1.1" 200 2867 "-" "Mozilla/5.0 (Macintosh; Intel Mac OS X 10_15_7) AppleWebKit/605.1.15 (KHTML, like Gecko) Version/17.4 Safari/605.1.15 (Applebot/0.1; +http://www.apple.com/go/applebot)"
17.241.227.218 - - [13/Jan/2025:20:51:50 -0500] "GET /public/profile/60/services?loknya=/home/wavevlvu/mail/patior HTTP/1.1" 200 2691 "-" "Mozilla/5.0 (Macintosh; Intel Mac OS X 10_15_7) AppleWebKit/605.1.15 (KHTML, like Gecko) Version/17.4 Safari/605.1.15 (Applebot/0.1; +http://www.apple.com/go/applebot)"
17.241.219.209 - - [13/Jan/2025:20:51:52 -0500] "GET /public/boat/25-seater-luxury-yacht-250khr?lokasie=/home/wavevlvu/book24.ng/rex/index.php&loknya=/home/wavevlvu/book24.ng/rex HTTP/1.1" 200 2492 "-" "Mozilla/5.0 (Macintosh; Intel Mac OS X 10_15_7) AppleWebKit/605.1.15 (KHTML, like Gecko) Version/17.4 Safari/605.1.15 (Applebot/0.1; +http://www.apple.com/go/applebot)"
37.187.89.104 - - [13/Jan/2025:20:51:53 -0500] "GET /public/tour/easter-in-la-campagne-tropicana-205k?lokasie=/home/wavevlvu/mail/.support@diixadigital_com/dovecot-uidvalidity.660d6b30&loknya=/home/wavevlvu/mail/.support@diixadigital_com HTTP/1.1" 200 1777 "-" "Mozilla/5.0 (compatible; MJ12bot/v1.4.8; http://mj12bot.com/)"
94.23.203.86 - - [13/Jan/2025:20:51:53 -0500] "GET /public/profile/55?lokasie=/home/wavevlvu/blog.diixadigital.com/wp-content/themes/twentytwentyfive/patterns/cta-events-list.php&loknya=/home/wavevlvu/blog.diixadigital.com/wp-content/themes/twentytwentyfive/patterns HTTP/1.1" 200 3107 "-" "Mozilla/5.0 (compatible; MJ12bot/v1.4.8; http://mj12bot.com/)"
17.241.227.111 - - [13/Jan/2025:20:51:53 -0500] "GET /public/profile/55?loknya=/proc/irq/1 HTTP/1.1" 200 2858 "-" "Mozilla/5.0 (Macintosh; Intel Mac OS X 10_15_7) AppleWebKit/605.1.15 (KHTML, like Gecko) Version/17.4 Safari/605.1.15 (Applebot/0.1; +http://www.apple.com/go/applebot)"
37.187.89.104 - - [13/Jan/2025:20:51:57 -0500] "GET /public/tour/easter-in-la-campagne-tropicana-205k?lokasie=/home/wavevlvu/mail/.support@diixadigital_com/dovecot.index.cache&loknya=/home/wavevlvu/mail/.support@diixadigital_com HTTP/1.1" 200 1770 "-" "Mozilla/5.0 (compatible; MJ12bot/v1.4.8; http://mj12bot.com/)"
94.23.203.86 - - [13/Jan/2025:20:51:57 -0500] "GET /public/profile/55?lokasie=/home/wavevlvu/blog.diixadigital.com/wp-content/themes/twentytwentyfive/patterns/cta-grid-products-link.php&loknya=/home/wavevlvu/blog.diixadigital.com/wp-content/themes/twentytwentyfive/patterns HTTP/1.1" 200 3789 "-" "Mozilla/5.0 (compatible; MJ12bot/v1.4.8; http://mj12bot.com/)"
37.187.89.104 - - [13/Jan/2025:20:52:02 -0500] "GET /public/tour/easter-in-la-campagne-tropicana-205k?lokasie=/home/wavevlvu/mail/.support@diixadigital_com/dovecot.index.log&loknya=/home/wavevlvu/mail/.support@diixadigital_com HTTP/1.1" 200 1770 "-" "Mozilla/5.0 (compatible; MJ12bot/v1.4.8; http://mj12bot.com/)"
94.23.203.86 - - [13/Jan/2025:20:52:02 -0500] "GET /public/profile/55?lokasie=/home/wavevlvu/blog.diixadigital.com/wp-content/themes/twentytwentyfive/patterns/cta-heading-search.php&loknya=/home/wavevlvu/blog.diixadigital.com/wp-content/themes/twentytwentyfive/patterns HTTP/1.1" 200 2407 "-" "Mozilla/5.0 (compatible; MJ12bot/v1.4.8; http://mj12bot.com/)"
37.187.89.104 - - [13/Jan/2025:20:52:06 -0500] "GET /public/tour/easter-in-la-campagne-tropicana-205k?lokasie=/home/wavevlvu/mail/.support@diixadigital_com/dovecot.list.index.log&loknya=/home/wavevlvu/mail/.support@diixadigital_com HTTP/1.1" 200 1771 "-" "Mozilla/5.0 (compatible; MJ12bot/v1.4.8; http://mj12bot.com/)"
94.23.203.86 - - [13/Jan/2025:20:52:06 -0500] "GET /public/profile/55?lokasie=/home/wavevlvu/blog.diixadigital.com/wp-content/themes/twentytwentyfive/patterns/cta-newsletter.php&loknya=/home/wavevlvu/blog.diixadigital.com/wp-content/themes/twentytwentyfive/patterns HTTP/1.1" 200 2685 "-" "Mozilla/5.0 (compatible; MJ12bot/v1.4.8; http://mj12bot.com/)"
37.187.89.104 - - [13/Jan/2025:20:52:10 -0500] "GET /public/tour/easter-in-la-campagne-tropicana-205k?lokasie=/home/wavevlvu/mail/.support@diixadigital_com/dovecot.mailbox.log&loknya=/home/wavevlvu/mail/.support@diixadigital_com HTTP/1.1" 200 1772 "-" "Mozilla/5.0 (compatible; MJ12bot/v1.4.8; http://mj12bot.com/)"
94.23.203.86 - - [13/Jan/2025:20:52:11 -0500] "GET /public/profile/55?lokasie=/home/wavevlvu/blog.diixadigital.com/wp-content/themes/twentytwentyfive/patterns/event-3-col.php&loknya=/home/wavevlvu/blog.diixadigital.com/wp-content/themes/twentytwentyfive/patterns HTTP/1.1" 200 2974 "-" "Mozilla/5.0 (compatible; MJ12bot/v1.4.8; http://mj12bot.com/)"
37.187.89.104 - - [13/Jan/2025:20:52:14 -0500] "GET /public/tour/easter-in-la-campagne-tropicana-205k?lokasie=/home/wavevlvu/mail/.support@diixadigital_com/maildirsize&loknya=/home/wavevlvu/mail/.support@diixadigital_com HTTP/1.1" 200 1789 "-" "Mozilla/5.0 (compatible; MJ12bot/v1.4.8; http://mj12bot.com/)"
94.23.203.86 - - [13/Jan/2025:20:52:15 -0500] "GET /public/profile/55?lokasie=/home/wavevlvu/blog.diixadigital.com/wp-content/themes/twentytwentyfive/patterns/event-rsvp.php&loknya=/home/wavevlvu/blog.diixadigital.com/wp-content/themes/twentytwentyfive/patterns HTTP/1.1" 200 3781 "-" "Mozilla/5.0 (compatible; MJ12bot/v1.4.8; http://mj12bot.com/)"
114.119.128.126 - - [13/Jan/2025:20:52:21 -0500] "GET /vendor/stripe/stripe-php/lib/Service/Sigma/ HTTP/1.1" 200 911 "https://www.book24.ng/vendor/stripe/stripe-php/lib/Service/?SA" "Mozilla/5.0 (Linux; Android 7.0;) AppleWebKit/537.36 (KHTML, like Gecko) Mobile Safari/537.36 (compatible; PetalBot;+https://webmaster.petalsearch.com/site/petalbot)"
37.187.89.104 - - [13/Jan/2025:20:52:19 -0500] "GET /public/tour/easter-in-la-campagne-tropicana-205k?lokasie=/home/wavevlvu/mail/.support@diixadigital_com/subscriptions&loknya=/home/wavevlvu/mail/.support@diixadigital_com HTTP/1.1" 200 1778 "-" "Mozilla/5.0 (compatible; MJ12bot/v1.4.8; http://mj12bot.com/)"
94.23.203.86 - - [13/Jan/2025:20:52:19 -0500] "GET /public/profile/55?lokasie=/home/wavevlvu/blog.diixadigital.com/wp-content/themes/twentytwentyfive/patterns/event-schedule.php&loknya=/home/wavevlvu/blog.diixadigital.com/wp-content/themes/twentytwentyfive/patterns HTTP/1.1" 200 3546 "-" "Mozilla/5.0 (compatible; MJ12bot/v1.4.8; http://mj12bot.com/)"
37.187.89.104 - - [13/Jan/2025:20:52:23 -0500] "GET /public/tour/easter-in-la-campagne-tropicana-205k?lokasie=/home/wavevlvu/mail/admin/index.php&loknya=/home/wavevlvu/mail/admin HTTP/1.1" 200 2248 "-" "Mozilla/5.0 (compatible; MJ12bot/v1.4.8; http://mj12bot.com/)"
94.23.203.86 - - [13/Jan/2025:20:52:24 -0500] "GET /public/profile/55?lokasie=/home/wavevlvu/blog.diixadigital.com/wp-content/themes/twentytwentyfive/patterns/footer-centered.php&loknya=/home/wavevlvu/blog.diixadigital.com/wp-content/themes/twentytwentyfive/patterns HTTP/1.1" 200 2535 "-" "Mozilla/5.0 (compatible; MJ12bot/v1.4.8; http://mj12bot.com/)"
18.223.43.151 - - [13/Jan/2025:20:52:26 -0500] "GET /public/index.php/login?lokasie=%2Fusr%2Flib64%2Fpython2.7%2Flib2to3%2Ffixes%2Ffix_raw_input.pyo&loknya=%2Fusr%2Flib64%2Fpython2.7%2Flib2to3%2Ffixes HTTP/1.1" 200 1779 "-" "Mozilla/5.0 AppleWebKit/537.36 (KHTML, like Gecko; compatible; ClaudeBot/1.0; +claudebot@anthropic.com)"
37.187.89.104 - - [13/Jan/2025:20:52:28 -0500] "GET /public/tour/easter-in-la-campagne-tropicana-205k?lokasie=/home/wavevlvu/mail/book24.ng/about.php&loknya=/home/wavevlvu/mail/book24.ng HTTP/1.1" 200 2634 "-" "Mozilla/5.0 (compatible; MJ12bot/v1.4.8; http://mj12bot.com/)"
94.23.203.86 - - [13/Jan/2025:20:52:29 -0500] "GET /public/profile/55?lokasie=/home/wavevlvu/blog.diixadigital.com/wp-content/themes/twentytwentyfive/patterns/footer-columns.php&loknya=/home/wavevlvu/blog.diixadigital.com/wp-content/themes/twentytwentyfive/patterns HTTP/1.1" 200 3057 "-" "Mozilla/5.0 (compatible; MJ12bot/v1.4.8; http://mj12bot.com/)"
37.187.89.104 - - [13/Jan/2025:20:52:33 -0500] "GET /public/tour/easter-in-la-campagne-tropicana-205k?lokasie=/home/wavevlvu/mail/diixa.com/index.php&loknya=/home/wavevlvu/mail/diixa.com HTTP/1.1" 200 2628 "-" "Mozilla/5.0 (compatible; MJ12bot/v1.4.8; http://mj12bot.com/)"
94.23.203.86 - - [13/Jan/2025:20:52:33 -0500] "GET /public/profile/55?lokasie=/home/wavevlvu/blog.diixadigital.com/wp-content/themes/twentytwentyfive/patterns/footer-newsletter.php&loknya=/home/wavevlvu/blog.diixadigital.com/wp-content/themes/twentytwentyfive/patterns HTTP/1.1" 200 2822 "-" "Mozilla/5.0 (compatible; MJ12bot/v1.4.8; http://mj12bot.com/)"
18.226.165.236 - - [13/Jan/2025:20:52:35 -0500] "GET /public/index.php?loknya=%2Fhome%2Fwvevlvu%2Flscche%2F9 HTTP/1.1" 200 2011 "-" "Mozilla/5.0 AppleWebKit/537.36 (KHTML, like Gecko; compatible; ClaudeBot/1.0; +claudebot@anthropic.com)"
37.187.89.104 - - [13/Jan/2025:20:52:37 -0500] "GET /public/tour/easter-in-la-campagne-tropicana-205k?lokasie=/home/wavevlvu/mail/dovecot-quota&loknya=/home/wavevlvu/mail HTTP/1.1" 200 1782 "-" "Mozilla/5.0 (compatible; MJ12bot/v1.4.8; http://mj12bot.com/)"
94.23.203.86 - - [13/Jan/2025:20:52:37 -0500] "GET /public/profile/55?lokasie=/home/wavevlvu/blog.diixadigital.com/wp-content/themes/twentytwentyfive/patterns/footer-social.php&loknya=/home/wavevlvu/blog.diixadigital.com/wp-content/themes/twentytwentyfive/patterns HTTP/1.1" 200 2806 "-" "Mozilla/5.0 (compatible; MJ12bot/v1.4.8; http://mj12bot.com/)"
18.226.165.236 - - [13/Jan/2025:20:52:39 -0500] "GET /public/page/privacy-policy?lokasie=%2Flib64%2F%2Flibpanel.so.5.9&loknya=%2Flib64%2F&set_currency=usd HTTP/1.1" 200 1730 "-" "Mozilla/5.0 AppleWebKit/537.36 (KHTML, like Gecko; compatible; ClaudeBot/1.0; +claudebot@anthropic.com)"
37.187.89.104 - - [13/Jan/2025:20:52:41 -0500] "GET /public/tour/easter-in-la-campagne-tropicana-205k?lokasie=/home/wavevlvu/mail/dovecot-uidlist&loknya=/home/wavevlvu/mail HTTP/1.1" 200 1434593 "-" "Mozilla/5.0 (compatible; MJ12bot/v1.4.8; http://mj12bot.com/)"
94.23.203.86 - - [13/Jan/2025:20:52:42 -0500] "GET /public/profile/55?lokasie=/home/wavevlvu/blog.diixadigital.com/wp-content/themes/twentytwentyfive/patterns/footer.php&loknya=/home/wavevlvu/blog.diixadigital.com/wp-content/themes/twentytwentyfive/patterns HTTP/1.1" 200 2916 "-" "Mozilla/5.0 (compatible; MJ12bot/v1.4.8; http://mj12bot.com/)"
18.226.165.236 - - [13/Jan/2025:20:52:43 -0500] "GET /public/index.php?lokasie=%2Fvar%2Fsoftaculous%2Fojs33%2F%2Fconfig.inc.php&loknya=%2Fvar%2Fsoftaculous%2Fojs33%2F HTTP/1.1" 200 8341 "-" "Mozilla/5.0 AppleWebKit/537.36 (KHTML, like Gecko; compatible; ClaudeBot/1.0; +claudebot@anthropic.com)"
18.226.165.236 - - [13/Jan/2025:20:52:46 -0500] "GET /public/page/about-us?lokasie=%2Fhome%2Fwavevlvu%2Flscache%2F9%2F5%2Fc%2F95ca963a592bbdc1&loknya=%2Fhome%2Fwavevlvu%2Flscache%2F9%2F5%2Fc HTTP/1.1" 200 1773 "-" "Mozilla/5.0 AppleWebKit/537.36 (KHTML, like Gecko; compatible; ClaudeBot/1.0; +claudebot@anthropic.com)"
94.23.203.86 - - [13/Jan/2025:20:52:47 -0500] "GET /public/profile/55?lokasie=/home/wavevlvu/blog.diixadigital.com/wp-content/themes/twentytwentyfive/patterns/format-audio.php&loknya=/home/wavevlvu/blog.diixadigital.com/wp-content/themes/twentytwentyfive/patterns HTTP/1.1" 200 2747 "-" "Mozilla/5.0 (compatible; MJ12bot/v1.4.8; http://mj12bot.com/)"
3.145.156.31 - - [13/Jan/2025:20:52:48 -0500] "GET /public/index.php/forgot-password?lokasie=%2Flib64%2Fpython3.8%2Fenum.py&loknya=%2Flib64%2Fpython3.8 HTTP/1.1" 200 12011 "-" "Mozilla/5.0 AppleWebKit/537.36 (KHTML, like Gecko; compatible; ClaudeBot/1.0; +claudebot@anthropic.com)"
37.187.89.104 - - [13/Jan/2025:20:52:49 -0500] "GET /public/tour/easter-in-la-campagne-tropicana-205k?lokasie=/home/wavevlvu/mail/dovecot-uidvalidity&loknya=/home/wavevlvu/mail HTTP/1.1" 200 1761 "-" "Mozilla/5.0 (compatible; MJ12bot/v1.4.8; http://mj12bot.com/)"
3.14.144.56 - - [13/Jan/2025:20:52:50 -0500] "GET /public/index.php?loknya=%2Fhome%2Fwvevlvu%2Flscche%2Fd%2F2 HTTP/1.1" 200 2015 "-" "Mozilla/5.0 AppleWebKit/537.36 (KHTML, like Gecko; compatible; ClaudeBot/1.0; +claudebot@anthropic.com)"
94.23.203.86 - - [13/Jan/2025:20:52:51 -0500] "GET /public/profile/55?lokasie=/home/wavevlvu/blog.diixadigital.com/wp-content/themes/twentytwentyfive/patterns/format-link.php&loknya=/home/wavevlvu/blog.diixadigital.com/wp-content/themes/twentytwentyfive/patterns HTTP/1.1" 200 2501 "-" "Mozilla/5.0 (compatible; MJ12bot/v1.4.8; http://mj12bot.com/)"
3.145.156.31 - - [13/Jan/2025:20:52:52 -0500] "GET /public/page/become-an-affiliate?lokasie=%2Fproc%2Fthread-self%2Froot%2Fvar%2Fsoftaculous%2Fakaunting%2Fakaunting.zip&loknya=%2Fproc%2Fthread-self%2Froot%2Fvar%2Fsoftaculous%2Fakaunting HTTP/1.1" 200 1788 "-" "Mozilla/5.0 AppleWebKit/537.36 (KHTML, like Gecko; compatible; ClaudeBot/1.0; +claudebot@anthropic.com)"
37.187.89.104 - - [13/Jan/2025:20:52:54 -0500] "GET /public/tour/easter-in-la-campagne-tropicana-205k?lokasie=/home/wavevlvu/mail/dovecot-uidvalidity.60221732&loknya=/home/wavevlvu/mail HTTP/1.1" 200 1759 "-" "Mozilla/5.0 (compatible; MJ12bot/v1.4.8; http://mj12bot.com/)"
3.14.144.56 - - [13/Jan/2025:20:52:54 -0500] "GET /public/index.php/boat/25-seater-luxury-yacht-250khr?lokasie=%2Flib64%2Fpython2.7%2F__future__.pyc&loknya=%2Flib64%2Fpython2.7 HTTP/1.1" 200 1739 "-" "Mozilla/5.0 AppleWebKit/537.36 (KHTML, like Gecko; compatible; ClaudeBot/1.0; +claudebot@anthropic.com)"
94.23.203.86 - - [13/Jan/2025:20:52:55 -0500] "GET /public/profile/55?lokasie=/home/wavevlvu/blog.diixadigital.com/wp-content/themes/twentytwentyfive/patterns/grid-videos.php&loknya=/home/wavevlvu/blog.diixadigital.com/wp-content/themes/twentytwentyfive/patterns HTTP/1.1" 200 2520 "-" "Mozilla/5.0 (compatible; MJ12bot/v1.4.8; http://mj12bot.com/)"
3.145.156.31 - - [13/Jan/2025:20:52:56 -0500] "GET /public/index.php/hotel/lagos-marriott-hotel-ikeja?lokasie=%2Fhome%2Fwavevlvu%2Fblog.diixadigital.com%2Fwp-includes%2Fnav-menu-template.php&loknya=%2Fhome%2Fwavevlvu%2Fblog.diixadigital.com%2Fwp-includes HTTP/1.1" 200 8285 "-" "Mozilla/5.0 AppleWebKit/537.36 (KHTML, like Gecko; compatible; ClaudeBot/1.0; +claudebot@anthropic.com)"
3.14.144.56 - - [13/Jan/2025:20:52:57 -0500] "GET /public/index.php/custom-css?lokasie=%2Fhome%2Fwavevlvu%2Fbook24.ng%2Fpublic%2Flibs%2Face%2Fsrc-min-noconflict%2Fext-split.js&loknya=%2Fhome%2Fwavevlvu%2Fbook24.ng%2Fpublic%2Flibs%2Face%2Fsrc-min-noconflict HTTP/1.1" 200 3080 "-" "Mozilla/5.0 AppleWebKit/537.36 (KHTML, like Gecko; compatible; ClaudeBot/1.0; +claudebot@anthropic.com)"
37.187.89.104 - - [13/Jan/2025:20:52:58 -0500] "GET /public/tour/easter-in-la-campagne-tropicana-205k?lokasie=/home/wavevlvu/mail/dovecot.index&loknya=/home/wavevlvu/mail HTTP/1.1" 200 1747 "-" "Mozilla/5.0 (compatible; MJ12bot/v1.4.8; http://mj12bot.com/)"
94.23.203.86 - - [13/Jan/2025:20:52:59 -0500] "GET /public/profile/55?lokasie=/home/wavevlvu/blog.diixadigital.com/wp-content/themes/twentytwentyfive/patterns/grid-with-categories.php&loknya=/home/wavevlvu/blog.diixadigital.com/wp-content/themes/twentytwentyfive/patterns HTTP/1.1" 200 2893 "-" "Mozilla/5.0 (compatible; MJ12bot/v1.4.8; http://mj12bot.com/)"
37.187.89.104 - - [13/Jan/2025:20:53:02 -0500] "GET /public/tour/easter-in-la-campagne-tropicana-205k?lokasie=/home/wavevlvu/mail/dovecot.index.cache&loknya=/home/wavevlvu/mail HTTP/1.1" 200 1751 "-" "Mozilla/5.0 (compatible; MJ12bot/v1.4.8; http://mj12bot.com/)"
94.23.203.86 - - [13/Jan/2025:20:53:05 -0500] "GET /public/profile/55?lokasie=/home/wavevlvu/blog.diixadigital.com/wp-content/themes/twentytwentyfive/patterns/header-centered.php&loknya=/home/wavevlvu/blog.diixadigital.com/wp-content/themes/twentytwentyfive/patterns HTTP/1.1" 200 2311 "-" "Mozilla/5.0 (compatible; MJ12bot/v1.4.8; http://mj12bot.com/)"
40.77.167.48 - - [13/Jan/2025:20:53:09 -0500] "GET /?vzlom/m749568.html HTTP/1.1" 200 76900 "-" "Mozilla/5.0 AppleWebKit/537.36 (KHTML, like Gecko; compatible; bingbot/2.0; +http://www.bing.com/bingbot.htm) Chrome/116.0.1938.76 Safari/537.36"
37.187.89.104 - - [13/Jan/2025:20:53:08 -0500] "GET /public/tour/easter-in-la-campagne-tropicana-205k?lokasie=/home/wavevlvu/mail/dovecot.index.log&loknya=/home/wavevlvu/mail HTTP/1.1" 200 1749 "-" "Mozilla/5.0 (compatible; MJ12bot/v1.4.8; http://mj12bot.com/)"
94.23.203.86 - - [13/Jan/2025:20:53:09 -0500] "GET /public/profile/55?lokasie=/home/wavevlvu/blog.diixadigital.com/wp-content/themes/twentytwentyfive/patterns/header-columns.php&loknya=/home/wavevlvu/blog.diixadigital.com/wp-content/themes/twentytwentyfive/patterns HTTP/1.1" 200 2420 "-" "Mozilla/5.0 (compatible; MJ12bot/v1.4.8; http://mj12bot.com/)"
37.187.89.104 - - [13/Jan/2025:20:53:12 -0500] "GET /public/tour/easter-in-la-campagne-tropicana-205k?lokasie=/home/wavevlvu/mail/dovecot.index.log.2&loknya=/home/wavevlvu/mail HTTP/1.1" 200 1751 "-" "Mozilla/5.0 (compatible; MJ12bot/v1.4.8; http://mj12bot.com/)"
94.23.203.86 - - [13/Jan/2025:20:53:13 -0500] "GET /public/profile/55?lokasie=/home/wavevlvu/blog.diixadigital.com/wp-content/themes/twentytwentyfive/patterns/header-large-title.php&loknya=/home/wavevlvu/blog.diixadigital.com/wp-content/themes/twentytwentyfive/patterns HTTP/1.1" 200 2496 "-" "Mozilla/5.0 (compatible; MJ12bot/v1.4.8; http://mj12bot.com/)"
37.187.89.104 - - [13/Jan/2025:20:53:16 -0500] "GET /public/tour/easter-in-la-campagne-tropicana-205k?lokasie=/home/wavevlvu/mail/dovecot.list.index&loknya=/home/wavevlvu/mail HTTP/1.1" 200 1752 "-" "Mozilla/5.0 (compatible; MJ12bot/v1.4.8; http://mj12bot.com/)"
94.23.203.86 - - [13/Jan/2025:20:53:17 -0500] "GET /public/profile/55?lokasie=/home/wavevlvu/blog.diixadigital.com/wp-content/themes/twentytwentyfive/patterns/header.php&loknya=/home/wavevlvu/blog.diixadigital.com/wp-content/themes/twentytwentyfive/patterns HTTP/1.1" 200 2331 "-" "Mozilla/5.0 (compatible; MJ12bot/v1.4.8; http://mj12bot.com/)"
37.187.89.104 - - [13/Jan/2025:20:53:21 -0500] "GET /public/tour/easter-in-la-campagne-tropicana-205k?lokasie=/home/wavevlvu/mail/dovecot.list.index.log&loknya=/home/wavevlvu/mail HTTP/1.1" 200 1753 "-" "Mozilla/5.0 (compatible; MJ12bot/v1.4.8; http://mj12bot.com/)"
94.23.203.86 - - [13/Jan/2025:20:53:22 -0500] "GET /public/profile/55?lokasie=/home/wavevlvu/blog.diixadigital.com/wp-content/themes/twentytwentyfive/patterns/heading-and-paragraph-with-image.php&loknya=/home/wavevlvu/blog.diixadigital.com/wp-content/themes/twentytwentyfive/patterns HTTP/1.1" 200 2993 "-" "Mozilla/5.0 (compatible; MJ12bot/v1.4.8; http://mj12bot.com/)"
37.187.89.104 - - [13/Jan/2025:20:53:25 -0500] "GET /public/tour/easter-in-la-campagne-tropicana-205k?lokasie=/home/wavevlvu/mail/ertwetx.php&loknya=/home/wavevlvu/mail HTTP/1.1" 200 1865 "-" "Mozilla/5.0 (compatible; MJ12bot/v1.4.8; http://mj12bot.com/)"
94.23.203.86 - - [13/Jan/2025:20:53:29 -0500] "GET /public/profile/55?lokasie=/home/wavevlvu/blog.diixadigital.com/wp-content/themes/twentytwentyfive/patterns/hero-book.php&loknya=/home/wavevlvu/blog.diixadigital.com/wp-content/themes/twentytwentyfive/patterns HTTP/1.1" 200 2972 "-" "Mozilla/5.0 (compatible; MJ12bot/v1.4.8; http://mj12bot.com/)"
37.187.89.104 - - [13/Jan/2025:20:53:29 -0500] "GET /public/tour/easter-in-la-campagne-tropicana-205k?lokasie=/home/wavevlvu/mail/htaccess.th&loknya=/home/wavevlvu/mail HTTP/1.1" 200 2200 "-" "Mozilla/5.0 (compatible; MJ12bot/v1.4.8; http://mj12bot.com/)"
37.187.89.104 - - [13/Jan/2025:20:53:34 -0500] "GET /public/tour/easter-in-la-campagne-tropicana-205k?lokasie=/home/wavevlvu/mail/index.php&loknya=/home/wavevlvu/mail HTTP/1.1" 200 2619 "-" "Mozilla/5.0 (compatible; MJ12bot/v1.4.8; http://mj12bot.com/)"
94.23.203.86 - - [13/Jan/2025:20:53:34 -0500] "GET /public/profile/55?lokasie=/home/wavevlvu/blog.diixadigital.com/wp-content/themes/twentytwentyfive/patterns/hero-full-width-image.php&loknya=/home/wavevlvu/blog.diixadigital.com/wp-content/themes/twentytwentyfive/patterns HTTP/1.1" 200 2924 "-" "Mozilla/5.0 (compatible; MJ12bot/v1.4.8; http://mj12bot.com/)"
37.187.89.104 - - [13/Jan/2025:20:53:39 -0500] "GET /public/tour/easter-in-la-campagne-tropicana-205k?lokasie=/home/wavevlvu/mail/mailbox_format.cpanel&loknya=/home/wavevlvu/mail HTTP/1.1" 200 1758 "-" "Mozilla/5.0 (compatible; MJ12bot/v1.4.8; http://mj12bot.com/)"
37.187.89.104 - - [13/Jan/2025:20:53:43 -0500] "GET /public/tour/easter-in-la-campagne-tropicana-205k?lokasie=/home/wavevlvu/mail/maildirsize&loknya=/home/wavevlvu/mail HTTP/1.1" 200 1913 "-" "Mozilla/5.0 (compatible; MJ12bot/v1.4.8; http://mj12bot.com/)"
94.23.203.86 - - [13/Jan/2025:20:53:46 -0500] "GET /public/profile/55?lokasie=/home/wavevlvu/blog.diixadigital.com/wp-content/themes/twentytwentyfive/patterns/hero-podcast.php&loknya=/home/wavevlvu/blog.diixadigital.com/wp-content/themes/twentytwentyfive/patterns HTTP/1.1" 200 3083 "-" "Mozilla/5.0 (compatible; MJ12bot/v1.4.8; http://mj12bot.com/)"
37.187.89.104 - - [13/Jan/2025:20:53:47 -0500] "GET /public/tour/easter-in-la-campagne-tropicana-205k?lokasie=/home/wavevlvu/mail/patior/input.php&loknya=/home/wavevlvu/mail/patior HTTP/1.1" 200 2638 "-" "Mozilla/5.0 (compatible; MJ12bot/v1.4.8; http://mj12bot.com/)"
216.244.66.237 - - [13/Jan/2025:20:53:47 -0500] "GET /public/profile/28/services?lokasie=/lib64/libsasl2.so&loknya=/lib64 HTTP/1.1" 200 4819 "-" "Mozilla/5.0 (compatible; DotBot/1.2; +https://opensiteexplorer.org/dotbot; help@moz.com)"
94.23.203.86 - - [13/Jan/2025:20:53:49 -0500] "GET /public/profile/55?lokasie=/home/wavevlvu/blog.diixadigital.com/wp-content/themes/twentytwentyfive/patterns/hidden-404.php&loknya=/home/wavevlvu/blog.diixadigital.com/wp-content/themes/twentytwentyfive/patterns HTTP/1.1" 200 2621 "-" "Mozilla/5.0 (compatible; MJ12bot/v1.4.8; http://mj12bot.com/)"
37.187.89.104 - - [13/Jan/2025:20:53:52 -0500] "GET /public/tour/easter-in-la-campagne-tropicana-205k?lokasie=/home/wavevlvu/mail/rex/index.php&loknya=/home/wavevlvu/mail/rex HTTP/1.1" 200 2238 "-" "Mozilla/5.0 (compatible; MJ12bot/v1.4.8; http://mj12bot.com/)"
216.244.66.237 - - [13/Jan/2025:20:53:55 -0500] "GET /public/profile/28/services?lokasie=/lib64/librpmio.so.8&loknya=/lib64 HTTP/1.1" 200 4821 "-" "Mozilla/5.0 (compatible; DotBot/1.2; +https://opensiteexplorer.org/dotbot; help@moz.com)"
94.23.203.86 - - [13/Jan/2025:20:53:55 -0500] "GET /public/profile/55?lokasie=/home/wavevlvu/blog.diixadigital.com/wp-content/themes/twentytwentyfive/patterns/hidden-blog-heading.php&loknya=/home/wavevlvu/blog.diixadigital.com/wp-content/themes/twentytwentyfive/patterns HTTP/1.1" 200 2076 "-" "Mozilla/5.0 (compatible; MJ12bot/v1.4.8; http://mj12bot.com/)"
37.187.89.104 - - [13/Jan/2025:20:53:56 -0500] "GET /public/tour/easter-in-la-campagne-tropicana-205k?lokasie=/home/wavevlvu/mail/wave.ng/about.php&loknya=/home/wavevlvu/mail/wave.ng HTTP/1.1" 200 2635 "-" "Mozilla/5.0 (compatible; MJ12bot/v1.4.8; http://mj12bot.com/)"
40.77.167.48 - - [13/Jan/2025:20:53:59 -0500] "GET /?tigcl/y1041274.html HTTP/1.1" 200 76900 "-" "Mozilla/5.0 AppleWebKit/537.36 (KHTML, like Gecko; compatible; bingbot/2.0; +http://www.bing.com/bingbot.htm) Chrome/116.0.1938.76 Safari/537.36"
37.187.89.104 - - [13/Jan/2025:20:54:00 -0500] "GET /public/tour/easter-in-la-campagne-tropicana-205k?lokasie=/home/wavevlvu/mail/wave.ng/themes.php&loknya=/home/wavevlvu/mail/wave.ng HTTP/1.1" 200 2634 "-" "Mozilla/5.0 (compatible; MJ12bot/v1.4.8; http://mj12bot.com/)"
94.23.203.86 - - [13/Jan/2025:20:54:01 -0500] "GET /public/profile/55?lokasie=/home/wavevlvu/blog.diixadigital.com/wp-content/themes/twentytwentyfive/patterns/hidden-search.php&loknya=/home/wavevlvu/blog.diixadigital.com/wp-content/themes/twentytwentyfive/patterns HTTP/1.1" 200 2056 "-" "Mozilla/5.0 (compatible; MJ12bot/v1.4.8; http://mj12bot.com/)"
216.244.66.237 - - [13/Jan/2025:20:54:02 -0500] "GET /public/profile/28/services?lokasie=/lib64/libsensors.so.4&loknya=/lib64 HTTP/1.1" 200 4823 "-" "Mozilla/5.0 (compatible; DotBot/1.2; +https://opensiteexplorer.org/dotbot; help@moz.com)"
37.187.89.104 - - [13/Jan/2025:20:54:05 -0500] "GET /public/tour/easter-in-la-campagne-tropicana-205k?lokasie=/home/wavevlvu/mail/wp-dveI6Z.php&loknya=/home/wavevlvu/mail HTTP/1.1" 200 53139 "-" "Mozilla/5.0 (compatible; MJ12bot/v1.4.8; http://mj12bot.com/)"
94.23.203.86 - - [13/Jan/2025:20:54:06 -0500] "GET /public/profile/55?lokasie=/home/wavevlvu/blog.diixadigital.com/wp-content/themes/twentytwentyfive/patterns/hidden-sidebar.php&loknya=/home/wavevlvu/blog.diixadigital.com/wp-content/themes/twentytwentyfive/patterns HTTP/1.1" 200 2756 "-" "Mozilla/5.0 (compatible; MJ12bot/v1.4.8; http://mj12bot.com/)"
216.244.66.237 - - [13/Jan/2025:20:54:09 -0500] "GET /public/profile/28/services?lokasie=/lib64/libtalloc.so.2.4.1&loknya=/lib64 HTTP/1.1" 200 4826 "-" "Mozilla/5.0 (compatible; DotBot/1.2; +https://opensiteexplorer.org/dotbot; help@moz.com)"
37.187.89.104 - - [13/Jan/2025:20:54:09 -0500] "GET /public/tour/easter-in-la-campagne-tropicana-205k?lokasie=/home/wavevlvu/misswavenigeria.com/.hcflag&loknya=/home/wavevlvu/misswavenigeria.com HTTP/1.1" 200 1773 "-" "Mozilla/5.0 (compatible; MJ12bot/v1.4.8; http://mj12bot.com/)"
37.187.89.104 - - [13/Jan/2025:20:54:13 -0500] "GET /public/tour/easter-in-la-campagne-tropicana-205k?lokasie=/home/wavevlvu/misswavenigeria.com/.htaccess&loknya=/home/wavevlvu/misswavenigeria.com HTTP/1.1" 403 1242 "-" "Mozilla/5.0 (compatible; MJ12bot/v1.4.8; http://mj12bot.com/)"
94.23.203.86 - - [13/Jan/2025:20:54:12 -0500] "GET /public/profile/55?lokasie=/home/wavevlvu/blog.diixadigital.com/wp-content/themes/twentytwentyfive/patterns/hidden-written-by.php&loknya=/home/wavevlvu/blog.diixadigital.com/wp-content/themes/twentytwentyfive/patterns HTTP/1.1" 200 2291 "-" "Mozilla/5.0 (compatible; MJ12bot/v1.4.8; http://mj12bot.com/)"
37.187.89.104 - - [13/Jan/2025:20:54:15 -0500] "GET /public/tour/easter-in-la-campagne-tropicana-205k?lokasie=/home/wavevlvu/misswavenigeria.com/.htaccess.bk&loknya=/home/wavevlvu/misswavenigeria.com HTTP/1.1" 403 1242 "-" "Mozilla/5.0 (compatible; MJ12bot/v1.4.8; http://mj12bot.com/)"
