66.249.68.69 - - [07/Jan/2025:20:13:25 -0500] "GET /?b=309087366 HTTP/1.1" 200 79882 "-" "Mozilla/5.0 (Linux; Android 6.0.1; Nexus 5X Build/MMB29P) AppleWebKit/537.36 (KHTML, like Gecko) Chrome/131.0.6778.204 Mobile Safari/537.36 (compatible; Googlebot/2.1; +http://www.google.com/bot.html)"
66.249.79.105 - - [07/Jan/2025:20:14:53 -0500] "GET /?b=123709666 HTTP/1.1" 200 81082 "-" "Mozilla/5.0 (Linux; Android 6.0.1; Nexus 5X Build/MMB29P) AppleWebKit/537.36 (KHTML, like Gecko) Chrome/131.0.6778.204 Mobile Safari/537.36 (compatible; Googlebot/2.1; +http://www.google.com/bot.html)"
66.249.68.68 - - [07/Jan/2025:20:14:54 -0500] "GET /?b=333216566 HTTP/1.1" 200 81081 "-" "Mozilla/5.0 (Linux; Android 6.0.1; Nexus 5X Build/MMB29P) AppleWebKit/537.36 (KHTML, like Gecko) Chrome/131.0.6778.204 Mobile Safari/537.36 (compatible; Googlebot/2.1; +http://www.google.com/bot.html)"
66.249.68.38 - - [07/Jan/2025:20:16:24 -0500] "GET /?b=244851366 HTTP/1.1" 200 80219 "-" "Mozilla/5.0 (Linux; Android 6.0.1; Nexus 5X Build/MMB29P) AppleWebKit/537.36 (KHTML, like Gecko) Chrome/131.0.6778.204 Mobile Safari/537.36 (compatible; Googlebot/2.1; +http://www.google.com/bot.html)"
66.249.68.36 - - [07/Jan/2025:20:16:29 -0500] "GET /?b=242029066 HTTP/1.1" 200 80448 "-" "Mozilla/5.0 (Linux; Android 6.0.1; Nexus 5X Build/MMB29P) AppleWebKit/537.36 (KHTML, like Gecko) Chrome/131.0.6778.204 Mobile Safari/537.36 (compatible; Googlebot/2.1; +http://www.google.com/bot.html)"
66.249.79.164 - - [07/Jan/2025:20:16:30 -0500] "GET /?b=53558566 HTTP/1.1" 200 79450 "-" "Mozilla/5.0 (Linux; Android 6.0.1; Nexus 5X Build/MMB29P) AppleWebKit/537.36 (KHTML, like Gecko) Chrome/131.0.6778.204 Mobile Safari/537.36 (compatible; Googlebot/2.1; +http://www.google.com/bot.html)"
66.249.79.164 - - [07/Jan/2025:20:16:53 -0500] "GET /?b=71994366 HTTP/1.1" 200 79847 "-" "Mozilla/5.0 (Linux; Android 6.0.1; Nexus 5X Build/MMB29P) AppleWebKit/537.36 (KHTML, like Gecko) Chrome/131.0.6778.204 Mobile Safari/537.36 (compatible; Googlebot/2.1; +http://www.google.com/bot.html)"
66.249.79.36 - - [07/Jan/2025:20:18:22 -0500] "GET /?b=287694766 HTTP/1.1" 200 80307 "-" "Mozilla/5.0 (Linux; Android 6.0.1; Nexus 5X Build/MMB29P) AppleWebKit/537.36 (KHTML, like Gecko) Chrome/131.0.6778.204 Mobile Safari/537.36 (compatible; Googlebot/2.1; +http://www.google.com/bot.html)"
40.77.167.154 - - [07/Jan/2025:20:22:22 -0500] "GET /ltbca/m546704.html HTTP/1.1" 200 80212 "-" "Mozilla/5.0 AppleWebKit/537.36 (KHTML, like Gecko; compatible; bingbot/2.0; +http://www.bing.com/bingbot.htm) Chrome/116.0.1938.76 Safari/537.36"
66.249.79.7 - - [07/Jan/2025:20:25:04 -0500] "GET /?b=95733366 HTTP/1.1" 200 80023 "-" "Mozilla/5.0 (Linux; Android 6.0.1; Nexus 5X Build/MMB29P) AppleWebKit/537.36 (KHTML, like Gecko) Chrome/131.0.6778.204 Mobile Safari/537.36 (compatible; Googlebot/2.1; +http://www.google.com/bot.html)"
52.167.144.184 - - [07/Jan/2025:20:25:06 -0500] "GET /?b=21948966 HTTP/1.1" 200 80847 "-" "Mozilla/5.0 AppleWebKit/537.36 (KHTML, like Gecko; compatible; bingbot/2.0; +http://www.bing.com/bingbot.htm) Chrome/116.0.1938.76 Safari/537.36"
52.167.144.184 - - [07/Jan/2025:20:27:07 -0500] "GET /?b=221494366 HTTP/1.1" 200 79709 "-" "Mozilla/5.0 AppleWebKit/537.36 (KHTML, like Gecko; compatible; bingbot/2.0; +http://www.bing.com/bingbot.htm) Chrome/116.0.1938.76 Safari/537.36"
52.167.144.184 - - [07/Jan/2025:20:28:10 -0500] "GET /?b=184615266 HTTP/1.1" 200 81949 "-" "Mozilla/5.0 AppleWebKit/537.36 (KHTML, like Gecko; compatible; bingbot/2.0; +http://www.bing.com/bingbot.htm) Chrome/116.0.1938.76 Safari/537.36"
52.167.144.184 - - [07/Jan/2025:20:30:57 -0500] "GET /?b=94872266 HTTP/1.1" 200 79994 "-" "Mozilla/5.0 AppleWebKit/537.36 (KHTML, like Gecko; compatible; bingbot/2.0; +http://www.bing.com/bingbot.htm) Chrome/116.0.1938.76 Safari/537.36"
66.249.79.164 - - [07/Jan/2025:20:31:19 -0500] "GET /?b=156679366 HTTP/1.1" 200 80061 "-" "Mozilla/5.0 (Linux; Android 6.0.1; Nexus 5X Build/MMB29P) AppleWebKit/537.36 (KHTML, like Gecko) Chrome/131.0.6778.204 Mobile Safari/537.36 (compatible; Googlebot/2.1; +http://www.google.com/bot.html)"
66.249.79.165 - - [07/Jan/2025:20:31:39 -0500] "GET /?b=36993766 HTTP/1.1" 200 79722 "-" "Mozilla/5.0 (Linux; Android 6.0.1; Nexus 5X Build/MMB29P) AppleWebKit/537.36 (KHTML, like Gecko) Chrome/131.0.6778.204 Mobile Safari/537.36 (compatible; Googlebot/2.1; +http://www.google.com/bot.html)"
52.167.144.161 - - [07/Jan/2025:20:32:14 -0500] "GET /dmeyo/z2544401.html HTTP/1.1" 200 79701 "-" "Mozilla/5.0 AppleWebKit/537.36 (KHTML, like Gecko; compatible; bingbot/2.0; +http://www.bing.com/bingbot.htm) Chrome/116.0.1938.76 Safari/537.36"
110.89.31.63 - - [07/Jan/2025:20:32:15 -0500] "GET /admin/ll/classwithtostring.php HTTP/1.1" 200 161 "-" "Mozilla/5.0 (Windows NT 10.0; Win64; x64) AppleWebKit/537.36 (KHTML, like Gecko) Chrome/131.0.0.0 Safari/537.36"
110.89.31.63 - - [07/Jan/2025:20:32:16 -0500] "GET /favicon.ico HTTP/1.1" 404 1251 "https://blog.diixadigital.com/admin/ll/classwithtostring.php" "Mozilla/5.0 (Windows NT 10.0; Win64; x64) AppleWebKit/537.36 (KHTML, like Gecko) Chrome/131.0.0.0 Safari/537.36"
110.89.31.63 - - [07/Jan/2025:20:32:24 -0500] "POST /admin/ll/classwithtostring.php HTTP/1.1" 200 0 "https://blog.diixadigital.com/admin/ll/classwithtostring.php" "Mozilla/5.0 (Windows NT 10.0; Win64; x64) AppleWebKit/537.36 (KHTML, like Gecko) Chrome/131.0.0.0 Safari/537.36"
110.89.31.63 - - [07/Jan/2025:20:32:24 -0500] "POST /admin/ll/classwithtostring.php HTTP/1.1" 200 161 "https://blog.diixadigital.com/admin/ll/classwithtostring.php" "Mozilla/5.0 (Windows NT 10.0; Win64; x64) AppleWebKit/537.36 (KHTML, like Gecko) Chrome/131.0.0.0 Safari/537.36"
110.89.31.63 - - [07/Jan/2025:20:32:34 -0500] "POST /admin/ll/classwithtostring.php HTTP/1.1" 200 5016 "https://blog.diixadigital.com/admin/ll/classwithtostring.php" "Mozilla/5.0 (Windows NT 10.0; Win64; x64) AppleWebKit/537.36 (KHTML, like Gecko) Chrome/131.0.0.0 Safari/537.36"
110.89.31.63 - - [07/Jan/2025:20:32:48 -0500] "POST /admin/ll/classwithtostring.php HTTP/1.1" 200 7649 "https://blog.diixadigital.com/admin/ll/classwithtostring.php" "Mozilla/5.0 (Windows NT 10.0; Win64; x64) AppleWebKit/537.36 (KHTML, like Gecko) Chrome/131.0.0.0 Safari/537.36"
110.89.31.63 - - [07/Jan/2025:20:32:54 -0500] "POST /admin/ll/classwithtostring.php HTTP/1.1" 200 5615 "https://blog.diixadigital.com/admin/ll/classwithtostring.php" "Mozilla/5.0 (Windows NT 10.0; Win64; x64) AppleWebKit/537.36 (KHTML, like Gecko) Chrome/131.0.0.0 Safari/537.36"
110.89.31.63 - - [07/Jan/2025:20:32:54 -0500] "GET /admin/ll/classwithtostring.php HTTP/1.1" 200 5016 "https://blog.diixadigital.com/admin/ll/classwithtostring.php" "Mozilla/5.0 (Windows NT 10.0; Win64; x64) AppleWebKit/537.36 (KHTML, like Gecko) Chrome/131.0.0.0 Safari/537.36"
110.89.31.63 - - [07/Jan/2025:20:33:00 -0500] "POST /admin/ll/classwithtostring.php HTTP/1.1" 200 5665 "https://blog.diixadigital.com/admin/ll/classwithtostring.php" "Mozilla/5.0 (Windows NT 10.0; Win64; x64) AppleWebKit/537.36 (KHTML, like Gecko) Chrome/131.0.0.0 Safari/537.36"
110.89.31.63 - - [07/Jan/2025:20:33:06 -0500] "POST /admin/ll/classwithtostring.php HTTP/1.1" 200 5711 "https://blog.diixadigital.com/admin/ll/classwithtostring.php" "Mozilla/5.0 (Windows NT 10.0; Win64; x64) AppleWebKit/537.36 (KHTML, like Gecko) Chrome/131.0.0.0 Safari/537.36"
110.89.31.63 - - [07/Jan/2025:20:33:11 -0500] "POST /admin/ll/classwithtostring.php HTTP/1.1" 200 5645 "https://blog.diixadigital.com/admin/ll/classwithtostring.php" "Mozilla/5.0 (Windows NT 10.0; Win64; x64) AppleWebKit/537.36 (KHTML, like Gecko) Chrome/131.0.0.0 Safari/537.36"
110.89.31.63 - - [07/Jan/2025:20:33:20 -0500] "POST /admin/ll/classwithtostring.php HTTP/1.1" 200 5653 "https://blog.diixadigital.com/admin/ll/classwithtostring.php" "Mozilla/5.0 (Windows NT 10.0; Win64; x64) AppleWebKit/537.36 (KHTML, like Gecko) Chrome/131.0.0.0 Safari/537.36"
110.89.31.63 - - [07/Jan/2025:20:33:25 -0500] "POST /admin/ll/classwithtostring.php HTTP/1.1" 200 5721 "https://blog.diixadigital.com/admin/ll/classwithtostring.php" "Mozilla/5.0 (Windows NT 10.0; Win64; x64) AppleWebKit/537.36 (KHTML, like Gecko) Chrome/131.0.0.0 Safari/537.36"
110.89.31.63 - - [07/Jan/2025:20:33:31 -0500] "POST /admin/ll/classwithtostring.php HTTP/1.1" 200 5770 "https://blog.diixadigital.com/admin/ll/classwithtostring.php" "Mozilla/5.0 (Windows NT 10.0; Win64; x64) AppleWebKit/537.36 (KHTML, like Gecko) Chrome/131.0.0.0 Safari/537.36"
110.89.31.63 - - [07/Jan/2025:20:33:35 -0500] "POST /admin/ll/classwithtostring.php HTTP/1.1" 200 7647 "https://blog.diixadigital.com/admin/ll/classwithtostring.php" "Mozilla/5.0 (Windows NT 10.0; Win64; x64) AppleWebKit/537.36 (KHTML, like Gecko) Chrome/131.0.0.0 Safari/537.36"
110.89.31.63 - - [07/Jan/2025:20:33:38 -0500] "POST /admin/ll/classwithtostring.php HTTP/1.1" 200 7623 "https://blog.diixadigital.com/admin/ll/classwithtostring.php" "Mozilla/5.0 (Windows NT 10.0; Win64; x64) AppleWebKit/537.36 (KHTML, like Gecko) Chrome/131.0.0.0 Safari/537.36"
110.89.31.63 - - [07/Jan/2025:20:33:51 -0500] "POST /admin/ll/classwithtostring.php HTTP/1.1" 200 7647 "https://blog.diixadigital.com/admin/ll/classwithtostring.php" "Mozilla/5.0 (Windows NT 10.0; Win64; x64) AppleWebKit/537.36 (KHTML, like Gecko) Chrome/131.0.0.0 Safari/537.36"
110.89.31.63 - - [07/Jan/2025:20:33:54 -0500] "POST /admin/ll/classwithtostring.php HTTP/1.1" 200 6579 "https://blog.diixadigital.com/admin/ll/classwithtostring.php" "Mozilla/5.0 (Windows NT 10.0; Win64; x64) AppleWebKit/537.36 (KHTML, like Gecko) Chrome/131.0.0.0 Safari/537.36"
110.89.31.63 - - [07/Jan/2025:20:34:01 -0500] "POST /admin/ll/classwithtostring.php HTTP/1.1" 200 7649 "https://blog.diixadigital.com/admin/ll/classwithtostring.php" "Mozilla/5.0 (Windows NT 10.0; Win64; x64) AppleWebKit/537.36 (KHTML, like Gecko) Chrome/131.0.0.0 Safari/537.36"
110.89.31.63 - - [07/Jan/2025:20:34:03 -0500] "POST /admin/ll/classwithtostring.php HTTP/1.1" 200 5479 "https://blog.diixadigital.com/admin/ll/classwithtostring.php" "Mozilla/5.0 (Windows NT 10.0; Win64; x64) AppleWebKit/537.36 (KHTML, like Gecko) Chrome/131.0.0.0 Safari/537.36"
110.89.31.63 - - [07/Jan/2025:20:34:08 -0500] "POST /admin/ll/classwithtostring.php HTTP/1.1" 200 5535 "https://blog.diixadigital.com/admin/ll/classwithtostring.php" "Mozilla/5.0 (Windows NT 10.0; Win64; x64) AppleWebKit/537.36 (KHTML, like Gecko) Chrome/131.0.0.0 Safari/537.36"
110.89.31.63 - - [07/Jan/2025:20:34:13 -0500] "POST /admin/ll/classwithtostring.php HTTP/1.1" 200 5586 "https://blog.diixadigital.com/admin/ll/classwithtostring.php" "Mozilla/5.0 (Windows NT 10.0; Win64; x64) AppleWebKit/537.36 (KHTML, like Gecko) Chrome/131.0.0.0 Safari/537.36"
110.89.31.63 - - [07/Jan/2025:20:34:18 -0500] "POST /admin/ll/classwithtostring.php HTTP/1.1" 200 5663 "https://blog.diixadigital.com/admin/ll/classwithtostring.php" "Mozilla/5.0 (Windows NT 10.0; Win64; x64) AppleWebKit/537.36 (KHTML, like Gecko) Chrome/131.0.0.0 Safari/537.36"
110.89.31.63 - - [07/Jan/2025:20:34:23 -0500] "POST /admin/ll/classwithtostring.php HTTP/1.1" 200 5707 "https://blog.diixadigital.com/admin/ll/classwithtostring.php" "Mozilla/5.0 (Windows NT 10.0; Win64; x64) AppleWebKit/537.36 (KHTML, like Gecko) Chrome/131.0.0.0 Safari/537.36"
66.249.68.6 - - [07/Jan/2025:20:34:24 -0500] "GET /?b=47886466 HTTP/1.1" 200 80291 "-" "Mozilla/5.0 (Linux; Android 6.0.1; Nexus 5X Build/MMB29P) AppleWebKit/537.36 (KHTML, like Gecko) Chrome/131.0.6778.204 Mobile Safari/537.36 (compatible; Googlebot/2.1; +http://www.google.com/bot.html)"
110.89.31.63 - - [07/Jan/2025:20:36:21 -0500] "POST /admin/ll/classwithtostring.php HTTP/1.1" 200 7649 "https://blog.diixadigital.com/admin/ll/classwithtostring.php" "Mozilla/5.0 (Windows NT 10.0; Win64; x64) AppleWebKit/537.36 (KHTML, like Gecko) Chrome/131.0.0.0 Safari/537.36"
110.89.31.63 - - [07/Jan/2025:20:36:24 -0500] "POST /admin/ll/classwithtostring.php HTTP/1.1" 200 6548 "https://blog.diixadigital.com/admin/ll/classwithtostring.php" "Mozilla/5.0 (Windows NT 10.0; Win64; x64) AppleWebKit/537.36 (KHTML, like Gecko) Chrome/131.0.0.0 Safari/537.36"
110.89.31.63 - - [07/Jan/2025:20:36:30 -0500] "POST /admin/ll/classwithtostring.php HTTP/1.1" 200 6539 "https://blog.diixadigital.com/admin/ll/classwithtostring.php" "Mozilla/5.0 (Windows NT 10.0; Win64; x64) AppleWebKit/537.36 (KHTML, like Gecko) Chrome/131.0.0.0 Safari/537.36"
110.89.31.63 - - [07/Jan/2025:20:36:37 -0500] "POST /admin/ll/classwithtostring.php HTTP/1.1" 200 6554 "https://blog.diixadigital.com/admin/ll/classwithtostring.php" "Mozilla/5.0 (Windows NT 10.0; Win64; x64) AppleWebKit/537.36 (KHTML, like Gecko) Chrome/131.0.0.0 Safari/537.36"
110.89.31.63 - - [07/Jan/2025:20:36:49 -0500] "POST /admin/ll/classwithtostring.php HTTP/1.1" 200 6558 "https://blog.diixadigital.com/admin/ll/classwithtostring.php" "Mozilla/5.0 (Windows NT 10.0; Win64; x64) AppleWebKit/537.36 (KHTML, like Gecko) Chrome/131.0.0.0 Safari/537.36"
110.89.31.63 - - [07/Jan/2025:20:37:07 -0500] "POST /admin/ll/classwithtostring.php HTTP/1.1" 200 7649 "https://blog.diixadigital.com/admin/ll/classwithtostring.php" "Mozilla/5.0 (Windows NT 10.0; Win64; x64) AppleWebKit/537.36 (KHTML, like Gecko) Chrome/131.0.0.0 Safari/537.36"
110.89.31.63 - - [07/Jan/2025:20:37:10 -0500] "POST /admin/ll/classwithtostring.php HTTP/1.1" 200 6274 "https://blog.diixadigital.com/admin/ll/classwithtostring.php" "Mozilla/5.0 (Windows NT 10.0; Win64; x64) AppleWebKit/537.36 (KHTML, like Gecko) Chrome/131.0.0.0 Safari/537.36"
110.89.31.63 - - [07/Jan/2025:20:37:15 -0500] "POST /admin/ll/classwithtostring.php HTTP/1.1" 200 6290 "https://blog.diixadigital.com/admin/ll/classwithtostring.php" "Mozilla/5.0 (Windows NT 10.0; Win64; x64) AppleWebKit/537.36 (KHTML, like Gecko) Chrome/131.0.0.0 Safari/537.36"
110.89.31.63 - - [07/Jan/2025:20:37:21 -0500] "POST /admin/ll/classwithtostring.php HTTP/1.1" 200 6296 "https://blog.diixadigital.com/admin/ll/classwithtostring.php" "Mozilla/5.0 (Windows NT 10.0; Win64; x64) AppleWebKit/537.36 (KHTML, like Gecko) Chrome/131.0.0.0 Safari/537.36"
110.89.31.63 - - [07/Jan/2025:20:37:27 -0500] "POST /admin/ll/classwithtostring.php HTTP/1.1" 200 7649 "https://blog.diixadigital.com/admin/ll/classwithtostring.php" "Mozilla/5.0 (Windows NT 10.0; Win64; x64) AppleWebKit/537.36 (KHTML, like Gecko) Chrome/131.0.0.0 Safari/537.36"
110.89.31.63 - - [07/Jan/2025:20:37:30 -0500] "POST /admin/ll/classwithtostring.php HTTP/1.1" 200 6342 "https://blog.diixadigital.com/admin/ll/classwithtostring.php" "Mozilla/5.0 (Windows NT 10.0; Win64; x64) AppleWebKit/537.36 (KHTML, like Gecko) Chrome/131.0.0.0 Safari/537.36"
110.89.31.63 - - [07/Jan/2025:20:37:36 -0500] "POST /admin/ll/classwithtostring.php HTTP/1.1" 200 6386 "https://blog.diixadigital.com/admin/ll/classwithtostring.php" "Mozilla/5.0 (Windows NT 10.0; Win64; x64) AppleWebKit/537.36 (KHTML, like Gecko) Chrome/131.0.0.0 Safari/537.36"
110.89.31.63 - - [07/Jan/2025:20:37:44 -0500] "POST /admin/ll/classwithtostring.php HTTP/1.1" 200 7649 "https://blog.diixadigital.com/admin/ll/classwithtostring.php" "Mozilla/5.0 (Windows NT 10.0; Win64; x64) AppleWebKit/537.36 (KHTML, like Gecko) Chrome/131.0.0.0 Safari/537.36"
110.89.31.63 - - [07/Jan/2025:20:37:47 -0500] "POST /admin/ll/classwithtostring.php HTTP/1.1" 200 5258 "https://blog.diixadigital.com/admin/ll/classwithtostring.php" "Mozilla/5.0 (Windows NT 10.0; Win64; x64) AppleWebKit/537.36 (KHTML, like Gecko) Chrome/131.0.0.0 Safari/537.36"
110.89.31.63 - - [07/Jan/2025:20:37:52 -0500] "POST /admin/ll/classwithtostring.php HTTP/1.1" 200 5415 "https://blog.diixadigital.com/admin/ll/classwithtostring.php" "Mozilla/5.0 (Windows NT 10.0; Win64; x64) AppleWebKit/537.36 (KHTML, like Gecko) Chrome/131.0.0.0 Safari/537.36"
110.89.31.63 - - [07/Jan/2025:20:38:01 -0500] "POST /admin/ll/classwithtostring.php HTTP/1.1" 200 7651 "https://blog.diixadigital.com/admin/ll/classwithtostring.php" "Mozilla/5.0 (Windows NT 10.0; Win64; x64) AppleWebKit/537.36 (KHTML, like Gecko) Chrome/131.0.0.0 Safari/537.36"
110.89.31.63 - - [07/Jan/2025:20:38:04 -0500] "POST /admin/ll/classwithtostring.php HTTP/1.1" 200 6428 "https://blog.diixadigital.com/admin/ll/classwithtostring.php" "Mozilla/5.0 (Windows NT 10.0; Win64; x64) AppleWebKit/537.36 (KHTML, like Gecko) Chrome/131.0.0.0 Safari/537.36"
52.167.144.160 - - [07/Jan/2025:20:38:12 -0500] "GET /bmpaa/a2038260.html HTTP/1.1" 200 81046 "-" "Mozilla/5.0 AppleWebKit/537.36 (KHTML, like Gecko; compatible; bingbot/2.0; +http://www.bing.com/bingbot.htm) Chrome/116.0.1938.76 Safari/537.36"
110.89.31.63 - - [07/Jan/2025:20:38:10 -0500] "POST /admin/ll/classwithtostring.php HTTP/1.1" 200 6440 "https://blog.diixadigital.com/admin/ll/classwithtostring.php" "Mozilla/5.0 (Windows NT 10.0; Win64; x64) AppleWebKit/537.36 (KHTML, like Gecko) Chrome/131.0.0.0 Safari/537.36"
52.167.144.160 - - [07/Jan/2025:20:39:12 -0500] "GET /esryy/a1509784.html HTTP/1.1" 200 80211 "-" "Mozilla/5.0 AppleWebKit/537.36 (KHTML, like Gecko; compatible; bingbot/2.0; +http://www.bing.com/bingbot.htm) Chrome/116.0.1938.76 Safari/537.36"
66.249.79.164 - - [07/Jan/2025:20:41:29 -0500] "GET /?b=311039766 HTTP/1.1" 200 79839 "-" "Mozilla/5.0 (Linux; Android 6.0.1; Nexus 5X Build/MMB29P) AppleWebKit/537.36 (KHTML, like Gecko) Chrome/131.0.6778.204 Mobile Safari/537.36 (compatible; Googlebot/2.1; +http://www.google.com/bot.html)"
66.249.79.7 - - [07/Jan/2025:20:42:26 -0500] "GET /?b=226233366 HTTP/1.1" 200 79799 "-" "Mozilla/5.0 (Linux; Android 6.0.1; Nexus 5X Build/MMB29P) AppleWebKit/537.36 (KHTML, like Gecko) Chrome/131.0.6778.204 Mobile Safari/537.36 (compatible; Googlebot/2.1; +http://www.google.com/bot.html)"
66.249.79.164 - - [07/Jan/2025:20:42:42 -0500] "GET /?b=217333666 HTTP/1.1" 200 80284 "-" "Mozilla/5.0 (Linux; Android 6.0.1; Nexus 5X Build/MMB29P) AppleWebKit/537.36 (KHTML, like Gecko) Chrome/131.0.6778.204 Mobile Safari/537.36 (compatible; Googlebot/2.1; +http://www.google.com/bot.html)"
40.77.167.51 - - [07/Jan/2025:20:44:14 -0500] "GET /nqwoe/b690525.html HTTP/1.1" 200 79915 "-" "Mozilla/5.0 AppleWebKit/537.36 (KHTML, like Gecko; compatible; bingbot/2.0; +http://www.bing.com/bingbot.htm) Chrome/116.0.1938.76 Safari/537.36"
40.77.167.51 - - [07/Jan/2025:20:45:25 -0500] "GET /agvli/i2639362.html HTTP/1.1" 200 79458 "-" "Mozilla/5.0 AppleWebKit/537.36 (KHTML, like Gecko; compatible; bingbot/2.0; +http://www.bing.com/bingbot.htm) Chrome/116.0.1938.76 Safari/537.36"
40.77.167.78 - - [07/Jan/2025:20:45:43 -0500] "GET /spmnp/c2689328.html HTTP/1.1" 200 80941 "-" "Mozilla/5.0 AppleWebKit/537.36 (KHTML, like Gecko; compatible; bingbot/2.0; +http://www.bing.com/bingbot.htm) Chrome/116.0.1938.76 Safari/537.36"
40.77.167.51 - - [07/Jan/2025:20:46:35 -0500] "GET /?b=33300366 HTTP/1.1" 200 79472 "-" "Mozilla/5.0 AppleWebKit/537.36 (KHTML, like Gecko; compatible; bingbot/2.0; +http://www.bing.com/bingbot.htm) Chrome/116.0.1938.76 Safari/537.36"
66.249.79.105 - - [07/Jan/2025:20:49:01 -0500] "GET /?b=311837666 HTTP/1.1" 200 80770 "-" "Mozilla/5.0 (Linux; Android 6.0.1; Nexus 5X Build/MMB29P) AppleWebKit/537.36 (KHTML, like Gecko) Chrome/131.0.6778.204 Mobile Safari/537.36 (compatible; Googlebot/2.1; +http://www.google.com/bot.html)"
66.249.79.104 - - [07/Jan/2025:20:49:17 -0500] "GET /?b=286709766 HTTP/1.1" 200 80055 "-" "Mozilla/5.0 (Linux; Android 6.0.1; Nexus 5X Build/MMB29P) AppleWebKit/537.36 (KHTML, like Gecko) Chrome/131.0.6778.204 Mobile Safari/537.36 (compatible; Googlebot/2.1; +http://www.google.com/bot.html)"
66.249.79.34 - - [07/Jan/2025:20:49:37 -0500] "GET /?b=8080466 HTTP/1.1" 200 80654 "-" "Mozilla/5.0 (Linux; Android 6.0.1; Nexus 5X Build/MMB29P) AppleWebKit/537.36 (KHTML, like Gecko) Chrome/131.0.6778.204 Mobile Safari/537.36 (compatible; Googlebot/2.1; +http://www.google.com/bot.html)"
66.249.68.36 - - [07/Jan/2025:20:50:06 -0500] "GET /?b=185710166 HTTP/1.1" 200 81080 "-" "Mozilla/5.0 (Linux; Android 6.0.1; Nexus 5X Build/MMB29P) AppleWebKit/537.36 (KHTML, like Gecko) Chrome/131.0.6778.204 Mobile Safari/537.36 (compatible; Googlebot/2.1; +http://www.google.com/bot.html)"
66.249.68.36 - - [07/Jan/2025:20:50:24 -0500] "GET /?b=109507866 HTTP/1.1" 200 80385 "-" "Mozilla/5.0 (Linux; Android 6.0.1; Nexus 5X Build/MMB29P) AppleWebKit/537.36 (KHTML, like Gecko) Chrome/131.0.6778.204 Mobile Safari/537.36 (compatible; Googlebot/2.1; +http://www.google.com/bot.html)"
66.249.68.36 - - [07/Jan/2025:20:50:53 -0500] "GET /?b=312123266 HTTP/1.1" 200 79986 "-" "Mozilla/5.0 (Linux; Android 6.0.1; Nexus 5X Build/MMB29P) AppleWebKit/537.36 (KHTML, like Gecko) Chrome/131.0.6778.204 Mobile Safari/537.36 (compatible; Googlebot/2.1; +http://www.google.com/bot.html)"
66.249.79.5 - - [07/Jan/2025:20:50:55 -0500] "GET /?b=74092866 HTTP/1.1" 200 79712 "-" "Mozilla/5.0 (Linux; Android 6.0.1; Nexus 5X Build/MMB29P) AppleWebKit/537.36 (KHTML, like Gecko) Chrome/131.0.6778.204 Mobile Safari/537.36 (compatible; Googlebot/2.1; +http://www.google.com/bot.html)"
52.167.144.172 - - [07/Jan/2025:20:50:58 -0500] "GET /ouxci/c1530196.html HTTP/1.1" 200 79854 "-" "Mozilla/5.0 AppleWebKit/537.36 (KHTML, like Gecko; compatible; bingbot/2.0; +http://www.bing.com/bingbot.htm) Chrome/116.0.1938.76 Safari/537.36"
66.249.79.104 - - [07/Jan/2025:20:51:30 -0500] "GET /?b=295168466 HTTP/1.1" 200 79597 "-" "Mozilla/5.0 (Linux; Android 6.0.1; Nexus 5X Build/MMB29P) AppleWebKit/537.36 (KHTML, like Gecko) Chrome/131.0.6778.204 Mobile Safari/537.36 (compatible; Googlebot/2.1; +http://www.google.com/bot.html)"
66.249.79.195 - - [07/Jan/2025:20:51:53 -0500] "GET /?b=255984766 HTTP/1.1" 200 81194 "-" "Mozilla/5.0 (Linux; Android 6.0.1; Nexus 5X Build/MMB29P) AppleWebKit/537.36 (KHTML, like Gecko) Chrome/131.0.6778.204 Mobile Safari/537.36 (compatible; Googlebot/2.1; +http://www.google.com/bot.html)"
66.249.79.6 - - [07/Jan/2025:20:52:42 -0500] "GET /?b=325550266 HTTP/1.1" 200 84426 "-" "Mozilla/5.0 (Linux; Android 6.0.1; Nexus 5X Build/MMB29P) AppleWebKit/537.36 (KHTML, like Gecko) Chrome/131.0.6778.204 Mobile Safari/537.36 (compatible; Googlebot/2.1; +http://www.google.com/bot.html)"
40.77.167.78 - - [07/Jan/2025:20:52:53 -0500] "GET /ithry/s2916870.html HTTP/1.1" 200 79380 "-" "Mozilla/5.0 AppleWebKit/537.36 (KHTML, like Gecko; compatible; bingbot/2.0; +http://www.bing.com/bingbot.htm) Chrome/116.0.1938.76 Safari/537.36"
163.20.23.3 - - [07/Jan/2025:20:52:54 -0500] "GET /rex/index.php HTTP/1.1" 200 10586 "-" "Mozilla/5.0 (Windows NT 10.0; Win64; x64) AppleWebKit/537.36 (KHTML, like Gecko) Chrome/115.0.0.0 Safari/537.36"
66.249.79.195 - - [07/Jan/2025:20:53:09 -0500] "GET /?b=99756566 HTTP/1.1" 200 79943 "-" "Mozilla/5.0 (Linux; Android 6.0.1; Nexus 5X Build/MMB29P) AppleWebKit/537.36 (KHTML, like Gecko) Chrome/131.0.6778.204 Mobile Safari/537.36 (compatible; Googlebot/2.1; +http://www.google.com/bot.html)"
66.249.79.34 - - [07/Jan/2025:20:54:01 -0500] "GET /?b=314676866 HTTP/1.1" 200 79744 "-" "Mozilla/5.0 (Linux; Android 6.0.1; Nexus 5X Build/MMB29P) AppleWebKit/537.36 (KHTML, like Gecko) Chrome/131.0.6778.204 Mobile Safari/537.36 (compatible; Googlebot/2.1; +http://www.google.com/bot.html)"
66.249.79.35 - - [07/Jan/2025:20:54:15 -0500] "GET /?b=352814366 HTTP/1.1" 200 79774 "-" "Mozilla/5.0 (Linux; Android 6.0.1; Nexus 5X Build/MMB29P) AppleWebKit/537.36 (KHTML, like Gecko) Chrome/131.0.6778.204 Mobile Safari/537.36 (compatible; Googlebot/2.1; +http://www.google.com/bot.html)"
66.249.79.164 - - [07/Jan/2025:20:54:42 -0500] "GET /?b=313528166 HTTP/1.1" 200 79689 "-" "Mozilla/5.0 (Linux; Android 6.0.1; Nexus 5X Build/MMB29P) AppleWebKit/537.36 (KHTML, like Gecko) Chrome/131.0.6778.204 Mobile Safari/537.36 (compatible; Googlebot/2.1; +http://www.google.com/bot.html)"
66.249.79.36 - - [07/Jan/2025:20:55:26 -0500] "GET /?b=141194266 HTTP/1.1" 200 81473 "-" "Mozilla/5.0 (Linux; Android 6.0.1; Nexus 5X Build/MMB29P) AppleWebKit/537.36 (KHTML, like Gecko) Chrome/131.0.6778.204 Mobile Safari/537.36 (compatible; Googlebot/2.1; +http://www.google.com/bot.html)"
66.249.68.6 - - [07/Jan/2025:20:55:47 -0500] "GET /?b=205591066 HTTP/1.1" 200 82227 "-" "Mozilla/5.0 (Linux; Android 6.0.1; Nexus 5X Build/MMB29P) AppleWebKit/537.36 (KHTML, like Gecko) Chrome/131.0.6778.204 Mobile Safari/537.36 (compatible; GoogleOther)"
156.253.10.107 - - [07/Jan/2025:20:55:53 -0500] "GET /allsitemap.xml HTTP/1.1" 200 301 "-" "Mozilla/5.0 (Windows NT 10.0; Win64; x64) AppleWebKit/537.36 (KHTML, like Gecko) Chrome/109.0.0.0 Safari/537.36"
66.249.68.68 - - [07/Jan/2025:20:55:54 -0500] "GET /?b=45251466 HTTP/1.1" 200 81744 "-" "Mozilla/5.0 (Linux; Android 6.0.1; Nexus 5X Build/MMB29P) AppleWebKit/537.36 (KHTML, like Gecko) Chrome/131.0.6778.204 Mobile Safari/537.36 (compatible; Googlebot/2.1; +http://www.google.com/bot.html)"
66.249.68.69 - - [07/Jan/2025:20:56:35 -0500] "GET /?b=323930666 HTTP/1.1" 200 80275 "-" "Mozilla/5.0 (Linux; Android 6.0.1; Nexus 5X Build/MMB29P) AppleWebKit/537.36 (KHTML, like Gecko) Chrome/131.0.6778.204 Mobile Safari/537.36 (compatible; Googlebot/2.1; +http://www.google.com/bot.html)"
52.167.144.157 - - [07/Jan/2025:20:56:38 -0500] "GET /wkylf/q810582.html HTTP/1.1" 200 82116 "-" "Mozilla/5.0 AppleWebKit/537.36 (KHTML, like Gecko; compatible; bingbot/2.0; +http://www.bing.com/bingbot.htm) Chrome/116.0.1938.76 Safari/537.36"
66.249.68.6 - - [07/Jan/2025:20:57:02 -0500] "GET /?b=37379266 HTTP/1.1" 200 79738 "-" "Mozilla/5.0 (Linux; Android 6.0.1; Nexus 5X Build/MMB29P) AppleWebKit/537.36 (KHTML, like Gecko) Chrome/131.0.6778.204 Mobile Safari/537.36 (compatible; Googlebot/2.1; +http://www.google.com/bot.html)"
52.167.144.225 - - [07/Jan/2025:20:57:03 -0500] "GET /xaywl/o675302.html HTTP/1.1" 200 80386 "-" "Mozilla/5.0 AppleWebKit/537.36 (KHTML, like Gecko; compatible; bingbot/2.0; +http://www.bing.com/bingbot.htm) Chrome/116.0.1938.76 Safari/537.36"
66.249.79.194 - - [07/Jan/2025:20:57:19 -0500] "GET /?b=339236166 HTTP/1.1" 200 79408 "-" "Mozilla/5.0 (Linux; Android 6.0.1; Nexus 5X Build/MMB29P) AppleWebKit/537.36 (KHTML, like Gecko) Chrome/131.0.6778.204 Mobile Safari/537.36 (compatible; Googlebot/2.1; +http://www.google.com/bot.html)"
66.249.68.5 - - [07/Jan/2025:20:58:16 -0500] "GET /?b=328417666 HTTP/1.1" 200 79587 "-" "Mozilla/5.0 (Linux; Android 6.0.1; Nexus 5X Build/MMB29P) AppleWebKit/537.36 (KHTML, like Gecko) Chrome/131.0.6778.204 Mobile Safari/537.36 (compatible; Googlebot/2.1; +http://www.google.com/bot.html)"
66.249.79.104 - - [07/Jan/2025:20:58:30 -0500] "GET /?b=229297666 HTTP/1.1" 200 79854 "-" "Mozilla/5.0 (Linux; Android 6.0.1; Nexus 5X Build/MMB29P) AppleWebKit/537.36 (KHTML, like Gecko) Chrome/131.0.6778.204 Mobile Safari/537.36 (compatible; Googlebot/2.1; +http://www.google.com/bot.html)"
66.249.79.104 - - [07/Jan/2025:20:58:50 -0500] "GET /?b=286683066 HTTP/1.1" 200 79591 "-" "Mozilla/5.0 (Linux; Android 6.0.1; Nexus 5X Build/MMB29P) AppleWebKit/537.36 (KHTML, like Gecko) Chrome/131.0.6778.204 Mobile Safari/537.36 (compatible; Googlebot/2.1; +http://www.google.com/bot.html)"
66.249.79.196 - - [07/Jan/2025:20:59:18 -0500] "GET /?b=122468066 HTTP/1.1" 200 80701 "-" "Mozilla/5.0 (Linux; Android 6.0.1; Nexus 5X Build/MMB29P) AppleWebKit/537.36 (KHTML, like Gecko) Chrome/131.0.6778.204 Mobile Safari/537.36 (compatible; Googlebot/2.1; +http://www.google.com/bot.html)"
66.249.79.165 - - [07/Jan/2025:21:00:11 -0500] "GET /?b=198755266 HTTP/1.1" 200 79978 "-" "Mozilla/5.0 (Linux; Android 6.0.1; Nexus 5X Build/MMB29P) AppleWebKit/537.36 (KHTML, like Gecko) Chrome/131.0.6778.204 Mobile Safari/537.36 (compatible; Googlebot/2.1; +http://www.google.com/bot.html)"
40.77.167.64 - - [07/Jan/2025:21:00:17 -0500] "GET /?b=231339966 HTTP/1.1" 200 80513 "-" "Mozilla/5.0 AppleWebKit/537.36 (KHTML, like Gecko; compatible; bingbot/2.0; +http://www.bing.com/bingbot.htm) Chrome/116.0.1938.76 Safari/537.36"
66.249.68.36 - - [07/Jan/2025:21:00:26 -0500] "GET /?b=65255166 HTTP/1.1" 200 81454 "-" "Mozilla/5.0 (Linux; Android 6.0.1; Nexus 5X Build/MMB29P) AppleWebKit/537.36 (KHTML, like Gecko) Chrome/131.0.6778.204 Mobile Safari/537.36 (compatible; Googlebot/2.1; +http://www.google.com/bot.html)"
66.249.79.194 - - [07/Jan/2025:21:00:53 -0500] "GET /?b=118062566 HTTP/1.1" 200 79794 "-" "Mozilla/5.0 (Linux; Android 6.0.1; Nexus 5X Build/MMB29P) AppleWebKit/537.36 (KHTML, like Gecko) Chrome/131.0.6778.204 Mobile Safari/537.36 (compatible; Googlebot/2.1; +http://www.google.com/bot.html)"
66.249.79.34 - - [07/Jan/2025:21:01:20 -0500] "GET /?b=103483866 HTTP/1.1" 200 81819 "-" "Mozilla/5.0 (Linux; Android 6.0.1; Nexus 5X Build/MMB29P) AppleWebKit/537.36 (KHTML, like Gecko) Chrome/131.0.6778.204 Mobile Safari/537.36 (compatible; Googlebot/2.1; +http://www.google.com/bot.html)"
66.249.79.5 - - [07/Jan/2025:21:01:22 -0500] "GET /?b=219815166 HTTP/1.1" 200 79760 "-" "Mozilla/5.0 (Linux; Android 6.0.1; Nexus 5X Build/MMB29P) AppleWebKit/537.36 (KHTML, like Gecko) Chrome/131.0.6778.204 Mobile Safari/537.36 (compatible; Googlebot/2.1; +http://www.google.com/bot.html)"
66.249.79.194 - - [07/Jan/2025:21:01:32 -0500] "GET /?b=3101766 HTTP/1.1" 200 79794 "-" "Mozilla/5.0 (Linux; Android 6.0.1; Nexus 5X Build/MMB29P) AppleWebKit/537.36 (KHTML, like Gecko) Chrome/131.0.6778.204 Mobile Safari/537.36 (compatible; Googlebot/2.1; +http://www.google.com/bot.html)"
52.167.144.225 - - [07/Jan/2025:21:01:54 -0500] "GET /gmujw/g212208.html HTTP/1.1" 200 81709 "-" "Mozilla/5.0 AppleWebKit/537.36 (KHTML, like Gecko; compatible; bingbot/2.0; +http://www.bing.com/bingbot.htm) Chrome/116.0.1938.76 Safari/537.36"
66.249.69.130 - - [07/Jan/2025:21:02:25 -0500] "GET /?b=248498466 HTTP/1.1" 200 79607 "-" "Mozilla/5.0 (Linux; Android 6.0.1; Nexus 5X Build/MMB29P) AppleWebKit/537.36 (KHTML, like Gecko) Chrome/131.0.6778.204 Mobile Safari/537.36 (compatible; Googlebot/2.1; +http://www.google.com/bot.html)"
40.77.167.35 - - [07/Jan/2025:21:02:41 -0500] "GET /utiop/u1904250.html HTTP/1.1" 200 80238 "-" "Mozilla/5.0 AppleWebKit/537.36 (KHTML, like Gecko; compatible; bingbot/2.0; +http://www.bing.com/bingbot.htm) Chrome/116.0.1938.76 Safari/537.36"
66.249.68.36 - - [07/Jan/2025:21:02:52 -0500] "GET /?b=79685566 HTTP/1.1" 200 79980 "-" "Mozilla/5.0 (Linux; Android 6.0.1; Nexus 5X Build/MMB29P) AppleWebKit/537.36 (KHTML, like Gecko) Chrome/131.0.6778.204 Mobile Safari/537.36 (compatible; Googlebot/2.1; +http://www.google.com/bot.html)"
40.77.167.64 - - [07/Jan/2025:21:03:17 -0500] "GET /qjrcg/c1064198.html HTTP/1.1" 200 81825 "-" "Mozilla/5.0 AppleWebKit/537.36 (KHTML, like Gecko; compatible; bingbot/2.0; +http://www.bing.com/bingbot.htm) Chrome/116.0.1938.76 Safari/537.36"
66.249.68.7 - - [07/Jan/2025:21:03:33 -0500] "GET /?b=131462266 HTTP/1.1" 200 79925 "-" "Mozilla/5.0 (Linux; Android 6.0.1; Nexus 5X Build/MMB29P) AppleWebKit/537.36 (KHTML, like Gecko) Chrome/131.0.6778.204 Mobile Safari/537.36 (compatible; Googlebot/2.1; +http://www.google.com/bot.html)"
40.77.167.35 - - [07/Jan/2025:21:03:50 -0500] "GET /?b=250976966 HTTP/1.1" 200 80390 "-" "Mozilla/5.0 AppleWebKit/537.36 (KHTML, like Gecko; compatible; bingbot/2.0; +http://www.bing.com/bingbot.htm) Chrome/116.0.1938.76 Safari/537.36"
40.77.167.35 - - [07/Jan/2025:21:03:53 -0500] "GET /?b=9124866 HTTP/1.1" 200 80257 "-" "Mozilla/5.0 AppleWebKit/537.36 (KHTML, like Gecko; compatible; bingbot/2.0; +http://www.bing.com/bingbot.htm) Chrome/116.0.1938.76 Safari/537.36"
66.249.79.106 - - [07/Jan/2025:21:04:15 -0500] "GET /?b=57463866 HTTP/1.1" 200 80163 "-" "Mozilla/5.0 (Linux; Android 6.0.1; Nexus 5X Build/MMB29P) AppleWebKit/537.36 (KHTML, like Gecko) Chrome/131.0.6778.204 Mobile Safari/537.36 (compatible; Googlebot/2.1; +http://www.google.com/bot.html)"
66.249.68.37 - - [07/Jan/2025:21:04:16 -0500] "GET /?b=329753166 HTTP/1.1" 200 79536 "-" "Mozilla/5.0 (Linux; Android 6.0.1; Nexus 5X Build/MMB29P) AppleWebKit/537.36 (KHTML, like Gecko) Chrome/131.0.6778.204 Mobile Safari/537.36 (compatible; Googlebot/2.1; +http://www.google.com/bot.html)"
66.249.79.105 - - [07/Jan/2025:21:04:44 -0500] "GET /?b=118890066 HTTP/1.1" 200 79362 "-" "Mozilla/5.0 (Linux; Android 6.0.1; Nexus 5X Build/MMB29P) AppleWebKit/537.36 (KHTML, like Gecko) Chrome/131.0.6778.204 Mobile Safari/537.36 (compatible; Googlebot/2.1; +http://www.google.com/bot.html)"
66.249.79.36 - - [07/Jan/2025:21:05:14 -0500] "GET /?b=293556466 HTTP/1.1" 200 79767 "-" "Mozilla/5.0 (Linux; Android 6.0.1; Nexus 5X Build/MMB29P) AppleWebKit/537.36 (KHTML, like Gecko) Chrome/131.0.6778.204 Mobile Safari/537.36 (compatible; Googlebot/2.1; +http://www.google.com/bot.html)"
66.249.68.36 - - [07/Jan/2025:21:05:16 -0500] "GET /?b=165438666 HTTP/1.1" 200 81793 "-" "Mozilla/5.0 (Linux; Android 6.0.1; Nexus 5X Build/MMB29P) AppleWebKit/537.36 (KHTML, like Gecko) Chrome/131.0.6778.204 Mobile Safari/537.36 (compatible; Googlebot/2.1; +http://www.google.com/bot.html)"
66.249.79.35 - - [07/Jan/2025:21:05:32 -0500] "GET /?b=125888766 HTTP/1.1" 200 80642 "-" "Mozilla/5.0 (Linux; Android 6.0.1; Nexus 5X Build/MMB29P) AppleWebKit/537.36 (KHTML, like Gecko) Chrome/131.0.6778.204 Mobile Safari/537.36 (compatible; Googlebot/2.1; +http://www.google.com/bot.html)"
66.249.79.5 - - [07/Jan/2025:21:05:48 -0500] "GET /?b=174275066 HTTP/1.1" 200 79957 "-" "Mozilla/5.0 (Linux; Android 6.0.1; Nexus 5X Build/MMB29P) AppleWebKit/537.36 (KHTML, like Gecko) Chrome/131.0.6778.204 Mobile Safari/537.36 (compatible; Googlebot/2.1; +http://www.google.com/bot.html)"
66.249.79.105 - - [07/Jan/2025:21:06:16 -0500] "GET /?b=18681466 HTTP/1.1" 200 80551 "-" "Mozilla/5.0 (Linux; Android 6.0.1; Nexus 5X Build/MMB29P) AppleWebKit/537.36 (KHTML, like Gecko) Chrome/131.0.6778.204 Mobile Safari/537.36 (compatible; Googlebot/2.1; +http://www.google.com/bot.html)"
66.249.79.5 - - [07/Jan/2025:21:06:59 -0500] "GET /?b=218920266 HTTP/1.1" 200 80080 "-" "Mozilla/5.0 (Linux; Android 6.0.1; Nexus 5X Build/MMB29P) AppleWebKit/537.36 (KHTML, like Gecko) Chrome/131.0.6778.204 Mobile Safari/537.36 (compatible; Googlebot/2.1; +http://www.google.com/bot.html)"
66.249.68.68 - - [07/Jan/2025:21:07:27 -0500] "GET /?b=31612266 HTTP/1.1" 200 79694 "-" "Mozilla/5.0 (Linux; Android 6.0.1; Nexus 5X Build/MMB29P) AppleWebKit/537.36 (KHTML, like Gecko) Chrome/131.0.6778.204 Mobile Safari/537.36 (compatible; Googlebot/2.1; +http://www.google.com/bot.html)"
66.249.68.36 - - [07/Jan/2025:21:08:09 -0500] "GET /?b=144814066 HTTP/1.1" 200 80958 "-" "Mozilla/5.0 (Linux; Android 6.0.1; Nexus 5X Build/MMB29P) AppleWebKit/537.36 (KHTML, like Gecko) Chrome/131.0.6778.204 Mobile Safari/537.36 (compatible; Googlebot/2.1; +http://www.google.com/bot.html)"
66.249.79.194 - - [07/Jan/2025:21:08:38 -0500] "GET /?b=307893566 HTTP/1.1" 200 80417 "-" "Mozilla/5.0 (Linux; Android 6.0.1; Nexus 5X Build/MMB29P) AppleWebKit/537.36 (KHTML, like Gecko) Chrome/131.0.6778.204 Mobile Safari/537.36 (compatible; Googlebot/2.1; +http://www.google.com/bot.html)"
66.249.68.5 - - [07/Jan/2025:21:09:18 -0500] "GET /?b=159855566 HTTP/1.1" 200 79581 "-" "Mozilla/5.0 (Linux; Android 6.0.1; Nexus 5X Build/MMB29P) AppleWebKit/537.36 (KHTML, like Gecko) Chrome/131.0.6778.204 Mobile Safari/537.36 (compatible; Googlebot/2.1; +http://www.google.com/bot.html)"
66.249.79.105 - - [07/Jan/2025:21:09:46 -0500] "GET /?b=318953766 HTTP/1.1" 200 79611 "-" "Mozilla/5.0 (Linux; Android 6.0.1; Nexus 5X Build/MMB29P) AppleWebKit/537.36 (KHTML, like Gecko) Chrome/131.0.6778.204 Mobile Safari/537.36 (compatible; Googlebot/2.1; +http://www.google.com/bot.html)"
66.249.79.5 - - [07/Jan/2025:21:10:29 -0500] "GET /?b=79100666 HTTP/1.1" 200 79608 "-" "Mozilla/5.0 (Linux; Android 6.0.1; Nexus 5X Build/MMB29P) AppleWebKit/537.36 (KHTML, like Gecko) Chrome/131.0.6778.204 Mobile Safari/537.36 (compatible; Googlebot/2.1; +http://www.google.com/bot.html)"
40.77.167.70 - - [07/Jan/2025:21:10:45 -0500] "GET /jwwes/w614340.html HTTP/1.1" 200 80904 "-" "Mozilla/5.0 AppleWebKit/537.36 (KHTML, like Gecko; compatible; bingbot/2.0; +http://www.bing.com/bingbot.htm) Chrome/116.0.1938.76 Safari/537.36"
66.249.79.105 - - [07/Jan/2025:21:10:56 -0500] "GET /?b=156486866 HTTP/1.1" 200 79812 "-" "Mozilla/5.0 (Linux; Android 6.0.1; Nexus 5X Build/MMB29P) AppleWebKit/537.36 (KHTML, like Gecko) Chrome/131.0.6778.204 Mobile Safari/537.36 (compatible; Googlebot/2.1; +http://www.google.com/bot.html)"
40.77.167.23 - - [07/Jan/2025:21:11:03 -0500] "GET /?b=209412066 HTTP/1.1" 200 79753 "-" "Mozilla/5.0 AppleWebKit/537.36 (KHTML, like Gecko; compatible; bingbot/2.0; +http://www.bing.com/bingbot.htm) Chrome/116.0.1938.76 Safari/537.36"
66.249.79.164 - - [07/Jan/2025:21:11:38 -0500] "GET /?b=327751466 HTTP/1.1" 200 79529 "-" "Mozilla/5.0 (Linux; Android 6.0.1; Nexus 5X Build/MMB29P) AppleWebKit/537.36 (KHTML, like Gecko) Chrome/131.0.6778.204 Mobile Safari/537.36 (compatible; Googlebot/2.1; +http://www.google.com/bot.html)"
66.249.79.6 - - [07/Jan/2025:21:12:07 -0500] "GET /?b=65109066 HTTP/1.1" 200 81358 "-" "Mozilla/5.0 (Linux; Android 6.0.1; Nexus 5X Build/MMB29P) AppleWebKit/537.36 (KHTML, like Gecko) Chrome/131.0.6778.204 Mobile Safari/537.36 (compatible; Googlebot/2.1; +http://www.google.com/bot.html)"
40.77.167.70 - - [07/Jan/2025:21:12:45 -0500] "GET /?b=304820066 HTTP/1.1" 200 79477 "-" "Mozilla/5.0 AppleWebKit/537.36 (KHTML, like Gecko; compatible; bingbot/2.0; +http://www.bing.com/bingbot.htm) Chrome/116.0.1938.76 Safari/537.36"
66.249.79.35 - - [07/Jan/2025:21:12:45 -0500] "GET /?b=152154266 HTTP/1.1" 200 79683 "-" "Mozilla/5.0 (Linux; Android 6.0.1; Nexus 5X Build/MMB29P) AppleWebKit/537.36 (KHTML, like Gecko) Chrome/131.0.6778.204 Mobile Safari/537.36 (compatible; Googlebot/2.1; +http://www.google.com/bot.html)"
66.249.68.7 - - [07/Jan/2025:21:13:12 -0500] "GET /?b=353922266 HTTP/1.1" 200 83388 "-" "Mozilla/5.0 (Linux; Android 6.0.1; Nexus 5X Build/MMB29P) AppleWebKit/537.36 (KHTML, like Gecko) Chrome/131.0.6778.204 Mobile Safari/537.36 (compatible; Googlebot/2.1; +http://www.google.com/bot.html)"
66.249.68.68 - - [07/Jan/2025:21:13:29 -0500] "GET /?b=317008766 HTTP/1.1" 200 81204 "-" "Mozilla/5.0 (Linux; Android 6.0.1; Nexus 5X Build/MMB29P) AppleWebKit/537.36 (KHTML, like Gecko) Chrome/131.0.6778.204 Mobile Safari/537.36 (compatible; Googlebot/2.1; +http://www.google.com/bot.html)"
66.249.79.105 - - [07/Jan/2025:21:14:01 -0500] "GET /?b=112740166 HTTP/1.1" 200 80100 "-" "Mozilla/5.0 (Linux; Android 6.0.1; Nexus 5X Build/MMB29P) AppleWebKit/537.36 (KHTML, like Gecko) Chrome/131.0.6778.204 Mobile Safari/537.36 (compatible; Googlebot/2.1; +http://www.google.com/bot.html)"
66.249.79.6 - - [07/Jan/2025:21:14:17 -0500] "GET /?b=352546566 HTTP/1.1" 200 81124 "-" "Mozilla/5.0 (Linux; Android 6.0.1; Nexus 5X Build/MMB29P) AppleWebKit/537.36 (KHTML, like Gecko) Chrome/131.0.6778.204 Mobile Safari/537.36 (compatible; Googlebot/2.1; +http://www.google.com/bot.html)"
40.77.167.10 - - [07/Jan/2025:21:14:39 -0500] "GET /gcgfk/f1973187.html HTTP/1.1" 200 80002 "-" "Mozilla/5.0 AppleWebKit/537.36 (KHTML, like Gecko; compatible; bingbot/2.0; +http://www.bing.com/bingbot.htm) Chrome/116.0.1938.76 Safari/537.36"
66.249.68.68 - - [07/Jan/2025:21:14:44 -0500] "GET /?b=257778766 HTTP/1.1" 200 79782 "-" "Mozilla/5.0 (Linux; Android 6.0.1; Nexus 5X Build/MMB29P) AppleWebKit/537.36 (KHTML, like Gecko) Chrome/131.0.6778.204 Mobile Safari/537.36 (compatible; Googlebot/2.1; +http://www.google.com/bot.html)"
66.249.68.68 - - [07/Jan/2025:21:14:48 -0500] "GET /?b=58882866 HTTP/1.1" 200 81047 "-" "Mozilla/5.0 (Linux; Android 6.0.1; Nexus 5X Build/MMB29P) AppleWebKit/537.36 (KHTML, like Gecko) Chrome/131.0.6778.204 Mobile Safari/537.36 (compatible; Googlebot/2.1; +http://www.google.com/bot.html)"
66.249.68.70 - - [07/Jan/2025:21:15:02 -0500] "GET /?b=205477566 HTTP/1.1" 200 80867 "-" "Mozilla/5.0 (Linux; Android 6.0.1; Nexus 5X Build/MMB29P) AppleWebKit/537.36 (KHTML, like Gecko) Chrome/131.0.6778.204 Mobile Safari/537.36 (compatible; Googlebot/2.1; +http://www.google.com/bot.html)"
66.249.68.68 - - [07/Jan/2025:21:15:30 -0500] "GET /?b=159936666 HTTP/1.1" 200 80588 "-" "Mozilla/5.0 (Linux; Android 6.0.1; Nexus 5X Build/MMB29P) AppleWebKit/537.36 (KHTML, like Gecko) Chrome/131.0.6778.204 Mobile Safari/537.36 (compatible; Googlebot/2.1; +http://www.google.com/bot.html)"
66.249.79.195 - - [07/Jan/2025:21:16:17 -0500] "GET /?b=336435366 HTTP/1.1" 200 79422 "-" "Mozilla/5.0 (Linux; Android 6.0.1; Nexus 5X Build/MMB29P) AppleWebKit/537.36 (KHTML, like Gecko) Chrome/131.0.6778.204 Mobile Safari/537.36 (compatible; Googlebot/2.1; +http://www.google.com/bot.html)"
66.249.79.194 - - [07/Jan/2025:21:16:34 -0500] "GET /?b=312973466 HTTP/1.1" 200 79370 "-" "Mozilla/5.0 (Linux; Android 6.0.1; Nexus 5X Build/MMB29P) AppleWebKit/537.36 (KHTML, like Gecko) Chrome/131.0.6778.204 Mobile Safari/537.36 (compatible; Googlebot/2.1; +http://www.google.com/bot.html)"
40.77.167.151 - - [07/Jan/2025:21:17:13 -0500] "GET /?b=355574766 HTTP/1.1" 200 80240 "-" "Mozilla/5.0 AppleWebKit/537.36 (KHTML, like Gecko; compatible; bingbot/2.0; +http://www.bing.com/bingbot.htm) Chrome/116.0.1938.76 Safari/537.36"
66.249.79.36 - - [07/Jan/2025:21:17:31 -0500] "GET /?b=357142466 HTTP/1.1" 200 80081 "-" "Mozilla/5.0 (Linux; Android 6.0.1; Nexus 5X Build/MMB29P) AppleWebKit/537.36 (KHTML, like Gecko) Chrome/131.0.6778.204 Mobile Safari/537.36 (compatible; Googlebot/2.1; +http://www.google.com/bot.html)"
66.249.79.5 - - [07/Jan/2025:21:18:12 -0500] "GET /?b=61797266 HTTP/1.1" 200 81097 "-" "Mozilla/5.0 (Linux; Android 6.0.1; Nexus 5X Build/MMB29P) AppleWebKit/537.36 (KHTML, like Gecko) Chrome/131.0.6778.204 Mobile Safari/537.36 (compatible; Googlebot/2.1; +http://www.google.com/bot.html)"
52.167.144.22 - - [07/Jan/2025:21:18:17 -0500] "GET /vwhej/e2047624.html HTTP/1.1" 200 81415 "-" "Mozilla/5.0 AppleWebKit/537.36 (KHTML, like Gecko; compatible; bingbot/2.0; +http://www.bing.com/bingbot.htm) Chrome/116.0.1938.76 Safari/537.36"
66.249.79.34 - - [07/Jan/2025:21:18:40 -0500] "GET /?b=233564066 HTTP/1.1" 200 80030 "-" "Mozilla/5.0 (Linux; Android 6.0.1; Nexus 5X Build/MMB29P) AppleWebKit/537.36 (KHTML, like Gecko) Chrome/131.0.6778.204 Mobile Safari/537.36 (compatible; Googlebot/2.1; +http://www.google.com/bot.html)"
66.249.79.194 - - [07/Jan/2025:21:18:54 -0500] "GET /?b=251060966 HTTP/1.1" 200 80381 "-" "Mozilla/5.0 (Linux; Android 6.0.1; Nexus 5X Build/MMB29P) AppleWebKit/537.36 (KHTML, like Gecko) Chrome/131.0.6778.204 Mobile Safari/537.36 (compatible; Googlebot/2.1; +http://www.google.com/bot.html)"
66.249.79.34 - - [07/Jan/2025:21:19:40 -0500] "GET /?b=158244166 HTTP/1.1" 200 79206 "-" "Mozilla/5.0 (Linux; Android 6.0.1; Nexus 5X Build/MMB29P) AppleWebKit/537.36 (KHTML, like Gecko) Chrome/131.0.6778.204 Mobile Safari/537.36 (compatible; Googlebot/2.1; +http://www.google.com/bot.html)"
66.249.79.5 - - [07/Jan/2025:21:20:13 -0500] "GET /?b=174255166 HTTP/1.1" 200 79816 "-" "Mozilla/5.0 (Linux; Android 6.0.1; Nexus 5X Build/MMB29P) AppleWebKit/537.36 (KHTML, like Gecko) Chrome/131.0.6778.204 Mobile Safari/537.36 (compatible; Googlebot/2.1; +http://www.google.com/bot.html)"
40.77.167.151 - - [07/Jan/2025:21:20:54 -0500] "GET /?b=323781966 HTTP/1.1" 200 80958 "-" "Mozilla/5.0 AppleWebKit/537.36 (KHTML, like Gecko; compatible; bingbot/2.0; +http://www.bing.com/bingbot.htm) Chrome/116.0.1938.76 Safari/537.36"
66.249.68.36 - - [07/Jan/2025:21:20:56 -0500] "GET /?b=238574866 HTTP/1.1" 200 80643 "-" "Mozilla/5.0 (Linux; Android 6.0.1; Nexus 5X Build/MMB29P) AppleWebKit/537.36 (KHTML, like Gecko) Chrome/131.0.6778.204 Mobile Safari/537.36 (compatible; Googlebot/2.1; +http://www.google.com/bot.html)"
66.249.68.5 - - [07/Jan/2025:21:21:13 -0500] "GET /?b=59139166 HTTP/1.1" 200 79913 "-" "Mozilla/5.0 (Linux; Android 6.0.1; Nexus 5X Build/MMB29P) AppleWebKit/537.36 (KHTML, like Gecko) Chrome/131.0.6778.204 Mobile Safari/537.36 (compatible; Googlebot/2.1; +http://www.google.com/bot.html)"
66.249.79.105 - - [07/Jan/2025:21:21:41 -0500] "GET /?b=25287766 HTTP/1.1" 200 82354 "-" "Mozilla/5.0 (Linux; Android 6.0.1; Nexus 5X Build/MMB29P) AppleWebKit/537.36 (KHTML, like Gecko) Chrome/131.0.6778.204 Mobile Safari/537.36 (compatible; Googlebot/2.1; +http://www.google.com/bot.html)"
66.249.79.196 - - [07/Jan/2025:21:22:27 -0500] "GET /?b=220561866 HTTP/1.1" 200 80469 "-" "Mozilla/5.0 (Linux; Android 6.0.1; Nexus 5X Build/MMB29P) AppleWebKit/537.36 (KHTML, like Gecko) Chrome/131.0.6778.204 Mobile Safari/537.36 (compatible; Googlebot/2.1; +http://www.google.com/bot.html)"
52.167.144.22 - - [07/Jan/2025:21:22:36 -0500] "GET /vigzw/b1489947.html HTTP/1.1" 200 80286 "-" "Mozilla/5.0 AppleWebKit/537.36 (KHTML, like Gecko; compatible; bingbot/2.0; +http://www.bing.com/bingbot.htm) Chrome/116.0.1938.76 Safari/537.36"
66.249.68.36 - - [07/Jan/2025:21:22:55 -0500] "GET /?b=49921666 HTTP/1.1" 200 79804 "-" "Mozilla/5.0 (Linux; Android 6.0.1; Nexus 5X Build/MMB29P) AppleWebKit/537.36 (KHTML, like Gecko) Chrome/131.0.6778.204 Mobile Safari/537.36 (compatible; Googlebot/2.1; +http://www.google.com/bot.html)"
52.167.144.22 - - [07/Jan/2025:21:23:27 -0500] "GET /?b=102699666 HTTP/1.1" 200 80575 "-" "Mozilla/5.0 AppleWebKit/537.36 (KHTML, like Gecko; compatible; bingbot/2.0; +http://www.bing.com/bingbot.htm) Chrome/116.0.1938.76 Safari/537.36"
66.249.79.165 - - [07/Jan/2025:21:23:30 -0500] "GET /?b=194674166 HTTP/1.1" 200 79865 "-" "Mozilla/5.0 (Linux; Android 6.0.1; Nexus 5X Build/MMB29P) AppleWebKit/537.36 (KHTML, like Gecko) Chrome/131.0.6778.204 Mobile Safari/537.36 (compatible; Googlebot/2.1; +http://www.google.com/bot.html)"
66.249.79.166 - - [07/Jan/2025:21:24:25 -0500] "GET /?b=288483866 HTTP/1.1" 200 80234 "-" "Mozilla/5.0 (Linux; Android 6.0.1; Nexus 5X Build/MMB29P) AppleWebKit/537.36 (KHTML, like Gecko) Chrome/131.0.6778.204 Mobile Safari/537.36 (compatible; Googlebot/2.1; +http://www.google.com/bot.html)"
66.249.68.37 - - [07/Jan/2025:21:24:41 -0500] "GET /?b=276459766 HTTP/1.1" 200 79999 "-" "Mozilla/5.0 (Linux; Android 6.0.1; Nexus 5X Build/MMB29P) AppleWebKit/537.36 (KHTML, like Gecko) Chrome/131.0.6778.204 Mobile Safari/537.36 (compatible; Googlebot/2.1; +http://www.google.com/bot.html)"
66.249.79.7 - - [07/Jan/2025:21:25:09 -0500] "GET /?b=221515166 HTTP/1.1" 200 79640 "-" "Mozilla/5.0 (Linux; Android 6.0.1; Nexus 5X Build/MMB29P) AppleWebKit/537.36 (KHTML, like Gecko) Chrome/131.0.6778.204 Mobile Safari/537.36 (compatible; Googlebot/2.1; +http://www.google.com/bot.html)"
66.249.79.104 - - [07/Jan/2025:21:25:57 -0500] "GET /?b=129606266 HTTP/1.1" 200 79381 "-" "Mozilla/5.0 (Linux; Android 6.0.1; Nexus 5X Build/MMB29P) AppleWebKit/537.36 (KHTML, like Gecko) Chrome/131.0.6778.204 Mobile Safari/537.36 (compatible; GoogleOther)"
66.249.68.36 - - [07/Jan/2025:21:26:10 -0500] "GET /?b=157525866 HTTP/1.1" 200 80067 "-" "Mozilla/5.0 (Linux; Android 6.0.1; Nexus 5X Build/MMB29P) AppleWebKit/537.36 (KHTML, like Gecko) Chrome/131.0.6778.204 Mobile Safari/537.36 (compatible; Googlebot/2.1; +http://www.google.com/bot.html)"
66.249.79.5 - - [07/Jan/2025:21:26:20 -0500] "GET /?b=17574466 HTTP/1.1" 200 80129 "-" "Mozilla/5.0 (Linux; Android 6.0.1; Nexus 5X Build/MMB29P) AppleWebKit/537.36 (KHTML, like Gecko) Chrome/131.0.6778.204 Mobile Safari/537.36 (compatible; Googlebot/2.1; +http://www.google.com/bot.html)"
66.249.68.5 - - [07/Jan/2025:21:26:36 -0500] "GET /?b=342196066 HTTP/1.1" 200 80714 "-" "Mozilla/5.0 (Linux; Android 6.0.1; Nexus 5X Build/MMB29P) AppleWebKit/537.36 (KHTML, like Gecko) Chrome/131.0.6778.204 Mobile Safari/537.36 (compatible; Googlebot/2.1; +http://www.google.com/bot.html)"
66.249.68.69 - - [07/Jan/2025:21:26:44 -0500] "GET /?b=133282466 HTTP/1.1" 200 79706 "-" "Mozilla/5.0 (Linux; Android 6.0.1; Nexus 5X Build/MMB29P) AppleWebKit/537.36 (KHTML, like Gecko) Chrome/131.0.6778.204 Mobile Safari/537.36 (compatible; Googlebot/2.1; +http://www.google.com/bot.html)"
66.249.79.195 - - [07/Jan/2025:21:26:59 -0500] "GET /?b=189309566 HTTP/1.1" 200 80757 "-" "Mozilla/5.0 (Linux; Android 6.0.1; Nexus 5X Build/MMB29P) AppleWebKit/537.36 (KHTML, like Gecko) Chrome/131.0.6778.204 Mobile Safari/537.36 (compatible; Googlebot/2.1; +http://www.google.com/bot.html)"
66.249.79.164 - - [07/Jan/2025:21:27:22 -0500] "GET /?b=133922866 HTTP/1.1" 200 80573 "-" "Mozilla/5.0 (Linux; Android 6.0.1; Nexus 5X Build/MMB29P) AppleWebKit/537.36 (KHTML, like Gecko) Chrome/131.0.6778.204 Mobile Safari/537.36 (compatible; Googlebot/2.1; +http://www.google.com/bot.html)"
66.249.79.35 - - [07/Jan/2025:21:28:18 -0500] "GET /?b=164191766 HTTP/1.1" 200 82619 "-" "Mozilla/5.0 (Linux; Android 6.0.1; Nexus 5X Build/MMB29P) AppleWebKit/537.36 (KHTML, like Gecko) Chrome/131.0.6778.204 Mobile Safari/537.36 (compatible; Googlebot/2.1; +http://www.google.com/bot.html)"
52.167.144.22 - - [07/Jan/2025:21:28:26 -0500] "GET /lffca/h2474807.html HTTP/1.1" 200 79812 "-" "Mozilla/5.0 AppleWebKit/537.36 (KHTML, like Gecko; compatible; bingbot/2.0; +http://www.bing.com/bingbot.htm) Chrome/116.0.1938.76 Safari/537.36"
66.249.79.165 - - [07/Jan/2025:21:28:35 -0500] "GET /?b=87614866 HTTP/1.1" 200 79508 "-" "Mozilla/5.0 (Linux; Android 6.0.1; Nexus 5X Build/MMB29P) AppleWebKit/537.36 (KHTML, like Gecko) Chrome/131.0.6778.204 Mobile Safari/537.36 (compatible; Googlebot/2.1; +http://www.google.com/bot.html)"
66.249.68.7 - - [07/Jan/2025:21:29:04 -0500] "GET /?b=45971966 HTTP/1.1" 200 81732 "-" "Mozilla/5.0 (Linux; Android 6.0.1; Nexus 5X Build/MMB29P) AppleWebKit/537.36 (KHTML, like Gecko) Chrome/131.0.6778.204 Mobile Safari/537.36 (compatible; Googlebot/2.1; +http://www.google.com/bot.html)"
66.249.79.5 - - [07/Jan/2025:21:29:10 -0500] "GET /?b=283131066 HTTP/1.1" 200 80260 "-" "Mozilla/5.0 (Linux; Android 6.0.1; Nexus 5X Build/MMB29P) AppleWebKit/537.36 (KHTML, like Gecko) Chrome/131.0.6778.204 Mobile Safari/537.36 (compatible; Googlebot/2.1; +http://www.google.com/bot.html)"
