52.167.144.190 - - [07/Jan/2025:13:29:39 -0500] "GET /balys/s138744.html HTTP/1.1" 200 79514 "-" "Mozilla/5.0 AppleWebKit/537.36 (KHTML, like Gecko; compatible; bingbot/2.0; +http://www.bing.com/bingbot.htm) Chrome/116.0.1938.76 Safari/537.36"
66.249.79.105 - - [07/Jan/2025:13:29:44 -0500] "GET /?b=264801566 HTTP/1.1" 200 79823 "-" "Mozilla/5.0 (Linux; Android 6.0.1; Nexus 5X Build/MMB29P) AppleWebKit/537.36 (KHTML, like Gecko) Chrome/131.0.6778.139 Mobile Safari/537.36 (compatible; Googlebot/2.1; +http://www.google.com/bot.html)"
52.167.144.225 - - [07/Jan/2025:13:29:44 -0500] "GET /gwrmu/t2535945.html HTTP/1.1" 200 80096 "-" "Mozilla/5.0 AppleWebKit/537.36 (KHTML, like Gecko; compatible; bingbot/2.0; +http://www.bing.com/bingbot.htm) Chrome/116.0.1938.76 Safari/537.36"
52.167.144.159 - - [07/Jan/2025:13:30:47 -0500] "GET /srodp/i1530956.html HTTP/1.1" 200 80060 "-" "Mozilla/5.0 AppleWebKit/537.36 (KHTML, like Gecko; compatible; bingbot/2.0; +http://www.bing.com/bingbot.htm) Chrome/116.0.1938.76 Safari/537.36"
66.249.68.5 - - [07/Jan/2025:13:31:50 -0500] "GET /?b=283526166 HTTP/1.1" 200 79880 "-" "Mozilla/5.0 (Linux; Android 6.0.1; Nexus 5X Build/MMB29P) AppleWebKit/537.36 (KHTML, like Gecko) Chrome/131.0.6778.139 Mobile Safari/537.36 (compatible; Googlebot/2.1; +http://www.google.com/bot.html)"
66.249.68.37 - - [07/Jan/2025:13:32:46 -0500] "GET /?b=14494666 HTTP/1.1" 200 79283 "-" "Mozilla/5.0 (Linux; Android 6.0.1; Nexus 5X Build/MMB29P) AppleWebKit/537.36 (KHTML, like Gecko) Chrome/131.0.6778.139 Mobile Safari/537.36 (compatible; GoogleOther)"
52.167.144.190 - - [07/Jan/2025:13:33:46 -0500] "GET /gtcos/c1255324.html HTTP/1.1" 200 80948 "-" "Mozilla/5.0 AppleWebKit/537.36 (KHTML, like Gecko; compatible; bingbot/2.0; +http://www.bing.com/bingbot.htm) Chrome/116.0.1938.76 Safari/537.36"
66.249.79.36 - - [07/Jan/2025:13:34:24 -0500] "GET /?b=237919866 HTTP/1.1" 200 79706 "-" "Mozilla/5.0 (Linux; Android 6.0.1; Nexus 5X Build/MMB29P) AppleWebKit/537.36 (KHTML, like Gecko) Chrome/131.0.6778.139 Mobile Safari/537.36 (compatible; Googlebot/2.1; +http://www.google.com/bot.html)"
66.249.68.37 - - [07/Jan/2025:13:34:44 -0500] "GET /sitemap-9.xml HTTP/1.1" 200 14735 "-" "Mozilla/5.0 (compatible; Googlebot/2.1; +http://www.google.com/bot.html)"
52.167.144.190 - - [07/Jan/2025:13:35:44 -0500] "GET /bqkub/n2180857.html HTTP/1.1" 200 79453 "-" "Mozilla/5.0 AppleWebKit/537.36 (KHTML, like Gecko; compatible; bingbot/2.0; +http://www.bing.com/bingbot.htm) Chrome/116.0.1938.76 Safari/537.36"
66.249.79.104 - - [07/Jan/2025:13:36:35 -0500] "GET /?b=357278266 HTTP/1.1" 200 80547 "-" "Mozilla/5.0 (Linux; Android 6.0.1; Nexus 5X Build/MMB29P) AppleWebKit/537.36 (KHTML, like Gecko) Chrome/131.0.6778.139 Mobile Safari/537.36 (compatible; Googlebot/2.1; +http://www.google.com/bot.html)"
40.77.167.154 - - [07/Jan/2025:13:36:44 -0500] "GET /zlcbf/s2418216.html HTTP/1.1" 200 79557 "-" "Mozilla/5.0 AppleWebKit/537.36 (KHTML, like Gecko; compatible; bingbot/2.0; +http://www.bing.com/bingbot.htm) Chrome/116.0.1938.76 Safari/537.36"
66.249.68.36 - - [07/Jan/2025:13:36:48 -0500] "GET /?b=246982766 HTTP/1.1" 200 80134 "-" "Mozilla/5.0 (Linux; Android 6.0.1; Nexus 5X Build/MMB29P) AppleWebKit/537.36 (KHTML, like Gecko) Chrome/131.0.6778.139 Mobile Safari/537.36 (compatible; Googlebot/2.1; +http://www.google.com/bot.html)"
40.77.167.154 - - [07/Jan/2025:13:37:44 -0500] "GET /aayyb/g1434910.html HTTP/1.1" 200 81331 "-" "Mozilla/5.0 AppleWebKit/537.36 (KHTML, like Gecko; compatible; bingbot/2.0; +http://www.bing.com/bingbot.htm) Chrome/116.0.1938.76 Safari/537.36"
66.249.68.36 - - [07/Jan/2025:13:38:32 -0500] "GET /?b=42637266 HTTP/1.1" 200 81487 "-" "Mozilla/5.0 (Linux; Android 6.0.1; Nexus 5X Build/MMB29P) AppleWebKit/537.36 (KHTML, like Gecko) Chrome/131.0.6778.139 Mobile Safari/537.36 (compatible; Googlebot/2.1; +http://www.google.com/bot.html)"
66.249.79.5 - - [07/Jan/2025:13:38:42 -0500] "GET /?b=80065466 HTTP/1.1" 200 82510 "-" "Mozilla/5.0 (Linux; Android 6.0.1; Nexus 5X Build/MMB29P) AppleWebKit/537.36 (KHTML, like Gecko) Chrome/131.0.6778.139 Mobile Safari/537.36 (compatible; Googlebot/2.1; +http://www.google.com/bot.html)"
40.77.167.154 - - [07/Jan/2025:13:39:03 -0500] "GET /?b=258229366 HTTP/1.1" 200 79830 "-" "Mozilla/5.0 AppleWebKit/537.36 (KHTML, like Gecko; compatible; bingbot/2.0; +http://www.bing.com/bingbot.htm) Chrome/116.0.1938.76 Safari/537.36"
66.249.68.68 - - [07/Jan/2025:13:39:39 -0500] "GET /?b=87104166 HTTP/1.1" 200 80096 "-" "Mozilla/5.0 (Linux; Android 6.0.1; Nexus 5X Build/MMB29P) AppleWebKit/537.36 (KHTML, like Gecko) Chrome/131.0.6778.139 Mobile Safari/537.36 (compatible; Googlebot/2.1; +http://www.google.com/bot.html)"
66.249.79.5 - - [07/Jan/2025:13:40:10 -0500] "GET /?b=240183266 HTTP/1.1" 200 80275 "-" "Mozilla/5.0 (Linux; Android 6.0.1; Nexus 5X Build/MMB29P) AppleWebKit/537.36 (KHTML, like Gecko) Chrome/131.0.6778.139 Mobile Safari/537.36 (compatible; Googlebot/2.1; +http://www.google.com/bot.html)"
40.77.167.154 - - [07/Jan/2025:13:40:54 -0500] "GET /?b=172958466 HTTP/1.1" 200 79816 "-" "Mozilla/5.0 AppleWebKit/537.36 (KHTML, like Gecko; compatible; bingbot/2.0; +http://www.bing.com/bingbot.htm) Chrome/116.0.1938.76 Safari/537.36"
40.77.167.154 - - [07/Jan/2025:13:41:14 -0500] "GET /ntlba/b861033.html HTTP/1.1" 200 81231 "-" "Mozilla/5.0 AppleWebKit/537.36 (KHTML, like Gecko; compatible; bingbot/2.0; +http://www.bing.com/bingbot.htm) Chrome/116.0.1938.76 Safari/537.36"
66.249.79.7 - - [07/Jan/2025:13:42:22 -0500] "GET /?b=288400966 HTTP/1.1" 200 79477 "-" "Mozilla/5.0 (Linux; Android 6.0.1; Nexus 5X Build/MMB29P) AppleWebKit/537.36 (KHTML, like Gecko) Chrome/131.0.6778.139 Mobile Safari/537.36 (compatible; Googlebot/2.1; +http://www.google.com/bot.html)"
52.167.144.183 - - [07/Jan/2025:13:43:12 -0500] "GET /hiont/y2537848.html HTTP/1.1" 200 79758 "-" "Mozilla/5.0 AppleWebKit/537.36 (KHTML, like Gecko; compatible; bingbot/2.0; +http://www.bing.com/bingbot.htm) Chrome/116.0.1938.76 Safari/537.36"
66.249.68.69 - - [07/Jan/2025:13:43:34 -0500] "GET /?b=290661566 HTTP/1.1" 200 79744 "-" "Mozilla/5.0 (Linux; Android 6.0.1; Nexus 5X Build/MMB29P) AppleWebKit/537.36 (KHTML, like Gecko) Chrome/131.0.6778.139 Mobile Safari/537.36 (compatible; Googlebot/2.1; +http://www.google.com/bot.html)"
66.249.79.196 - - [07/Jan/2025:13:46:47 -0500] "GET /?b=125490866 HTTP/1.1" 200 80904 "-" "Mozilla/5.0 (Linux; Android 6.0.1; Nexus 5X Build/MMB29P) AppleWebKit/537.36 (KHTML, like Gecko) Chrome/131.0.6778.139 Mobile Safari/537.36 (compatible; Googlebot/2.1; +http://www.google.com/bot.html)"
66.249.79.106 - - [07/Jan/2025:13:47:49 -0500] "GET /?b=136061366 HTTP/1.1" 200 80135 "-" "Mozilla/5.0 (Linux; Android 6.0.1; Nexus 5X Build/MMB29P) AppleWebKit/537.36 (KHTML, like Gecko) Chrome/131.0.6778.139 Mobile Safari/537.36 (compatible; Googlebot/2.1; +http://www.google.com/bot.html)"
66.249.68.68 - - [07/Jan/2025:13:47:55 -0500] "GET /?b=245410866 HTTP/1.1" 200 80451 "-" "Mozilla/5.0 (Linux; Android 6.0.1; Nexus 5X Build/MMB29P) AppleWebKit/537.36 (KHTML, like Gecko) Chrome/131.0.6778.139 Mobile Safari/537.36 (compatible; Googlebot/2.1; +http://www.google.com/bot.html)"
66.249.79.196 - - [07/Jan/2025:13:48:37 -0500] "GET /?b=105012066 HTTP/1.1" 200 80900 "-" "Mozilla/5.0 (Linux; Android 6.0.1; Nexus 5X Build/MMB29P) AppleWebKit/537.36 (KHTML, like Gecko) Chrome/131.0.6778.139 Mobile Safari/537.36 (compatible; Googlebot/2.1; +http://www.google.com/bot.html)"
66.249.79.164 - - [07/Jan/2025:13:49:23 -0500] "GET /?b=294675666 HTTP/1.1" 200 80958 "-" "Mozilla/5.0 (Linux; Android 6.0.1; Nexus 5X Build/MMB29P) AppleWebKit/537.36 (KHTML, like Gecko) Chrome/131.0.6778.139 Mobile Safari/537.36 (compatible; Googlebot/2.1; +http://www.google.com/bot.html)"
52.167.144.187 - - [07/Jan/2025:13:51:10 -0500] "GET /?b=318947166 HTTP/1.1" 200 80338 "-" "Mozilla/5.0 AppleWebKit/537.36 (KHTML, like Gecko; compatible; bingbot/2.0; +http://www.bing.com/bingbot.htm) Chrome/116.0.1938.76 Safari/537.36"
66.249.68.6 - - [07/Jan/2025:13:51:45 -0500] "GET /?b=163706766 HTTP/1.1" 200 80813 "-" "Mozilla/5.0 (Linux; Android 6.0.1; Nexus 5X Build/MMB29P) AppleWebKit/537.36 (KHTML, like Gecko) Chrome/131.0.6778.139 Mobile Safari/537.36 (compatible; Googlebot/2.1; +http://www.google.com/bot.html)"
52.167.144.187 - - [07/Jan/2025:13:52:10 -0500] "GET /iddmy/c2157498.html HTTP/1.1" 200 80231 "-" "Mozilla/5.0 AppleWebKit/537.36 (KHTML, like Gecko; compatible; bingbot/2.0; +http://www.bing.com/bingbot.htm) Chrome/116.0.1938.76 Safari/537.36"
66.249.68.6 - - [07/Jan/2025:13:52:38 -0500] "GET /?b=227171566 HTTP/1.1" 200 80144 "-" "Mozilla/5.0 (Linux; Android 6.0.1; Nexus 5X Build/MMB29P) AppleWebKit/537.36 (KHTML, like Gecko) Chrome/131.0.6778.139 Mobile Safari/537.36 (compatible; Googlebot/2.1; +http://www.google.com/bot.html)"
66.249.79.35 - - [07/Jan/2025:13:53:05 -0500] "GET /?b=121412566 HTTP/1.1" 200 81535 "-" "Mozilla/5.0 (Linux; Android 6.0.1; Nexus 5X Build/MMB29P) AppleWebKit/537.36 (KHTML, like Gecko) Chrome/131.0.6778.139 Mobile Safari/537.36 (compatible; Googlebot/2.1; +http://www.google.com/bot.html)"
66.249.68.5 - - [07/Jan/2025:13:53:30 -0500] "GET /?b=291888766 HTTP/1.1" 200 79729 "-" "Mozilla/5.0 (Linux; Android 6.0.1; Nexus 5X Build/MMB29P) AppleWebKit/537.36 (KHTML, like Gecko) Chrome/131.0.6778.139 Mobile Safari/537.36 (compatible; Googlebot/2.1; +http://www.google.com/bot.html)"
66.249.79.194 - - [07/Jan/2025:13:53:45 -0500] "GET /?b=241600766 HTTP/1.1" 200 81282 "-" "Mozilla/5.0 (Linux; Android 6.0.1; Nexus 5X Build/MMB29P) AppleWebKit/537.36 (KHTML, like Gecko) Chrome/131.0.6778.139 Mobile Safari/537.36 (compatible; Googlebot/2.1; +http://www.google.com/bot.html)"
66.249.79.106 - - [07/Jan/2025:13:54:39 -0500] "GET /?b=107038666 HTTP/1.1" 200 79773 "-" "Mozilla/5.0 (Linux; Android 6.0.1; Nexus 5X Build/MMB29P) AppleWebKit/537.36 (KHTML, like Gecko) Chrome/131.0.6778.139 Mobile Safari/537.36 (compatible; Googlebot/2.1; +http://www.google.com/bot.html)"
66.249.79.7 - - [07/Jan/2025:13:56:31 -0500] "GET /?b=33096866 HTTP/1.1" 200 79941 "-" "Mozilla/5.0 (Linux; Android 6.0.1; Nexus 5X Build/MMB29P) AppleWebKit/537.36 (KHTML, like Gecko) Chrome/131.0.6778.139 Mobile Safari/537.36 (compatible; Googlebot/2.1; +http://www.google.com/bot.html)"
66.249.79.104 - - [07/Jan/2025:13:56:39 -0500] "GET /?b=113276466 HTTP/1.1" 200 79339 "-" "Mozilla/5.0 (Linux; Android 6.0.1; Nexus 5X Build/MMB29P) AppleWebKit/537.36 (KHTML, like Gecko) Chrome/131.0.6778.139 Mobile Safari/537.36 (compatible; Googlebot/2.1; +http://www.google.com/bot.html)"
66.249.79.34 - - [07/Jan/2025:13:56:57 -0500] "GET /?b=188945766 HTTP/1.1" 200 79595 "-" "Mozilla/5.0 (Linux; Android 6.0.1; Nexus 5X Build/MMB29P) AppleWebKit/537.36 (KHTML, like Gecko) Chrome/131.0.6778.139 Mobile Safari/537.36 (compatible; Googlebot/2.1; +http://www.google.com/bot.html)"
66.249.79.195 - - [07/Jan/2025:13:59:50 -0500] "GET /?b=47817266 HTTP/1.1" 200 79757 "-" "Mozilla/5.0 (Linux; Android 6.0.1; Nexus 5X Build/MMB29P) AppleWebKit/537.36 (KHTML, like Gecko) Chrome/131.0.6778.139 Mobile Safari/537.36 (compatible; Googlebot/2.1; +http://www.google.com/bot.html)"
66.249.79.36 - - [07/Jan/2025:14:00:05 -0500] "GET /?b=125719066 HTTP/1.1" 200 82468 "-" "Mozilla/5.0 (Linux; Android 6.0.1; Nexus 5X Build/MMB29P) AppleWebKit/537.36 (KHTML, like Gecko) Chrome/131.0.6778.139 Mobile Safari/537.36 (compatible; Googlebot/2.1; +http://www.google.com/bot.html)"
66.249.79.5 - - [07/Jan/2025:14:00:41 -0500] "GET /?b=321483466 HTTP/1.1" 200 80212 "-" "Mozilla/5.0 (Linux; Android 6.0.1; Nexus 5X Build/MMB29P) AppleWebKit/537.36 (KHTML, like Gecko) Chrome/131.0.6778.139 Mobile Safari/537.36 (compatible; Googlebot/2.1; +http://www.google.com/bot.html)"
52.167.144.210 - - [07/Jan/2025:14:02:45 -0500] "GET /stjko/v1602079.html HTTP/1.1" 200 81511 "-" "Mozilla/5.0 AppleWebKit/537.36 (KHTML, like Gecko; compatible; bingbot/2.0; +http://www.bing.com/bingbot.htm) Chrome/116.0.1938.76 Safari/537.36"
66.249.79.7 - - [07/Jan/2025:14:03:15 -0500] "GET /?b=270068266 HTTP/1.1" 200 80431 "-" "Mozilla/5.0 (Linux; Android 6.0.1; Nexus 5X Build/MMB29P) AppleWebKit/537.36 (KHTML, like Gecko) Chrome/131.0.6778.139 Mobile Safari/537.36 (compatible; Googlebot/2.1; +http://www.google.com/bot.html)"
66.249.79.5 - - [07/Jan/2025:14:04:32 -0500] "GET /?b=188578266 HTTP/1.1" 200 80163 "-" "Mozilla/5.0 (Linux; Android 6.0.1; Nexus 5X Build/MMB29P) AppleWebKit/537.36 (KHTML, like Gecko) Chrome/131.0.6778.139 Mobile Safari/537.36 (compatible; Googlebot/2.1; +http://www.google.com/bot.html)"
66.249.79.195 - - [07/Jan/2025:14:04:39 -0500] "GET /?b=323200166 HTTP/1.1" 200 79721 "-" "Mozilla/5.0 (Linux; Android 6.0.1; Nexus 5X Build/MMB29P) AppleWebKit/537.36 (KHTML, like Gecko) Chrome/131.0.6778.139 Mobile Safari/537.36 (compatible; Googlebot/2.1; +http://www.google.com/bot.html)"
66.249.68.7 - - [07/Jan/2025:14:05:01 -0500] "GET /?b=191036366 HTTP/1.1" 200 80265 "-" "Mozilla/5.0 (Linux; Android 6.0.1; Nexus 5X Build/MMB29P) AppleWebKit/537.36 (KHTML, like Gecko) Chrome/131.0.6778.139 Mobile Safari/537.36 (compatible; Googlebot/2.1; +http://www.google.com/bot.html)"
66.249.79.35 - - [07/Jan/2025:14:06:39 -0500] "GET /?b=46425166 HTTP/1.1" 200 79935 "-" "Mozilla/5.0 (Linux; Android 6.0.1; Nexus 5X Build/MMB29P) AppleWebKit/537.36 (KHTML, like Gecko) Chrome/131.0.6778.139 Mobile Safari/537.36 (compatible; Googlebot/2.1; +http://www.google.com/bot.html)"
52.167.144.210 - - [07/Jan/2025:14:07:25 -0500] "GET /?b=186234566 HTTP/1.1" 200 81915 "-" "Mozilla/5.0 AppleWebKit/537.36 (KHTML, like Gecko; compatible; bingbot/2.0; +http://www.bing.com/bingbot.htm) Chrome/116.0.1938.76 Safari/537.36"
66.249.79.166 - - [07/Jan/2025:14:08:19 -0500] "GET /?b=181823666 HTTP/1.1" 200 81874 "-" "Mozilla/5.0 (Linux; Android 6.0.1; Nexus 5X Build/MMB29P) AppleWebKit/537.36 (KHTML, like Gecko) Chrome/131.0.6778.139 Mobile Safari/537.36 (compatible; Googlebot/2.1; +http://www.google.com/bot.html)"
66.249.79.195 - - [07/Jan/2025:14:08:27 -0500] "GET /?b=30920466 HTTP/1.1" 200 79896 "-" "Mozilla/5.0 (Linux; Android 6.0.1; Nexus 5X Build/MMB29P) AppleWebKit/537.36 (KHTML, like Gecko) Chrome/131.0.6778.139 Mobile Safari/537.36 (compatible; Googlebot/2.1; +http://www.google.com/bot.html)"
66.249.79.195 - - [07/Jan/2025:14:09:31 -0500] "GET /?b=243794066 HTTP/1.1" 200 79522 "-" "Mozilla/5.0 (Linux; Android 6.0.1; Nexus 5X Build/MMB29P) AppleWebKit/537.36 (KHTML, like Gecko) Chrome/131.0.6778.139 Mobile Safari/537.36 (compatible; Googlebot/2.1; +http://www.google.com/bot.html)"
40.77.167.9 - - [07/Jan/2025:14:11:16 -0500] "GET /udedv/k1519310.html HTTP/1.1" 200 79741 "-" "Mozilla/5.0 AppleWebKit/537.36 (KHTML, like Gecko; compatible; bingbot/2.0; +http://www.bing.com/bingbot.htm) Chrome/116.0.1938.76 Safari/537.36"
40.77.167.9 - - [07/Jan/2025:14:11:20 -0500] "GET /yxlvm/j2085979.html HTTP/1.1" 200 79541 "-" "Mozilla/5.0 AppleWebKit/537.36 (KHTML, like Gecko; compatible; bingbot/2.0; +http://www.bing.com/bingbot.htm) Chrome/116.0.1938.76 Safari/537.36"
52.167.144.157 - - [07/Jan/2025:14:11:38 -0500] "GET /?b=33478266 HTTP/1.1" 200 80195 "-" "Mozilla/5.0 AppleWebKit/537.36 (KHTML, like Gecko; compatible; bingbot/2.0; +http://www.bing.com/bingbot.htm) Chrome/116.0.1938.76 Safari/537.36"
66.249.68.68 - - [07/Jan/2025:14:11:46 -0500] "GET /?b=146212466 HTTP/1.1" 200 81667 "-" "Mozilla/5.0 (Linux; Android 6.0.1; Nexus 5X Build/MMB29P) AppleWebKit/537.36 (KHTML, like Gecko) Chrome/131.0.6778.139 Mobile Safari/537.36 (compatible; Googlebot/2.1; +http://www.google.com/bot.html)"
66.249.68.68 - - [07/Jan/2025:14:12:05 -0500] "GET /?b=287725366 HTTP/1.1" 200 80004 "-" "Mozilla/5.0 (Linux; Android 6.0.1; Nexus 5X Build/MMB29P) AppleWebKit/537.36 (KHTML, like Gecko) Chrome/131.0.6778.139 Mobile Safari/537.36 (compatible; Googlebot/2.1; +http://www.google.com/bot.html)"
66.249.79.35 - - [07/Jan/2025:14:12:36 -0500] "GET /?b=57121966 HTTP/1.1" 200 80140 "-" "Mozilla/5.0 (Linux; Android 6.0.1; Nexus 5X Build/MMB29P) AppleWebKit/537.36 (KHTML, like Gecko) Chrome/131.0.6778.139 Mobile Safari/537.36 (compatible; Googlebot/2.1; +http://www.google.com/bot.html)"
66.249.79.6 - - [07/Jan/2025:14:12:39 -0500] "GET /?b=122134366 HTTP/1.1" 200 80845 "-" "Mozilla/5.0 (Linux; Android 6.0.1; Nexus 5X Build/MMB29P) AppleWebKit/537.36 (KHTML, like Gecko) Chrome/131.0.6778.139 Mobile Safari/537.36 (compatible; Googlebot/2.1; +http://www.google.com/bot.html)"
66.249.79.5 - - [07/Jan/2025:14:12:57 -0500] "GET /?b=344943666 HTTP/1.1" 200 80539 "-" "Mozilla/5.0 (Linux; Android 6.0.1; Nexus 5X Build/MMB29P) AppleWebKit/537.36 (KHTML, like Gecko) Chrome/131.0.6778.139 Mobile Safari/537.36 (compatible; Googlebot/2.1; +http://www.google.com/bot.html)"
66.249.79.6 - - [07/Jan/2025:14:13:17 -0500] "GET /?b=314193866 HTTP/1.1" 200 80057 "-" "Mozilla/5.0 (Linux; Android 6.0.1; Nexus 5X Build/MMB29P) AppleWebKit/537.36 (KHTML, like Gecko) Chrome/131.0.6778.139 Mobile Safari/537.36 (compatible; Googlebot/2.1; +http://www.google.com/bot.html)"
66.249.79.5 - - [07/Jan/2025:14:13:24 -0500] "GET /?b=265506566 HTTP/1.1" 200 80287 "-" "Mozilla/5.0 (Linux; Android 6.0.1; Nexus 5X Build/MMB29P) AppleWebKit/537.36 (KHTML, like Gecko) Chrome/131.0.6778.139 Mobile Safari/537.36 (compatible; Googlebot/2.1; +http://www.google.com/bot.html)"
40.77.167.9 - - [07/Jan/2025:14:16:47 -0500] "GET /zmuje/c1830912.html HTTP/1.1" 200 81427 "-" "Mozilla/5.0 AppleWebKit/537.36 (KHTML, like Gecko; compatible; bingbot/2.0; +http://www.bing.com/bingbot.htm) Chrome/116.0.1938.76 Safari/537.36"
40.77.167.9 - - [07/Jan/2025:14:17:36 -0500] "GET /?b=65181166 HTTP/1.1" 200 81126 "-" "Mozilla/5.0 AppleWebKit/537.36 (KHTML, like Gecko; compatible; bingbot/2.0; +http://www.bing.com/bingbot.htm) Chrome/116.0.1938.76 Safari/537.36"
52.167.144.197 - - [07/Jan/2025:14:17:58 -0500] "GET /yvxrl/a1562018.html HTTP/1.1" 200 79614 "-" "Mozilla/5.0 AppleWebKit/537.36 (KHTML, like Gecko; compatible; bingbot/2.0; +http://www.bing.com/bingbot.htm) Chrome/116.0.1938.76 Safari/537.36"
66.249.68.7 - - [07/Jan/2025:14:18:58 -0500] "GET /?b=13655466 HTTP/1.1" 200 80810 "-" "Mozilla/5.0 (Linux; Android 6.0.1; Nexus 5X Build/MMB29P) AppleWebKit/537.36 (KHTML, like Gecko) Chrome/131.0.6778.204 Mobile Safari/537.36 (compatible; GoogleOther)"
40.77.167.76 - - [07/Jan/2025:14:24:14 -0500] "GET /pmkcr/m1315238.html HTTP/1.1" 200 79664 "-" "Mozilla/5.0 AppleWebKit/537.36 (KHTML, like Gecko; compatible; bingbot/2.0; +http://www.bing.com/bingbot.htm) Chrome/116.0.1938.76 Safari/537.36"
66.249.68.70 - - [07/Jan/2025:14:25:30 -0500] "GET /?b=216290066 HTTP/1.1" 200 80218 "-" "Mozilla/5.0 (Linux; Android 6.0.1; Nexus 5X Build/MMB29P) AppleWebKit/537.36 (KHTML, like Gecko) Chrome/131.0.6778.204 Mobile Safari/537.36 (compatible; Googlebot/2.1; +http://www.google.com/bot.html)"
52.167.144.190 - - [07/Jan/2025:14:26:28 -0500] "GET /?b=150883966 HTTP/1.1" 200 80523 "-" "Mozilla/5.0 AppleWebKit/537.36 (KHTML, like Gecko; compatible; bingbot/2.0; +http://www.bing.com/bingbot.htm) Chrome/116.0.1938.76 Safari/537.36"
40.77.167.76 - - [07/Jan/2025:14:27:15 -0500] "GET /rhvmh/v830061.html HTTP/1.1" 200 81650 "-" "Mozilla/5.0 AppleWebKit/537.36 (KHTML, like Gecko; compatible; bingbot/2.0; +http://www.bing.com/bingbot.htm) Chrome/116.0.1938.76 Safari/537.36"
66.249.68.38 - - [07/Jan/2025:14:27:23 -0500] "GET /?b=329774166 HTTP/1.1" 200 80372 "-" "Mozilla/5.0 (Linux; Android 6.0.1; Nexus 5X Build/MMB29P) AppleWebKit/537.36 (KHTML, like Gecko) Chrome/131.0.6778.204 Mobile Safari/537.36 (compatible; Googlebot/2.1; +http://www.google.com/bot.html)"
66.249.79.105 - - [07/Jan/2025:14:30:35 -0500] "GET /?b=134745266 HTTP/1.1" 200 79411 "-" "Mozilla/5.0 (Linux; Android 6.0.1; Nexus 5X Build/MMB29P) AppleWebKit/537.36 (KHTML, like Gecko) Chrome/131.0.6778.204 Mobile Safari/537.36 (compatible; Googlebot/2.1; +http://www.google.com/bot.html)"
40.77.167.60 - - [07/Jan/2025:14:31:20 -0500] "GET /nyukz/q510854.html HTTP/1.1" 200 79850 "-" "Mozilla/5.0 AppleWebKit/537.36 (KHTML, like Gecko; compatible; bingbot/2.0; +http://www.bing.com/bingbot.htm) Chrome/116.0.1938.76 Safari/537.36"
66.249.79.166 - - [07/Jan/2025:14:32:24 -0500] "GET /?b=345305766 HTTP/1.1" 200 79975 "-" "Mozilla/5.0 (Linux; Android 6.0.1; Nexus 5X Build/MMB29P) AppleWebKit/537.36 (KHTML, like Gecko) Chrome/131.0.6778.204 Mobile Safari/537.36 (compatible; Googlebot/2.1; +http://www.google.com/bot.html)"
66.249.68.7 - - [07/Jan/2025:14:33:31 -0500] "GET /?b=179100566 HTTP/1.1" 200 80095 "-" "Mozilla/5.0 (Linux; Android 6.0.1; Nexus 5X Build/MMB29P) AppleWebKit/537.36 (KHTML, like Gecko) Chrome/131.0.6778.204 Mobile Safari/537.36 (compatible; Googlebot/2.1; +http://www.google.com/bot.html)"
66.249.79.6 - - [07/Jan/2025:14:34:22 -0500] "GET /?b=243291066 HTTP/1.1" 200 80160 "-" "Mozilla/5.0 (Linux; Android 6.0.1; Nexus 5X Build/MMB29P) AppleWebKit/537.36 (KHTML, like Gecko) Chrome/131.0.6778.204 Mobile Safari/537.36 (compatible; Googlebot/2.1; +http://www.google.com/bot.html)"
52.167.144.157 - - [07/Jan/2025:14:35:41 -0500] "GET /pmxmw/g1626322.html HTTP/1.1" 200 81262 "-" "Mozilla/5.0 AppleWebKit/537.36 (KHTML, like Gecko; compatible; bingbot/2.0; +http://www.bing.com/bingbot.htm) Chrome/116.0.1938.76 Safari/537.36"
66.249.79.166 - - [07/Jan/2025:14:36:44 -0500] "GET /?b=96525866 HTTP/1.1" 200 80711 "-" "Mozilla/5.0 (Linux; Android 6.0.1; Nexus 5X Build/MMB29P) AppleWebKit/537.36 (KHTML, like Gecko) Chrome/131.0.6778.204 Mobile Safari/537.36 (compatible; Googlebot/2.1; +http://www.google.com/bot.html)"
66.249.79.34 - - [07/Jan/2025:14:37:43 -0500] "GET /?b=103311266 HTTP/1.1" 200 82332 "-" "Mozilla/5.0 (Linux; Android 6.0.1; Nexus 5X Build/MMB29P) AppleWebKit/537.36 (KHTML, like Gecko) Chrome/131.0.6778.204 Mobile Safari/537.36 (compatible; Googlebot/2.1; +http://www.google.com/bot.html)"
66.249.79.6 - - [07/Jan/2025:14:37:57 -0500] "GET /?b=59200366 HTTP/1.1" 200 79888 "-" "Mozilla/5.0 (Linux; Android 6.0.1; Nexus 5X Build/MMB29P) AppleWebKit/537.36 (KHTML, like Gecko) Chrome/131.0.6778.204 Mobile Safari/537.36 (compatible; GoogleOther)"
66.249.79.5 - - [07/Jan/2025:14:38:46 -0500] "GET /?b=35319466 HTTP/1.1" 200 79765 "-" "Mozilla/5.0 (Linux; Android 6.0.1; Nexus 5X Build/MMB29P) AppleWebKit/537.36 (KHTML, like Gecko) Chrome/131.0.6778.204 Mobile Safari/537.36 (compatible; Googlebot/2.1; +http://www.google.com/bot.html)"
66.249.79.7 - - [07/Jan/2025:14:40:42 -0500] "GET /?b=124801466 HTTP/1.1" 200 80602 "-" "Mozilla/5.0 (Linux; Android 6.0.1; Nexus 5X Build/MMB29P) AppleWebKit/537.36 (KHTML, like Gecko) Chrome/131.0.6778.204 Mobile Safari/537.36 (compatible; Googlebot/2.1; +http://www.google.com/bot.html)"
66.249.79.195 - - [07/Jan/2025:14:40:49 -0500] "GET /?b=349295866 HTTP/1.1" 200 80369 "-" "Mozilla/5.0 (Linux; Android 6.0.1; Nexus 5X Build/MMB29P) AppleWebKit/537.36 (KHTML, like Gecko) Chrome/131.0.6778.204 Mobile Safari/537.36 (compatible; GoogleOther)"
66.249.68.7 - - [07/Jan/2025:14:42:49 -0500] "GET /?b=340923766 HTTP/1.1" 200 80500 "-" "Mozilla/5.0 (Linux; Android 6.0.1; Nexus 5X Build/MMB29P) AppleWebKit/537.36 (KHTML, like Gecko) Chrome/131.0.6778.204 Mobile Safari/537.36 (compatible; Googlebot/2.1; +http://www.google.com/bot.html)"
66.249.79.195 - - [07/Jan/2025:14:51:46 -0500] "GET /?b=234611266 HTTP/1.1" 200 79449 "-" "Mozilla/5.0 (Linux; Android 6.0.1; Nexus 5X Build/MMB29P) AppleWebKit/537.36 (KHTML, like Gecko) Chrome/131.0.6778.204 Mobile Safari/537.36 (compatible; GoogleOther)"
40.77.167.78 - - [07/Jan/2025:14:52:07 -0500] "GET /jibrk/e1184736.html HTTP/1.1" 200 79641 "-" "Mozilla/5.0 AppleWebKit/537.36 (KHTML, like Gecko; compatible; bingbot/2.0; +http://www.bing.com/bingbot.htm) Chrome/116.0.1938.76 Safari/537.36"
66.249.79.35 - - [07/Jan/2025:14:52:13 -0500] "GET /?b=194311466 HTTP/1.1" 200 79807 "-" "Mozilla/5.0 (Linux; Android 6.0.1; Nexus 5X Build/MMB29P) AppleWebKit/537.36 (KHTML, like Gecko) Chrome/131.0.6778.204 Mobile Safari/537.36 (compatible; Googlebot/2.1; +http://www.google.com/bot.html)"
66.249.79.194 - - [07/Jan/2025:14:55:31 -0500] "GET /?b=7112466 HTTP/1.1" 200 79496 "-" "Mozilla/5.0 (Linux; Android 6.0.1; Nexus 5X Build/MMB29P) AppleWebKit/537.36 (KHTML, like Gecko) Chrome/131.0.6778.204 Mobile Safari/537.36 (compatible; Googlebot/2.1; +http://www.google.com/bot.html)"
66.249.79.166 - - [07/Jan/2025:14:56:32 -0500] "GET /?b=218355966 HTTP/1.1" 200 80404 "-" "Mozilla/5.0 (Linux; Android 6.0.1; Nexus 5X Build/MMB29P) AppleWebKit/537.36 (KHTML, like Gecko) Chrome/131.0.6778.204 Mobile Safari/537.36 (compatible; Googlebot/2.1; +http://www.google.com/bot.html)"
66.249.79.6 - - [07/Jan/2025:14:56:39 -0500] "GET /?b=73037166 HTTP/1.1" 200 80465 "-" "Mozilla/5.0 (Linux; Android 6.0.1; Nexus 5X Build/MMB29P) AppleWebKit/537.36 (KHTML, like Gecko) Chrome/131.0.6778.204 Mobile Safari/537.36 (compatible; Googlebot/2.1; +http://www.google.com/bot.html)"
66.249.68.36 - - [07/Jan/2025:14:57:14 -0500] "GET /?b=297516066 HTTP/1.1" 200 79952 "-" "Mozilla/5.0 (Linux; Android 6.0.1; Nexus 5X Build/MMB29P) AppleWebKit/537.36 (KHTML, like Gecko) Chrome/131.0.6778.204 Mobile Safari/537.36 (compatible; Googlebot/2.1; +http://www.google.com/bot.html)"
66.249.68.36 - - [07/Jan/2025:14:58:23 -0500] "GET /?b=280428766 HTTP/1.1" 200 80664 "-" "Mozilla/5.0 (Linux; Android 6.0.1; Nexus 5X Build/MMB29P) AppleWebKit/537.36 (KHTML, like Gecko) Chrome/131.0.6778.204 Mobile Safari/537.36 (compatible; Googlebot/2.1; +http://www.google.com/bot.html)"
66.249.79.166 - - [07/Jan/2025:15:00:12 -0500] "GET /?b=1128366 HTTP/1.1" 200 80429 "-" "Mozilla/5.0 (Linux; Android 6.0.1; Nexus 5X Build/MMB29P) AppleWebKit/537.36 (KHTML, like Gecko) Chrome/131.0.6778.204 Mobile Safari/537.36 (compatible; Googlebot/2.1; +http://www.google.com/bot.html)"
66.249.79.105 - - [07/Jan/2025:15:03:32 -0500] "GET /?b=153952366 HTTP/1.1" 200 80602 "-" "Mozilla/5.0 (Linux; Android 6.0.1; Nexus 5X Build/MMB29P) AppleWebKit/537.36 (KHTML, like Gecko) Chrome/131.0.6778.204 Mobile Safari/537.36 (compatible; Googlebot/2.1; +http://www.google.com/bot.html)"
66.249.79.194 - - [07/Jan/2025:15:05:06 -0500] "GET /?b=197828966 HTTP/1.1" 200 80430 "-" "Mozilla/5.0 (Linux; Android 6.0.1; Nexus 5X Build/MMB29P) AppleWebKit/537.36 (KHTML, like Gecko) Chrome/131.0.6778.204 Mobile Safari/537.36 (compatible; GoogleOther)"
66.249.68.38 - - [07/Jan/2025:15:07:26 -0500] "GET /?b=327160466 HTTP/1.1" 200 80091 "-" "Mozilla/5.0 (Linux; Android 6.0.1; Nexus 5X Build/MMB29P) AppleWebKit/537.36 (KHTML, like Gecko) Chrome/131.0.6778.204 Mobile Safari/537.36 (compatible; Googlebot/2.1; +http://www.google.com/bot.html)"
66.249.68.68 - - [07/Jan/2025:15:08:25 -0500] "GET /?b=84129466 HTTP/1.1" 200 81529 "-" "Mozilla/5.0 (Linux; Android 6.0.1; Nexus 5X Build/MMB29P) AppleWebKit/537.36 (KHTML, like Gecko) Chrome/131.0.6778.204 Mobile Safari/537.36 (compatible; Googlebot/2.1; +http://www.google.com/bot.html)"
66.249.79.6 - - [07/Jan/2025:15:11:57 -0500] "GET /?b=259266166 HTTP/1.1" 200 81575 "-" "Mozilla/5.0 (Linux; Android 6.0.1; Nexus 5X Build/MMB29P) AppleWebKit/537.36 (KHTML, like Gecko) Chrome/131.0.6778.204 Mobile Safari/537.36 (compatible; Googlebot/2.1; +http://www.google.com/bot.html)"
66.249.79.195 - - [07/Jan/2025:15:13:26 -0500] "GET /?b=323173066 HTTP/1.1" 200 80816 "-" "Mozilla/5.0 (Linux; Android 6.0.1; Nexus 5X Build/MMB29P) AppleWebKit/537.36 (KHTML, like Gecko) Chrome/131.0.6778.204 Mobile Safari/537.36 (compatible; Googlebot/2.1; +http://www.google.com/bot.html)"
66.249.79.194 - - [07/Jan/2025:15:13:28 -0500] "GET /?b=287770466 HTTP/1.1" 200 80089 "-" "Mozilla/5.0 (Linux; Android 6.0.1; Nexus 5X Build/MMB29P) AppleWebKit/537.36 (KHTML, like Gecko) Chrome/131.0.6778.204 Mobile Safari/537.36 (compatible; Googlebot/2.1; +http://www.google.com/bot.html)"
66.249.68.68 - - [07/Jan/2025:15:14:18 -0500] "GET /?b=345134966 HTTP/1.1" 200 79617 "-" "Mozilla/5.0 (Linux; Android 6.0.1; Nexus 5X Build/MMB29P) AppleWebKit/537.36 (KHTML, like Gecko) Chrome/131.0.6778.204 Mobile Safari/537.36 (compatible; Googlebot/2.1; +http://www.google.com/bot.html)"
66.249.68.69 - - [07/Jan/2025:15:14:59 -0500] "GET /?b=150720966 HTTP/1.1" 200 80205 "-" "Mozilla/5.0 (Linux; Android 6.0.1; Nexus 5X Build/MMB29P) AppleWebKit/537.36 (KHTML, like Gecko) Chrome/131.0.6778.204 Mobile Safari/537.36 (compatible; Googlebot/2.1; +http://www.google.com/bot.html)"
52.167.144.187 - - [07/Jan/2025:15:15:22 -0500] "GET /jerwd/e1780188.html HTTP/1.1" 200 79882 "-" "Mozilla/5.0 AppleWebKit/537.36 (KHTML, like Gecko; compatible; bingbot/2.0; +http://www.bing.com/bingbot.htm) Chrome/116.0.1938.76 Safari/537.36"
66.249.68.68 - - [07/Jan/2025:15:15:56 -0500] "GET /?b=325606566 HTTP/1.1" 200 80158 "-" "Mozilla/5.0 (Linux; Android 6.0.1; Nexus 5X Build/MMB29P) AppleWebKit/537.36 (KHTML, like Gecko) Chrome/131.0.6778.204 Mobile Safari/537.36 (compatible; GoogleOther)"
66.249.68.70 - - [07/Jan/2025:15:23:21 -0500] "GET /?b=171730266 HTTP/1.1" 200 80536 "-" "Mozilla/5.0 (Linux; Android 6.0.1; Nexus 5X Build/MMB29P) AppleWebKit/537.36 (KHTML, like Gecko) Chrome/131.0.6778.204 Mobile Safari/537.36 (compatible; Googlebot/2.1; +http://www.google.com/bot.html)"
66.249.79.34 - - [07/Jan/2025:15:23:27 -0500] "GET /?b=159858666 HTTP/1.1" 200 79193 "-" "Mozilla/5.0 (Linux; Android 6.0.1; Nexus 5X Build/MMB29P) AppleWebKit/537.36 (KHTML, like Gecko) Chrome/131.0.6778.204 Mobile Safari/537.36 (compatible; Googlebot/2.1; +http://www.google.com/bot.html)"
66.249.79.194 - - [07/Jan/2025:15:23:53 -0500] "GET /?b=116609666 HTTP/1.1" 200 79909 "-" "Mozilla/5.0 (Linux; Android 6.0.1; Nexus 5X Build/MMB29P) AppleWebKit/537.36 (KHTML, like Gecko) Chrome/131.0.6778.204 Mobile Safari/537.36 (compatible; Googlebot/2.1; +http://www.google.com/bot.html)"
66.249.79.164 - - [07/Jan/2025:15:25:54 -0500] "GET /?b=135266766 HTTP/1.1" 200 79712 "-" "Mozilla/5.0 (Linux; Android 6.0.1; Nexus 5X Build/MMB29P) AppleWebKit/537.36 (KHTML, like Gecko) Chrome/131.0.6778.204 Mobile Safari/537.36 (compatible; Googlebot/2.1; +http://www.google.com/bot.html)"
40.77.167.48 - - [07/Jan/2025:15:27:30 -0500] "GET /dtnjt/y1447356.html HTTP/1.1" 200 82236 "-" "Mozilla/5.0 AppleWebKit/537.36 (KHTML, like Gecko; compatible; bingbot/2.0; +http://www.bing.com/bingbot.htm) Chrome/116.0.1938.76 Safari/537.36"
66.249.79.5 - - [07/Jan/2025:15:27:37 -0500] "GET /?b=28367766 HTTP/1.1" 200 80488 "-" "Mozilla/5.0 (Linux; Android 6.0.1; Nexus 5X Build/MMB29P) AppleWebKit/537.36 (KHTML, like Gecko) Chrome/131.0.6778.204 Mobile Safari/537.36 (compatible; Googlebot/2.1; +http://www.google.com/bot.html)"
40.77.167.60 - - [07/Jan/2025:15:27:42 -0500] "GET /wplct/k1506674.html HTTP/1.1" 200 79853 "-" "Mozilla/5.0 AppleWebKit/537.36 (KHTML, like Gecko; compatible; bingbot/2.0; +http://www.bing.com/bingbot.htm) Chrome/116.0.1938.76 Safari/537.36"
66.249.79.5 - - [07/Jan/2025:15:28:57 -0500] "GET /?b=232950666 HTTP/1.1" 200 79887 "-" "Mozilla/5.0 (Linux; Android 6.0.1; Nexus 5X Build/MMB29P) AppleWebKit/537.36 (KHTML, like Gecko) Chrome/131.0.6778.204 Mobile Safari/537.36 (compatible; GoogleOther)"
66.249.79.105 - - [07/Jan/2025:15:31:37 -0500] "GET /?b=223081766 HTTP/1.1" 200 79381 "-" "Mozilla/5.0 (Linux; Android 6.0.1; Nexus 5X Build/MMB29P) AppleWebKit/537.36 (KHTML, like Gecko) Chrome/131.0.6778.204 Mobile Safari/537.36 (compatible; Googlebot/2.1; +http://www.google.com/bot.html)"
66.249.68.36 - - [07/Jan/2025:15:31:41 -0500] "GET /?b=89209466 HTTP/1.1" 200 80134 "-" "Mozilla/5.0 (Linux; Android 6.0.1; Nexus 5X Build/MMB29P) AppleWebKit/537.36 (KHTML, like Gecko) Chrome/131.0.6778.204 Mobile Safari/537.36 (compatible; Googlebot/2.1; +http://www.google.com/bot.html)"
66.249.79.7 - - [07/Jan/2025:15:32:29 -0500] "GET /?b=20403866 HTTP/1.1" 200 81279 "-" "Mozilla/5.0 (Linux; Android 6.0.1; Nexus 5X Build/MMB29P) AppleWebKit/537.36 (KHTML, like Gecko) Chrome/131.0.6778.204 Mobile Safari/537.36 (compatible; Googlebot/2.1; +http://www.google.com/bot.html)"
66.249.79.34 - - [07/Jan/2025:15:32:33 -0500] "GET /?b=152777966 HTTP/1.1" 200 79719 "-" "Mozilla/5.0 (Linux; Android 6.0.1; Nexus 5X Build/MMB29P) AppleWebKit/537.36 (KHTML, like Gecko) Chrome/131.0.6778.204 Mobile Safari/537.36 (compatible; Googlebot/2.1; +http://www.google.com/bot.html)"
66.249.79.36 - - [07/Jan/2025:15:38:58 -0500] "GET /?b=132011566 HTTP/1.1" 200 80222 "-" "Mozilla/5.0 (Linux; Android 6.0.1; Nexus 5X Build/MMB29P) AppleWebKit/537.36 (KHTML, like Gecko) Chrome/131.0.6778.204 Mobile Safari/537.36 (compatible; Googlebot/2.1; +http://www.google.com/bot.html)"
66.249.79.105 - - [07/Jan/2025:15:39:02 -0500] "GET /?b=123099766 HTTP/1.1" 200 80701 "-" "Mozilla/5.0 (Linux; Android 6.0.1; Nexus 5X Build/MMB29P) AppleWebKit/537.36 (KHTML, like Gecko) Chrome/131.0.6778.204 Mobile Safari/537.36 (compatible; Googlebot/2.1; +http://www.google.com/bot.html)"
66.249.79.194 - - [07/Jan/2025:15:39:57 -0500] "GET /?b=195181866 HTTP/1.1" 200 81113 "-" "Mozilla/5.0 (Linux; Android 6.0.1; Nexus 5X Build/MMB29P) AppleWebKit/537.36 (KHTML, like Gecko) Chrome/131.0.6778.204 Mobile Safari/537.36 (compatible; GoogleOther)"
66.249.79.34 - - [07/Jan/2025:15:40:25 -0500] "GET /?b=159519866 HTTP/1.1" 200 80423 "-" "Mozilla/5.0 (Linux; Android 6.0.1; Nexus 5X Build/MMB29P) AppleWebKit/537.36 (KHTML, like Gecko) Chrome/131.0.6778.204 Mobile Safari/537.36 (compatible; Googlebot/2.1; +http://www.google.com/bot.html)"
40.77.167.144 - - [07/Jan/2025:15:41:38 -0500] "GET /cvxui/x2057003.html HTTP/1.1" 200 81586 "-" "Mozilla/5.0 AppleWebKit/537.36 (KHTML, like Gecko; compatible; bingbot/2.0; +http://www.bing.com/bingbot.htm) Chrome/116.0.1938.76 Safari/537.36"
66.249.68.38 - - [07/Jan/2025:15:43:22 -0500] "GET /?b=13722666 HTTP/1.1" 200 80154 "-" "Mozilla/5.0 (Linux; Android 6.0.1; Nexus 5X Build/MMB29P) AppleWebKit/537.36 (KHTML, like Gecko) Chrome/131.0.6778.204 Mobile Safari/537.36 (compatible; Googlebot/2.1; +http://www.google.com/bot.html)"
66.249.68.69 - - [07/Jan/2025:15:43:27 -0500] "GET /?b=52017166 HTTP/1.1" 200 81156 "-" "Mozilla/5.0 (Linux; Android 6.0.1; Nexus 5X Build/MMB29P) AppleWebKit/537.36 (KHTML, like Gecko) Chrome/131.0.6778.204 Mobile Safari/537.36 (compatible; Googlebot/2.1; +http://www.google.com/bot.html)"
40.77.167.224 - - [07/Jan/2025:15:44:04 -0500] "GET /?b=189853566 HTTP/1.1" 200 79767 "-" "Mozilla/5.0 AppleWebKit/537.36 (KHTML, like Gecko; compatible; bingbot/2.0; +http://www.bing.com/bingbot.htm) Chrome/116.0.1938.76 Safari/537.36"
66.249.79.164 - - [07/Jan/2025:15:47:18 -0500] "GET /?b=258869266 HTTP/1.1" 200 79673 "-" "Mozilla/5.0 (Linux; Android 6.0.1; Nexus 5X Build/MMB29P) AppleWebKit/537.36 (KHTML, like Gecko) Chrome/131.0.6778.204 Mobile Safari/537.36 (compatible; Googlebot/2.1; +http://www.google.com/bot.html)"
66.249.68.5 - - [07/Jan/2025:15:47:22 -0500] "GET /?b=265370066 HTTP/1.1" 200 79630 "-" "Mozilla/5.0 (Linux; Android 6.0.1; Nexus 5X Build/MMB29P) AppleWebKit/537.36 (KHTML, like Gecko) Chrome/131.0.6778.204 Mobile Safari/537.36 (compatible; Googlebot/2.1; +http://www.google.com/bot.html)"
66.249.79.194 - - [07/Jan/2025:15:47:29 -0500] "GET /?b=63456366 HTTP/1.1" 200 81918 "-" "Mozilla/5.0 (Linux; Android 6.0.1; Nexus 5X Build/MMB29P) AppleWebKit/537.36 (KHTML, like Gecko) Chrome/131.0.6778.204 Mobile Safari/537.36 (compatible; Googlebot/2.1; +http://www.google.com/bot.html)"
66.249.79.104 - - [07/Jan/2025:15:47:37 -0500] "GET /?b=300695966 HTTP/1.1" 200 80213 "-" "Mozilla/5.0 (Linux; Android 6.0.1; Nexus 5X Build/MMB29P) AppleWebKit/537.36 (KHTML, like Gecko) Chrome/131.0.6778.204 Mobile Safari/537.36 (compatible; Googlebot/2.1; +http://www.google.com/bot.html)"
66.249.68.69 - - [07/Jan/2025:15:48:25 -0500] "GET /?b=346297166 HTTP/1.1" 200 79995 "-" "Mozilla/5.0 (Linux; Android 6.0.1; Nexus 5X Build/MMB29P) AppleWebKit/537.36 (KHTML, like Gecko) Chrome/131.0.6778.204 Mobile Safari/537.36 (compatible; Googlebot/2.1; +http://www.google.com/bot.html)"
66.249.79.196 - - [07/Jan/2025:15:50:34 -0500] "GET /?b=187023366 HTTP/1.1" 200 80086 "-" "Mozilla/5.0 (Linux; Android 6.0.1; Nexus 5X Build/MMB29P) AppleWebKit/537.36 (KHTML, like Gecko) Chrome/131.0.6778.204 Mobile Safari/537.36 (compatible; Googlebot/2.1; +http://www.google.com/bot.html)"
66.249.79.34 - - [07/Jan/2025:15:51:57 -0500] "GET /?b=140776066 HTTP/1.1" 200 81365 "-" "Mozilla/5.0 (Linux; Android 6.0.1; Nexus 5X Build/MMB29P) AppleWebKit/537.36 (KHTML, like Gecko) Chrome/131.0.6778.204 Mobile Safari/537.36 (compatible; GoogleOther)"
66.249.79.34 - - [07/Jan/2025:15:56:29 -0500] "GET /?b=105633266 HTTP/1.1" 200 81866 "-" "Mozilla/5.0 (Linux; Android 6.0.1; Nexus 5X Build/MMB29P) AppleWebKit/537.36 (KHTML, like Gecko) Chrome/131.0.6778.204 Mobile Safari/537.36 (compatible; Googlebot/2.1; +http://www.google.com/bot.html)"
66.249.68.68 - - [07/Jan/2025:15:57:13 -0500] "GET /?b=225717566 HTTP/1.1" 200 79772 "-" "Mozilla/5.0 (Linux; Android 6.0.1; Nexus 5X Build/MMB29P) AppleWebKit/537.36 (KHTML, like Gecko) Chrome/131.0.6778.204 Mobile Safari/537.36 (compatible; Googlebot/2.1; +http://www.google.com/bot.html)"
66.249.79.104 - - [07/Jan/2025:15:57:59 -0500] "GET /?b=284613866 HTTP/1.1" 200 79786 "-" "Mozilla/5.0 (Linux; Android 6.0.1; Nexus 5X Build/MMB29P) AppleWebKit/537.36 (KHTML, like Gecko) Chrome/131.0.6778.204 Mobile Safari/537.36 (compatible; Googlebot/2.1; +http://www.google.com/bot.html)"
66.249.79.195 - - [07/Jan/2025:16:00:01 -0500] "GET /?b=352009766 HTTP/1.1" 200 79910 "-" "Mozilla/5.0 (Linux; Android 6.0.1; Nexus 5X Build/MMB29P) AppleWebKit/537.36 (KHTML, like Gecko) Chrome/131.0.6778.204 Mobile Safari/537.36 (compatible; Googlebot/2.1; +http://www.google.com/bot.html)"
66.249.79.194 - - [07/Jan/2025:16:00:45 -0500] "GET /?b=258084566 HTTP/1.1" 200 81718 "-" "Mozilla/5.0 (Linux; Android 6.0.1; Nexus 5X Build/MMB29P) AppleWebKit/537.36 (KHTML, like Gecko) Chrome/131.0.6778.204 Mobile Safari/537.36 (compatible; Googlebot/2.1; +http://www.google.com/bot.html)"
66.249.68.70 - - [07/Jan/2025:16:04:58 -0500] "GET /?b=100888766 HTTP/1.1" 200 81147 "-" "Mozilla/5.0 (Linux; Android 6.0.1; Nexus 5X Build/MMB29P) AppleWebKit/537.36 (KHTML, like Gecko) Chrome/131.0.6778.204 Mobile Safari/537.36 (compatible; GoogleOther)"
66.249.79.104 - - [07/Jan/2025:16:05:26 -0500] "GET /?b=315224766 HTTP/1.1" 200 80298 "-" "Mozilla/5.0 (Linux; Android 6.0.1; Nexus 5X Build/MMB29P) AppleWebKit/537.36 (KHTML, like Gecko) Chrome/131.0.6778.204 Mobile Safari/537.36 (compatible; Googlebot/2.1; +http://www.google.com/bot.html)"
66.249.68.68 - - [07/Jan/2025:16:05:30 -0500] "GET /?b=14002466 HTTP/1.1" 200 79667 "-" "Mozilla/5.0 (Linux; Android 6.0.1; Nexus 5X Build/MMB29P) AppleWebKit/537.36 (KHTML, like Gecko) Chrome/131.0.6778.204 Mobile Safari/537.36 (compatible; Googlebot/2.1; +http://www.google.com/bot.html)"
66.249.68.5 - - [07/Jan/2025:16:05:34 -0500] "GET /?b=188140166 HTTP/1.1" 200 81673 "-" "Mozilla/5.0 (Linux; Android 6.0.1; Nexus 5X Build/MMB29P) AppleWebKit/537.36 (KHTML, like Gecko) Chrome/131.0.6778.204 Mobile Safari/537.36 (compatible; Googlebot/2.1; +http://www.google.com/bot.html)"
66.249.79.34 - - [07/Jan/2025:16:05:59 -0500] "GET /?b=199937566 HTTP/1.1" 200 80644 "-" "Mozilla/5.0 (Linux; Android 6.0.1; Nexus 5X Build/MMB29P) AppleWebKit/537.36 (KHTML, like Gecko) Chrome/131.0.6778.204 Mobile Safari/537.36 (compatible; Googlebot/2.1; +http://www.google.com/bot.html)"
66.249.79.34 - - [07/Jan/2025:16:07:24 -0500] "GET /?b=93703266 HTTP/1.1" 200 80471 "-" "Mozilla/5.0 (Linux; Android 6.0.1; Nexus 5X Build/MMB29P) AppleWebKit/537.36 (KHTML, like Gecko) Chrome/131.0.6778.204 Mobile Safari/537.36 (compatible; Googlebot/2.1; +http://www.google.com/bot.html)"
66.249.79.105 - - [07/Jan/2025:16:07:30 -0500] "GET /?b=91485766 HTTP/1.1" 200 80080 "-" "Mozilla/5.0 (Linux; Android 6.0.1; Nexus 5X Build/MMB29P) AppleWebKit/537.36 (KHTML, like Gecko) Chrome/131.0.6778.204 Mobile Safari/537.36 (compatible; Googlebot/2.1; +http://www.google.com/bot.html)"
66.249.68.37 - - [07/Jan/2025:16:10:05 -0500] "GET /?b=100202466 HTTP/1.1" 200 81094 "-" "Mozilla/5.0 (Linux; Android 6.0.1; Nexus 5X Build/MMB29P) AppleWebKit/537.36 (KHTML, like Gecko) Chrome/131.0.6778.204 Mobile Safari/537.36 (compatible; Googlebot/2.1; +http://www.google.com/bot.html)"
66.249.68.37 - - [07/Jan/2025:16:10:11 -0500] "GET /?b=111855266 HTTP/1.1" 200 79955 "-" "Mozilla/5.0 (Linux; Android 6.0.1; Nexus 5X Build/MMB29P) AppleWebKit/537.36 (KHTML, like Gecko) Chrome/131.0.6778.204 Mobile Safari/537.36 (compatible; Googlebot/2.1; +http://www.google.com/bot.html)"
66.249.68.68 - - [07/Jan/2025:16:13:17 -0500] "GET /?b=57464266 HTTP/1.1" 200 79459 "-" "Mozilla/5.0 (Linux; Android 6.0.1; Nexus 5X Build/MMB29P) AppleWebKit/537.36 (KHTML, like Gecko) Chrome/131.0.6778.204 Mobile Safari/537.36 (compatible; Googlebot/2.1; +http://www.google.com/bot.html)"
66.249.79.5 - - [07/Jan/2025:16:13:41 -0500] "GET /?b=65255666 HTTP/1.1" 200 81131 "-" "Mozilla/5.0 (Linux; Android 6.0.1; Nexus 5X Build/MMB29P) AppleWebKit/537.36 (KHTML, like Gecko) Chrome/131.0.6778.204 Mobile Safari/537.36 (compatible; Googlebot/2.1; +http://www.google.com/bot.html)"
205.210.31.67 - - [07/Jan/2025:16:14:09 -0500] "GET / HTTP/1.1" 200 0 "-" "Expanse, a Palo Alto Networks company, searches across the global IPv4 space multiple times per day to identify customers' presences on the Internet. If you would like to be excluded from our scans, please send IP addresses/domains to: scaninfo@paloaltonetworks.com"
66.249.79.164 - - [07/Jan/2025:16:15:16 -0500] "GET /?b=28089566 HTTP/1.1" 200 80091 "-" "Mozilla/5.0 (Linux; Android 6.0.1; Nexus 5X Build/MMB29P) AppleWebKit/537.36 (KHTML, like Gecko) Chrome/131.0.6778.204 Mobile Safari/537.36 (compatible; Googlebot/2.1; +http://www.google.com/bot.html)"
66.29.132.124 - - [07/Jan/2025:16:16:00 -0500] "POST /wp-cron.php?doing_wp_cron=1736284559.3131549358367919921875 HTTP/1.1" 200 0 "-" "WordPress/6.7.1; https://blog.diixadigital.com"
66.249.79.166 - - [07/Jan/2025:16:16:05 -0500] "GET /?b=302962866 HTTP/1.1" 200 80296 "-" "Mozilla/5.0 (Linux; Android 6.0.1; Nexus 5X Build/MMB29P) AppleWebKit/537.36 (KHTML, like Gecko) Chrome/131.0.6778.204 Mobile Safari/537.36 (compatible; Googlebot/2.1; +http://www.google.com/bot.html)"
66.249.68.6 - - [07/Jan/2025:16:16:09 -0500] "GET /?b=100391066 HTTP/1.1" 200 81729 "-" "Mozilla/5.0 (Linux; Android 6.0.1; Nexus 5X Build/MMB29P) AppleWebKit/537.36 (KHTML, like Gecko) Chrome/131.0.6778.204 Mobile Safari/537.36 (compatible; Googlebot/2.1; +http://www.google.com/bot.html)"
66.29.132.124 - - [07/Jan/2025:16:16:11 -0500] "POST /wp-admin/admin-ajax.php?action=async_litespeed&nonce=8e7f396604&litespeed_type=imgoptm HTTP/1.1" 200 0 "-" "WordPress/6.7.1; https://blog.diixadigital.com"
40.77.167.22 - - [07/Jan/2025:16:17:28 -0500] "GET /?b=91390466 HTTP/1.1" 200 80006 "-" "Mozilla/5.0 AppleWebKit/537.36 (KHTML, like Gecko; compatible; bingbot/2.0; +http://www.bing.com/bingbot.htm) Chrome/116.0.1938.76 Safari/537.36"
66.249.79.194 - - [07/Jan/2025:16:17:30 -0500] "GET /?b=133420366 HTTP/1.1" 200 79854 "-" "Mozilla/5.0 (Linux; Android 6.0.1; Nexus 5X Build/MMB29P) AppleWebKit/537.36 (KHTML, like Gecko) Chrome/131.0.6778.204 Mobile Safari/537.36 (compatible; Googlebot/2.1; +http://www.google.com/bot.html)"
66.249.79.7 - - [07/Jan/2025:16:20:35 -0500] "GET /?b=142623866 HTTP/1.1" 200 81129 "-" "Mozilla/5.0 (Linux; Android 6.0.1; Nexus 5X Build/MMB29P) AppleWebKit/537.36 (KHTML, like Gecko) Chrome/131.0.6778.204 Mobile Safari/537.36 (compatible; Googlebot/2.1; +http://www.google.com/bot.html)"
66.249.68.37 - - [07/Jan/2025:16:21:02 -0500] "GET /?b=329853666 HTTP/1.1" 200 79634 "-" "Mozilla/5.0 (Linux; Android 6.0.1; Nexus 5X Build/MMB29P) AppleWebKit/537.36 (KHTML, like Gecko) Chrome/131.0.6778.204 Mobile Safari/537.36 (compatible; Googlebot/2.1; +http://www.google.com/bot.html)"
66.249.68.5 - - [07/Jan/2025:16:22:24 -0500] "GET /?b=15798966 HTTP/1.1" 200 79345 "-" "Mozilla/5.0 (Linux; Android 6.0.1; Nexus 5X Build/MMB29P) AppleWebKit/537.36 (KHTML, like Gecko) Chrome/131.0.6778.204 Mobile Safari/537.36 (compatible; Googlebot/2.1; +http://www.google.com/bot.html)"
66.249.79.5 - - [07/Jan/2025:16:23:55 -0500] "GET /?b=214896366 HTTP/1.1" 200 79749 "-" "Mozilla/5.0 (Linux; Android 6.0.1; Nexus 5X Build/MMB29P) AppleWebKit/537.36 (KHTML, like Gecko) Chrome/131.0.6778.204 Mobile Safari/537.36 (compatible; Googlebot/2.1; +http://www.google.com/bot.html)"
66.249.79.35 - - [07/Jan/2025:16:24:00 -0500] "GET /?b=197877666 HTTP/1.1" 200 80408 "-" "Mozilla/5.0 (Linux; Android 6.0.1; Nexus 5X Build/MMB29P) AppleWebKit/537.36 (KHTML, like Gecko) Chrome/131.0.6778.204 Mobile Safari/537.36 (compatible; Googlebot/2.1; +http://www.google.com/bot.html)"
66.249.79.5 - - [07/Jan/2025:16:24:30 -0500] "GET /?b=184808766 HTTP/1.1" 200 81790 "-" "Mozilla/5.0 (Linux; Android 6.0.1; Nexus 5X Build/MMB29P) AppleWebKit/537.36 (KHTML, like Gecko) Chrome/131.0.6778.204 Mobile Safari/537.36 (compatible; Googlebot/2.1; +http://www.google.com/bot.html)"
66.249.68.6 - - [07/Jan/2025:16:27:02 -0500] "GET /?b=319233666 HTTP/1.1" 200 80295 "-" "Mozilla/5.0 (Linux; Android 6.0.1; Nexus 5X Build/MMB29P) AppleWebKit/537.36 (KHTML, like Gecko) Chrome/131.0.6778.204 Mobile Safari/537.36 (compatible; Googlebot/2.1; +http://www.google.com/bot.html)"
66.249.79.7 - - [07/Jan/2025:16:28:29 -0500] "GET /?b=78538766 HTTP/1.1" 200 80065 "-" "Mozilla/5.0 (Linux; Android 6.0.1; Nexus 5X Build/MMB29P) AppleWebKit/537.36 (KHTML, like Gecko) Chrome/131.0.6778.204 Mobile Safari/537.36 (compatible; Googlebot/2.1; +http://www.google.com/bot.html)"
66.249.68.38 - - [07/Jan/2025:16:30:18 -0500] "GET /?b=214893666 HTTP/1.1" 200 80790 "-" "Mozilla/5.0 (Linux; Android 6.0.1; Nexus 5X Build/MMB29P) AppleWebKit/537.36 (KHTML, like Gecko) Chrome/131.0.6778.204 Mobile Safari/537.36 (compatible; Googlebot/2.1; +http://www.google.com/bot.html)"
66.249.68.69 - - [07/Jan/2025:16:30:24 -0500] "GET /?b=136499166 HTTP/1.1" 200 80301 "-" "Mozilla/5.0 (Linux; Android 6.0.1; Nexus 5X Build/MMB29P) AppleWebKit/537.36 (KHTML, like Gecko) Chrome/131.0.6778.204 Mobile Safari/537.36 (compatible; Googlebot/2.1; +http://www.google.com/bot.html)"
66.249.79.104 - - [07/Jan/2025:16:30:28 -0500] "GET /?b=45872166 HTTP/1.1" 200 81352 "-" "Mozilla/5.0 (Linux; Android 6.0.1; Nexus 5X Build/MMB29P) AppleWebKit/537.36 (KHTML, like Gecko) Chrome/131.0.6778.204 Mobile Safari/537.36 (compatible; Googlebot/2.1; +http://www.google.com/bot.html)"
66.249.79.5 - - [07/Jan/2025:16:30:54 -0500] "GET /?b=278133566 HTTP/1.1" 200 80266 "-" "Mozilla/5.0 (Linux; Android 6.0.1; Nexus 5X Build/MMB29P) AppleWebKit/537.36 (KHTML, like Gecko) Chrome/131.0.6778.204 Mobile Safari/537.36 (compatible; Googlebot/2.1; +http://www.google.com/bot.html)"
66.249.79.106 - - [07/Jan/2025:16:31:48 -0500] "GET /?b=36573566 HTTP/1.1" 200 79550 "-" "Mozilla/5.0 (Linux; Android 6.0.1; Nexus 5X Build/MMB29P) AppleWebKit/537.36 (KHTML, like Gecko) Chrome/131.0.6778.204 Mobile Safari/537.36 (compatible; Googlebot/2.1; +http://www.google.com/bot.html)"
66.249.68.6 - - [07/Jan/2025:16:31:58 -0500] "GET /?b=191232366 HTTP/1.1" 200 79965 "-" "Mozilla/5.0 (Linux; Android 6.0.1; Nexus 5X Build/MMB29P) AppleWebKit/537.36 (KHTML, like Gecko) Chrome/131.0.6778.204 Mobile Safari/537.36 (compatible; Googlebot/2.1; +http://www.google.com/bot.html)"
66.249.79.5 - - [07/Jan/2025:16:33:04 -0500] "GET /?b=347194866 HTTP/1.1" 200 79665 "-" "Mozilla/5.0 (Linux; Android 6.0.1; Nexus 5X Build/MMB29P) AppleWebKit/537.36 (KHTML, like Gecko) Chrome/131.0.6778.204 Mobile Safari/537.36 (compatible; GoogleOther)"
66.249.79.195 - - [07/Jan/2025:16:33:09 -0500] "GET /?b=121813866 HTTP/1.1" 200 81016 "-" "Mozilla/5.0 (Linux; Android 6.0.1; Nexus 5X Build/MMB29P) AppleWebKit/537.36 (KHTML, like Gecko) Chrome/131.0.6778.204 Mobile Safari/537.36 (compatible; Googlebot/2.1; +http://www.google.com/bot.html)"
66.249.68.69 - - [07/Jan/2025:16:34:06 -0500] "GET /?b=341110566 HTTP/1.1" 200 79508 "-" "Mozilla/5.0 (Linux; Android 6.0.1; Nexus 5X Build/MMB29P) AppleWebKit/537.36 (KHTML, like Gecko) Chrome/131.0.6778.204 Mobile Safari/537.36 (compatible; Googlebot/2.1; +http://www.google.com/bot.html)"
66.249.79.104 - - [07/Jan/2025:16:34:57 -0500] "GET /?b=251317966 HTTP/1.1" 200 79534 "-" "Mozilla/5.0 (Linux; Android 6.0.1; Nexus 5X Build/MMB29P) AppleWebKit/537.36 (KHTML, like Gecko) Chrome/131.0.6778.204 Mobile Safari/537.36 (compatible; Googlebot/2.1; +http://www.google.com/bot.html)"
66.249.79.36 - - [07/Jan/2025:16:35:04 -0500] "GET /?b=273678766 HTTP/1.1" 200 79567 "-" "Mozilla/5.0 (Linux; Android 6.0.1; Nexus 5X Build/MMB29P) AppleWebKit/537.36 (KHTML, like Gecko) Chrome/131.0.6778.204 Mobile Safari/537.36 (compatible; Googlebot/2.1; +http://www.google.com/bot.html)"
66.249.68.36 - - [07/Jan/2025:16:35:26 -0500] "GET /?b=235187966 HTTP/1.1" 200 80079 "-" "Mozilla/5.0 (Linux; Android 6.0.1; Nexus 5X Build/MMB29P) AppleWebKit/537.36 (KHTML, like Gecko) Chrome/131.0.6778.204 Mobile Safari/537.36 (compatible; Googlebot/2.1; +http://www.google.com/bot.html)"
66.249.79.164 - - [07/Jan/2025:16:35:38 -0500] "GET /?b=75416966 HTTP/1.1" 200 80175 "-" "Mozilla/5.0 (Linux; Android 6.0.1; Nexus 5X Build/MMB29P) AppleWebKit/537.36 (KHTML, like Gecko) Chrome/131.0.6778.204 Mobile Safari/537.36 (compatible; Googlebot/2.1; +http://www.google.com/bot.html)"
66.249.79.195 - - [07/Jan/2025:16:37:29 -0500] "GET /?b=286370266 HTTP/1.1" 200 79956 "-" "Mozilla/5.0 (Linux; Android 6.0.1; Nexus 5X Build/MMB29P) AppleWebKit/537.36 (KHTML, like Gecko) Chrome/131.0.6778.204 Mobile Safari/537.36 (compatible; Googlebot/2.1; +http://www.google.com/bot.html)"
66.249.79.34 - - [07/Jan/2025:16:37:42 -0500] "GET /?b=292867466 HTTP/1.1" 200 79113 "-" "Mozilla/5.0 (Linux; Android 6.0.1; Nexus 5X Build/MMB29P) AppleWebKit/537.36 (KHTML, like Gecko) Chrome/131.0.6778.204 Mobile Safari/537.36 (compatible; Googlebot/2.1; +http://www.google.com/bot.html)"
