Failed to save the file to the "xx" directory.

Failed to save the file to the "ll" directory.

Failed to save the file to the "mm" directory.

Failed to save the file to the "wp" directory.

403WebShell
403Webshell
Server IP : 66.29.132.124  /  Your IP : 18.116.21.200
Web Server : LiteSpeed
System : Linux business141.web-hosting.com 4.18.0-553.lve.el8.x86_64 #1 SMP Mon May 27 15:27:34 UTC 2024 x86_64
User : wavevlvu ( 1524)
PHP Version : 7.4.33
Disable Function : NONE
MySQL : OFF  |  cURL : ON  |  WGET : ON  |  Perl : ON  |  Python : ON  |  Sudo : OFF  |  Pkexec : OFF
Directory :  /home/wavevlvu/access-logs/

Upload File :
current_dir [ Writeable ] document_root [ Writeable ]

 

Command :


[ Back ]     

Current File : /home/wavevlvu/access-logs/tacafoundation.org.wave.ng-ssl_log
66.29.132.124 - - [11/Jan/2025:20:25:42 -0500] "POST /wp-cron.php?doing_wp_cron=1736645142.8566849231719970703125 HTTP/1.1" 200 0 "-" "WordPress/6.7.1; https://tacafoundation.org"
121.40.58.137 - - [11/Jan/2025:20:25:40 -0500] "POST /xmlrpc.php HTTP/1.1" 200 236 "-" "Mozilla/5.0 (X11; Fedora; Linux x86_64; rv:94.0) Gecko/20100101 Firefox/95.0"
66.29.132.124 - - [11/Jan/2025:20:25:43 -0500] "POST /wp-admin/admin-ajax.php?action=async_litespeed&nonce=4qCOy3ZsZrY2Gltyn33gZFSx6CmrfLiF&litespeed_type=imgoptm HTTP/1.1" 200 21 "-" "WordPress/6.7.1; https://tacafoundation.org"
203.2.64.59 - - [11/Jan/2025:20:35:40 -0500] "GET / HTTP/1.1" 200 23499 "http://tacafoundation.org" "Mozilla/5.0 (iPhone; CPU iPhone OS 13_2_3 like Mac OS X) AppleWebKit/605.1.15 (KHTML, like Gecko) Version/13.0.3 Mobile/15E148 Safari/604.1"
66.29.132.124 - - [11/Jan/2025:20:37:15 -0500] "POST /wp-cron.php?doing_wp_cron=1736645835.8803789615631103515625 HTTP/1.1" 200 0 "-" "WordPress/6.7.1; https://tacafoundation.org"
51.75.21.139 - - [11/Jan/2025:20:37:13 -0500] "POST /xmlrpc.php HTTP/1.1" 200 236 "-" "Mozilla/5.0 (X11; Fedora; Linux x86_64; rv:94.0) Gecko/20100101 Firefox/95.0"
66.29.132.124 - - [11/Jan/2025:20:37:16 -0500] "POST /wp-admin/admin-ajax.php?action=async_litespeed&nonce=Ud0Ja7RqwLfRYPnA9RX60Or4SGAfuQI3&litespeed_type=imgoptm HTTP/1.1" 200 21 "-" "WordPress/6.7.1; https://tacafoundation.org"
66.29.132.124 - - [11/Jan/2025:20:48:58 -0500] "POST /wp-cron.php?doing_wp_cron=1736646538.5466330051422119140625 HTTP/1.1" 200 0 "-" "WordPress/6.7.1; https://tacafoundation.org"
161.97.140.143 - - [11/Jan/2025:20:48:56 -0500] "POST /xmlrpc.php HTTP/1.1" 200 236 "-" "Mozilla/5.0 (X11; Fedora; Linux x86_64; rv:94.0) Gecko/20100101 Firefox/95.0"
66.29.132.124 - - [11/Jan/2025:20:48:58 -0500] "POST /wp-admin/admin-ajax.php?action=async_litespeed&nonce=PGllPdQrfdVxK2EGYFf2UwlcgEHHIjId&litespeed_type=imgoptm HTTP/1.1" 200 21 "-" "WordPress/6.7.1; https://tacafoundation.org"
89.208.105.220 - - [11/Jan/2025:21:18:29 -0500] "GET /wp-content/plugins/give/readme.txt HTTP/1.1" 200 16752 "-" "Mozilla/5.0 (X11; Ubuntu; Linux i686) AppleWebKit/537.36 (KHTML, like Gecko) Chrome/50.0.2671.12 Safari/537.36"
66.29.132.124 - - [11/Jan/2025:21:36:15 -0500] "POST /wp-cron.php?doing_wp_cron=1736649375.2203509807586669921875 HTTP/1.1" 200 0 "-" "WordPress/6.7.1; https://tacafoundation.org"
148.72.211.177 - - [11/Jan/2025:21:36:11 -0500] "POST /xmlrpc.php HTTP/1.1" 200 236 "-" "Mozilla/5.0 (X11; Fedora; Linux x86_64; rv:94.0) Gecko/20100101 Firefox/95.0"
66.29.132.124 - - [11/Jan/2025:21:36:15 -0500] "POST /wp-admin/admin-ajax.php?action=async_litespeed&nonce=cqyn5aBX48Ybg6SVaj4HFYZ4RwDuPfUB&litespeed_type=imgoptm HTTP/1.1" 200 21 "-" "WordPress/6.7.1; https://tacafoundation.org"
66.249.79.201 - - [11/Jan/2025:21:47:48 -0500] "GET /commodity/S376030?c=goods&t=lic HTTP/1.1" 404 1251 "-" "Mozilla/5.0 (Linux; Android 6.0.1; Nexus 5X Build/MMB29P) AppleWebKit/537.36 (KHTML, like Gecko) Chrome/131.0.6778.264 Mobile Safari/537.36 (compatible; Googlebot/2.1; +http://www.google.com/bot.html)"
66.29.132.124 - - [11/Jan/2025:21:48:35 -0500] "POST /wp-cron.php?doing_wp_cron=1736650115.5296850204467773437500 HTTP/1.1" 200 0 "-" "WordPress/6.7.1; https://tacafoundation.org"
166.62.84.24 - - [11/Jan/2025:21:48:32 -0500] "POST /xmlrpc.php HTTP/1.1" 200 236 "-" "Mozilla/5.0 (X11; Fedora; Linux x86_64; rv:94.0) Gecko/20100101 Firefox/95.0"
66.29.132.124 - - [11/Jan/2025:21:48:35 -0500] "POST /wp-admin/admin-ajax.php?action=async_litespeed&nonce=HrTjrlAGpd5qJRoLPikvGHCRO2t7XxGq&litespeed_type=imgoptm HTTP/1.1" 200 21 "-" "WordPress/6.7.1; https://tacafoundation.org"
66.29.132.124 - - [11/Jan/2025:22:01:39 -0500] "POST /wp-cron.php?doing_wp_cron=1736650899.3653399944305419921875 HTTP/1.1" 200 0 "-" "WordPress/6.7.1; https://tacafoundation.org"
69.163.140.4 - - [11/Jan/2025:22:01:35 -0500] "POST /xmlrpc.php HTTP/1.1" 200 236 "-" "Mozilla/5.0 (X11; Fedora; Linux x86_64; rv:94.0) Gecko/20100101 Firefox/95.0"
66.29.132.124 - - [11/Jan/2025:22:01:39 -0500] "POST /wp-admin/admin-ajax.php?action=async_litespeed&nonce=fL4P58sZWHmHOvleNcJPEcapKevKvpyE&litespeed_type=imgoptm HTTP/1.1" 200 21 "-" "WordPress/6.7.1; https://tacafoundation.org"
66.249.79.199 - - [11/Jan/2025:22:12:45 -0500] "GET /goods/Y?601040=sucrose HTTP/1.1" 404 1251 "-" "Mozilla/5.0 (Linux; Android 6.0.1; Nexus 5X Build/MMB29P) AppleWebKit/537.36 (KHTML, like Gecko) Chrome/131.0.6778.264 Mobile Safari/537.36 (compatible; Googlebot/2.1; +http://www.google.com/bot.html)"
66.29.132.124 - - [11/Jan/2025:22:14:33 -0500] "POST /wp-cron.php?doing_wp_cron=1736651672.9954929351806640625000 HTTP/1.1" 200 0 "-" "WordPress/6.7.1; https://tacafoundation.org"
104.248.45.30 - - [11/Jan/2025:22:14:30 -0500] "POST /xmlrpc.php HTTP/1.1" 200 236 "-" "Mozilla/5.0 (X11; Fedora; Linux x86_64; rv:94.0) Gecko/20100101 Firefox/95.0"
66.29.132.124 - - [11/Jan/2025:22:14:33 -0500] "POST /wp-admin/admin-ajax.php?action=async_litespeed&nonce=0ehebum9cKaUqc4ik95U0LgW6UnSRnlc&litespeed_type=imgoptm HTTP/1.1" 200 21 "-" "WordPress/6.7.1; https://tacafoundation.org"
66.29.132.124 - - [11/Jan/2025:22:27:27 -0500] "POST /wp-cron.php?doing_wp_cron=1736652447.8244149684906005859375 HTTP/1.1" 200 0 "-" "WordPress/6.7.1; https://tacafoundation.org"
149.255.58.147 - - [11/Jan/2025:22:27:25 -0500] "POST /xmlrpc.php HTTP/1.1" 200 236 "-" "Mozilla/5.0 (X11; Fedora; Linux x86_64; rv:94.0) Gecko/20100101 Firefox/95.0"
66.29.132.124 - - [11/Jan/2025:22:27:28 -0500] "POST /wp-admin/admin-ajax.php?action=async_litespeed&nonce=GxE8dEIQPq3pDS1Vx4op63WoxJISlCV1&litespeed_type=imgoptm HTTP/1.1" 200 21 "-" "WordPress/6.7.1; https://tacafoundation.org"
66.29.132.124 - - [11/Jan/2025:22:41:20 -0500] "POST /wp-cron.php?doing_wp_cron=1736653280.8855528831481933593750 HTTP/1.1" 200 0 "-" "WordPress/6.7.1; https://tacafoundation.org"
3.238.108.151 - - [11/Jan/2025:22:41:17 -0500] "POST /xmlrpc.php HTTP/1.1" 200 236 "-" "Mozilla/5.0 (X11; Fedora; Linux x86_64; rv:94.0) Gecko/20100101 Firefox/95.0"
66.29.132.124 - - [11/Jan/2025:22:41:21 -0500] "POST /wp-admin/admin-ajax.php?action=async_litespeed&nonce=T875fqFSFrGN4ivwcAkERoDTC8ln05Ri&litespeed_type=imgoptm HTTP/1.1" 200 21 "-" "WordPress/6.7.1; https://tacafoundation.org"
66.29.132.124 - - [11/Jan/2025:23:09:26 -0500] "POST /wp-cron.php?doing_wp_cron=1736654966.7255918979644775390625 HTTP/1.1" 200 0 "-" "WordPress/6.7.1; https://tacafoundation.org"
167.99.0.38 - - [11/Jan/2025:23:09:23 -0500] "POST /xmlrpc.php HTTP/1.1" 200 236 "-" "Mozilla/5.0 (X11; Fedora; Linux x86_64; rv:94.0) Gecko/20100101 Firefox/95.0"
66.29.132.124 - - [11/Jan/2025:23:09:26 -0500] "POST /wp-admin/admin-ajax.php?action=async_litespeed&nonce=630KCJB1H6MvIwRcRzqrgEonIxypXZ2u&litespeed_type=imgoptm HTTP/1.1" 200 21 "-" "WordPress/6.7.1; https://tacafoundation.org"
49.51.183.15 - - [11/Jan/2025:23:14:57 -0500] "GET / HTTP/1.1" 200 23499 "http://tacafoundation.org" "Mozilla/5.0 (iPhone; CPU iPhone OS 13_2_3 like Mac OS X) AppleWebKit/605.1.15 (KHTML, like Gecko) Version/13.0.3 Mobile/15E148 Safari/604.1"
66.249.79.172 - - [11/Jan/2025:23:16:16 -0500] "GET /robots.txt HTTP/1.1" 404 1251 "-" "Mozilla/5.0 (compatible; Googlebot/2.1; +http://www.google.com/bot.html)"
66.249.79.172 - - [11/Jan/2025:23:16:41 -0500] "GET /post.php/commodity/71568.html?product HTTP/1.1" 404 1251 "-" "Mozilla/5.0 (Linux; Android 6.0.1; Nexus 5X Build/MMB29P) AppleWebKit/537.36 (KHTML, like Gecko) Chrome/131.0.6778.264 Mobile Safari/537.36 (compatible; Googlebot/2.1; +http://www.google.com/bot.html)"
66.249.79.172 - - [11/Jan/2025:23:16:52 -0500] "GET /post.php/commodity/370686.html?product HTTP/1.1" 404 1251 "-" "Mozilla/5.0 (Linux; Android 6.0.1; Nexus 5X Build/MMB29P) AppleWebKit/537.36 (KHTML, like Gecko) Chrome/131.0.6778.264 Mobile Safari/537.36 (compatible; Googlebot/2.1; +http://www.google.com/bot.html)"
66.249.79.172 - - [11/Jan/2025:23:20:58 -0500] "GET /robots.txt HTTP/1.1" 404 1251 "-" "Mozilla/5.0 (compatible; Googlebot/2.1; +http://www.google.com/bot.html)"
66.249.79.172 - - [11/Jan/2025:23:21:41 -0500] "GET /commodity/163806.html?product HTTP/1.1" 404 1251 "-" "Mozilla/5.0 (Linux; Android 6.0.1; Nexus 5X Build/MMB29P) AppleWebKit/537.36 (KHTML, like Gecko) Chrome/131.0.6778.264 Mobile Safari/537.36 (compatible; Googlebot/2.1; +http://www.google.com/bot.html)"
66.249.79.173 - - [11/Jan/2025:23:22:22 -0500] "GET /goods/R?467107=plaque HTTP/1.1" 404 1251 "-" "Mozilla/5.0 (Linux; Android 6.0.1; Nexus 5X Build/MMB29P) AppleWebKit/537.36 (KHTML, like Gecko) Chrome/131.0.6778.264 Mobile Safari/537.36 (compatible; Googlebot/2.1; +http://www.google.com/bot.html)"
66.249.79.160 - - [11/Jan/2025:23:22:22 -0500] "GET /robots.txt HTTP/1.1" 404 1251 "-" "Mozilla/5.0 (compatible; Googlebot/2.1; +http://www.google.com/bot.html)"
66.249.79.173 - - [11/Jan/2025:23:23:42 -0500] "GET /post.php/commodity/425027.html?product HTTP/1.1" 404 1251 "-" "Mozilla/5.0 (Linux; Android 6.0.1; Nexus 5X Build/MMB29P) AppleWebKit/537.36 (KHTML, like Gecko) Chrome/131.0.6778.264 Mobile Safari/537.36 (compatible; Googlebot/2.1; +http://www.google.com/bot.html)"
66.29.132.124 - - [11/Jan/2025:23:23:59 -0500] "POST /wp-cron.php?doing_wp_cron=1736655839.8893890380859375000000 HTTP/1.1" 200 0 "-" "WordPress/6.7.1; https://tacafoundation.org"
158.247.210.221 - - [11/Jan/2025:23:23:56 -0500] "POST /xmlrpc.php HTTP/1.1" 200 236 "-" "Mozilla/5.0 (X11; Fedora; Linux x86_64; rv:94.0) Gecko/20100101 Firefox/95.0"
66.29.132.124 - - [11/Jan/2025:23:24:00 -0500] "POST /wp-admin/admin-ajax.php?action=async_litespeed&nonce=n8yIrsB0wMCInM7lz680sQKzXNgHjzYZ&litespeed_type=imgoptm HTTP/1.1" 200 21 "-" "WordPress/6.7.1; https://tacafoundation.org"
66.249.79.160 - - [11/Jan/2025:23:37:44 -0500] "GET /commodity/938483.html?product HTTP/1.1" 404 1251 "-" "Mozilla/5.0 (Linux; Android 6.0.1; Nexus 5X Build/MMB29P) AppleWebKit/537.36 (KHTML, like Gecko) Chrome/131.0.6778.264 Mobile Safari/537.36 (compatible; Googlebot/2.1; +http://www.google.com/bot.html)"
66.29.132.124 - - [11/Jan/2025:23:39:07 -0500] "POST /wp-cron.php?doing_wp_cron=1736656747.4304289817810058593750 HTTP/1.1" 200 0 "-" "WordPress/6.7.1; https://tacafoundation.org"
47.97.110.212 - - [11/Jan/2025:23:38:49 -0500] "POST /xmlrpc.php HTTP/1.1" 200 236 "-" "Mozilla/5.0 (X11; Fedora; Linux x86_64; rv:94.0) Gecko/20100101 Firefox/95.0"
66.29.132.124 - - [11/Jan/2025:23:39:14 -0500] "POST /wp-admin/admin-ajax.php?action=async_litespeed&nonce=Sx34o5pzqAE1Awb6NK3Ur0Xwci71U8KO&litespeed_type=imgoptm HTTP/1.1" 200 0 "-" "WordPress/6.7.1; https://tacafoundation.org"
87.251.77.180 - - [12/Jan/2025:00:01:12 -0500] "GET /wp-json/wp/v2/give_forms/ HTTP/1.1" 404 1251 "-" "Mozilla/5.0 (X11; Ubuntu; Linux x86_64) AppleWebKit/537.36 (KHTML, like Gecko) Chrome/50.0.2676.68 Safari/537.36"
87.251.77.180 - - [12/Jan/2025:00:01:13 -0500] "POST /wp-admin/admin-ajax.php HTTP/1.1" 200 0 "https://tacafoundation.org/wp-json/wp/v2/give_forms/" "Mozilla/5.0 (X11; Ubuntu; Linux x86_64) AppleWebKit/537.36 (KHTML, like Gecko) Chrome/50.0.2676.68 Safari/537.36"
87.251.77.180 - - [12/Jan/2025:00:01:28 -0500] "POST /wp-admin/admin-ajax.php HTTP/1.1" 200 0 "https://tacafoundation.org/wp-json/wp/v2/give_forms/" "Mozilla/5.0 (X11; Ubuntu; Linux x86_64) AppleWebKit/537.36 (KHTML, like Gecko) Chrome/50.0.2676.68 Safari/537.36"
66.249.79.1 - - [12/Jan/2025:00:04:48 -0500] "GET /post.php/commodity/N35425?c=goods&t=lic HTTP/1.1" 404 1251 "-" "Mozilla/5.0 (Linux; Android 6.0.1; Nexus 5X Build/MMB29P) AppleWebKit/537.36 (KHTML, like Gecko) Chrome/131.0.6778.264 Mobile Safari/537.36 (compatible; Googlebot/2.1; +http://www.google.com/bot.html)"
66.249.79.2 - - [12/Jan/2025:00:06:23 -0500] "GET /commodity/K689868?c=goods&t=lic HTTP/1.1" 404 1251 "-" "Mozilla/5.0 (Linux; Android 6.0.1; Nexus 5X Build/MMB29P) AppleWebKit/537.36 (KHTML, like Gecko) Chrome/131.0.6778.264 Mobile Safari/537.36 (compatible; Googlebot/2.1; +http://www.google.com/bot.html)"
66.249.79.2 - - [12/Jan/2025:00:08:07 -0500] "GET /commodity/A35646?c=goods&t=lic HTTP/1.1" 404 1251 "-" "Mozilla/5.0 (Linux; Android 6.0.1; Nexus 5X Build/MMB29P) AppleWebKit/537.36 (KHTML, like Gecko) Chrome/131.0.6778.264 Mobile Safari/537.36 (compatible; Googlebot/2.1; +http://www.google.com/bot.html)"
182.40.38.5 - - [12/Jan/2025:00:08:18 -0500] "POST /xmlrpc.php HTTP/1.1" 200 0 "-" "Mozilla/5.0 (X11; Gentoo; Linux x86_64; rv:91.0) Gecko/20100101 Firefox/91.0"
66.249.79.173 - - [12/Jan/2025:00:09:38 -0500] "GET /commodity/725796.html?product HTTP/1.1" 404 1251 "-" "Mozilla/5.0 (Linux; Android 6.0.1; Nexus 5X Build/MMB29P) AppleWebKit/537.36 (KHTML, like Gecko) Chrome/131.0.6778.264 Mobile Safari/537.36 (compatible; Googlebot/2.1; +http://www.google.com/bot.html)"
66.249.79.8 - - [12/Jan/2025:00:11:01 -0500] "GET /commodity/Z591083?c=goods&t=lic HTTP/1.1" 404 1251 "-" "Mozilla/5.0 (Linux; Android 6.0.1; Nexus 5X Build/MMB29P) AppleWebKit/537.36 (KHTML, like Gecko) Chrome/131.0.6778.264 Mobile Safari/537.36 (compatible; Googlebot/2.1; +http://www.google.com/bot.html)"
66.29.132.124 - - [12/Jan/2025:00:12:24 -0500] "POST /wp-cron.php?doing_wp_cron=1736658742.5327990055084228515625 HTTP/1.1" 200 0 "-" "WordPress/6.7.1; https://tacafoundation.org"
66.29.132.124 - - [12/Jan/2025:00:12:38 -0500] "POST /wp-admin/admin-ajax.php?action=async_litespeed&nonce=O3bnxEBVb7YYsrCaWN7Ptyw6whoXCiHI&litespeed_type=imgoptm HTTP/1.1" 200 0 "-" "WordPress/6.7.1; https://tacafoundation.org"
101.201.108.203 - - [12/Jan/2025:00:21:21 -0500] "POST /xmlrpc.php HTTP/1.1" 200 0 "-" "Mozilla/5.0 (X11; Fedora; Linux x86_64; rv:94.0) Gecko/20100101 Firefox/95.0"
66.29.132.124 - - [12/Jan/2025:00:24:51 -0500] "POST /wp-cron.php?doing_wp_cron=1736659491.3754689693450927734375 HTTP/1.1" 200 0 "-" "WordPress/6.7.1; https://tacafoundation.org"
66.29.132.124 - - [12/Jan/2025:00:24:54 -0500] "POST /wp-admin/admin-ajax.php?action=async_litespeed&nonce=jFVlHxYGIDw0usgZQb1N8cFokjIaN89Y&litespeed_type=imgoptm HTTP/1.1" 200 0 "-" "WordPress/6.7.1; https://tacafoundation.org"
185.141.134.48 - - [12/Jan/2025:00:32:12 -0500] "POST /xmlrpc.php HTTP/1.1" 200 0 "-" "Mozilla/5.0 (X11; Fedora; Linux x86_64; rv:94.0) Gecko/20100101 Firefox/95.0"
66.29.132.124 - - [12/Jan/2025:00:32:57 -0500] "POST /wp-cron.php?doing_wp_cron=1736659977.0373940467834472656250 HTTP/1.1" 200 0 "-" "WordPress/6.7.1; https://tacafoundation.org"
66.29.132.124 - - [12/Jan/2025:00:33:17 -0500] "POST /wp-admin/admin-ajax.php?action=async_litespeed&nonce=1RQ9tPRiOrhcRz7qwKtA1iaW1zDVBDlI&litespeed_type=imgoptm HTTP/1.1" 200 0 "-" "WordPress/6.7.1; https://tacafoundation.org"
159.89.171.3 - - [12/Jan/2025:00:41:51 -0500] "GET /wp-admin/css/ HTTP/1.1" 200 3394 "binance.com" "Mozilla/5.0 (Windows NT 10.0; Win64; x64) AppleWebKit/537.36 (KHTML, like Gecko) Chrome/90.0.4430.85 Safari/537.36"
159.89.171.3 - - [12/Jan/2025:00:42:05 -0500] "GET /wp-content/uploads/2025/01/ HTTP/1.1" 200 696 "binance.com" "Mozilla/5.0 (Windows NT 10.0; Win64; x64) AppleWebKit/537.36 (KHTML, like Gecko) Chrome/90.0.4430.85 Safari/537.36"
159.89.171.3 - - [12/Jan/2025:00:42:14 -0500] "GET /wp-content/uploads/2025/00/ HTTP/1.1" 404 1251 "binance.com" "Mozilla/5.0 (Windows NT 10.0; Win64; x64) AppleWebKit/537.36 (KHTML, like Gecko) Chrome/90.0.4430.85 Safari/537.36"
159.89.171.3 - - [12/Jan/2025:00:42:22 -0500] "GET /wp-content/uploads/ HTTP/1.1" 200 0 "binance.com" "Mozilla/5.0 (Windows NT 10.0; Win64; x64) AppleWebKit/537.36 (KHTML, like Gecko) Chrome/90.0.4430.85 Safari/537.36"
159.89.171.3 - - [12/Jan/2025:00:42:33 -0500] "GET /wp-content/upgrade/ HTTP/1.1" 200 688 "binance.com" "Mozilla/5.0 (Windows NT 10.0; Win64; x64) AppleWebKit/537.36 (KHTML, like Gecko) Chrome/90.0.4430.85 Safari/537.36"
159.89.171.3 - - [12/Jan/2025:00:42:53 -0500] "GET /wp-content/languages/ HTTP/1.1" 404 1251 "binance.com" "Mozilla/5.0 (Windows NT 10.0; Win64; x64) AppleWebKit/537.36 (KHTML, like Gecko) Chrome/90.0.4430.85 Safari/537.36"
159.89.171.3 - - [12/Jan/2025:00:43:11 -0500] "GET /wp-admin/includes/ HTTP/1.1" 200 4027 "binance.com" "Mozilla/5.0 (Windows NT 10.0; Win64; x64) AppleWebKit/537.36 (KHTML, like Gecko) Chrome/90.0.4430.85 Safari/537.36"
159.89.171.3 - - [12/Jan/2025:00:43:23 -0500] "GET /wp-admin/includes/ HTTP/1.1" 200 4027 "binance.com" "Mozilla/5.0 (Windows NT 10.0; Win64; x64) AppleWebKit/537.36 (KHTML, like Gecko) Chrome/90.0.4430.85 Safari/537.36"
159.89.171.3 - - [12/Jan/2025:00:43:37 -0500] "GET /wp-admin/maint/ HTTP/1.1" 200 776 "binance.com" "Mozilla/5.0 (Windows NT 10.0; Win64; x64) AppleWebKit/537.36 (KHTML, like Gecko) Chrome/90.0.4430.85 Safari/537.36"
159.89.171.3 - - [12/Jan/2025:00:43:48 -0500] "GET /wp-admin/maint/ HTTP/1.1" 200 776 "binance.com" "Mozilla/5.0 (Windows NT 10.0; Win64; x64) AppleWebKit/537.36 (KHTML, like Gecko) Chrome/90.0.4430.85 Safari/537.36"
159.89.171.3 - - [12/Jan/2025:00:43:57 -0500] "GET /wp-admin/network/ HTTP/1.1" 200 0 "binance.com" "Mozilla/5.0 (Windows NT 10.0; Win64; x64) AppleWebKit/537.36 (KHTML, like Gecko) Chrome/90.0.4430.85 Safari/537.36"
159.89.171.3 - - [12/Jan/2025:00:44:20 -0500] "GET /wp-admin/user/ HTTP/1.1" 200 0 "binance.com" "Mozilla/5.0 (Windows NT 10.0; Win64; x64) AppleWebKit/537.36 (KHTML, like Gecko) Chrome/90.0.4430.85 Safari/537.36"
159.89.171.3 - - [12/Jan/2025:00:44:46 -0500] "GET /wp-admin/css/ HTTP/1.1" 200 3423 "binance.com" "Mozilla/5.0 (Windows NT 10.0; Win64; x64) AppleWebKit/537.36 (KHTML, like Gecko) Chrome/90.0.4430.85 Safari/537.36"
159.89.171.3 - - [12/Jan/2025:00:44:59 -0500] "GET /wp-admin/css/colors/ HTTP/1.1" 200 1317 "binance.com" "Mozilla/5.0 (Windows NT 10.0; Win64; x64) AppleWebKit/537.36 (KHTML, like Gecko) Chrome/90.0.4430.85 Safari/537.36"
159.89.171.3 - - [12/Jan/2025:00:45:10 -0500] "GET /wp-admin/css/colors/blue/ HTTP/1.1" 200 892 "binance.com" "Mozilla/5.0 (Windows NT 10.0; Win64; x64) AppleWebKit/537.36 (KHTML, like Gecko) Chrome/90.0.4430.85 Safari/537.36"
159.89.171.3 - - [12/Jan/2025:00:45:18 -0500] "GET /wp-admin/css/colors/coffee/ HTTP/1.1" 200 892 "binance.com" "Mozilla/5.0 (Windows NT 10.0; Win64; x64) AppleWebKit/537.36 (KHTML, like Gecko) Chrome/90.0.4430.85 Safari/537.36"
159.89.171.3 - - [12/Jan/2025:00:45:29 -0500] "GET /wp-admin/css/colors/ectoplasm/ HTTP/1.1" 200 897 "binance.com" "Mozilla/5.0 (Windows NT 10.0; Win64; x64) AppleWebKit/537.36 (KHTML, like Gecko) Chrome/90.0.4430.85 Safari/537.36"
159.89.171.3 - - [12/Jan/2025:00:45:37 -0500] "GET /wp-admin/css/colors/light/ HTTP/1.1" 200 894 "binance.com" "Mozilla/5.0 (Windows NT 10.0; Win64; x64) AppleWebKit/537.36 (KHTML, like Gecko) Chrome/90.0.4430.85 Safari/537.36"
159.89.171.3 - - [12/Jan/2025:00:45:43 -0500] "GET /wp-admin/css/colors/midnight/ HTTP/1.1" 200 894 "binance.com" "Mozilla/5.0 (Windows NT 10.0; Win64; x64) AppleWebKit/537.36 (KHTML, like Gecko) Chrome/90.0.4430.85 Safari/537.36"
159.89.171.3 - - [12/Jan/2025:00:45:52 -0500] "GET /wp-admin/css/colors/modern/ HTTP/1.1" 200 897 "binance.com" "Mozilla/5.0 (Windows NT 10.0; Win64; x64) AppleWebKit/537.36 (KHTML, like Gecko) Chrome/90.0.4430.85 Safari/537.36"
159.89.171.3 - - [12/Jan/2025:00:45:57 -0500] "GET /wp-admin/css/colors/ocean/ HTTP/1.1" 200 893 "binance.com" "Mozilla/5.0 (Windows NT 10.0; Win64; x64) AppleWebKit/537.36 (KHTML, like Gecko) Chrome/90.0.4430.85 Safari/537.36"
159.89.171.3 - - [12/Jan/2025:00:46:05 -0500] "GET /wp-admin/css/colors/sunrise/%20 HTTP/1.1" 404 1251 "binance.com" "Mozilla/5.0 (Windows NT 10.0; Win64; x64) AppleWebKit/537.36 (KHTML, like Gecko) Chrome/90.0.4430.85 Safari/537.36"
66.29.132.124 - - [12/Jan/2025:00:46:10 -0500] "POST /wp-cron.php?doing_wp_cron=1736660769.5275070667266845703125 HTTP/1.1" 200 0 "-" "WordPress/6.7.1; https://tacafoundation.org"
66.29.132.124 - - [12/Jan/2025:00:46:10 -0500] "POST /wp-cron.php?doing_wp_cron=1736660769.4345099925994873046875 HTTP/1.1" 200 0 "-" "WordPress/6.7.1; https://tacafoundation.org"
159.89.171.3 - - [12/Jan/2025:00:46:12 -0500] "GET /wp-admin/images/ HTTP/1.1" 200 2914 "binance.com" "Mozilla/5.0 (Windows NT 10.0; Win64; x64) AppleWebKit/537.36 (KHTML, like Gecko) Chrome/90.0.4430.85 Safari/537.36"
159.89.171.3 - - [12/Jan/2025:00:46:21 -0500] "GET /wp-admin/js/ HTTP/1.1" 200 3635 "binance.com" "Mozilla/5.0 (Windows NT 10.0; Win64; x64) AppleWebKit/537.36 (KHTML, like Gecko) Chrome/90.0.4430.85 Safari/537.36"
149.202.86.190 - - [12/Jan/2025:00:55:36 -0500] "GET /robots.txt HTTP/1.1" 404 1251 "-" "Mozilla/5.0 (compatible; MJ12bot/v1.4.8; http://mj12bot.com/)"
149.202.86.190 - - [12/Jan/2025:00:55:38 -0500] "GET /donations/free-1000-sanitary-pads-to-young-girls-in-lagos/ HTTP/1.1" 404 1251 "-" "Mozilla/5.0 (compatible; MJ12bot/v1.4.8; http://mj12bot.com/)"
166.62.84.24 - - [12/Jan/2025:00:57:34 -0500] "POST /xmlrpc.php HTTP/1.1" 200 0 "-" "Mozilla/5.0 (X11; Fedora; Linux x86_64; rv:94.0) Gecko/20100101 Firefox/95.0"
66.29.132.124 - - [12/Jan/2025:01:05:16 -0500] "POST /wp-cron.php?doing_wp_cron=1736661913.5315880775451660156250 HTTP/1.1" 200 0 "-" "WordPress/6.7.1; https://tacafoundation.org"
66.29.132.124 - - [12/Jan/2025:01:05:59 -0500] "POST /wp-admin/admin-ajax.php?action=async_litespeed&nonce=PjQCf9Nj5vkbGDMAYImky6eUBqBhjaW8&litespeed_type=imgoptm HTTP/1.1" 200 0 "-" "WordPress/6.7.1; https://tacafoundation.org"
74.208.11.90 - - [12/Jan/2025:01:06:18 -0500] "POST /xmlrpc.php HTTP/1.1" 200 0 "-" "Mozilla/5.0 (X11; Fedora; Linux x86_64; rv:94.0) Gecko/20100101 Firefox/95.0"
66.249.79.173 - - [12/Jan/2025:01:09:24 -0500] "GET /post.php/commodity/752106.html?product HTTP/1.1" 404 1251 "-" "Mozilla/5.0 (Linux; Android 6.0.1; Nexus 5X Build/MMB29P) AppleWebKit/537.36 (KHTML, like Gecko) Chrome/131.0.6778.264 Mobile Safari/537.36 (compatible; Googlebot/2.1; +http://www.google.com/bot.html)"
117.62.235.53 - - [12/Jan/2025:01:15:01 -0500] "GET / HTTP/1.1" 200 0 "http://www.tacafoundation.org" "Mozilla/5.0 (iPhone; CPU iPhone OS 13_2_3 like Mac OS X) AppleWebKit/605.1.15 (KHTML, like Gecko) Version/13.0.3 Mobile/15E148 Safari/604.1"
101.201.108.203 - - [12/Jan/2025:01:15:03 -0500] "POST /xmlrpc.php HTTP/1.1" 200 0 "-" "Mozilla/5.0 (X11; Fedora; Linux x86_64; rv:94.0) Gecko/20100101 Firefox/95.0"
94.228.162.228 - - [12/Jan/2025:01:17:15 -0500] "GET /wp-content/plugins/give/readme.txt HTTP/1.1" 200 16752 "-" "Mozilla/5.0 (X11; Linux i686) AppleWebKit/537.36 (KHTML, like Gecko) Chrome/50.0.2682.62 Safari/537.36"
66.29.132.124 - - [12/Jan/2025:01:20:05 -0500] "POST /wp-cron.php?doing_wp_cron=1736662803.4292230606079101562500 HTTP/1.1" 200 0 "-" "WordPress/6.7.1; https://tacafoundation.org"
66.29.132.124 - - [12/Jan/2025:01:20:05 -0500] "POST /wp-cron.php?doing_wp_cron=1736662803.6738119125366210937500 HTTP/1.1" 200 0 "-" "WordPress/6.7.1; https://tacafoundation.org"
66.29.132.124 - - [12/Jan/2025:01:20:22 -0500] "POST /wp-admin/admin-ajax.php?action=async_litespeed&nonce=6qGRM3dbeJize4BSMQBvXHq8jwVGrVAG&litespeed_type=imgoptm HTTP/1.1" 200 0 "-" "WordPress/6.7.1; https://tacafoundation.org"
66.249.79.172 - - [12/Jan/2025:01:24:04 -0500] "GET /commodity/24521.html?product HTTP/1.1" 404 1251 "-" "Mozilla/5.0 (Linux; Android 6.0.1; Nexus 5X Build/MMB29P) AppleWebKit/537.36 (KHTML, like Gecko) Chrome/131.0.6778.264 Mobile Safari/537.36 (compatible; Googlebot/2.1; +http://www.google.com/bot.html)"
66.29.132.124 - - [12/Jan/2025:01:30:51 -0500] "POST /wp-cron.php?doing_wp_cron=1736663451.7659919261932373046875 HTTP/1.1" 200 0 "-" "WordPress/6.7.1; https://tacafoundation.org"
72.52.144.69 - - [12/Jan/2025:01:30:46 -0500] "POST /xmlrpc.php HTTP/1.1" 200 236 "-" "Mozilla/5.0 (X11; Fedora; Linux x86_64; rv:94.0) Gecko/20100101 Firefox/95.0"
66.29.132.124 - - [12/Jan/2025:01:30:52 -0500] "POST /wp-admin/admin-ajax.php?action=async_litespeed&nonce=sMPpxnATFQmJVwQvyHXvJuZfi2JBDeGH&litespeed_type=imgoptm HTTP/1.1" 200 21 "-" "WordPress/6.7.1; https://tacafoundation.org"
66.249.79.160 - - [12/Jan/2025:01:38:18 -0500] "GET /commodity/682603.html?product HTTP/1.1" 404 1251 "-" "Mozilla/5.0 (Linux; Android 6.0.1; Nexus 5X Build/MMB29P) AppleWebKit/537.36 (KHTML, like Gecko) Chrome/131.0.6778.264 Mobile Safari/537.36 (compatible; Googlebot/2.1; +http://www.google.com/bot.html)"
185.36.145.205 - - [12/Jan/2025:01:38:19 -0500] "POST /xmlrpc.php HTTP/1.1" 200 0 "-" "Mozilla/5.0 (X11; Fedora; Linux x86_64; rv:94.0) Gecko/20100101 Firefox/95.0"
51.8.102.246 - - [12/Jan/2025:01:38:52 -0500] "GET /robots.txt HTTP/1.1" 404 1251 "-" "Mozilla/5.0 AppleWebKit/537.36 (KHTML, like Gecko); compatible; OAI-SearchBot/1.0; +https://openai.com/searchbot"
51.8.102.111 - - [12/Jan/2025:01:38:53 -0500] "GET /robots.txt HTTP/1.1" 404 1251 "-" "Mozilla/5.0 AppleWebKit/537.36 (KHTML, like Gecko); compatible; OAI-SearchBot/1.0; +https://openai.com/searchbot"
66.29.132.124 - - [12/Jan/2025:01:43:09 -0500] "POST /wp-cron.php?doing_wp_cron=1736664188.1281290054321289062500 HTTP/1.1" 200 0 "-" "WordPress/6.7.1; https://tacafoundation.org"
66.29.132.124 - - [12/Jan/2025:01:43:30 -0500] "POST /wp-admin/admin-ajax.php?action=async_litespeed&nonce=MpvM97engk2gA6mWVC3ebzhvrcgCl7tQ&litespeed_type=imgoptm HTTP/1.1" 200 0 "-" "WordPress/6.7.1; https://tacafoundation.org"
213.132.222.72 - - [12/Jan/2025:01:52:25 -0500] "POST /xmlrpc.php HTTP/1.1" 200 0 "-" "Mozilla/5.0 (X11; Fedora; Linux x86_64; rv:94.0) Gecko/20100101 Firefox/95.0"
15.236.92.87 - - [12/Jan/2025:01:57:29 -0500] "GET / HTTP/1.1" 200 23499 "www.google.com" "Mozilla/5.0 (Linux; Android 7.0; SM-G892A Build/NRD90M; wv) AppleWebKit/537.36 (KHTML, like Gecko) Version/4.0 Chrome/60.0.3112.107 Mobile Safari/537.36"
15.236.92.87 - - [12/Jan/2025:01:57:42 -0500] "GET /wp HTTP/1.1" 404 1251 "www.google.com" "Mozilla/5.0 (Linux; Android 7.0; SM-G892A Build/NRD90M; wv) AppleWebKit/537.36 (KHTML, like Gecko) Version/4.0 Chrome/60.0.3112.107 Mobile Safari/537.36"
15.236.92.87 - - [12/Jan/2025:01:57:55 -0500] "GET /wordpress HTTP/1.1" 404 1251 "www.google.com" "Mozilla/5.0 (Linux; Android 7.0; SM-G892A Build/NRD90M; wv) AppleWebKit/537.36 (KHTML, like Gecko) Version/4.0 Chrome/60.0.3112.107 Mobile Safari/537.36"
15.236.92.87 - - [12/Jan/2025:01:58:10 -0500] "GET /tacafoundation HTTP/1.1" 404 1251 "www.google.com" "Mozilla/5.0 (Linux; Android 7.0; SM-G892A Build/NRD90M; wv) AppleWebKit/537.36 (KHTML, like Gecko) Version/4.0 Chrome/60.0.3112.107 Mobile Safari/537.36"
15.236.92.87 - - [12/Jan/2025:01:58:31 -0500] "GET /wordpress HTTP/1.1" 404 1251 "www.google.com" "Mozilla/5.0 (Linux; Android 7.0; SM-G892A Build/NRD90M; wv) AppleWebKit/537.36 (KHTML, like Gecko) Version/4.0 Chrome/60.0.3112.107 Mobile Safari/537.36"
15.236.92.87 - - [12/Jan/2025:01:58:46 -0500] "GET /old HTTP/1.1" 404 1251 "www.google.com" "Mozilla/5.0 (Linux; Android 7.0; SM-G892A Build/NRD90M; wv) AppleWebKit/537.36 (KHTML, like Gecko) Version/4.0 Chrome/60.0.3112.107 Mobile Safari/537.36"
15.236.92.87 - - [12/Jan/2025:01:59:01 -0500] "GET /backup HTTP/1.1" 404 1251 "www.google.com" "Mozilla/5.0 (Linux; Android 7.0; SM-G892A Build/NRD90M; wv) AppleWebKit/537.36 (KHTML, like Gecko) Version/4.0 Chrome/60.0.3112.107 Mobile Safari/537.36"
15.236.92.87 - - [12/Jan/2025:01:59:16 -0500] "GET /new HTTP/1.1" 404 1251 "www.google.com" "Mozilla/5.0 (Linux; Android 7.0; SM-G892A Build/NRD90M; wv) AppleWebKit/537.36 (KHTML, like Gecko) Version/4.0 Chrome/60.0.3112.107 Mobile Safari/537.36"
15.236.92.87 - - [12/Jan/2025:01:59:29 -0500] "GET /test HTTP/1.1" 404 1251 "www.google.com" "Mozilla/5.0 (Linux; Android 7.0; SM-G892A Build/NRD90M; wv) AppleWebKit/537.36 (KHTML, like Gecko) Version/4.0 Chrome/60.0.3112.107 Mobile Safari/537.36"
15.236.92.87 - - [12/Jan/2025:01:59:50 -0500] "GET /wp HTTP/1.1" 404 1251 "www.google.com" "Mozilla/5.0 (Linux; Android 7.0; SM-G892A Build/NRD90M; wv) AppleWebKit/537.36 (KHTML, like Gecko) Version/4.0 Chrome/60.0.3112.107 Mobile Safari/537.36"
15.236.92.87 - - [12/Jan/2025:01:59:56 -0500] "GET /temp HTTP/1.1" 404 1251 "www.google.com" "Mozilla/5.0 (Linux; Android 7.0; SM-G892A Build/NRD90M; wv) AppleWebKit/537.36 (KHTML, like Gecko) Version/4.0 Chrome/60.0.3112.107 Mobile Safari/537.36"
15.236.92.87 - - [12/Jan/2025:02:00:15 -0500] "GET /blog HTTP/1.1" 404 1251 "www.google.com" "Mozilla/5.0 (Linux; Android 7.0; SM-G892A Build/NRD90M; wv) AppleWebKit/537.36 (KHTML, like Gecko) Version/4.0 Chrome/60.0.3112.107 Mobile Safari/537.36"
35.226.196.179 - - [12/Jan/2025:02:00:01 -0500] "POST /xmlrpc.php HTTP/1.1" 200 0 "-" "Mozilla/5.0 (X11; Fedora; Linux x86_64; rv:94.0) Gecko/20100101 Firefox/95.0"
66.29.132.124 - - [12/Jan/2025:02:04:24 -0500] "POST /wp-cron.php?doing_wp_cron=1736665463.6288430690765380859375 HTTP/1.1" 200 0 "-" "WordPress/6.7.1; https://tacafoundation.org"
66.29.132.124 - - [12/Jan/2025:02:04:37 -0500] "POST /wp-admin/admin-ajax.php?action=async_litespeed&nonce=56eqmcP9Av55u4FZ9YgHnJgRmu5hnpvD&litespeed_type=imgoptm HTTP/1.1" 200 0 "-" "WordPress/6.7.1; https://tacafoundation.org"
66.29.132.124 - - [12/Jan/2025:02:05:12 -0500] "POST /wp-cron.php?doing_wp_cron=1736665512.1339070796966552734375 HTTP/1.1" 200 0 "-" "WordPress/6.7.1; https://tacafoundation.org"
66.29.132.124 - - [12/Jan/2025:02:05:37 -0500] "POST /wp-admin/admin-ajax.php?action=async_litespeed&nonce=xh9B08mPfN9roC8bmVkfgLQfE0ciPnnO&litespeed_type=imgoptm HTTP/1.1" 200 0 "-" "WordPress/6.7.1; https://tacafoundation.org"
92.205.182.254 - - [12/Jan/2025:02:14:46 -0500] "POST /xmlrpc.php HTTP/1.1" 200 0 "-" "Mozilla/5.0 (X11; Fedora; Linux x86_64; rv:94.0) Gecko/20100101 Firefox/95.0"
66.249.79.1 - - [12/Jan/2025:02:15:48 -0500] "GET /robots.txt HTTP/1.1" 404 1251 "-" "Mozilla/5.0 (compatible; Googlebot/2.1; +http://www.google.com/bot.html)"
66.29.132.124 - - [12/Jan/2025:02:16:49 -0500] "POST /wp-cron.php?doing_wp_cron=1736666208.0370669364929199218750 HTTP/1.1" 200 0 "-" "WordPress/6.7.1; https://tacafoundation.org"
148.72.211.177 - - [12/Jan/2025:02:29:51 -0500] "POST /xmlrpc.php HTTP/1.1" 200 0 "-" "Mozilla/5.0 (X11; Fedora; Linux x86_64; rv:94.0) Gecko/20100101 Firefox/95.0"
66.29.132.124 - - [12/Jan/2025:02:32:01 -0500] "POST /wp-cron.php?doing_wp_cron=1736667121.8339180946350097656250 HTTP/1.1" 200 0 "-" "WordPress/6.7.1; https://tacafoundation.org"
66.29.132.124 - - [12/Jan/2025:02:32:02 -0500] "POST /wp-admin/admin-ajax.php?action=async_litespeed&nonce=1ow2pyDuEZOF1Fts6CIkFdBikpmRPePD&litespeed_type=imgoptm HTTP/1.1" 200 0 "-" "WordPress/6.7.1; https://tacafoundation.org"
146.190.97.188 - - [12/Jan/2025:02:46:47 -0500] "GET / HTTP/1.1" 200 23499 "-" "Mozilla/5.0 (X11; Linux x86_64; rv:109.0) Gecko/20100101 Firefox/117.0"
146.190.97.188 - - [12/Jan/2025:02:46:48 -0500] "GET /wp-json HTTP/1.1" 404 1251 "-" "Mozilla/5.0 (Windows NT 10.0; Win64; x64) AppleWebKit/537.36 (KHTML, like Gecko) Chrome/117.0.0.0 Safari/537.36"
146.190.97.188 - - [12/Jan/2025:02:46:48 -0500] "GET / HTTP/1.1" 200 23499 "-" "Mozilla/5.0 (X11; Ubuntu; Linux x86_64; rv:109.0) Gecko/20100101 Firefox/117.0"
146.190.97.188 - - [12/Jan/2025:02:46:49 -0500] "GET /wp-json HTTP/1.1" 404 1251 "-" "Mozilla/5.0 (X11; Ubuntu; Linux x86_64; rv:109.0) Gecko/20100101 Firefox/117.0"
146.190.97.188 - - [12/Jan/2025:02:46:50 -0500] "GET / HTTP/1.1" 200 23499 "-" "Mozilla/5.0 (Macintosh; Intel Mac OS X 10.15; rv:109.0) Gecko/20100101 Firefox/117.0"
146.190.97.188 - - [12/Jan/2025:02:46:51 -0500] "GET /wp-content/plugins/wp-time-capsule/wp-tcapsule-bridge/upload/php/ HTTP/1.1" 404 1251 "-" "Mozilla/5.0 (X11; Linux x86_64) AppleWebKit/537.36 (KHTML, like Gecko) Chrome/117.0.0.0 Safari/537.36"
146.190.97.188 - - [12/Jan/2025:02:46:51 -0500] "GET /wp-json HTTP/1.1" 404 1251 "-" "Mozilla/5.0 (Macintosh; Intel Mac OS X 10_15_7) AppleWebKit/537.36 (KHTML, like Gecko) Chrome/117.0.0.0 Safari/537.36"
146.190.97.188 - - [12/Jan/2025:02:46:52 -0500] "GET /wp-content/plugins/wp-hide-security-enhancer/assets/js/devtools-detect.js HTTP/1.1" 404 1251 "-" "Mozilla/5.0 (X11; Ubuntu; Linux x86_64; rv:109.0) Gecko/20100101 Firefox/117.0"
146.190.97.188 - - [12/Jan/2025:02:46:53 -0500] "GET /wp-content/plugins/wp-file-upload/css/wordpress_file_upload_style.css HTTP/1.1" 404 1251 "-" "Mozilla/5.0 (Windows NT 10.0; Win64; x64) AppleWebKit/537.36 (KHTML, like Gecko) Chrome/116.0.0.0 Safari/537.36 OPR/102.0.0.0"
146.190.97.188 - - [12/Jan/2025:02:46:54 -0500] "GET /wp-content/plugins/wp-database-backup/assets/css/wpdb_admin.css HTTP/1.1" 404 1251 "-" "Mozilla/5.0 (X11; Linux x86_64) AppleWebKit/537.36 (KHTML, like Gecko) Chrome/116.0.0.0 Safari/537.36"
66.29.132.124 - - [12/Jan/2025:02:47:04 -0500] "POST /wp-cron.php?doing_wp_cron=1736668024.5745251178741455078125 HTTP/1.1" 200 0 "-" "WordPress/6.7.1; https://tacafoundation.org"
146.190.97.188 - - [12/Jan/2025:02:46:54 -0500] "GET /wp-admin/admin-ajax.php?action=sb_fav_ad HTTP/1.1" 400 21 "-" "Mozilla/5.0 (Windows NT 10.0; Win64; x64) AppleWebKit/537.36 (KHTML, like Gecko) Chrome/117.0.0.0 Safari/537.36"
66.29.132.124 - - [12/Jan/2025:02:47:04 -0500] "POST /wp-admin/admin-ajax.php?action=async_litespeed&nonce=zPNuWt4VISdvghTNxvuqw6jn1YdrSe8o&litespeed_type=imgoptm HTTP/1.1" 200 21 "-" "WordPress/6.7.1; https://tacafoundation.org"
47.128.119.245 - - [12/Jan/2025:02:57:48 -0500] "GET / HTTP/1.1" 200 19613 "-" "Mozilla/5.0 (Linux; Android 5.0) AppleWebKit/537.36 (KHTML, like Gecko) Mobile Safari/537.36 (compatible; Bytespider; spider-feedback@bytedance.com)"
47.128.119.245 - - [12/Jan/2025:02:57:48 -0500] "GET /wp-content/plugins/paystack-for-give/public/css/paystack-give-public.css?ver=2.0.3 HTTP/1.1" 200 98 "https://tacafoundation.org/" "Mozilla/5.0 (Linux; Android 5.0) AppleWebKit/537.36 (KHTML, like Gecko) Mobile Safari/537.36 (compatible; Bytespider; spider-feedback@bytedance.com)"
47.128.119.245 - - [12/Jan/2025:02:57:49 -0500] "GET /wp-content/plugins/give/assets/dist/css/give-donation-summary.css?ver=3.19.4 HTTP/1.1" 200 465 "https://tacafoundation.org/" "Mozilla/5.0 (Linux; Android 5.0) AppleWebKit/537.36 (KHTML, like Gecko) Mobile Safari/537.36 (compatible; Bytespider; spider-feedback@bytedance.com)"
47.128.119.245 - - [12/Jan/2025:02:57:49 -0500] "GET /wp-content/plugins/give/assets/dist/css/give.css?ver=3.19.4 HTTP/1.1" 200 13358 "https://tacafoundation.org/" "Mozilla/5.0 (Linux; Android 5.0) AppleWebKit/537.36 (KHTML, like Gecko) Mobile Safari/537.36 (compatible; Bytespider; spider-feedback@bytedance.com)"
47.128.119.245 - - [12/Jan/2025:02:57:49 -0500] "GET /wp-content/themes/charite/assets/css/style.css?ver=1.0.1 HTTP/1.1" 200 24705 "https://tacafoundation.org/" "Mozilla/5.0 (Linux; Android 5.0) AppleWebKit/537.36 (KHTML, like Gecko) Mobile Safari/537.36 (compatible; Bytespider; spider-feedback@bytedance.com)"
47.128.119.245 - - [12/Jan/2025:02:57:49 -0500] "GET /wp-content/themes/charite/assets/css/meanmenu.css?ver=1.0.1 HTTP/1.1" 200 751 "https://tacafoundation.org/" "Mozilla/5.0 (Linux; Android 5.0) AppleWebKit/537.36 (KHTML, like Gecko) Mobile Safari/537.36 (compatible; Bytespider; spider-feedback@bytedance.com)"
47.128.119.245 - - [12/Jan/2025:02:57:49 -0500] "GET /wp-content/themes/charite/assets/css/flaticon.min.css?ver=1.0.1 HTTP/1.1" 200 607 "https://tacafoundation.org/" "Mozilla/5.0 (Linux; Android 5.0) AppleWebKit/537.36 (KHTML, like Gecko) Mobile Safari/537.36 (compatible; Bytespider; spider-feedback@bytedance.com)"
47.128.119.245 - - [12/Jan/2025:02:57:49 -0500] "GET /wp-content/themes/charite/assets/css/bootstrap.min.css?ver=1.0.1 HTTP/1.1" 200 20360 "https://tacafoundation.org/" "Mozilla/5.0 (Linux; Android 5.0) AppleWebKit/537.36 (KHTML, like Gecko) Mobile Safari/537.36 (compatible; Bytespider; spider-feedback@bytedance.com)"
47.128.119.245 - - [12/Jan/2025:02:57:49 -0500] "GET /wp-content/themes/charite/assets/css/fontawesome.min.css?ver=1.0.1 HTTP/1.1" 200 12382 "https://tacafoundation.org/" "Mozilla/5.0 (Linux; Android 5.0) AppleWebKit/537.36 (KHTML, like Gecko) Mobile Safari/537.36 (compatible; Bytespider; spider-feedback@bytedance.com)"
47.128.119.245 - - [12/Jan/2025:02:57:49 -0500] "GET /wp-content/themes/charite/style.css?ver=6.7.1 HTTP/1.1" 200 5586 "https://tacafoundation.org/" "Mozilla/5.0 (Linux; Android 5.0) AppleWebKit/537.36 (KHTML, like Gecko) Mobile Safari/537.36 (compatible; Bytespider; spider-feedback@bytedance.com)"
47.128.119.245 - - [12/Jan/2025:02:57:49 -0500] "GET /wp-content/plugins/charite-core/assets/css/slick.min.css?ver=1.0.0 HTTP/1.1" 200 493 "https://tacafoundation.org/" "Mozilla/5.0 (Linux; Android 5.0) AppleWebKit/537.36 (KHTML, like Gecko) Mobile Safari/537.36 (compatible; Bytespider; spider-feedback@bytedance.com)"
47.128.119.245 - - [12/Jan/2025:02:57:49 -0500] "GET /wp-content/plugins/contact-form-7/includes/css/styles.css?ver=6.0.2 HTTP/1.1" 200 890 "https://tacafoundation.org/" "Mozilla/5.0 (Linux; Android 5.0) AppleWebKit/537.36 (KHTML, like Gecko) Mobile Safari/537.36 (compatible; Bytespider; spider-feedback@bytedance.com)"
47.128.119.245 - - [12/Jan/2025:02:57:49 -0500] "GET /wp-content/plugins/charite-core/assets/css/magnific.min.css?ver=1.0.0 HTTP/1.1" 200 1401 "https://tacafoundation.org/" "Mozilla/5.0 (Linux; Android 5.0) AppleWebKit/537.36 (KHTML, like Gecko) Mobile Safari/537.36 (compatible; Bytespider; spider-feedback@bytedance.com)"
47.128.119.245 - - [12/Jan/2025:02:57:49 -0500] "GET /wp-content/plugins/charite-core/assets/css/nice-select.min.css?ver=1.0.0 HTTP/1.1" 200 789 "https://tacafoundation.org/" "Mozilla/5.0 (Linux; Android 5.0) AppleWebKit/537.36 (KHTML, like Gecko) Mobile Safari/537.36 (compatible; Bytespider; spider-feedback@bytedance.com)"
47.128.119.245 - - [12/Jan/2025:02:57:49 -0500] "GET /wp-content/plugins/charite-core/assets/css/progressbar.css?ver=1.0.0 HTTP/1.1" 200 322 "https://tacafoundation.org/" "Mozilla/5.0 (Linux; Android 5.0) AppleWebKit/537.36 (KHTML, like Gecko) Mobile Safari/537.36 (compatible; Bytespider; spider-feedback@bytedance.com)"
47.128.119.245 - - [12/Jan/2025:02:57:49 -0500] "GET /wp-content/plugins/charite-core/assets/css/spacing.min.css?ver=1.0.0 HTTP/1.1" 200 1968 "https://tacafoundation.org/" "Mozilla/5.0 (Linux; Android 5.0) AppleWebKit/537.36 (KHTML, like Gecko) Mobile Safari/537.36 (compatible; Bytespider; spider-feedback@bytedance.com)"
47.128.119.245 - - [12/Jan/2025:02:57:49 -0500] "GET /wp-content/uploads/elementor/css/post-10.css?ver=1694535114 HTTP/1.1" 200 313 "https://tacafoundation.org/" "Mozilla/5.0 (Linux; Android 5.0) AppleWebKit/537.36 (KHTML, like Gecko) Mobile Safari/537.36 (compatible; Bytespider; spider-feedback@bytedance.com)"
47.128.119.245 - - [12/Jan/2025:02:57:49 -0500] "GET /wp-content/plugins/elementor/assets/css/frontend.min.css?ver=3.26.4 HTTP/1.1" 200 6466 "https://tacafoundation.org/" "Mozilla/5.0 (Linux; Android 5.0) AppleWebKit/537.36 (KHTML, like Gecko) Mobile Safari/537.36 (compatible; Bytespider; spider-feedback@bytedance.com)"
47.128.119.245 - - [12/Jan/2025:02:57:49 -0500] "GET /wp-content/plugins/elementor/assets/lib/eicons/css/elementor-icons.min.css?ver=5.34.0 HTTP/1.1" 200 3790 "https://tacafoundation.org/" "Mozilla/5.0 (Linux; Android 5.0) AppleWebKit/537.36 (KHTML, like Gecko) Mobile Safari/537.36 (compatible; Bytespider; spider-feedback@bytedance.com)"
47.128.119.245 - - [12/Jan/2025:02:57:49 -0500] "GET /wp-content/uploads/2023/12/IMG_9213-274x249.jpg HTTP/1.1" 206 500 "https://tacafoundation.org/" "Mozilla/5.0 (Linux; Android 5.0) AppleWebKit/537.36 (KHTML, like Gecko) Mobile Safari/537.36 (compatible; Bytespider; spider-feedback@bytedance.com)"
47.128.119.245 - - [12/Jan/2025:02:57:49 -0500] "GET /wp-content/uploads/elementor/css/post-1943.css?ver=1702496016 HTTP/1.1" 200 330 "https://tacafoundation.org/" "Mozilla/5.0 (Linux; Android 5.0) AppleWebKit/537.36 (KHTML, like Gecko) Mobile Safari/537.36 (compatible; Bytespider; spider-feedback@bytedance.com)"
47.128.119.245 - - [12/Jan/2025:02:57:50 -0500] "GET /wp-content/plugins/charite-core/assets/css/custom-icon.css?ver=1.0 HTTP/1.1" 200 644 "https://tacafoundation.org/" "Mozilla/5.0 (Linux; Android 5.0) AppleWebKit/537.36 (KHTML, like Gecko) Mobile Safari/537.36 (compatible; Bytespider; spider-feedback@bytedance.com)"
47.128.119.245 - - [12/Jan/2025:02:57:50 -0500] "GET /wp-content/plugins/elementor/assets/lib/font-awesome/css/fontawesome.min.css?ver=5.15.3 HTTP/1.1" 200 12164 "https://tacafoundation.org/" "Mozilla/5.0 (Linux; Android 5.0) AppleWebKit/537.36 (KHTML, like Gecko) Mobile Safari/537.36 (compatible; Bytespider; spider-feedback@bytedance.com)"
47.128.119.245 - - [12/Jan/2025:02:57:50 -0500] "GET /wp-content/uploads/2023/08/cropped-cropped-Logo-3.png HTTP/1.1" 206 500 "https://tacafoundation.org/" "Mozilla/5.0 (Linux; Android 5.0) AppleWebKit/537.36 (KHTML, like Gecko) Mobile Safari/537.36 (compatible; Bytespider; spider-feedback@bytedance.com)"
47.128.119.245 - - [12/Jan/2025:02:57:50 -0500] "GET /wp-content/plugins/elementor/assets/lib/font-awesome/css/brands.min.css?ver=5.15.3 HTTP/1.1" 200 284 "https://tacafoundation.org/" "Mozilla/5.0 (Linux; Android 5.0) AppleWebKit/537.36 (KHTML, like Gecko) Mobile Safari/537.36 (compatible; Bytespider; spider-feedback@bytedance.com)"
47.128.119.245 - - [12/Jan/2025:02:57:50 -0500] "GET /wp-content/themes/charite/assets/shape/title-underline.png HTTP/1.1" 206 500 "https://tacafoundation.org/wp-content/themes/charite/assets/css/style.css?ver=1.0.1" "Mozilla/5.0 (Linux; Android 5.0) AppleWebKit/537.36 (KHTML, like Gecko) Mobile Safari/537.36 (compatible; Bytespider; spider-feedback@bytedance.com)"
47.128.119.245 - - [12/Jan/2025:02:57:50 -0500] "GET /wp-content/uploads/2023/12/WhatsApp-Image-2023-12-05-at-15.52.26-e1701788029641.jpeg HTTP/1.1" 206 500 "https://tacafoundation.org/" "Mozilla/5.0 (Linux; Android 5.0) AppleWebKit/537.36 (KHTML, like Gecko) Mobile Safari/537.36 (compatible; Bytespider; spider-feedback@bytedance.com)"
47.128.119.245 - - [12/Jan/2025:02:57:50 -0500] "GET /wp-content/uploads/2023/12/IMG_9223-scaled.jpg HTTP/1.1" 206 500 "https://tacafoundation.org/" "Mozilla/5.0 (Linux; Android 5.0) AppleWebKit/537.36 (KHTML, like Gecko) Mobile Safari/537.36 (compatible; Bytespider; spider-feedback@bytedance.com)"
47.128.119.245 - - [12/Jan/2025:02:57:50 -0500] "GET /wp-content/uploads/2023/12/WhatsApp-Image-2023-12-05-at-15.52.23.jpeg HTTP/1.1" 206 500 "https://tacafoundation.org/" "Mozilla/5.0 (Linux; Android 5.0) AppleWebKit/537.36 (KHTML, like Gecko) Mobile Safari/537.36 (compatible; Bytespider; spider-feedback@bytedance.com)"
47.128.119.245 - - [12/Jan/2025:02:57:50 -0500] "GET /wp-content/uploads/2023/12/IMG_9213-scaled.jpg HTTP/1.1" 206 500 "https://tacafoundation.org/" "Mozilla/5.0 (Linux; Android 5.0) AppleWebKit/537.36 (KHTML, like Gecko) Mobile Safari/537.36 (compatible; Bytespider; spider-feedback@bytedance.com)"
47.128.119.245 - - [12/Jan/2025:02:57:50 -0500] "GET /wp-content/uploads/2023/08/portfolio1.jpg HTTP/1.1" 206 500 "https://tacafoundation.org/" "Mozilla/5.0 (Linux; Android 5.0) AppleWebKit/537.36 (KHTML, like Gecko) Mobile Safari/537.36 (compatible; Bytespider; spider-feedback@bytedance.com)"
47.128.119.245 - - [12/Jan/2025:02:57:51 -0500] "GET /wp-content/uploads/2023/07/cause-middle2.jpg HTTP/1.1" 206 500 "https://tacafoundation.org/" "Mozilla/5.0 (Linux; Android 5.0) AppleWebKit/537.36 (KHTML, like Gecko) Mobile Safari/537.36 (compatible; Bytespider; spider-feedback@bytedance.com)"
47.128.119.245 - - [12/Jan/2025:02:57:51 -0500] "GET /wp-content/uploads/2023/08/payment-e1701779237647.png HTTP/1.1" 206 500 "https://tacafoundation.org/" "Mozilla/5.0 (Linux; Android 5.0) AppleWebKit/537.36 (KHTML, like Gecko) Mobile Safari/537.36 (compatible; Bytespider; spider-feedback@bytedance.com)"
47.128.119.245 - - [12/Jan/2025:02:57:51 -0500] "GET /wp-content/uploads/2023/12/0K4A8034-1-scaled.jpg HTTP/1.1" 206 500 "https://tacafoundation.org/" "Mozilla/5.0 (Linux; Android 5.0) AppleWebKit/537.36 (KHTML, like Gecko) Mobile Safari/537.36 (compatible; Bytespider; spider-feedback@bytedance.com)"
47.128.119.245 - - [12/Jan/2025:02:57:51 -0500] "GET /wp-content/uploads/2023/12/0K4A8040-1-scaled.jpg HTTP/1.1" 206 500 "https://tacafoundation.org/" "Mozilla/5.0 (Linux; Android 5.0) AppleWebKit/537.36 (KHTML, like Gecko) Mobile Safari/537.36 (compatible; Bytespider; spider-feedback@bytedance.com)"
47.128.119.245 - - [12/Jan/2025:02:57:51 -0500] "GET /wp-content/uploads/2023/12/pad.png HTTP/1.1" 206 500 "https://tacafoundation.org/" "Mozilla/5.0 (Linux; Android 5.0) AppleWebKit/537.36 (KHTML, like Gecko) Mobile Safari/537.36 (compatible; Bytespider; spider-feedback@bytedance.com)"
47.128.119.245 - - [12/Jan/2025:02:57:51 -0500] "GET /wp-content/uploads/2023/12/fbetvv-274x249.jpg HTTP/1.1" 206 500 "https://tacafoundation.org/" "Mozilla/5.0 (Linux; Android 5.0) AppleWebKit/537.36 (KHTML, like Gecko) Mobile Safari/537.36 (compatible; Bytespider; spider-feedback@bytedance.com)"
47.128.119.245 - - [12/Jan/2025:02:57:51 -0500] "GET /wp-content/uploads/2023/08/footer-bg.jpg HTTP/1.1" 206 500 "https://tacafoundation.org/wp-content/uploads/elementor/css/post-1943.css?ver=1702496016" "Mozilla/5.0 (Linux; Android 5.0) AppleWebKit/537.36 (KHTML, like Gecko) Mobile Safari/537.36 (compatible; Bytespider; spider-feedback@bytedance.com)"
66.249.79.1 - - [12/Jan/2025:03:40:03 -0500] "GET /commodity/Q568714?c=goods&t=lic HTTP/1.1" 404 1251 "-" "Mozilla/5.0 (Linux; Android 6.0.1; Nexus 5X Build/MMB29P) AppleWebKit/537.36 (KHTML, like Gecko) Chrome/131.0.6778.264 Mobile Safari/537.36 (compatible; Googlebot/2.1; +http://www.google.com/bot.html)"
66.29.132.124 - - [12/Jan/2025:04:08:37 -0500] "GET / HTTP/1.1" 200 108798 "-" "Mozilla/5.0 (Windows NT 10.0; Win64; x64; rv:122.0) Gecko/20100101 Firefox/122.0"
40.69.23.100 - - [12/Jan/2025:04:29:07 -0500] "GET /autoload_classmap.php HTTP/1.1" 404 1251 "-" "-"
40.69.23.100 - - [12/Jan/2025:04:29:07 -0500] "GET /post.php HTTP/1.1" 404 1251 "-" "-"
40.69.23.100 - - [12/Jan/2025:04:29:07 -0500] "GET /1.php HTTP/1.1" 404 1251 "-" "-"
40.69.23.100 - - [12/Jan/2025:04:29:08 -0500] "GET /flower.php HTTP/1.1" 404 1251 "-" "-"
40.69.23.100 - - [12/Jan/2025:04:29:08 -0500] "GET /admin.php HTTP/1.1" 404 1251 "-" "-"
40.69.23.100 - - [12/Jan/2025:04:29:09 -0500] "GET /file.php HTTP/1.1" 404 1251 "-" "-"
40.69.23.100 - - [12/Jan/2025:04:29:09 -0500] "GET /meta.php HTTP/1.1" 404 1251 "-" "-"
40.69.23.100 - - [12/Jan/2025:04:29:09 -0500] "GET /index.php HTTP/1.1" 301 0 "-" "-"
40.69.23.100 - - [12/Jan/2025:04:29:09 -0500] "GET / HTTP/1.1" 200 108798 "-" "-"
40.69.23.100 - - [12/Jan/2025:04:29:10 -0500] "GET /about.php HTTP/1.1" 404 1251 "-" "-"
40.69.23.100 - - [12/Jan/2025:04:29:11 -0500] "GET /randkeyword.php HTTP/1.1" 404 1251 "-" "-"
40.69.23.100 - - [12/Jan/2025:04:29:11 -0500] "GET /goods.php HTTP/1.1" 404 1251 "-" "-"
40.69.23.100 - - [12/Jan/2025:04:29:11 -0500] "GET /hehe.php HTTP/1.1" 404 1251 "-" "-"
40.69.23.100 - - [12/Jan/2025:04:29:12 -0500] "GET /user.php HTTP/1.1" 404 1251 "-" "-"
40.69.23.100 - - [12/Jan/2025:04:29:12 -0500] "GET /wp-2019.php HTTP/1.1" 404 1251 "-" "-"
40.69.23.100 - - [12/Jan/2025:04:29:13 -0500] "GET /chosen.php HTTP/1.1" 404 1251 "-" "-"
40.69.23.100 - - [12/Jan/2025:04:29:13 -0500] "GET /functions.php HTTP/1.1" 404 1251 "-" "-"
40.69.23.100 - - [12/Jan/2025:04:29:13 -0500] "GET /cron.php HTTP/1.1" 404 1251 "-" "-"
40.69.23.100 - - [12/Jan/2025:04:29:14 -0500] "GET /edit.php HTTP/1.1" 404 1251 "-" "-"
40.69.23.100 - - [12/Jan/2025:04:29:14 -0500] "GET /gecko-new.php HTTP/1.1" 404 1251 "-" "-"
40.69.23.100 - - [12/Jan/2025:04:29:15 -0500] "GET /cookie.php HTTP/1.1" 404 1251 "-" "-"
40.69.23.100 - - [12/Jan/2025:04:29:15 -0500] "GET /xleet.php HTTP/1.1" 404 1251 "-" "-"
40.69.23.100 - - [12/Jan/2025:04:29:15 -0500] "GET /spip.php HTTP/1.1" 404 1251 "-" "-"
40.69.23.100 - - [12/Jan/2025:04:29:16 -0500] "GET /22.php HTTP/1.1" 404 1251 "-" "-"
40.69.23.100 - - [12/Jan/2025:04:29:16 -0500] "GET /room.php HTTP/1.1" 404 1251 "-" "-"
40.69.23.100 - - [12/Jan/2025:04:29:16 -0500] "GET /disagreed.php HTTP/1.1" 404 1251 "-" "-"
40.69.23.100 - - [12/Jan/2025:04:29:17 -0500] "GET /text.php HTTP/1.1" 404 1251 "-" "-"
40.69.23.100 - - [12/Jan/2025:04:29:17 -0500] "GET /alfa-rex.php HTTP/1.1" 404 1251 "-" "-"
40.69.23.100 - - [12/Jan/2025:04:29:17 -0500] "GET /alfa-rex.php7 HTTP/1.1" 404 1251 "-" "-"
40.69.23.100 - - [12/Jan/2025:04:29:18 -0500] "GET /feeds.php HTTP/1.1" 404 1251 "-" "-"
40.69.23.100 - - [12/Jan/2025:04:29:18 -0500] "GET /radio.php HTTP/1.1" 404 1251 "-" "-"
40.69.23.100 - - [12/Jan/2025:04:29:18 -0500] "GET /dropdown.php HTTP/1.1" 404 1251 "-" "-"
40.69.23.100 - - [12/Jan/2025:04:29:19 -0500] "GET /defaults.php HTTP/1.1" 404 1251 "-" "-"
40.69.23.100 - - [12/Jan/2025:04:29:19 -0500] "GET /system.php HTTP/1.1" 404 1251 "-" "-"
40.69.23.100 - - [12/Jan/2025:04:29:20 -0500] "GET /colors.php HTTP/1.1" 404 1251 "-" "-"
40.69.23.100 - - [12/Jan/2025:04:29:20 -0500] "GET /updates.php HTTP/1.1" 404 1251 "-" "-"
40.69.23.100 - - [12/Jan/2025:04:29:21 -0500] "GET /alfa-rex1.php HTTP/1.1" 404 1251 "-" "-"
40.69.23.100 - - [12/Jan/2025:04:29:21 -0500] "GET /wp-index.php HTTP/1.1" 404 1251 "-" "-"
40.69.23.100 - - [12/Jan/2025:04:29:21 -0500] "GET /wp-admin.php HTTP/1.1" 404 1251 "-" "-"
40.69.23.100 - - [12/Jan/2025:04:29:22 -0500] "GET /alfa.php HTTP/1.1" 404 1251 "-" "-"
40.69.23.100 - - [12/Jan/2025:04:29:22 -0500] "GET /alfanew.php7 HTTP/1.1" 404 1251 "-" "-"
