40.69.23.100 - - [12/Jan/2025:04:29:23 -0500] "GET /locale.php HTTP/1.1" 404 1251 "-" "-"
40.69.23.100 - - [12/Jan/2025:04:29:23 -0500] "GET /wxo.php HTTP/1.1" 404 1251 "-" "-"
40.69.23.100 - - [12/Jan/2025:04:29:23 -0500] "GET /colour.php HTTP/1.1" 404 1251 "-" "-"
40.69.23.100 - - [12/Jan/2025:04:29:24 -0500] "GET /files.php HTTP/1.1" 404 1251 "-" "-"
40.69.23.100 - - [12/Jan/2025:04:29:24 -0500] "GET /install.php HTTP/1.1" 404 1251 "-" "-"
40.69.23.100 - - [12/Jan/2025:04:29:25 -0500] "GET /wp-contentt.php HTTP/1.1" 404 1251 "-" "-"
40.69.23.100 - - [12/Jan/2025:04:29:25 -0500] "GET /config.php7 HTTP/1.1" 404 1251 "-" "-"
40.69.23.100 - - [12/Jan/2025:04:29:26 -0500] "GET /config.php HTTP/1.1" 404 1251 "-" "-"
40.69.23.100 - - [12/Jan/2025:04:29:26 -0500] "GET /theme.php HTTP/1.1" 404 1251 "-" "-"
40.69.23.100 - - [12/Jan/2025:04:29:26 -0500] "GET /block-bindings.php HTTP/1.1" 404 1251 "-" "-"
40.69.23.100 - - [12/Jan/2025:04:29:27 -0500] "GET /class_api.php HTTP/1.1" 404 1251 "-" "-"
40.69.23.100 - - [12/Jan/2025:04:29:27 -0500] "GET /inputs.php HTTP/1.1" 404 1251 "-" "-"
40.69.23.100 - - [12/Jan/2025:04:29:28 -0500] "GET /root.php HTTP/1.1" 404 1251 "-" "-"
40.69.23.100 - - [12/Jan/2025:04:29:28 -0500] "GET /menu.php HTTP/1.1" 404 1251 "-" "-"
40.69.23.100 - - [12/Jan/2025:04:29:29 -0500] "GET /plugin.php HTTP/1.1" 404 1251 "-" "-"
40.69.23.100 - - [12/Jan/2025:04:29:29 -0500] "GET /cloud.php HTTP/1.1" 404 1251 "-" "-"
40.69.23.100 - - [12/Jan/2025:04:29:30 -0500] "GET /configs.php HTTP/1.1" 404 1251 "-" "-"
40.69.23.100 - - [12/Jan/2025:04:29:30 -0500] "GET /wp-configs.php HTTP/1.1" 404 1251 "-" "-"
40.69.23.100 - - [12/Jan/2025:04:29:30 -0500] "GET /update.php HTTP/1.1" 404 1251 "-" "-"
40.69.23.100 - - [12/Jan/2025:04:29:31 -0500] "GET /2.php HTTP/1.1" 404 1251 "-" "-"
40.69.23.100 - - [12/Jan/2025:04:29:31 -0500] "GET /input.php HTTP/1.1" 404 1251 "-" "-"
40.69.23.100 - - [12/Jan/2025:04:29:32 -0500] "GET /aaa.php HTTP/1.1" 404 1251 "-" "-"
51.8.102.235 - - [12/Jan/2025:04:52:34 -0500] "GET /robots.txt HTTP/1.1" 404 1251 "-" "Mozilla/5.0 AppleWebKit/537.36 (KHTML, like Gecko); compatible; OAI-SearchBot/1.0; +https://openai.com/searchbot"
51.8.102.235 - - [12/Jan/2025:04:52:34 -0500] "GET /robots.txt HTTP/1.1" 404 1251 "-" "Mozilla/5.0 AppleWebKit/537.36 (KHTML, like Gecko); compatible; OAI-SearchBot/1.0; +https://openai.com/searchbot"
54.36.149.78 - - [12/Jan/2025:05:32:30 -0500] "GET /robots.txt HTTP/1.1" 404 1251 "-" "Mozilla/5.0 (compatible; AhrefsBot/7.0; +http://ahrefs.com/robot/)"
182.44.9.147 - - [12/Jan/2025:06:06:15 -0500] "GET / HTTP/1.1" 200 23499 "http://tacafoundation.org" "Mozilla/5.0 (iPhone; CPU iPhone OS 13_2_3 like Mac OS X) AppleWebKit/605.1.15 (KHTML, like Gecko) Version/13.0.3 Mobile/15E148 Safari/604.1"
66.29.132.124 - - [12/Jan/2025:06:26:31 -0500] "POST /wp-cron.php?doing_wp_cron=1736681191.0981199741363525390625 HTTP/1.1" 200 0 "-" "WordPress/6.7.1; https://tacafoundation.org"
167.99.0.38 - - [12/Jan/2025:06:26:27 -0500] "POST /wp-login.php HTTP/1.1" 200 2363 "-" "Mozilla/5.0 (X11; Fedora; Linux x86_64; rv:94.0) Gecko/20100101 Firefox/95.0"
66.29.132.124 - - [12/Jan/2025:06:26:31 -0500] "POST /wp-admin/admin-ajax.php?action=async_litespeed&nonce=SBJUeYwsMRLCjNygsHYoDlKUlTv607cb&litespeed_type=imgoptm HTTP/1.1" 200 21 "-" "WordPress/6.7.1; https://tacafoundation.org"
74.208.11.90 - - [12/Jan/2025:06:43:09 -0500] "GET /wp-login.php HTTP/1.1" 200 2157 "-" "Mozilla/5.0 (X11; Fedora; Linux x86_64; rv:94.0) Gecko/20100101 Firefox/95.0"
66.29.132.124 - - [12/Jan/2025:06:43:14 -0500] "POST /wp-cron.php?doing_wp_cron=1736682194.7100939750671386718750 HTTP/1.1" 200 0 "-" "WordPress/6.7.1; https://tacafoundation.org"
74.208.11.90 - - [12/Jan/2025:06:43:09 -0500] "POST /wp-login.php HTTP/1.1" 200 2272 "-" "Mozilla/5.0 (X11; Fedora; Linux x86_64; rv:94.0) Gecko/20100101 Firefox/95.0"
66.29.132.124 - - [12/Jan/2025:06:43:15 -0500] "POST /wp-admin/admin-ajax.php?action=async_litespeed&nonce=mObQbrrFD1UTKb1kdqD8b32VDZvAO653&litespeed_type=imgoptm HTTP/1.1" 200 21 "-" "WordPress/6.7.1; https://tacafoundation.org"
65.109.146.250 - - [12/Jan/2025:06:59:50 -0500] "GET /wp-login.php HTTP/1.1" 200 2157 "-" "Mozilla/5.0 (X11; Fedora; Linux x86_64; rv:94.0) Gecko/20100101 Firefox/95.0"
66.29.132.124 - - [12/Jan/2025:07:00:04 -0500] "POST /wp-cron.php?doing_wp_cron=1736683204.1147630214691162109375 HTTP/1.1" 200 0 "-" "WordPress/6.7.1; https://tacafoundation.org"
65.109.146.250 - - [12/Jan/2025:06:59:51 -0500] "POST /wp-login.php HTTP/1.1" 200 2273 "-" "Mozilla/5.0 (X11; Fedora; Linux x86_64; rv:94.0) Gecko/20100101 Firefox/95.0"
66.29.132.124 - - [12/Jan/2025:07:00:07 -0500] "POST /wp-admin/admin-ajax.php?action=async_litespeed&nonce=u7baS4CQFGnUNdQedjCPVm8V9jsdjR3g&litespeed_type=imgoptm HTTP/1.1" 200 0 "-" "WordPress/6.7.1; https://tacafoundation.org"
66.29.132.124 - - [12/Jan/2025:07:10:45 -0500] "POST /wp-cron.php?doing_wp_cron=1736683844.9102580547332763671875 HTTP/1.1" 200 0 "-" "WordPress/6.7.1; https://tacafoundation.org"
43.128.100.206 - - [12/Jan/2025:07:10:37 -0500] "GET / HTTP/1.1" 301 0 "http://www.tacafoundation.org" "Mozilla/5.0 (iPhone; CPU iPhone OS 13_2_3 like Mac OS X) AppleWebKit/605.1.15 (KHTML, like Gecko) Version/13.0.3 Mobile/15E148 Safari/604.1"
43.128.100.206 - - [12/Jan/2025:07:10:46 -0500] "GET / HTTP/1.1" 200 23499 "https://www.tacafoundation.org/" "Mozilla/5.0 (iPhone; CPU iPhone OS 13_2_3 like Mac OS X) AppleWebKit/605.1.15 (KHTML, like Gecko) Version/13.0.3 Mobile/15E148 Safari/604.1"
66.29.132.124 - - [12/Jan/2025:07:10:45 -0500] "POST /wp-admin/admin-ajax.php?action=async_litespeed&nonce=pVmKwUwegWFQioCJQWTecM6vpBaSzySv&litespeed_type=imgoptm HTTP/1.1" 200 0 "-" "WordPress/6.7.1; https://tacafoundation.org"
96.82.117.171 - - [12/Jan/2025:07:16:35 -0500] "GET /wp-login.php HTTP/1.1" 200 2157 "-" "Mozilla/5.0 (X11; Fedora; Linux x86_64; rv:94.0) Gecko/20100101 Firefox/95.0"
66.29.132.124 - - [12/Jan/2025:07:16:39 -0500] "POST /wp-cron.php?doing_wp_cron=1736684199.4306950569152832031250 HTTP/1.1" 200 0 "-" "WordPress/6.7.1; https://tacafoundation.org"
96.82.117.171 - - [12/Jan/2025:07:16:36 -0500] "POST /wp-login.php HTTP/1.1" 200 2273 "-" "Mozilla/5.0 (X11; Fedora; Linux x86_64; rv:94.0) Gecko/20100101 Firefox/95.0"
66.29.132.124 - - [12/Jan/2025:07:16:39 -0500] "POST /wp-admin/admin-ajax.php?action=async_litespeed&nonce=SzAjHFPDmkdgKEzQBGkey5Srbt7Tr6xU&litespeed_type=imgoptm HTTP/1.1" 200 21 "-" "WordPress/6.7.1; https://tacafoundation.org"
66.249.79.8 - - [12/Jan/2025:07:29:27 -0500] "GET /commodity/T268651?c=goods&t=lic HTTP/1.1" 404 1251 "-" "Mozilla/5.0 (Linux; Android 6.0.1; Nexus 5X Build/MMB29P) AppleWebKit/537.36 (KHTML, like Gecko) Chrome/131.0.6778.264 Mobile Safari/537.36 (compatible; Googlebot/2.1; +http://www.google.com/bot.html)"
45.10.151.10 - - [12/Jan/2025:07:35:10 -0500] "GET /wp-login.php HTTP/1.1" 200 2157 "-" "Mozilla/5.0 (X11; Fedora; Linux x86_64; rv:94.0) Gecko/20100101 Firefox/95.0"
66.29.132.124 - - [12/Jan/2025:07:35:22 -0500] "POST /wp-cron.php?doing_wp_cron=1736685321.9336619377136230468750 HTTP/1.1" 200 0 "-" "WordPress/6.7.1; https://tacafoundation.org"
45.10.151.10 - - [12/Jan/2025:07:35:11 -0500] "POST /wp-login.php HTTP/1.1" 200 2273 "-" "Mozilla/5.0 (X11; Fedora; Linux x86_64; rv:94.0) Gecko/20100101 Firefox/95.0"
66.29.132.124 - - [12/Jan/2025:07:35:22 -0500] "POST /wp-admin/admin-ajax.php?action=async_litespeed&nonce=Hzcz4nuKo8OgpwDEBg1Ca6c9haxLIttR&litespeed_type=imgoptm HTTP/1.1" 200 0 "-" "WordPress/6.7.1; https://tacafoundation.org"
159.89.104.182 - - [12/Jan/2025:07:50:42 -0500] "GET /wp-login.php HTTP/1.1" 200 2157 "-" "Mozilla/5.0 (X11; Fedora; Linux x86_64; rv:94.0) Gecko/20100101 Firefox/95.0"
66.29.132.124 - - [12/Jan/2025:07:50:47 -0500] "POST /wp-cron.php?doing_wp_cron=1736686247.4446020126342773437500 HTTP/1.1" 200 0 "-" "WordPress/6.7.1; https://tacafoundation.org"
159.89.104.182 - - [12/Jan/2025:07:50:43 -0500] "POST /wp-login.php HTTP/1.1" 200 2273 "-" "Mozilla/5.0 (X11; Fedora; Linux x86_64; rv:94.0) Gecko/20100101 Firefox/95.0"
66.29.132.124 - - [12/Jan/2025:07:50:48 -0500] "POST /wp-admin/admin-ajax.php?action=async_litespeed&nonce=by9adVkYoyTos9z6eeysUVHbeWRRjoNC&litespeed_type=imgoptm HTTP/1.1" 200 0 "-" "WordPress/6.7.1; https://tacafoundation.org"
66.249.79.8 - - [12/Jan/2025:07:54:26 -0500] "GET /commodity/E653358?c=goods&t=lic HTTP/1.1" 404 1251 "-" "Mozilla/5.0 (Linux; Android 6.0.1; Nexus 5X Build/MMB29P) AppleWebKit/537.36 (KHTML, like Gecko) Chrome/131.0.6778.264 Mobile Safari/537.36 (compatible; Googlebot/2.1; +http://www.google.com/bot.html)"
66.249.79.160 - - [12/Jan/2025:08:00:46 -0500] "GET /post.php/commodity/640321.html?product HTTP/1.1" 404 1251 "-" "Mozilla/5.0 (Linux; Android 6.0.1; Nexus 5X Build/MMB29P) AppleWebKit/537.36 (KHTML, like Gecko) Chrome/131.0.6778.264 Mobile Safari/537.36 (compatible; Googlebot/2.1; +http://www.google.com/bot.html)"
66.249.79.1 - - [12/Jan/2025:08:05:14 -0500] "GET /commodity/M443468?c=goods&t=lic HTTP/1.1" 404 1251 "-" "Mozilla/5.0 (Linux; Android 6.0.1; Nexus 5X Build/MMB29P) AppleWebKit/537.36 (KHTML, like Gecko) Chrome/131.0.6778.264 Mobile Safari/537.36 (compatible; Googlebot/2.1; +http://www.google.com/bot.html)"
167.253.158.228 - - [12/Jan/2025:08:24:49 -0500] "GET /wp-login.php HTTP/1.1" 200 2157 "-" "Mozilla/5.0 (X11; Fedora; Linux x86_64; rv:94.0) Gecko/20100101 Firefox/95.0"
66.29.132.124 - - [12/Jan/2025:08:24:53 -0500] "POST /wp-cron.php?doing_wp_cron=1736688293.8487110137939453125000 HTTP/1.1" 200 0 "-" "WordPress/6.7.1; https://tacafoundation.org"
167.253.158.228 - - [12/Jan/2025:08:24:50 -0500] "POST /wp-login.php HTTP/1.1" 200 2273 "-" "Mozilla/5.0 (X11; Fedora; Linux x86_64; rv:94.0) Gecko/20100101 Firefox/95.0"
66.29.132.124 - - [12/Jan/2025:08:24:54 -0500] "POST /wp-admin/admin-ajax.php?action=async_litespeed&nonce=CkRAp1EeD9UbYL7X49XZEdQMX694wQ3J&litespeed_type=imgoptm HTTP/1.1" 200 21 "-" "WordPress/6.7.1; https://tacafoundation.org"
158.69.25.39 - - [12/Jan/2025:08:38:05 -0500] "GET / HTTP/1.1" 200 23499 "-" "Mozilla/5.0 (Windows NT 10.0; Win64; x64; rv:118.0) Gecko/20100101 Firefox/118.0"
20.205.110.167 - - [12/Jan/2025:08:42:10 -0500] "GET /wp-login.php HTTP/1.1" 200 2157 "-" "Mozilla/5.0 (X11; Fedora; Linux x86_64; rv:94.0) Gecko/20100101 Firefox/95.0"
66.29.132.124 - - [12/Jan/2025:08:42:14 -0500] "POST /wp-cron.php?doing_wp_cron=1736689334.6292560100555419921875 HTTP/1.1" 200 0 "-" "WordPress/6.7.1; https://tacafoundation.org"
20.205.110.167 - - [12/Jan/2025:08:42:11 -0500] "POST /wp-login.php HTTP/1.1" 200 2273 "-" "Mozilla/5.0 (X11; Fedora; Linux x86_64; rv:94.0) Gecko/20100101 Firefox/95.0"
66.29.132.124 - - [12/Jan/2025:08:42:14 -0500] "POST /wp-admin/admin-ajax.php?action=async_litespeed&nonce=y419gSm1voFqkyeSl2czJ6D2WSe2HMP8&litespeed_type=imgoptm HTTP/1.1" 200 21 "-" "WordPress/6.7.1; https://tacafoundation.org"
86.160.15.41 - - [12/Jan/2025:08:54:00 -0500] "GET /robots.txt HTTP/1.1" 404 1251 "-" "Screaming Frog SEO Spider/21.3"
86.160.15.41 - - [12/Jan/2025:08:54:01 -0500] "GET / HTTP/1.1" 200 23499 "-" "Screaming Frog SEO Spider/21.3"
66.249.79.173 - - [12/Jan/2025:08:54:33 -0500] "GET /commodity/737883.html?product HTTP/1.1" 404 1251 "-" "Mozilla/5.0 (Linux; Android 6.0.1; Nexus 5X Build/MMB29P) AppleWebKit/537.36 (KHTML, like Gecko) Chrome/131.0.6778.264 Mobile Safari/537.36 (compatible; Googlebot/2.1; +http://www.google.com/bot.html)"
75.119.147.47 - - [12/Jan/2025:08:59:23 -0500] "GET /wp-login.php HTTP/1.1" 200 2157 "-" "Mozilla/5.0 (X11; Fedora; Linux x86_64; rv:94.0) Gecko/20100101 Firefox/95.0"
66.29.132.124 - - [12/Jan/2025:08:59:31 -0500] "POST /wp-cron.php?doing_wp_cron=1736690371.6485641002655029296875 HTTP/1.1" 200 0 "-" "WordPress/6.7.1; https://tacafoundation.org"
75.119.147.47 - - [12/Jan/2025:08:59:23 -0500] "POST /wp-login.php HTTP/1.1" 200 2273 "-" "Mozilla/5.0 (X11; Fedora; Linux x86_64; rv:94.0) Gecko/20100101 Firefox/95.0"
66.29.132.124 - - [12/Jan/2025:08:59:32 -0500] "POST /wp-admin/admin-ajax.php?action=async_litespeed&nonce=po2PjNCTZDNk19G2FGFrq3qbYOJjetDe&litespeed_type=imgoptm HTTP/1.1" 200 0 "-" "WordPress/6.7.1; https://tacafoundation.org"
66.249.79.8 - - [12/Jan/2025:09:00:28 -0500] "GET /post.php/commodity/W57144?c=goods&t=lic HTTP/1.1" 404 1251 "-" "Mozilla/5.0 (Linux; Android 6.0.1; Nexus 5X Build/MMB29P) AppleWebKit/537.36 (KHTML, like Gecko) Chrome/131.0.6778.264 Mobile Safari/537.36 (compatible; Googlebot/2.1; +http://www.google.com/bot.html)"
66.249.79.1 - - [12/Jan/2025:09:06:44 -0500] "GET /commodity/R682751?c=goods&t=lic HTTP/1.1" 404 1251 "-" "Mozilla/5.0 (Linux; Android 6.0.1; Nexus 5X Build/MMB29P) AppleWebKit/537.36 (KHTML, like Gecko) Chrome/131.0.6778.264 Mobile Safari/537.36 (compatible; Googlebot/2.1; +http://www.google.com/bot.html)"
206.168.34.71 - - [12/Jan/2025:09:15:06 -0500] "GET / HTTP/1.1" 200 0 "-" "Mozilla/5.0 (compatible; CensysInspect/1.1; +https://about.censys.io/)"
66.29.132.124 - - [12/Jan/2025:09:15:19 -0500] "POST /wp-cron.php?doing_wp_cron=1736691319.0645859241485595703125 HTTP/1.1" 200 0 "-" "WordPress/6.7.1; https://tacafoundation.org"
66.29.132.124 - - [12/Jan/2025:09:15:20 -0500] "POST /wp-admin/admin-ajax.php?action=async_litespeed&nonce=QIjOWWlVSaDnU1kgXKmASVgjNGtMsTVD&litespeed_type=imgoptm HTTP/1.1" 200 0 "-" "WordPress/6.7.1; https://tacafoundation.org"
159.89.104.182 - - [12/Jan/2025:09:16:49 -0500] "GET /wp-login.php HTTP/1.1" 200 2157 "-" "Mozilla/5.0 (X11; Fedora; Linux x86_64; rv:94.0) Gecko/20100101 Firefox/95.0"
66.29.132.124 - - [12/Jan/2025:09:16:52 -0500] "POST /wp-cron.php?doing_wp_cron=1736691412.3471589088439941406250 HTTP/1.1" 200 0 "-" "WordPress/6.7.1; https://tacafoundation.org"
159.89.104.182 - - [12/Jan/2025:09:16:49 -0500] "POST /wp-login.php HTTP/1.1" 200 2273 "-" "Mozilla/5.0 (X11; Fedora; Linux x86_64; rv:94.0) Gecko/20100101 Firefox/95.0"
66.29.132.124 - - [12/Jan/2025:09:16:52 -0500] "POST /wp-admin/admin-ajax.php?action=async_litespeed&nonce=jJVccX4AvEsYIY1T0Pu9DcjGmGncWwAg&litespeed_type=imgoptm HTTP/1.1" 200 21 "-" "WordPress/6.7.1; https://tacafoundation.org"
77.74.177.114 - - [12/Jan/2025:09:20:51 -0500] "GET / HTTP/1.1" 200 23499 "-" "Mozilla/5.0 (Linux; arm_64; Android 12; CPH2205) AppleWebKit/537.36 (KHTML, like Gecko) Chrome/110.0.0.0 YaBrowser/23.3.3.86.00 SA/3 Mobile Safari/537.36"
66.249.79.173 - - [12/Jan/2025:09:26:00 -0500] "GET /profile.php/goods/N?924157=conception HTTP/1.1" 404 1251 "-" "Mozilla/5.0 (Linux; Android 6.0.1; Nexus 5X Build/MMB29P) AppleWebKit/537.36 (KHTML, like Gecko) Chrome/131.0.6778.264 Mobile Safari/537.36 (compatible; Googlebot/2.1; +http://www.google.com/bot.html)"
66.249.79.173 - - [12/Jan/2025:09:32:05 -0500] "GET /commodity/665296.html?product HTTP/1.1" 404 1251 "-" "Mozilla/5.0 (Linux; Android 6.0.1; Nexus 5X Build/MMB29P) AppleWebKit/537.36 (KHTML, like Gecko) Chrome/131.0.6778.264 Mobile Safari/537.36 (compatible; Googlebot/2.1; +http://www.google.com/bot.html)"
208.113.190.66 - - [12/Jan/2025:09:34:17 -0500] "GET /wp-login.php HTTP/1.1" 200 2157 "-" "Mozilla/5.0 (X11; Fedora; Linux x86_64; rv:94.0) Gecko/20100101 Firefox/95.0"
66.29.132.124 - - [12/Jan/2025:09:34:22 -0500] "POST /wp-cron.php?doing_wp_cron=1736692462.4445619583129882812500 HTTP/1.1" 200 0 "-" "WordPress/6.7.1; https://tacafoundation.org"
208.113.190.66 - - [12/Jan/2025:09:34:17 -0500] "POST /wp-login.php HTTP/1.1" 200 2273 "-" "Mozilla/5.0 (X11; Fedora; Linux x86_64; rv:94.0) Gecko/20100101 Firefox/95.0"
66.29.132.124 - - [12/Jan/2025:09:34:22 -0500] "POST /wp-admin/admin-ajax.php?action=async_litespeed&nonce=nxVT6AmIqHBbzejx8EO5vLNtaYZFh9b8&litespeed_type=imgoptm HTTP/1.1" 200 0 "-" "WordPress/6.7.1; https://tacafoundation.org"
91.121.44.198 - - [12/Jan/2025:10:09:25 -0500] "GET /wp-login.php HTTP/1.1" 200 2157 "-" "Mozilla/5.0 (X11; Fedora; Linux x86_64; rv:94.0) Gecko/20100101 Firefox/95.0"
66.29.132.124 - - [12/Jan/2025:10:09:30 -0500] "POST /wp-cron.php?doing_wp_cron=1736694570.4913580417633056640625 HTTP/1.1" 200 0 "-" "WordPress/6.7.1; https://tacafoundation.org"
91.121.44.198 - - [12/Jan/2025:10:09:26 -0500] "POST /wp-login.php HTTP/1.1" 200 2273 "-" "Mozilla/5.0 (X11; Fedora; Linux x86_64; rv:94.0) Gecko/20100101 Firefox/95.0"
66.29.132.124 - - [12/Jan/2025:10:09:30 -0500] "POST /wp-admin/admin-ajax.php?action=async_litespeed&nonce=ptHG66Zt0Jo6aMPG9i4HP88UKEnS1AKs&litespeed_type=imgoptm HTTP/1.1" 200 21 "-" "WordPress/6.7.1; https://tacafoundation.org"
66.249.79.172 - - [12/Jan/2025:10:34:59 -0500] "GET /commodity/489350.html?product HTTP/1.1" 404 1251 "-" "Mozilla/5.0 (Linux; Android 6.0.1; Nexus 5X Build/MMB29P) AppleWebKit/537.36 (KHTML, like Gecko) Chrome/131.0.6778.264 Mobile Safari/537.36 (compatible; Googlebot/2.1; +http://www.google.com/bot.html)"
66.29.132.124 - - [12/Jan/2025:10:54:24 -0500] "POST /wp-cron.php?doing_wp_cron=1736697264.3367590904235839843750 HTTP/1.1" 200 0 "-" "WordPress/6.7.1; https://tacafoundation.org"
182.44.2.148 - - [12/Jan/2025:10:54:21 -0500] "GET / HTTP/1.1" 301 0 "http://www.tacafoundation.org" "Mozilla/5.0 (iPhone; CPU iPhone OS 13_2_3 like Mac OS X) AppleWebKit/605.1.15 (KHTML, like Gecko) Version/13.0.3 Mobile/15E148 Safari/604.1"
66.29.132.124 - - [12/Jan/2025:10:54:24 -0500] "POST /wp-admin/admin-ajax.php?action=async_litespeed&nonce=RWWe22rYjybm4IostxXAimt2ttGJXBuk&litespeed_type=imgoptm HTTP/1.1" 200 21 "-" "WordPress/6.7.1; https://tacafoundation.org"
182.44.2.148 - - [12/Jan/2025:10:54:26 -0500] "GET / HTTP/1.1" 200 23500 "https://www.tacafoundation.org/" "Mozilla/5.0 (iPhone; CPU iPhone OS 13_2_3 like Mac OS X) AppleWebKit/605.1.15 (KHTML, like Gecko) Version/13.0.3 Mobile/15E148 Safari/604.1"
66.249.79.173 - - [12/Jan/2025:11:16:28 -0500] "GET /post.php/commodity/597995.html?product HTTP/1.1" 404 1251 "-" "Mozilla/5.0 (Linux; Android 6.0.1; Nexus 5X Build/MMB29P) AppleWebKit/537.36 (KHTML, like Gecko) Chrome/131.0.6778.264 Mobile Safari/537.36 (compatible; Googlebot/2.1; +http://www.google.com/bot.html)"
66.249.79.172 - - [12/Jan/2025:11:21:05 -0500] "GET /post.php/commodity/426208.html?product HTTP/1.1" 404 1251 "-" "Mozilla/5.0 (Linux; Android 6.0.1; Nexus 5X Build/MMB29P) AppleWebKit/537.36 (KHTML, like Gecko) Chrome/131.0.6778.264 Mobile Safari/537.36 (compatible; Googlebot/2.1; +http://www.google.com/bot.html)"
66.249.79.2 - - [12/Jan/2025:11:21:20 -0500] "GET /commodity/P347401?c=goods&t=lic HTTP/1.1" 404 1251 "-" "Mozilla/5.0 (Linux; Android 6.0.1; Nexus 5X Build/MMB29P) AppleWebKit/537.36 (KHTML, like Gecko) Chrome/131.0.6778.264 Mobile Safari/537.36 (compatible; Googlebot/2.1; +http://www.google.com/bot.html)"
66.249.79.173 - - [12/Jan/2025:11:22:32 -0500] "GET /robots.txt HTTP/1.1" 404 1251 "-" "Mozilla/5.0 (compatible; Googlebot/2.1; +http://www.google.com/bot.html)"
66.249.79.173 - - [12/Jan/2025:11:22:32 -0500] "GET /goods/T?34027=message HTTP/1.1" 404 1251 "-" "Mozilla/5.0 (Linux; Android 6.0.1; Nexus 5X Build/MMB29P) AppleWebKit/537.36 (KHTML, like Gecko) Chrome/131.0.6778.264 Mobile Safari/537.36 (compatible; Googlebot/2.1; +http://www.google.com/bot.html)"
66.249.79.1 - - [12/Jan/2025:11:51:57 -0500] "GET /post.php/commodity/Z48411?c=goods&t=lic HTTP/1.1" 404 1251 "-" "Mozilla/5.0 (Linux; Android 6.0.1; Nexus 5X Build/MMB29P) AppleWebKit/537.36 (KHTML, like Gecko) Chrome/131.0.6778.264 Mobile Safari/537.36 (compatible; Googlebot/2.1; +http://www.google.com/bot.html)"
66.249.79.8 - - [12/Jan/2025:11:53:53 -0500] "GET /commodity/R312433?c=goods&t=lic HTTP/1.1" 404 1251 "-" "Mozilla/5.0 (Linux; Android 6.0.1; Nexus 5X Build/MMB29P) AppleWebKit/537.36 (KHTML, like Gecko) Chrome/131.0.6778.264 Mobile Safari/537.36 (compatible; Googlebot/2.1; +http://www.google.com/bot.html)"
66.249.79.104 - - [12/Jan/2025:12:05:26 -0500] "GET /profile.php/keyword/%E8%A1%A8%E7%A4%BA%E3%82%B5%E3%82%A4%E3%82%BA28cm HTTP/1.1" 404 1251 "-" "Mozilla/5.0 (Linux; Android 6.0.1; Nexus 5X Build/MMB29P) AppleWebKit/537.36 (KHTML, like Gecko) Chrome/131.0.6778.264 Mobile Safari/537.36 (compatible; Googlebot/2.1; +http://www.google.com/bot.html)"

Youez - 2016 - github.com/yon3zu
LinuXploit