205.169.39.8 - - [24/Dec/2024:08:59:24 -0500] "GET /wp-content/themes/meto/assets/images/icons/service-pattern-1.png HTTP/1.1" 200 1999 "https://diixadigital.com/wp-content/themes/meto/assets/css/style.css?ver=6.7.1" "Mozilla/5.0 (X11; Linux x86_64) AppleWebKit/537.36 (KHTML, like Gecko) HeadlessChrome/127.0.6533.119 Safari/537.36"
205.169.39.8 - - [24/Dec/2024:08:59:24 -0500] "GET /wp-content/plugins/woocommerce/assets/css/woocommerce-smallscreen.css?ver=9.5.1 HTTP/1.1" 200 1127 "https://diixadigital.com/" "Mozilla/5.0 (X11; Linux x86_64) AppleWebKit/537.36 (KHTML, like Gecko) HeadlessChrome/127.0.6533.119 Safari/537.36"
205.169.39.8 - - [24/Dec/2024:08:59:24 -0500] "GET /wp-content/themes/meto/assets/images/background/service-pattern.png HTTP/1.1" 200 15079 "https://diixadigital.com/wp-content/themes/meto/assets/css/style.css?ver=6.7.1" "Mozilla/5.0 (X11; Linux x86_64) AppleWebKit/537.36 (KHTML, like Gecko) HeadlessChrome/127.0.6533.119 Safari/537.36"
205.169.39.8 - - [24/Dec/2024:08:59:24 -0500] "GET /wp-content/themes/meto/assets/images/background/bg-footer-bottom.jpg HTTP/1.1" 200 33124 "https://diixadigital.com/wp-content/themes/meto/assets/css/style.css?ver=6.7.1" "Mozilla/5.0 (X11; Linux x86_64) AppleWebKit/537.36 (KHTML, like Gecko) HeadlessChrome/127.0.6533.119 Safari/537.36"
205.169.39.8 - - [24/Dec/2024:08:59:24 -0500] "GET /wp-content/themes/meto/assets/images/background/pattern-13.png HTTP/1.1" 200 6809 "https://diixadigital.com/wp-content/themes/meto/assets/css/style.css?ver=6.7.1" "Mozilla/5.0 (X11; Linux x86_64) AppleWebKit/537.36 (KHTML, like Gecko) HeadlessChrome/127.0.6533.119 Safari/537.36"
205.169.39.8 - - [24/Dec/2024:08:59:24 -0500] "GET /wp-content/plugins/woocommerce/assets/js/sourcebuster/sourcebuster.min.js?ver=9.5.1 HTTP/1.1" 200 4609 "https://diixadigital.com/" "Mozilla/5.0 (X11; Linux x86_64) AppleWebKit/537.36 (KHTML, like Gecko) HeadlessChrome/127.0.6533.119 Safari/537.36"
205.169.39.8 - - [24/Dec/2024:08:59:24 -0500] "GET /wp-content/themes/meto/assets/js/script.js?ver=6.7.1 HTTP/1.1" 200 4210 "https://diixadigital.com/" "Mozilla/5.0 (X11; Linux x86_64) AppleWebKit/537.36 (KHTML, like Gecko) HeadlessChrome/127.0.6533.119 Safari/537.36"
205.169.39.8 - - [24/Dec/2024:08:59:24 -0500] "GET /wp-includes/js/jquery/ui/core.min.js?ver=1.13.3 HTTP/1.1" 200 6811 "https://diixadigital.com/" "Mozilla/5.0 (X11; Linux x86_64) AppleWebKit/537.36 (KHTML, like Gecko) HeadlessChrome/127.0.6533.119 Safari/537.36"
205.169.39.8 - - [24/Dec/2024:08:59:24 -0500] "GET /wp-content/plugins/elementor/assets/js/frontend-modules.min.js?ver=3.26.3 HTTP/1.1" 200 14959 "https://diixadigital.com/" "Mozilla/5.0 (X11; Linux x86_64) AppleWebKit/537.36 (KHTML, like Gecko) HeadlessChrome/127.0.6533.119 Safari/537.36"
205.169.39.8 - - [24/Dec/2024:08:59:24 -0500] "GET /wp-content/plugins/elementor/assets/js/frontend.min.js?ver=3.26.3 HTTP/1.1" 200 13417 "https://diixadigital.com/" "Mozilla/5.0 (X11; Linux x86_64) AppleWebKit/537.36 (KHTML, like Gecko) HeadlessChrome/127.0.6533.119 Safari/537.36"
205.169.39.8 - - [24/Dec/2024:08:59:24 -0500] "GET /wp-content/plugins/revslider/public/assets/js/rbtools.min.js?ver=6.6.14 HTTP/1.1" 200 59951 "https://diixadigital.com/" "Mozilla/5.0 (X11; Linux x86_64) AppleWebKit/537.36 (KHTML, like Gecko) HeadlessChrome/127.0.6533.119 Safari/537.36"
205.169.39.8 - - [24/Dec/2024:08:59:24 -0500] "GET /wp-content/plugins/revslider/public/assets/js/rs6.min.js?ver=6.6.14 HTTP/1.1" 200 103884 "https://diixadigital.com/" "Mozilla/5.0 (X11; Linux x86_64) AppleWebKit/537.36 (KHTML, like Gecko) HeadlessChrome/127.0.6533.119 Safari/537.36"
205.169.39.8 - - [24/Dec/2024:08:59:24 -0500] "GET /wp-content/plugins/woocommerce/assets/js/js-cookie/js.cookie.min.js?ver=2.1.4-wc.9.5.1 HTTP/1.1" 200 760 "https://diixadigital.com/" "Mozilla/5.0 (X11; Linux x86_64) AppleWebKit/537.36 (KHTML, like Gecko) HeadlessChrome/127.0.6533.119 Safari/537.36"
205.169.39.8 - - [24/Dec/2024:08:59:24 -0500] "GET /wp-includes/js/wp-emoji-release.min.js?ver=6.7.1 HTTP/1.1" 200 4676 "https://diixadigital.com/" "Mozilla/5.0 (X11; Linux x86_64) AppleWebKit/537.36 (KHTML, like Gecko) HeadlessChrome/127.0.6533.119 Safari/537.36"
66.249.68.33 - - [24/Dec/2024:09:01:29 -0500] "GET /tqteb/t2753478.html HTTP/1.1" 200 45764 "-" "Mozilla/5.0 (Linux; Android 6.0.1; Nexus 5X Build/MMB29P) AppleWebKit/537.36 (KHTML, like Gecko) Chrome/131.0.6778.139 Mobile Safari/537.36 (compatible; Googlebot/2.1; +http://www.google.com/bot.html)"
66.249.68.33 - - [24/Dec/2024:09:02:13 -0500] "GET /mdtiz/w2775659.html HTTP/1.1" 200 44264 "-" "Mozilla/5.0 (Linux; Android 6.0.1; Nexus 5X Build/MMB29P) AppleWebKit/537.36 (KHTML, like Gecko) Chrome/131.0.6778.139 Mobile Safari/537.36 (compatible; Googlebot/2.1; +http://www.google.com/bot.html)"
66.249.68.33 - - [24/Dec/2024:09:02:58 -0500] "GET /qtyyr/g494013.html HTTP/1.1" 200 46217 "-" "Mozilla/5.0 (Linux; Android 6.0.1; Nexus 5X Build/MMB29P) AppleWebKit/537.36 (KHTML, like Gecko) Chrome/131.0.6778.139 Mobile Safari/537.36 (compatible; Googlebot/2.1; +http://www.google.com/bot.html)"
66.249.68.34 - - [24/Dec/2024:09:03:55 -0500] "GET /jxupd/v3071148.html HTTP/1.1" 200 43902 "-" "Mozilla/5.0 (Linux; Android 6.0.1; Nexus 5X Build/MMB29P) AppleWebKit/537.36 (KHTML, like Gecko) Chrome/131.0.6778.139 Mobile Safari/537.36 (compatible; Googlebot/2.1; +http://www.google.com/bot.html)"
66.249.68.33 - - [24/Dec/2024:09:04:48 -0500] "GET /vvvax/q820557.html HTTP/1.1" 200 44828 "-" "Mozilla/5.0 (Linux; Android 6.0.1; Nexus 5X Build/MMB29P) AppleWebKit/537.36 (KHTML, like Gecko) Chrome/131.0.6778.139 Mobile Safari/537.36 (compatible; Googlebot/2.1; +http://www.google.com/bot.html)"
66.249.68.33 - - [24/Dec/2024:09:05:53 -0500] "GET /qcnma/b189626.html HTTP/1.1" 200 45407 "-" "Mozilla/5.0 (Linux; Android 6.0.1; Nexus 5X Build/MMB29P) AppleWebKit/537.36 (KHTML, like Gecko) Chrome/131.0.6778.139 Mobile Safari/537.36 (compatible; Googlebot/2.1; +http://www.google.com/bot.html)"
66.249.68.34 - - [24/Dec/2024:09:06:49 -0500] "GET /zilep/g1225627.html HTTP/1.1" 200 44918 "-" "Mozilla/5.0 (Linux; Android 6.0.1; Nexus 5X Build/MMB29P) AppleWebKit/537.36 (KHTML, like Gecko) Chrome/131.0.6778.139 Mobile Safari/537.36 (compatible; Googlebot/2.1; +http://www.google.com/bot.html)"
66.249.68.33 - - [24/Dec/2024:09:07:29 -0500] "GET /nfwkt/s1450331.html HTTP/1.1" 200 45331 "-" "Mozilla/5.0 (Linux; Android 6.0.1; Nexus 5X Build/MMB29P) AppleWebKit/537.36 (KHTML, like Gecko) Chrome/131.0.6778.139 Mobile Safari/537.36 (compatible; Googlebot/2.1; +http://www.google.com/bot.html)"
109.70.100.66 - - [24/Dec/2024:09:07:25 -0500] "POST /xmlrpc.php HTTP/1.1" 200 0 "https://diixadigital.com/" "Mozilla/5.0 (Windows NT 10.0; Win64; x64) AppleWebKit/537.36 (KHTML, like Gecko) Chrome/86.0.4240.111 Safari/537.36"
66.29.132.124 - - [24/Dec/2024:09:07:42 -0500] "POST /wp-cron.php?doing_wp_cron=1735049261.9301509857177734375000 HTTP/1.1" 200 0 "-" "WordPress/6.7.1; https://diixadigital.com"
66.29.132.124 - - [24/Dec/2024:09:07:43 -0500] "POST /wp-admin/admin-ajax.php?action=async_litespeed&nonce=JkxxyIqRJRg3tls0y1HyKazPzBrTQq3y&litespeed_type=imgoptm HTTP/1.1" 200 0 "-" "WordPress/6.7.1; https://diixadigital.com"
40.77.167.45 - - [24/Dec/2024:09:09:24 -0500] "GET /xqhol/p861844.html HTTP/1.1" 200 44865 "-" "Mozilla/5.0 AppleWebKit/537.36 (KHTML, like Gecko; compatible; bingbot/2.0; +http://www.bing.com/bingbot.htm) Chrome/116.0.1938.76 Safari/537.36"
52.167.144.186 - - [24/Dec/2024:09:18:10 -0500] "GET /insis/x2374012.html HTTP/1.1" 200 43924 "-" "Mozilla/5.0 AppleWebKit/537.36 (KHTML, like Gecko; compatible; bingbot/2.0; +http://www.bing.com/bingbot.htm) Chrome/116.0.1938.76 Safari/537.36"
192.42.116.218 - - [24/Dec/2024:09:21:14 -0500] "POST /xmlrpc.php HTTP/1.1" 200 0 "https://diixadigital.com/" "Mozilla/5.0 (Windows NT 10.0; Win64; x64) AppleWebKit/537.36 (KHTML, like Gecko) Chrome/83.0.4103.61 Safari/537.36"
66.29.132.124 - - [24/Dec/2024:09:21:29 -0500] "POST /wp-cron.php?doing_wp_cron=1735050089.0102241039276123046875 HTTP/1.1" 200 0 "-" "WordPress/6.7.1; https://diixadigital.com"
66.29.132.124 - - [24/Dec/2024:09:21:29 -0500] "POST /wp-admin/admin-ajax.php?action=async_litespeed&nonce=mUEIwBRxKlnbNQtCEHyaLBSMZxZGDgvD&litespeed_type=imgoptm HTTP/1.1" 200 0 "-" "WordPress/6.7.1; https://diixadigital.com"
66.249.68.35 - - [24/Dec/2024:09:22:54 -0500] "GET /wajxs/b202704.html HTTP/1.1" 200 44354 "-" "Mozilla/5.0 (Linux; Android 6.0.1; Nexus 5X Build/MMB29P) AppleWebKit/537.36 (KHTML, like Gecko) Chrome/131.0.6778.139 Mobile Safari/537.36 (compatible; Googlebot/2.1; +http://www.google.com/bot.html)"
40.77.167.65 - - [24/Dec/2024:09:29:10 -0500] "GET /pdvfj/v1628382.html HTTP/1.1" 200 44732 "-" "Mozilla/5.0 AppleWebKit/537.36 (KHTML, like Gecko; compatible; bingbot/2.0; +http://www.bing.com/bingbot.htm) Chrome/116.0.1938.76 Safari/537.36"
52.167.144.188 - - [24/Dec/2024:09:32:40 -0500] "GET /nysmr/s1462317.html HTTP/1.1" 200 44056 "-" "Mozilla/5.0 AppleWebKit/537.36 (KHTML, like Gecko; compatible; bingbot/2.0; +http://www.bing.com/bingbot.htm) Chrome/116.0.1938.76 Safari/537.36"
185.220.101.21 - - [24/Dec/2024:09:35:07 -0500] "POST /xmlrpc.php HTTP/1.1" 200 0 "https://diixadigital.com/" "Mozilla/5.0 (Windows NT 6.1; Win64; x64) AppleWebKit/537.36 (KHTML, like Gecko) Chrome/68.0.3440.106 Safari/537.36"
66.29.132.124 - - [24/Dec/2024:09:35:19 -0500] "POST /wp-cron.php?doing_wp_cron=1735050919.5185389518737792968750 HTTP/1.1" 200 0 "-" "WordPress/6.7.1; https://diixadigital.com"
66.29.132.124 - - [24/Dec/2024:09:35:20 -0500] "POST /wp-admin/admin-ajax.php?action=async_litespeed&nonce=njBkNw0aJQEvbaDbVeE5JvFq0To969wb&litespeed_type=imgoptm HTTP/1.1" 200 0 "-" "WordPress/6.7.1; https://diixadigital.com"
52.167.144.209 - - [24/Dec/2024:09:41:22 -0500] "GET /myrat/t500656.html HTTP/1.1" 200 44770 "-" "Mozilla/5.0 AppleWebKit/537.36 (KHTML, like Gecko; compatible; bingbot/2.0; +http://www.bing.com/bingbot.htm) Chrome/116.0.1938.76 Safari/537.36"
52.167.144.209 - - [24/Dec/2024:09:49:32 -0500] "GET /bfwnm/b2633626.html HTTP/1.1" 200 43722 "-" "Mozilla/5.0 AppleWebKit/537.36 (KHTML, like Gecko; compatible; bingbot/2.0; +http://www.bing.com/bingbot.htm) Chrome/116.0.1938.76 Safari/537.36"
52.167.144.159 - - [24/Dec/2024:09:53:53 -0500] "GET /ask HTTP/1.1" 200 45294 "-" "Mozilla/5.0 AppleWebKit/537.36 (KHTML, like Gecko; compatible; bingbot/2.0; +http://www.bing.com/bingbot.htm) Chrome/116.0.1938.76 Safari/537.36"
40.77.167.230 - - [24/Dec/2024:09:57:44 -0500] "GET /psrfc/a3080201.html HTTP/1.1" 200 45058 "-" "Mozilla/5.0 AppleWebKit/537.36 (KHTML, like Gecko; compatible; bingbot/2.0; +http://www.bing.com/bingbot.htm) Chrome/116.0.1938.76 Safari/537.36"
40.77.167.230 - - [24/Dec/2024:10:00:45 -0500] "GET /kdhdm/h260950.html HTTP/1.1" 200 46113 "-" "Mozilla/5.0 AppleWebKit/537.36 (KHTML, like Gecko; compatible; bingbot/2.0; +http://www.bing.com/bingbot.htm) Chrome/116.0.1938.76 Safari/537.36"
5.255.124.134 - - [24/Dec/2024:10:02:44 -0500] "POST /xmlrpc.php HTTP/1.1" 200 0 "https://diixadigital.com/" "Mozilla/5.0 (compatible; MSIE 10.0; Windows NT 6.2; WOW64; Trident/6.0)"
66.29.132.124 - - [24/Dec/2024:10:02:53 -0500] "POST /wp-cron.php?doing_wp_cron=1735052573.4961760044097900390625 HTTP/1.1" 200 0 "-" "WordPress/6.7.1; https://diixadigital.com"
66.29.132.124 - - [24/Dec/2024:10:02:54 -0500] "POST /wp-admin/admin-ajax.php?action=async_litespeed&nonce=Okr4hBcEC3FiCwwpcqRtoeHMX51WpuOM&litespeed_type=imgoptm HTTP/1.1" 200 0 "-" "WordPress/6.7.1; https://diixadigital.com"
66.29.132.124 - - [24/Dec/2024:10:04:28 -0500] "POST /wp-cron.php?doing_wp_cron=1735052668.3806738853454589843750 HTTP/1.1" 200 0 "-" "WordPress/6.7.1; https://diixadigital.com"
66.29.132.124 - - [24/Dec/2024:10:04:29 -0500] "POST /wp-admin/admin-ajax.php?action=async_litespeed&nonce=CqKRAIDONBvOk5Udp1CZ4z2ZsHcwRTy8&litespeed_type=imgoptm HTTP/1.1" 200 0 "-" "WordPress/6.7.1; https://diixadigital.com"
20.105.137.134 - - [24/Dec/2024:10:04:24 -0500] "GET / HTTP/1.1" 200 0 "-" "curl/8.6.0"
40.77.167.22 - - [24/Dec/2024:10:07:26 -0500] "GET /fkwjr/s483807.html HTTP/1.1" 200 44341 "-" "Mozilla/5.0 AppleWebKit/537.36 (KHTML, like Gecko; compatible; bingbot/2.0; +http://www.bing.com/bingbot.htm) Chrome/116.0.1938.76 Safari/537.36"
66.249.68.35 - - [24/Dec/2024:10:10:08 -0500] "GET /yndxa/z231094.html HTTP/1.1" 200 45122 "-" "Mozilla/5.0 (Linux; Android 6.0.1; Nexus 5X Build/MMB29P) AppleWebKit/537.36 (KHTML, like Gecko) Chrome/131.0.6778.139 Mobile Safari/537.36 (compatible; Googlebot/2.1; +http://www.google.com/bot.html)"
66.249.68.34 - - [24/Dec/2024:10:12:40 -0500] "GET /kfnsg/p877288.html HTTP/1.1" 200 45057 "-" "Mozilla/5.0 (Linux; Android 6.0.1; Nexus 5X Build/MMB29P) AppleWebKit/537.36 (KHTML, like Gecko) Chrome/131.0.6778.139 Mobile Safari/537.36 (compatible; Googlebot/2.1; +http://www.google.com/bot.html)"
66.249.68.35 - - [24/Dec/2024:10:15:15 -0500] "GET /ceysu/s885689.html HTTP/1.1" 200 44427 "-" "Mozilla/5.0 (Linux; Android 6.0.1; Nexus 5X Build/MMB29P) AppleWebKit/537.36 (KHTML, like Gecko) Chrome/131.0.6778.139 Mobile Safari/537.36 (compatible; Googlebot/2.1; +http://www.google.com/bot.html)"
192.42.116.18 - - [24/Dec/2024:10:16:34 -0500] "POST /xmlrpc.php HTTP/1.1" 200 0 "https://diixadigital.com/" "Mozilla/5.0 (Macintosh; Intel Mac OS X 10_11_6) AppleWebKit/601.7.8 (KHTML, like Gecko)"
66.29.132.124 - - [24/Dec/2024:10:16:44 -0500] "POST /wp-cron.php?doing_wp_cron=1735053404.2041819095611572265625 HTTP/1.1" 200 0 "-" "WordPress/6.7.1; https://diixadigital.com"
66.29.132.124 - - [24/Dec/2024:10:16:45 -0500] "POST /wp-admin/admin-ajax.php?action=async_litespeed&nonce=1WBxgG47fXUftVjE4igNXORJEpBqSVlJ&litespeed_type=imgoptm HTTP/1.1" 200 0 "-" "WordPress/6.7.1; https://diixadigital.com"
66.249.68.33 - - [24/Dec/2024:10:17:52 -0500] "GET /zwxqh/z3021804.html HTTP/1.1" 200 44420 "-" "Mozilla/5.0 (Linux; Android 6.0.1; Nexus 5X Build/MMB29P) AppleWebKit/537.36 (KHTML, like Gecko) Chrome/131.0.6778.139 Mobile Safari/537.36 (compatible; Googlebot/2.1; +http://www.google.com/bot.html)"
52.167.144.173 - - [24/Dec/2024:10:19:16 -0500] "GET /xtjyn/e564029.html HTTP/1.1" 200 45286 "-" "Mozilla/5.0 AppleWebKit/537.36 (KHTML, like Gecko; compatible; bingbot/2.0; +http://www.bing.com/bingbot.htm) Chrome/116.0.1938.76 Safari/537.36"
66.249.68.34 - - [24/Dec/2024:10:22:24 -0500] "GET /robots.txt HTTP/1.1" 200 137 "-" "Mozilla/5.0 (compatible; Googlebot/2.1; +http://www.google.com/bot.html)"
66.249.68.34 - - [24/Dec/2024:10:22:24 -0500] "GET /eavoq/c1889689.html HTTP/1.1" 200 44039 "-" "Mozilla/5.0 (Linux; Android 6.0.1; Nexus 5X Build/MMB29P) AppleWebKit/537.36 (KHTML, like Gecko) Chrome/131.0.6778.139 Mobile Safari/537.36 (compatible; Googlebot/2.1; +http://www.google.com/bot.html)"
66.249.68.33 - - [24/Dec/2024:10:24:03 -0500] "GET /robots.txt HTTP/1.1" 200 137 "-" "Mozilla/5.0 (compatible; Googlebot/2.1; +http://www.google.com/bot.html)"
66.249.68.33 - - [24/Dec/2024:10:24:02 -0500] "GET /jizfb/c381975.html HTTP/1.1" 200 44615 "-" "Mozilla/5.0 (Linux; Android 6.0.1; Nexus 5X Build/MMB29P) AppleWebKit/537.36 (KHTML, like Gecko) Chrome/131.0.6778.139 Mobile Safari/537.36 (compatible; Googlebot/2.1; +http://www.google.com/bot.html)"
66.249.68.33 - - [24/Dec/2024:10:24:45 -0500] "GET /ackqo/w2775399.html HTTP/1.1" 200 44650 "-" "Mozilla/5.0 (Linux; Android 6.0.1; Nexus 5X Build/MMB29P) AppleWebKit/537.36 (KHTML, like Gecko) Chrome/131.0.6778.139 Mobile Safari/537.36 (compatible; Googlebot/2.1; +http://www.google.com/bot.html)"
66.249.68.34 - - [24/Dec/2024:10:26:01 -0500] "GET /robots.txt HTTP/1.1" 200 137 "-" "Mozilla/5.0 (compatible; Googlebot/2.1; +http://www.google.com/bot.html)"
66.249.68.35 - - [24/Dec/2024:10:26:02 -0500] "GET /fhlqo/l1101326.html HTTP/1.1" 200 44619 "-" "Mozilla/5.0 (Linux; Android 6.0.1; Nexus 5X Build/MMB29P) AppleWebKit/537.36 (KHTML, like Gecko) Chrome/131.0.6778.139 Mobile Safari/537.36 (compatible; Googlebot/2.1; +http://www.google.com/bot.html)"
66.249.68.34 - - [24/Dec/2024:10:26:53 -0500] "GET /kffqi/k1465429.html HTTP/1.1" 200 45307 "-" "Mozilla/5.0 (Linux; Android 6.0.1; Nexus 5X Build/MMB29P) AppleWebKit/537.36 (KHTML, like Gecko) Chrome/131.0.6778.139 Mobile Safari/537.36 (compatible; Googlebot/2.1; +http://www.google.com/bot.html)"
185.220.101.138 - - [24/Dec/2024:10:30:22 -0500] "POST /xmlrpc.php HTTP/1.1" 200 0 "https://diixadigital.com/" "Mozilla/5.0 (Windows NT 6.1; Win64; x64) AppleWebKit/537.36 (KHTML, like Gecko) Chrome/59.0.3071.115 Safari/537.36"
66.29.132.124 - - [24/Dec/2024:10:30:36 -0500] "POST /wp-cron.php?doing_wp_cron=1735054236.6223089694976806640625 HTTP/1.1" 200 0 "-" "WordPress/6.7.1; https://diixadigital.com"
66.29.132.124 - - [24/Dec/2024:10:30:37 -0500] "POST /wp-admin/admin-ajax.php?action=async_litespeed&nonce=Vztq1IgdAEA7iCC7CiEdnGGQ9r2X95E1&litespeed_type=imgoptm HTTP/1.1" 200 0 "-" "WordPress/6.7.1; https://diixadigital.com"
66.249.68.33 - - [24/Dec/2024:10:34:10 -0500] "GET /robots.txt HTTP/1.1" 200 137 "-" "Mozilla/5.0 (compatible; Googlebot/2.1; +http://www.google.com/bot.html)"
66.249.68.33 - - [24/Dec/2024:10:34:10 -0500] "GET /eznrl/h865450.html HTTP/1.1" 200 45082 "-" "Mozilla/5.0 (Linux; Android 6.0.1; Nexus 5X Build/MMB29P) AppleWebKit/537.36 (KHTML, like Gecko) Chrome/131.0.6778.139 Mobile Safari/537.36 (compatible; Googlebot/2.1; +http://www.google.com/bot.html)"
40.77.167.42 - - [24/Dec/2024:10:38:17 -0500] "GET /veyjr/t1330966.html HTTP/1.1" 200 43829 "-" "Mozilla/5.0 AppleWebKit/537.36 (KHTML, like Gecko; compatible; bingbot/2.0; +http://www.bing.com/bingbot.htm) Chrome/116.0.1938.76 Safari/537.36"
66.249.68.34 - - [24/Dec/2024:10:41:58 -0500] "GET /crsfj/x1879336.html HTTP/1.1" 200 44211 "-" "Mozilla/5.0 (Linux; Android 6.0.1; Nexus 5X Build/MMB29P) AppleWebKit/537.36 (KHTML, like Gecko) Chrome/131.0.6778.139 Mobile Safari/537.36 (compatible; Googlebot/2.1; +http://www.google.com/bot.html)"
66.249.68.34 - - [24/Dec/2024:10:42:00 -0500] "GET /dghgv/m1599825.html HTTP/1.1" 200 43829 "-" "Mozilla/5.0 (Linux; Android 6.0.1; Nexus 5X Build/MMB29P) AppleWebKit/537.36 (KHTML, like Gecko) Chrome/131.0.6778.139 Mobile Safari/537.36 (compatible; Googlebot/2.1; +http://www.google.com/bot.html)"
66.249.68.33 - - [24/Dec/2024:10:42:02 -0500] "GET /qzuij/b1082622.html HTTP/1.1" 200 45371 "-" "Mozilla/5.0 (Linux; Android 6.0.1; Nexus 5X Build/MMB29P) AppleWebKit/537.36 (KHTML, like Gecko) Chrome/131.0.6778.139 Mobile Safari/537.36 (compatible; Googlebot/2.1; +http://www.google.com/bot.html)"
192.42.116.185 - - [24/Dec/2024:10:44:10 -0500] "POST /xmlrpc.php HTTP/1.1" 200 0 "https://diixadigital.com/" "Mozilla/5.0 (Windows NT 10.0; Win64; x64; rv:73.0) Gecko/20100101 Firefox/73.0"
66.29.132.124 - - [24/Dec/2024:10:44:16 -0500] "POST /wp-cron.php?doing_wp_cron=1735055056.0893540382385253906250 HTTP/1.1" 200 0 "-" "WordPress/6.7.1; https://diixadigital.com"
66.29.132.124 - - [24/Dec/2024:10:44:16 -0500] "POST /wp-admin/admin-ajax.php?action=async_litespeed&nonce=lGmcwdiqMoFWOimoXGVhyQiXCNdaejvW&litespeed_type=imgoptm HTTP/1.1" 200 21 "-" "WordPress/6.7.1; https://diixadigital.com"
40.77.167.42 - - [24/Dec/2024:10:44:47 -0500] "GET /bptos/b109208.html HTTP/1.1" 200 45134 "-" "Mozilla/5.0 AppleWebKit/537.36 (KHTML, like Gecko; compatible; bingbot/2.0; +http://www.bing.com/bingbot.htm) Chrome/116.0.1938.76 Safari/537.36"
52.167.144.232 - - [24/Dec/2024:10:46:12 -0500] "GET /oslxy/o2109609.html HTTP/1.1" 200 44399 "-" "Mozilla/5.0 AppleWebKit/537.36 (KHTML, like Gecko; compatible; bingbot/2.0; +http://www.bing.com/bingbot.htm) Chrome/116.0.1938.76 Safari/537.36"

Youez - 2016 - github.com/yon3zu
LinuXploit