40.77.167.144 - - [14/Jan/2025:21:49:05 -0500] "GET /dfsyd/r2162964.html HTTP/1.1" 200 68870 "-" "Mozilla/5.0 AppleWebKit/537.36 (KHTML, like Gecko; compatible; bingbot/2.0; +http://www.bing.com/bingbot.htm) Chrome/116.0.1938.76 Safari/537.36"
40.77.167.41 - - [14/Jan/2025:21:49:14 -0500] "GET /jpmer/v536122.html HTTP/1.1" 200 68275 "-" "Mozilla/5.0 AppleWebKit/537.36 (KHTML, like Gecko; compatible; bingbot/2.0; +http://www.bing.com/bingbot.htm) Chrome/116.0.1938.76 Safari/537.36"
52.167.144.146 - - [14/Jan/2025:21:49:19 -0500] "GET /rcuht/q2726799.html HTTP/1.1" 200 70092 "-" "Mozilla/5.0 AppleWebKit/537.36 (KHTML, like Gecko; compatible; bingbot/2.0; +http://www.bing.com/bingbot.htm) Chrome/116.0.1938.76 Safari/537.36"
52.167.144.221 - - [14/Jan/2025:21:49:20 -0500] "GET /uoatm/f795768.html HTTP/1.1" 200 71657 "-" "Mozilla/5.0 AppleWebKit/537.36 (KHTML, like Gecko; compatible; bingbot/2.0; +http://www.bing.com/bingbot.htm) Chrome/116.0.1938.76 Safari/537.36"
40.77.167.144 - - [14/Jan/2025:21:49:22 -0500] "GET /wtpfl/r2358796.html HTTP/1.1" 200 68666 "-" "Mozilla/5.0 AppleWebKit/537.36 (KHTML, like Gecko; compatible; bingbot/2.0; +http://www.bing.com/bingbot.htm) Chrome/116.0.1938.76 Safari/537.36"
40.77.167.35 - - [14/Jan/2025:21:49:34 -0500] "GET /jgdvs/s2075033.html HTTP/1.1" 200 69953 "-" "Mozilla/5.0 AppleWebKit/537.36 (KHTML, like Gecko; compatible; bingbot/2.0; +http://www.bing.com/bingbot.htm) Chrome/116.0.1938.76 Safari/537.36"
40.77.167.41 - - [14/Jan/2025:21:49:34 -0500] "GET /gcrhk/o1320275.html HTTP/1.1" 200 68071 "-" "Mozilla/5.0 AppleWebKit/537.36 (KHTML, like Gecko; compatible; bingbot/2.0; +http://www.bing.com/bingbot.htm) Chrome/116.0.1938.76 Safari/537.36"
66.249.68.3 - - [14/Jan/2025:21:49:37 -0500] "GET /cvqtk/c341259.html HTTP/1.1" 200 68325 "-" "Mozilla/5.0 (Linux; Android 6.0.1; Nexus 5X Build/MMB29P) AppleWebKit/537.36 (KHTML, like Gecko) Chrome/131.0.6778.264 Mobile Safari/537.36 (compatible; Googlebot/2.1; +http://www.google.com/bot.html)"
40.77.167.144 - - [14/Jan/2025:21:49:39 -0500] "GET /tejir/k2879595.html HTTP/1.1" 200 67836 "-" "Mozilla/5.0 AppleWebKit/537.36 (KHTML, like Gecko; compatible; bingbot/2.0; +http://www.bing.com/bingbot.htm) Chrome/116.0.1938.76 Safari/537.36"
52.167.144.221 - - [14/Jan/2025:21:49:38 -0500] "GET /zlaeb/y2801141.html HTTP/1.1" 200 69403 "-" "Mozilla/5.0 AppleWebKit/537.36 (KHTML, like Gecko; compatible; bingbot/2.0; +http://www.bing.com/bingbot.htm) Chrome/116.0.1938.76 Safari/537.36"
40.77.167.41 - - [14/Jan/2025:21:49:44 -0500] "GET /ueoxf/u1213447.html HTTP/1.1" 200 68795 "-" "Mozilla/5.0 AppleWebKit/537.36 (KHTML, like Gecko; compatible; bingbot/2.0; +http://www.bing.com/bingbot.htm) Chrome/116.0.1938.76 Safari/537.36"
40.77.167.144 - - [14/Jan/2025:21:49:50 -0500] "GET /bpykz/o122455.html HTTP/1.1" 200 68661 "-" "Mozilla/5.0 AppleWebKit/537.36 (KHTML, like Gecko; compatible; bingbot/2.0; +http://www.bing.com/bingbot.htm) Chrome/116.0.1938.76 Safari/537.36"
40.77.167.35 - - [14/Jan/2025:21:49:54 -0500] "GET /yizsp/s2286699.html HTTP/1.1" 200 70451 "-" "Mozilla/5.0 AppleWebKit/537.36 (KHTML, like Gecko; compatible; bingbot/2.0; +http://www.bing.com/bingbot.htm) Chrome/116.0.1938.76 Safari/537.36"
40.77.167.35 - - [14/Jan/2025:21:49:56 -0500] "GET /bdzht/y3016733.html HTTP/1.1" 200 68544 "-" "Mozilla/5.0 AppleWebKit/537.36 (KHTML, like Gecko; compatible; bingbot/2.0; +http://www.bing.com/bingbot.htm) Chrome/116.0.1938.76 Safari/537.36"
40.77.167.144 - - [14/Jan/2025:21:49:59 -0500] "GET /qjobu/r2362904.html HTTP/1.1" 200 68514 "-" "Mozilla/5.0 AppleWebKit/537.36 (KHTML, like Gecko; compatible; bingbot/2.0; +http://www.bing.com/bingbot.htm) Chrome/116.0.1938.76 Safari/537.36"
40.77.167.35 - - [14/Jan/2025:21:50:01 -0500] "GET /ijqmy/m421973.html HTTP/1.1" 200 68648 "-" "Mozilla/5.0 AppleWebKit/537.36 (KHTML, like Gecko; compatible; bingbot/2.0; +http://www.bing.com/bingbot.htm) Chrome/116.0.1938.76 Safari/537.36"
66.249.79.160 - - [14/Jan/2025:21:50:02 -0500] "GET /maeza/g667875.html HTTP/1.1" 200 70542 "-" "Mozilla/5.0 (compatible; Googlebot/2.1; +http://www.google.com/bot.html)"
40.77.167.35 - - [14/Jan/2025:21:50:04 -0500] "GET /xswmy/g469521.html HTTP/1.1" 200 69689 "-" "Mozilla/5.0 AppleWebKit/537.36 (KHTML, like Gecko; compatible; bingbot/2.0; +http://www.bing.com/bingbot.htm) Chrome/116.0.1938.76 Safari/537.36"
40.77.167.46 - - [14/Jan/2025:21:50:10 -0500] "GET /xpsju/a2904753.html HTTP/1.1" 200 68854 "-" "Mozilla/5.0 AppleWebKit/537.36 (KHTML, like Gecko; compatible; bingbot/2.0; +http://www.bing.com/bingbot.htm) Chrome/116.0.1938.76 Safari/537.36"
40.77.167.41 - - [14/Jan/2025:21:50:10 -0500] "GET /ynelr/c91867.html HTTP/1.1" 200 69546 "-" "Mozilla/5.0 AppleWebKit/537.36 (KHTML, like Gecko; compatible; bingbot/2.0; +http://www.bing.com/bingbot.htm) Chrome/116.0.1938.76 Safari/537.36"
40.77.167.144 - - [14/Jan/2025:21:50:09 -0500] "GET /fihhd/a2981635.html HTTP/1.1" 200 68425 "-" "Mozilla/5.0 AppleWebKit/537.36 (KHTML, like Gecko; compatible; bingbot/2.0; +http://www.bing.com/bingbot.htm) Chrome/116.0.1938.76 Safari/537.36"
40.77.167.41 - - [14/Jan/2025:21:50:14 -0500] "GET /ezqhk/e2075695.html HTTP/1.1" 200 68635 "-" "Mozilla/5.0 AppleWebKit/537.36 (KHTML, like Gecko; compatible; bingbot/2.0; +http://www.bing.com/bingbot.htm) Chrome/116.0.1938.76 Safari/537.36"
40.77.167.144 - - [14/Jan/2025:21:50:14 -0500] "GET /pfjqq/i1819911.html HTTP/1.1" 200 71054 "-" "Mozilla/5.0 AppleWebKit/537.36 (KHTML, like Gecko; compatible; bingbot/2.0; +http://www.bing.com/bingbot.htm) Chrome/116.0.1938.76 Safari/537.36"
40.77.167.35 - - [14/Jan/2025:21:50:15 -0500] "GET /wcqek/n2392046.html HTTP/1.1" 200 67888 "-" "Mozilla/5.0 AppleWebKit/537.36 (KHTML, like Gecko; compatible; bingbot/2.0; +http://www.bing.com/bingbot.htm) Chrome/116.0.1938.76 Safari/537.36"
40.77.167.46 - - [14/Jan/2025:21:50:18 -0500] "GET /rpqdb/f837264.html HTTP/1.1" 200 75642 "-" "Mozilla/5.0 AppleWebKit/537.36 (KHTML, like Gecko; compatible; bingbot/2.0; +http://www.bing.com/bingbot.htm) Chrome/116.0.1938.76 Safari/537.36"
40.77.167.35 - - [14/Jan/2025:21:50:19 -0500] "GET /qehpb/u2413139.html HTTP/1.1" 200 68699 "-" "Mozilla/5.0 AppleWebKit/537.36 (KHTML, like Gecko; compatible; bingbot/2.0; +http://www.bing.com/bingbot.htm) Chrome/116.0.1938.76 Safari/537.36"
40.77.167.46 - - [14/Jan/2025:21:50:21 -0500] "GET /yvylc/n1124806.html HTTP/1.1" 200 69389 "-" "Mozilla/5.0 AppleWebKit/537.36 (KHTML, like Gecko; compatible; bingbot/2.0; +http://www.bing.com/bingbot.htm) Chrome/116.0.1938.76 Safari/537.36"
52.167.144.146 - - [14/Jan/2025:21:50:22 -0500] "GET /nsnib/e634021.html HTTP/1.1" 200 68885 "-" "Mozilla/5.0 AppleWebKit/537.36 (KHTML, like Gecko; compatible; bingbot/2.0; +http://www.bing.com/bingbot.htm) Chrome/116.0.1938.76 Safari/537.36"
40.77.167.35 - - [14/Jan/2025:21:50:22 -0500] "GET /rzpbp/w871367.html HTTP/1.1" 200 68655 "-" "Mozilla/5.0 AppleWebKit/537.36 (KHTML, like Gecko; compatible; bingbot/2.0; +http://www.bing.com/bingbot.htm) Chrome/116.0.1938.76 Safari/537.36"
40.77.167.144 - - [14/Jan/2025:21:50:29 -0500] "GET /yorgl/x2803844.html HTTP/1.1" 200 68515 "-" "Mozilla/5.0 AppleWebKit/537.36 (KHTML, like Gecko; compatible; bingbot/2.0; +http://www.bing.com/bingbot.htm) Chrome/116.0.1938.76 Safari/537.36"
40.77.167.144 - - [14/Jan/2025:21:50:32 -0500] "GET /dcsbq/p1185102.html HTTP/1.1" 200 69953 "-" "Mozilla/5.0 AppleWebKit/537.36 (KHTML, like Gecko; compatible; bingbot/2.0; +http://www.bing.com/bingbot.htm) Chrome/116.0.1938.76 Safari/537.36"
66.29.132.124 - - [14/Jan/2025:21:50:40 -0500] "POST /wp-cron.php?doing_wp_cron=1736909440.8078811168670654296875 HTTP/1.1" 200 0 "-" "WordPress/6.7.1; https://diixadigital.com"
40.77.167.35 - - [14/Jan/2025:21:50:38 -0500] "GET /xeaua/q2632497.html HTTP/1.1" 200 69068 "-" "Mozilla/5.0 AppleWebKit/537.36 (KHTML, like Gecko; compatible; bingbot/2.0; +http://www.bing.com/bingbot.htm) Chrome/116.0.1938.76 Safari/537.36"
66.29.132.124 - - [14/Jan/2025:21:50:42 -0500] "POST /wp-admin/admin-ajax.php?action=async_litespeed&nonce=N6xyCJiZVjYQktLbYyJDrXRQfSeIIgsU&litespeed_type=imgoptm HTTP/1.1" 200 0 "-" "WordPress/6.7.1; https://diixadigital.com"
40.77.167.35 - - [14/Jan/2025:21:50:39 -0500] "GET /vpwuu/a2868015.html HTTP/1.1" 200 67945 "-" "Mozilla/5.0 AppleWebKit/537.36 (KHTML, like Gecko; compatible; bingbot/2.0; +http://www.bing.com/bingbot.htm) Chrome/116.0.1938.76 Safari/537.36"
78.128.99.14 - - [14/Jan/2025:21:50:20 -0500] "GET /contact-us/ HTTP/1.1" 200 16264 "-" "Mozilla/5.0 (Windows NT 10.0; Win64; x64; rv:114.0) Gecko/20100101 Firefox/114.0"
78.128.99.14 - - [14/Jan/2025:21:50:45 -0500] "GET /wp-content/plugins/contact-form-7/includes/js/index.js?ver=6.0.3 HTTP/1.1" 200 4008 "https://diixadigital.com/contact-us/" "Mozilla/5.0 (Windows NT 10.0; Win64; x64; rv:114.0) Gecko/20100101 Firefox/114.0"
66.29.132.124 - - [14/Jan/2025:21:50:48 -0500] "POST /wp-cron.php?doing_wp_cron=1736909448.1851930618286132812500 HTTP/1.1" 200 0 "-" "WordPress/6.7.1; https://diixadigital.com"
40.77.167.35 - - [14/Jan/2025:21:50:42 -0500] "GET /alfxi/m2400547.html HTTP/1.1" 200 72720 "-" "Mozilla/5.0 AppleWebKit/537.36 (KHTML, like Gecko; compatible; bingbot/2.0; +http://www.bing.com/bingbot.htm) Chrome/116.0.1938.76 Safari/537.36"
66.29.132.124 - - [14/Jan/2025:21:50:49 -0500] "POST /wp-admin/admin-ajax.php?action=async_litespeed&nonce=z5YRA8wyABmRXvgfS7itcpqJvlhu1uTb&litespeed_type=imgoptm HTTP/1.1" 200 0 "-" "WordPress/6.7.1; https://diixadigital.com"
78.128.99.14 - - [14/Jan/2025:21:50:46 -0500] "POST /wp-json/contact-form-7/v1/contact-forms/407/feedback HTTP/1.1" 200 233 "https://diixadigital.com/contact-us/" "Mozilla/5.0 (Windows NT 10.0; Win64; x64; rv:114.0) Gecko/20100101 Firefox/114.0"
40.77.167.35 - - [14/Jan/2025:21:50:47 -0500] "GET /wqehl/n106698.html HTTP/1.1" 200 68975 "-" "Mozilla/5.0 AppleWebKit/537.36 (KHTML, like Gecko; compatible; bingbot/2.0; +http://www.bing.com/bingbot.htm) Chrome/116.0.1938.76 Safari/537.36"
40.77.167.41 - - [14/Jan/2025:21:50:54 -0500] "GET /duwjd/c1249907.html HTTP/1.1" 200 69082 "-" "Mozilla/5.0 AppleWebKit/537.36 (KHTML, like Gecko; compatible; bingbot/2.0; +http://www.bing.com/bingbot.htm) Chrome/116.0.1938.76 Safari/537.36"
40.77.167.35 - - [14/Jan/2025:21:50:54 -0500] "GET /eggmw/s2452605.html HTTP/1.1" 200 70200 "-" "Mozilla/5.0 AppleWebKit/537.36 (KHTML, like Gecko; compatible; bingbot/2.0; +http://www.bing.com/bingbot.htm) Chrome/116.0.1938.76 Safari/537.36"
40.77.167.144 - - [14/Jan/2025:21:50:58 -0500] "GET /drmre/o622825.html HTTP/1.1" 200 70304 "-" "Mozilla/5.0 AppleWebKit/537.36 (KHTML, like Gecko; compatible; bingbot/2.0; +http://www.bing.com/bingbot.htm) Chrome/116.0.1938.76 Safari/537.36"
40.77.167.35 - - [14/Jan/2025:21:50:58 -0500] "GET /jtjbp/k852583.html HTTP/1.1" 200 68286 "-" "Mozilla/5.0 AppleWebKit/537.36 (KHTML, like Gecko; compatible; bingbot/2.0; +http://www.bing.com/bingbot.htm) Chrome/116.0.1938.76 Safari/537.36"
40.77.167.35 - - [14/Jan/2025:21:50:59 -0500] "GET /lgkmj/o2378111.html HTTP/1.1" 200 70975 "-" "Mozilla/5.0 AppleWebKit/537.36 (KHTML, like Gecko; compatible; bingbot/2.0; +http://www.bing.com/bingbot.htm) Chrome/116.0.1938.76 Safari/537.36"
40.77.167.41 - - [14/Jan/2025:21:51:04 -0500] "GET /xrrxq/d354000.html HTTP/1.1" 200 68699 "-" "Mozilla/5.0 AppleWebKit/537.36 (KHTML, like Gecko; compatible; bingbot/2.0; +http://www.bing.com/bingbot.htm) Chrome/116.0.1938.76 Safari/537.36"
52.167.144.146 - - [14/Jan/2025:21:51:09 -0500] "GET /invdo/t2111174.html HTTP/1.1" 200 70355 "-" "Mozilla/5.0 AppleWebKit/537.36 (KHTML, like Gecko; compatible; bingbot/2.0; +http://www.bing.com/bingbot.htm) Chrome/116.0.1938.76 Safari/537.36"
40.77.167.41 - - [14/Jan/2025:21:51:14 -0500] "GET /lyxwg/a500039.html HTTP/1.1" 200 68485 "-" "Mozilla/5.0 AppleWebKit/537.36 (KHTML, like Gecko; compatible; bingbot/2.0; +http://www.bing.com/bingbot.htm) Chrome/116.0.1938.76 Safari/537.36"
40.77.167.35 - - [14/Jan/2025:21:51:19 -0500] "GET /hiqoo/c2102863.html HTTP/1.1" 200 69287 "-" "Mozilla/5.0 AppleWebKit/537.36 (KHTML, like Gecko; compatible; bingbot/2.0; +http://www.bing.com/bingbot.htm) Chrome/116.0.1938.76 Safari/537.36"
40.77.167.144 - - [14/Jan/2025:21:51:20 -0500] "GET /kphov/i1707513.html HTTP/1.1" 200 72969 "-" "Mozilla/5.0 AppleWebKit/537.36 (KHTML, like Gecko; compatible; bingbot/2.0; +http://www.bing.com/bingbot.htm) Chrome/116.0.1938.76 Safari/537.36"
40.77.167.144 - - [14/Jan/2025:21:51:24 -0500] "GET /sgwsf/p2062706.html HTTP/1.1" 200 68396 "-" "Mozilla/5.0 AppleWebKit/537.36 (KHTML, like Gecko; compatible; bingbot/2.0; +http://www.bing.com/bingbot.htm) Chrome/116.0.1938.76 Safari/537.36"
40.77.167.35 - - [14/Jan/2025:21:51:27 -0500] "GET /ddkcq/n2630024.html HTTP/1.1" 200 68796 "-" "Mozilla/5.0 AppleWebKit/537.36 (KHTML, like Gecko; compatible; bingbot/2.0; +http://www.bing.com/bingbot.htm) Chrome/116.0.1938.76 Safari/537.36"
66.249.79.197 - - [14/Jan/2025:21:51:30 -0500] "GET /dvpou/x2854050.html HTTP/1.1" 200 68398 "-" "Mozilla/5.0 (Linux; Android 6.0.1; Nexus 5X Build/MMB29P) AppleWebKit/537.36 (KHTML, like Gecko) Chrome/131.0.6778.264 Mobile Safari/537.36 (compatible; Googlebot/2.1; +http://www.google.com/bot.html)"
40.77.167.35 - - [14/Jan/2025:21:51:30 -0500] "GET /opika/o571345.html HTTP/1.1" 200 69027 "-" "Mozilla/5.0 AppleWebKit/537.36 (KHTML, like Gecko; compatible; bingbot/2.0; +http://www.bing.com/bingbot.htm) Chrome/116.0.1938.76 Safari/537.36"
40.77.167.35 - - [14/Jan/2025:21:46:21 -0500] "GET /vyqeb/p1662826.html HTTP/1.1" 200 70194 "-" "Mozilla/5.0 AppleWebKit/537.36 (KHTML, like Gecko; compatible; bingbot/2.0; +http://www.bing.com/bingbot.htm) Chrome/116.0.1938.76 Safari/537.36"
66.249.79.161 - - [14/Jan/2025:21:46:31 -0500] "GET /gixlz/p759170.html HTTP/1.1" 200 68888 "-" "Mozilla/5.0 (Linux; Android 6.0.1; Nexus 5X Build/MMB29P) AppleWebKit/537.36 (KHTML, like Gecko) Chrome/131.0.6778.264 Mobile Safari/537.36 (compatible; Googlebot/2.1; +http://www.google.com/bot.html)"
40.77.167.35 - - [14/Jan/2025:21:46:44 -0500] "GET /tznli/j2040366.html HTTP/1.1" 200 70133 "-" "Mozilla/5.0 AppleWebKit/537.36 (KHTML, like Gecko; compatible; bingbot/2.0; +http://www.bing.com/bingbot.htm) Chrome/116.0.1938.76 Safari/537.36"
66.249.79.106 - - [14/Jan/2025:21:46:53 -0500] "GET /korum/z1925020.html HTTP/1.1" 200 69917 "-" "Mozilla/5.0 (Linux; Android 6.0.1; Nexus 5X Build/MMB29P) AppleWebKit/537.36 (KHTML, like Gecko) Chrome/131.0.6778.264 Mobile Safari/537.36 (compatible; Googlebot/2.1; +http://www.google.com/bot.html)"
40.77.167.35 - - [14/Jan/2025:21:46:53 -0500] "GET /cifov/m553715.html HTTP/1.1" 200 69579 "-" "Mozilla/5.0 AppleWebKit/537.36 (KHTML, like Gecko; compatible; bingbot/2.0; +http://www.bing.com/bingbot.htm) Chrome/116.0.1938.76 Safari/537.36"
66.249.79.32 - - [14/Jan/2025:21:47:02 -0500] "GET /ywyhg/d546738.html HTTP/1.1" 200 68404 "-" "Mozilla/5.0 (compatible; Googlebot/2.1; +http://www.google.com/bot.html)"
40.77.167.41 - - [14/Jan/2025:21:47:04 -0500] "GET /ptqph/m2923589.html HTTP/1.1" 200 67758 "-" "Mozilla/5.0 AppleWebKit/537.36 (KHTML, like Gecko; compatible; bingbot/2.0; +http://www.bing.com/bingbot.htm) Chrome/116.0.1938.76 Safari/537.36"
40.77.167.46 - - [14/Jan/2025:21:47:08 -0500] "GET /rkre/m1554741.html HTTP/1.1" 200 68294 "-" "Mozilla/5.0 AppleWebKit/537.36 (KHTML, like Gecko; compatible; bingbot/2.0; +http://www.bing.com/bingbot.htm) Chrome/116.0.1938.76 Safari/537.36"
66.249.79.35 - - [14/Jan/2025:21:47:25 -0500] "GET /tajot/p1758350.html HTTP/1.1" 200 70897 "-" "Mozilla/5.0 (Linux; Android 6.0.1; Nexus 5X Build/MMB29P) AppleWebKit/537.36 (KHTML, like Gecko) Chrome/131.0.6778.264 Mobile Safari/537.36 (compatible; Googlebot/2.1; +http://www.google.com/bot.html)"
40.77.167.144 - - [14/Jan/2025:21:47:48 -0500] "GET /kdcve/d3071000.html HTTP/1.1" 200 74201 "-" "Mozilla/5.0 AppleWebKit/537.36 (KHTML, like Gecko; compatible; bingbot/2.0; +http://www.bing.com/bingbot.htm) Chrome/116.0.1938.76 Safari/537.36"
66.249.68.2 - - [14/Jan/2025:21:51:37 -0500] "GET /qrmib/z427836.html HTTP/1.1" 200 69671 "-" "Mozilla/5.0 (compatible; Googlebot/2.1; +http://www.google.com/bot.html)"
40.77.167.144 - - [14/Jan/2025:21:51:39 -0500] "GET /rjdoa/g439465.html HTTP/1.1" 200 69076 "-" "Mozilla/5.0 AppleWebKit/537.36 (KHTML, like Gecko; compatible; bingbot/2.0; +http://www.bing.com/bingbot.htm) Chrome/116.0.1938.76 Safari/537.36"
40.77.167.35 - - [14/Jan/2025:21:51:47 -0500] "GET /srwua/q2113225.html HTTP/1.1" 200 68105 "-" "Mozilla/5.0 AppleWebKit/537.36 (KHTML, like Gecko; compatible; bingbot/2.0; +http://www.bing.com/bingbot.htm) Chrome/116.0.1938.76 Safari/537.36"
52.167.144.17 - - [14/Jan/2025:21:51:48 -0500] "GET /hrlhv/u2185301.html HTTP/1.1" 200 68291 "-" "Mozilla/5.0 AppleWebKit/537.36 (KHTML, like Gecko; compatible; bingbot/2.0; +http://www.bing.com/bingbot.htm) Chrome/116.0.1938.76 Safari/537.36"
40.77.167.41 - - [14/Jan/2025:21:52:15 -0500] "GET /cfudw/g2885519.html HTTP/1.1" 200 69353 "-" "Mozilla/5.0 AppleWebKit/537.36 (KHTML, like Gecko; compatible; bingbot/2.0; +http://www.bing.com/bingbot.htm) Chrome/116.0.1938.76 Safari/537.36"
40.77.167.35 - - [14/Jan/2025:21:52:20 -0500] "GET /vfsnz/a209229.html HTTP/1.1" 200 70211 "-" "Mozilla/5.0 AppleWebKit/537.36 (KHTML, like Gecko; compatible; bingbot/2.0; +http://www.bing.com/bingbot.htm) Chrome/116.0.1938.76 Safari/537.36"
40.77.167.144 - - [14/Jan/2025:21:52:30 -0500] "GET /tanyt/n3017320.html HTTP/1.1" 200 68173 "-" "Mozilla/5.0 AppleWebKit/537.36 (KHTML, like Gecko; compatible; bingbot/2.0; +http://www.bing.com/bingbot.htm) Chrome/116.0.1938.76 Safari/537.36"
52.167.144.17 - - [14/Jan/2025:21:52:30 -0500] "GET /hknet/q339271.html HTTP/1.1" 200 72552 "-" "Mozilla/5.0 AppleWebKit/537.36 (KHTML, like Gecko; compatible; bingbot/2.0; +http://www.bing.com/bingbot.htm) Chrome/116.0.1938.76 Safari/537.36"
40.77.167.144 - - [14/Jan/2025:21:52:32 -0500] "GET /tsfrd/a2308755.html HTTP/1.1" 200 69428 "-" "Mozilla/5.0 AppleWebKit/537.36 (KHTML, like Gecko; compatible; bingbot/2.0; +http://www.bing.com/bingbot.htm) Chrome/116.0.1938.76 Safari/537.36"
40.77.167.41 - - [14/Jan/2025:21:52:35 -0500] "GET /rqvac/e613923.html HTTP/1.1" 200 70103 "-" "Mozilla/5.0 AppleWebKit/537.36 (KHTML, like Gecko; compatible; bingbot/2.0; +http://www.bing.com/bingbot.htm) Chrome/116.0.1938.76 Safari/537.36"
40.77.167.35 - - [14/Jan/2025:21:52:38 -0500] "GET /jwpgk/r187640.html HTTP/1.1" 200 70774 "-" "Mozilla/5.0 AppleWebKit/537.36 (KHTML, like Gecko; compatible; bingbot/2.0; +http://www.bing.com/bingbot.htm) Chrome/116.0.1938.76 Safari/537.36"
52.167.144.17 - - [14/Jan/2025:21:52:49 -0500] "GET /aymlt/u2197235.html HTTP/1.1" 200 70029 "-" "Mozilla/5.0 AppleWebKit/537.36 (KHTML, like Gecko; compatible; bingbot/2.0; +http://www.bing.com/bingbot.htm) Chrome/116.0.1938.76 Safari/537.36"
52.167.144.146 - - [14/Jan/2025:21:52:53 -0500] "GET /bsbcr/p2300710.html HTTP/1.1" 200 69461 "-" "Mozilla/5.0 AppleWebKit/537.36 (KHTML, like Gecko; compatible; bingbot/2.0; +http://www.bing.com/bingbot.htm) Chrome/116.0.1938.76 Safari/537.36"
40.77.167.35 - - [14/Jan/2025:21:53:04 -0500] "GET /ymupg/m1299967.html HTTP/1.1" 200 70014 "-" "Mozilla/5.0 AppleWebKit/537.36 (KHTML, like Gecko; compatible; bingbot/2.0; +http://www.bing.com/bingbot.htm) Chrome/116.0.1938.76 Safari/537.36"
40.77.167.35 - - [14/Jan/2025:21:53:07 -0500] "GET /pmegz/o1842251.html HTTP/1.1" 200 71620 "-" "Mozilla/5.0 AppleWebKit/537.36 (KHTML, like Gecko; compatible; bingbot/2.0; +http://www.bing.com/bingbot.htm) Chrome/116.0.1938.76 Safari/537.36"
40.77.167.35 - - [14/Jan/2025:21:53:09 -0500] "GET /kkbsd/f2033368.html HTTP/1.1" 200 68659 "-" "Mozilla/5.0 AppleWebKit/537.36 (KHTML, like Gecko; compatible; bingbot/2.0; +http://www.bing.com/bingbot.htm) Chrome/116.0.1938.76 Safari/537.36"
40.77.167.144 - - [14/Jan/2025:21:53:09 -0500] "GET /uepnj/f2191344.html HTTP/1.1" 200 72222 "-" "Mozilla/5.0 AppleWebKit/537.36 (KHTML, like Gecko; compatible; bingbot/2.0; +http://www.bing.com/bingbot.htm) Chrome/116.0.1938.76 Safari/537.36"
40.77.167.35 - - [14/Jan/2025:21:53:20 -0500] "GET /enhka/q2211713.html HTTP/1.1" 200 71644 "-" "Mozilla/5.0 AppleWebKit/537.36 (KHTML, like Gecko; compatible; bingbot/2.0; +http://www.bing.com/bingbot.htm) Chrome/116.0.1938.76 Safari/537.36"
40.77.167.144 - - [14/Jan/2025:21:53:29 -0500] "GET /bpvqp/v2820976.html HTTP/1.1" 200 69361 "-" "Mozilla/5.0 AppleWebKit/537.36 (KHTML, like Gecko; compatible; bingbot/2.0; +http://www.bing.com/bingbot.htm) Chrome/116.0.1938.76 Safari/537.36"
40.77.167.35 - - [14/Jan/2025:21:53:35 -0500] "GET /wxrte/a2395881.html HTTP/1.1" 200 69565 "-" "Mozilla/5.0 AppleWebKit/537.36 (KHTML, like Gecko; compatible; bingbot/2.0; +http://www.bing.com/bingbot.htm) Chrome/116.0.1938.76 Safari/537.36"
40.77.167.35 - - [14/Jan/2025:21:53:39 -0500] "GET /tudpz/x2066926.html HTTP/1.1" 200 68300 "-" "Mozilla/5.0 AppleWebKit/537.36 (KHTML, like Gecko; compatible; bingbot/2.0; +http://www.bing.com/bingbot.htm) Chrome/116.0.1938.76 Safari/537.36"
40.77.167.144 - - [14/Jan/2025:21:53:39 -0500] "GET /bstqy/o88161.html HTTP/1.1" 200 70395 "-" "Mozilla/5.0 AppleWebKit/537.36 (KHTML, like Gecko; compatible; bingbot/2.0; +http://www.bing.com/bingbot.htm) Chrome/116.0.1938.76 Safari/537.36"
40.77.167.35 - - [14/Jan/2025:21:53:41 -0500] "GET /xpunz/c2514443.html HTTP/1.1" 200 68934 "-" "Mozilla/5.0 AppleWebKit/537.36 (KHTML, like Gecko; compatible; bingbot/2.0; +http://www.bing.com/bingbot.htm) Chrome/116.0.1938.76 Safari/537.36"
40.77.167.35 - - [14/Jan/2025:21:53:48 -0500] "GET /umonp/a2154315.html HTTP/1.1" 200 67566 "-" "Mozilla/5.0 AppleWebKit/537.36 (KHTML, like Gecko; compatible; bingbot/2.0; +http://www.bing.com/bingbot.htm) Chrome/116.0.1938.76 Safari/537.36"
52.167.144.146 - - [14/Jan/2025:21:53:49 -0500] "GET /ftati/j3062010.html HTTP/1.1" 200 70882 "-" "Mozilla/5.0 AppleWebKit/537.36 (KHTML, like Gecko; compatible; bingbot/2.0; +http://www.bing.com/bingbot.htm) Chrome/116.0.1938.76 Safari/537.36"
40.77.167.35 - - [14/Jan/2025:21:53:50 -0500] "GET /ubiiz/g532363.html HTTP/1.1" 200 68385 "-" "Mozilla/5.0 AppleWebKit/537.36 (KHTML, like Gecko; compatible; bingbot/2.0; +http://www.bing.com/bingbot.htm) Chrome/116.0.1938.76 Safari/537.36"
52.167.144.17 - - [14/Jan/2025:21:53:59 -0500] "GET /myxdm/l2808278.html HTTP/1.1" 200 69166 "-" "Mozilla/5.0 AppleWebKit/537.36 (KHTML, like Gecko; compatible; bingbot/2.0; +http://www.bing.com/bingbot.htm) Chrome/116.0.1938.76 Safari/537.36"
52.167.144.146 - - [14/Jan/2025:21:54:09 -0500] "GET /biudu/y1680437.html HTTP/1.1" 200 69441 "-" "Mozilla/5.0 AppleWebKit/537.36 (KHTML, like Gecko; compatible; bingbot/2.0; +http://www.bing.com/bingbot.htm) Chrome/116.0.1938.76 Safari/537.36"
40.77.167.35 - - [14/Jan/2025:21:54:09 -0500] "GET /vgfcc/t455234.html HTTP/1.1" 200 69852 "-" "Mozilla/5.0 AppleWebKit/537.36 (KHTML, like Gecko; compatible; bingbot/2.0; +http://www.bing.com/bingbot.htm) Chrome/116.0.1938.76 Safari/537.36"
40.77.167.32 - - [14/Jan/2025:21:54:14 -0500] "GET /ehpzd/m2242415.html HTTP/1.1" 200 70776 "-" "Mozilla/5.0 AppleWebKit/537.36 (KHTML, like Gecko; compatible; bingbot/2.0; +http://www.bing.com/bingbot.htm) Chrome/116.0.1938.76 Safari/537.36"
52.167.144.146 - - [14/Jan/2025:21:54:18 -0500] "GET /bjvci/p1899738.html HTTP/1.1" 200 71864 "-" "Mozilla/5.0 AppleWebKit/537.36 (KHTML, like Gecko; compatible; bingbot/2.0; +http://www.bing.com/bingbot.htm) Chrome/116.0.1938.76 Safari/537.36"
40.77.167.144 - - [14/Jan/2025:21:54:19 -0500] "GET /boorv/u206779.html HTTP/1.1" 200 69256 "-" "Mozilla/5.0 AppleWebKit/537.36 (KHTML, like Gecko; compatible; bingbot/2.0; +http://www.bing.com/bingbot.htm) Chrome/116.0.1938.76 Safari/537.36"
40.77.167.144 - - [14/Jan/2025:21:54:24 -0500] "GET /wwxdn/v2835146.html HTTP/1.1" 200 68013 "-" "Mozilla/5.0 AppleWebKit/537.36 (KHTML, like Gecko; compatible; bingbot/2.0; +http://www.bing.com/bingbot.htm) Chrome/116.0.1938.76 Safari/537.36"
66.249.68.39 - - [14/Jan/2025:21:54:22 -0500] "GET /?_gl=1*1ix4f11*_gcl_au*MTYxMTI1OTI3MS4xNzIxODg2NjU0*_ga*ODYyMzk4MzA3LjE2OTk0NTM1Nzg.*_ga_7H42SVMQ0V*MTcyMTg4NjY1NS4xMjEuMS4xNzIxODg2NjY5LjQ2LjAuMA..&_ga=2.198040047.1958808748.1721886654-862398307.1699453578&_bdsid=2ulvIJ.n~ZXCIW.1721886656070.1721886848&_bd_prev_page=https://diixadigital.com/detail.php?ictwp/t782158.html HTTP/1.1" 200 68591 "-" "Mozilla/5.0 (Linux; Android 6.0.1; Nexus 5X Build/MMB29P) AppleWebKit/537.36 (KHTML, like Gecko) Chrome/131.0.6778.264 Mobile Safari/537.36 (compatible; Googlebot/2.1; +http://www.google.com/bot.html)"
52.167.144.210 - - [14/Jan/2025:21:54:35 -0500] "GET /owhao/s474265.html HTTP/1.1" 200 69410 "-" "Mozilla/5.0 AppleWebKit/537.36 (KHTML, like Gecko; compatible; bingbot/2.0; +http://www.bing.com/bingbot.htm) Chrome/116.0.1938.76 Safari/537.36"
66.249.79.160 - - [14/Jan/2025:21:54:36 -0500] "GET /mhdlv/m835919.html HTTP/1.1" 200 67964 "-" "Mozilla/5.0 (compatible; Googlebot/2.1; +http://www.google.com/bot.html)"
40.77.167.144 - - [14/Jan/2025:21:54:39 -0500] "GET /hoyhr/v113596.html HTTP/1.1" 200 69416 "-" "Mozilla/5.0 AppleWebKit/537.36 (KHTML, like Gecko; compatible; bingbot/2.0; +http://www.bing.com/bingbot.htm) Chrome/116.0.1938.76 Safari/537.36"
52.167.144.17 - - [14/Jan/2025:21:54:39 -0500] "GET /vyyco/l987602.html HTTP/1.1" 200 69782 "-" "Mozilla/5.0 AppleWebKit/537.36 (KHTML, like Gecko; compatible; bingbot/2.0; +http://www.bing.com/bingbot.htm) Chrome/116.0.1938.76 Safari/537.36"
52.167.144.210 - - [14/Jan/2025:21:54:38 -0500] "GET /msxjw/n1610512.html HTTP/1.1" 200 69425 "-" "Mozilla/5.0 AppleWebKit/537.36 (KHTML, like Gecko; compatible; bingbot/2.0; +http://www.bing.com/bingbot.htm) Chrome/116.0.1938.76 Safari/537.36"
40.77.167.144 - - [14/Jan/2025:21:54:42 -0500] "GET /drhiw/w2153895.html HTTP/1.1" 200 69153 "-" "Mozilla/5.0 AppleWebKit/537.36 (KHTML, like Gecko; compatible; bingbot/2.0; +http://www.bing.com/bingbot.htm) Chrome/116.0.1938.76 Safari/537.36"
52.167.144.17 - - [14/Jan/2025:21:54:43 -0500] "GET /wpovy/m1369101.html HTTP/1.1" 200 68350 "-" "Mozilla/5.0 AppleWebKit/537.36 (KHTML, like Gecko; compatible; bingbot/2.0; +http://www.bing.com/bingbot.htm) Chrome/116.0.1938.76 Safari/537.36"
40.77.167.35 - - [14/Jan/2025:21:54:45 -0500] "GET /snrmy/s92247.html HTTP/1.1" 200 68158 "-" "Mozilla/5.0 AppleWebKit/537.36 (KHTML, like Gecko; compatible; bingbot/2.0; +http://www.bing.com/bingbot.htm) Chrome/116.0.1938.76 Safari/537.36"
40.77.167.32 - - [14/Jan/2025:21:54:49 -0500] "GET /itvfs/y2480405.html HTTP/1.1" 200 69196 "-" "Mozilla/5.0 AppleWebKit/537.36 (KHTML, like Gecko; compatible; bingbot/2.0; +http://www.bing.com/bingbot.htm) Chrome/116.0.1938.76 Safari/537.36"
40.77.167.35 - - [14/Jan/2025:21:54:48 -0500] "GET /mrtpx/t2071862.html HTTP/1.1" 200 68429 "-" "Mozilla/5.0 AppleWebKit/537.36 (KHTML, like Gecko; compatible; bingbot/2.0; +http://www.bing.com/bingbot.htm) Chrome/116.0.1938.76 Safari/537.36"
40.77.167.144 - - [14/Jan/2025:21:54:59 -0500] "GET /tvcxb/l865220.html HTTP/1.1" 200 68373 "-" "Mozilla/5.0 AppleWebKit/537.36 (KHTML, like Gecko; compatible; bingbot/2.0; +http://www.bing.com/bingbot.htm) Chrome/116.0.1938.76 Safari/537.36"
40.77.167.144 - - [14/Jan/2025:21:55:09 -0500] "GET /rkhon/q743467.html HTTP/1.1" 200 68747 "-" "Mozilla/5.0 AppleWebKit/537.36 (KHTML, like Gecko; compatible; bingbot/2.0; +http://www.bing.com/bingbot.htm) Chrome/116.0.1938.76 Safari/537.36"
40.77.167.144 - - [14/Jan/2025:21:55:12 -0500] "GET /cgyhk/y1693411.html HTTP/1.1" 200 67741 "-" "Mozilla/5.0 AppleWebKit/537.36 (KHTML, like Gecko; compatible; bingbot/2.0; +http://www.bing.com/bingbot.htm) Chrome/116.0.1938.76 Safari/537.36"
66.249.68.66 - - [14/Jan/2025:21:55:18 -0500] "GET /xzukj/i2279617.html HTTP/1.1" 200 70978 "-" "Mozilla/5.0 (Linux; Android 6.0.1; Nexus 5X Build/MMB29P) AppleWebKit/537.36 (KHTML, like Gecko) Chrome/131.0.6778.264 Mobile Safari/537.36 (compatible; Googlebot/2.1; +http://www.google.com/bot.html)"
66.249.79.2 - - [14/Jan/2025:21:55:22 -0500] "GET /nffvp/i852035.html HTTP/1.1" 200 68989 "-" "Mozilla/5.0 (compatible; Googlebot/2.1; +http://www.google.com/bot.html)"
40.77.167.35 - - [14/Jan/2025:21:55:30 -0500] "GET /bhmyl/i2571493.html HTTP/1.1" 200 67730 "-" "Mozilla/5.0 AppleWebKit/537.36 (KHTML, like Gecko; compatible; bingbot/2.0; +http://www.bing.com/bingbot.htm) Chrome/116.0.1938.76 Safari/537.36"
40.77.167.144 - - [14/Jan/2025:21:55:32 -0500] "GET /aiawq/e1941613.html HTTP/1.1" 200 67707 "-" "Mozilla/5.0 AppleWebKit/537.36 (KHTML, like Gecko; compatible; bingbot/2.0; +http://www.bing.com/bingbot.htm) Chrome/116.0.1938.76 Safari/537.36"
52.167.144.17 - - [14/Jan/2025:21:55:38 -0500] "GET /bbhxx/d3093230.html HTTP/1.1" 200 67755 "-" "Mozilla/5.0 AppleWebKit/537.36 (KHTML, like Gecko; compatible; bingbot/2.0; +http://www.bing.com/bingbot.htm) Chrome/116.0.1938.76 Safari/537.36"
66.249.68.66 - - [14/Jan/2025:21:55:36 -0500] "GET /blpza/d2192200.html HTTP/1.1" 200 67434 "-" "Mozilla/5.0 (compatible; Googlebot/2.1; +http://www.google.com/bot.html)"
52.167.144.210 - - [14/Jan/2025:21:55:55 -0500] "GET /fotkd/n2994648.html HTTP/1.1" 200 69547 "-" "Mozilla/5.0 AppleWebKit/537.36 (KHTML, like Gecko; compatible; bingbot/2.0; +http://www.bing.com/bingbot.htm) Chrome/116.0.1938.76 Safari/537.36"
52.167.144.210 - - [14/Jan/2025:21:55:59 -0500] "GET /kaqdf/w2174955.html HTTP/1.1" 200 68634 "-" "Mozilla/5.0 AppleWebKit/537.36 (KHTML, like Gecko; compatible; bingbot/2.0; +http://www.bing.com/bingbot.htm) Chrome/116.0.1938.76 Safari/537.36"
40.77.167.32 - - [14/Jan/2025:21:56:04 -0500] "GET /ampjo/d543566.html HTTP/1.1" 200 70025 "-" "Mozilla/5.0 AppleWebKit/537.36 (KHTML, like Gecko; compatible; bingbot/2.0; +http://www.bing.com/bingbot.htm) Chrome/116.0.1938.76 Safari/537.36"
40.77.167.32 - - [14/Jan/2025:21:56:08 -0500] "GET /kofxn/u2823523.html HTTP/1.1" 200 67952 "-" "Mozilla/5.0 AppleWebKit/537.36 (KHTML, like Gecko; compatible; bingbot/2.0; +http://www.bing.com/bingbot.htm) Chrome/116.0.1938.76 Safari/537.36"
52.167.144.146 - - [14/Jan/2025:21:56:18 -0500] "GET /wrinj/o1815965.html HTTP/1.1" 200 71107 "-" "Mozilla/5.0 AppleWebKit/537.36 (KHTML, like Gecko; compatible; bingbot/2.0; +http://www.bing.com/bingbot.htm) Chrome/116.0.1938.76 Safari/537.36"
66.249.68.32 - - [14/Jan/2025:21:56:27 -0500] "GET /xziaw/h565228.html HTTP/1.1" 200 67908 "-" "Mozilla/5.0 (Linux; Android 6.0.1; Nexus 5X Build/MMB29P) AppleWebKit/537.36 (KHTML, like Gecko) Chrome/131.0.6778.264 Mobile Safari/537.36 (compatible; Googlebot/2.1; +http://www.google.com/bot.html)"
52.167.144.239 - - [14/Jan/2025:21:56:39 -0500] "GET /bedmr/c2315673.html HTTP/1.1" 200 70366 "-" "Mozilla/5.0 AppleWebKit/537.36 (KHTML, like Gecko; compatible; bingbot/2.0; +http://www.bing.com/bingbot.htm) Chrome/116.0.1938.76 Safari/537.36"
52.167.144.17 - - [14/Jan/2025:21:56:50 -0500] "GET /tlapp/n108674.html HTTP/1.1" 200 68066 "-" "Mozilla/5.0 AppleWebKit/537.36 (KHTML, like Gecko; compatible; bingbot/2.0; +http://www.bing.com/bingbot.htm) Chrome/116.0.1938.76 Safari/537.36"
40.77.167.35 - - [14/Jan/2025:21:57:12 -0500] "GET /ntjut/i2740181.html HTTP/1.1" 200 68648 "-" "Mozilla/5.0 AppleWebKit/537.36 (KHTML, like Gecko; compatible; bingbot/2.0; +http://www.bing.com/bingbot.htm) Chrome/116.0.1938.76 Safari/537.36"
40.77.167.35 - - [14/Jan/2025:21:57:14 -0500] "GET /cemys/e2349527.html HTTP/1.1" 200 68940 "-" "Mozilla/5.0 AppleWebKit/537.36 (KHTML, like Gecko; compatible; bingbot/2.0; +http://www.bing.com/bingbot.htm) Chrome/116.0.1938.76 Safari/537.36"
40.77.167.35 - - [14/Jan/2025:21:57:28 -0500] "GET /jxter/f2033836.html HTTP/1.1" 200 69166 "-" "Mozilla/5.0 AppleWebKit/537.36 (KHTML, like Gecko; compatible; bingbot/2.0; +http://www.bing.com/bingbot.htm) Chrome/116.0.1938.76 Safari/537.36"
52.167.144.162 - - [14/Jan/2025:21:57:29 -0500] "GET /ocayk/j384114.html HTTP/1.1" 200 71086 "-" "Mozilla/5.0 AppleWebKit/537.36 (KHTML, like Gecko; compatible; bingbot/2.0; +http://www.bing.com/bingbot.htm) Chrome/116.0.1938.76 Safari/537.36"
52.167.144.210 - - [14/Jan/2025:21:57:34 -0500] "GET /zrtwb/v303110.html HTTP/1.1" 200 68612 "-" "Mozilla/5.0 AppleWebKit/537.36 (KHTML, like Gecko; compatible; bingbot/2.0; +http://www.bing.com/bingbot.htm) Chrome/116.0.1938.76 Safari/537.36"
40.77.167.32 - - [14/Jan/2025:21:57:34 -0500] "GET /nrhbh/l2871042.html HTTP/1.1" 200 68854 "-" "Mozilla/5.0 AppleWebKit/537.36 (KHTML, like Gecko; compatible; bingbot/2.0; +http://www.bing.com/bingbot.htm) Chrome/116.0.1938.76 Safari/537.36"
52.167.144.162 - - [14/Jan/2025:21:57:34 -0500] "GET /ymyjp/q2823025.html HTTP/1.1" 200 72580 "-" "Mozilla/5.0 AppleWebKit/537.36 (KHTML, like Gecko; compatible; bingbot/2.0; +http://www.bing.com/bingbot.htm) Chrome/116.0.1938.76 Safari/537.36"
52.167.144.239 - - [14/Jan/2025:21:57:58 -0500] "GET /ihwmg/d2533294.html HTTP/1.1" 200 67554 "-" "Mozilla/5.0 AppleWebKit/537.36 (KHTML, like Gecko; compatible; bingbot/2.0; +http://www.bing.com/bingbot.htm) Chrome/116.0.1938.76 Safari/537.36"
66.249.79.3 - - [14/Jan/2025:21:58:11 -0500] "GET /aorow/e1440073.html HTTP/1.1" 200 67345 "-" "Mozilla/5.0 (Linux; Android 6.0.1; Nexus 5X Build/MMB29P) AppleWebKit/537.36 (KHTML, like Gecko) Chrome/131.0.6778.264 Mobile Safari/537.36 (compatible; Googlebot/2.1; +http://www.google.com/bot.html)"
40.77.167.35 - - [14/Jan/2025:21:58:28 -0500] "GET /honpj/q2418101.html HTTP/1.1" 200 69307 "-" "Mozilla/5.0 AppleWebKit/537.36 (KHTML, like Gecko; compatible; bingbot/2.0; +http://www.bing.com/bingbot.htm) Chrome/116.0.1938.76 Safari/537.36"
52.167.144.239 - - [14/Jan/2025:21:58:39 -0500] "GET /rksub/i451921.html HTTP/1.1" 200 67468 "-" "Mozilla/5.0 AppleWebKit/537.36 (KHTML, like Gecko; compatible; bingbot/2.0; +http://www.bing.com/bingbot.htm) Chrome/116.0.1938.76 Safari/537.36"
66.249.79.106 - - [14/Jan/2025:21:58:49 -0500] "GET /hmmpv/l1215492.html HTTP/1.1" 200 68432 "-" "Mozilla/5.0 (compatible; Googlebot/2.1; +http://www.google.com/bot.html)"
66.249.79.160 - - [14/Jan/2025:21:58:51 -0500] "GET /zfavw/v888630.html HTTP/1.1" 200 67752 "-" "Mozilla/5.0 (Linux; Android 6.0.1; Nexus 5X Build/MMB29P) AppleWebKit/537.36 (KHTML, like Gecko) Chrome/131.0.6778.264 Mobile Safari/537.36 (compatible; Googlebot/2.1; +http://www.google.com/bot.html)"
40.77.167.35 - - [14/Jan/2025:21:58:50 -0500] "GET /kirla/y1396101.html HTTP/1.1" 200 68902 "-" "Mozilla/5.0 AppleWebKit/537.36 (KHTML, like Gecko; compatible; bingbot/2.0; +http://www.bing.com/bingbot.htm) Chrome/116.0.1938.76 Safari/537.36"
52.167.144.162 - - [14/Jan/2025:21:59:39 -0500] "GET /rtbuv/f952444.html HTTP/1.1" 200 70469 "-" "Mozilla/5.0 AppleWebKit/537.36 (KHTML, like Gecko; compatible; bingbot/2.0; +http://www.bing.com/bingbot.htm) Chrome/116.0.1938.76 Safari/537.36"
40.77.167.32 - - [14/Jan/2025:21:59:45 -0500] "GET /nyaoo/z2299862.html HTTP/1.1" 200 67984 "-" "Mozilla/5.0 AppleWebKit/537.36 (KHTML, like Gecko; compatible; bingbot/2.0; +http://www.bing.com/bingbot.htm) Chrome/116.0.1938.76 Safari/537.36"
40.77.167.35 - - [14/Jan/2025:22:00:28 -0500] "GET /wchrz/e2062045.html HTTP/1.1" 200 72800 "-" "Mozilla/5.0 AppleWebKit/537.36 (KHTML, like Gecko; compatible; bingbot/2.0; +http://www.bing.com/bingbot.htm) Chrome/116.0.1938.76 Safari/537.36"
40.77.167.35 - - [14/Jan/2025:22:00:31 -0500] "GET /kzmwt/k402419.html HTTP/1.1" 200 71401 "-" "Mozilla/5.0 AppleWebKit/537.36 (KHTML, like Gecko; compatible; bingbot/2.0; +http://www.bing.com/bingbot.htm) Chrome/116.0.1938.76 Safari/537.36"
66.249.68.2 - - [14/Jan/2025:22:00:40 -0500] "GET /dcudu/g1668225.html HTTP/1.1" 200 68044 "-" "Mozilla/5.0 (compatible; Googlebot/2.1; +http://www.google.com/bot.html)"
66.249.79.36 - - [14/Jan/2025:22:00:45 -0500] "GET /hmhce/f2647982.html HTTP/1.1" 200 69537 "-" "Mozilla/5.0 (Linux; Android 6.0.1; Nexus 5X Build/MMB29P) AppleWebKit/537.36 (KHTML, like Gecko) Chrome/131.0.6778.264 Mobile Safari/537.36 (compatible; Googlebot/2.1; +http://www.google.com/bot.html)"
66.249.79.195 - - [14/Jan/2025:22:00:56 -0500] "GET /ikeuq/h1083876.html HTTP/1.1" 200 69581 "-" "Mozilla/5.0 (Linux; Android 6.0.1; Nexus 5X Build/MMB29P) AppleWebKit/537.36 (KHTML, like Gecko) Chrome/131.0.6778.264 Mobile Safari/537.36 (compatible; Googlebot/2.1; +http://www.google.com/bot.html)"
66.249.79.36 - - [14/Jan/2025:22:02:37 -0500] "GET /skgzr/r598700.html HTTP/1.1" 200 68302 "-" "Mozilla/5.0 (compatible; Googlebot/2.1; +http://www.google.com/bot.html)"
52.167.144.239 - - [14/Jan/2025:22:03:18 -0500] "GET /mkmcu/k2776037.html HTTP/1.1" 200 70447 "-" "Mozilla/5.0 AppleWebKit/537.36 (KHTML, like Gecko; compatible; bingbot/2.0; +http://www.bing.com/bingbot.htm) Chrome/116.0.1938.76 Safari/537.36"
40.77.167.35 - - [14/Jan/2025:22:04:07 -0500] "GET /moxcz/p863456.html HTTP/1.1" 200 68601 "-" "Mozilla/5.0 AppleWebKit/537.36 (KHTML, like Gecko; compatible; bingbot/2.0; +http://www.bing.com/bingbot.htm) Chrome/116.0.1938.76 Safari/537.36"
66.29.132.124 - - [14/Jan/2025:22:04:26 -0500] "POST /wp-cron.php?doing_wp_cron=1736910266.6424760818481445312500 HTTP/1.1" 200 0 "-" "WordPress/6.7.1; https://diixadigital.com"
143.244.41.130 - - [14/Jan/2025:22:04:19 -0500] "GET /contact-us/ HTTP/1.0" 200 72768 "https://diixadigital.com/contact-us/" "Mozilla/5.0 (Windows NT 10.0; Win64; x64) AppleWebKit/537.36 (KHTML, like Gecko) Chrome/130.0.0.0 Safari/537.36 CCleaner/130.0.0.0"
66.29.132.124 - - [14/Jan/2025:22:04:27 -0500] "POST /wp-admin/admin-ajax.php?action=async_litespeed&nonce=U89gc4E8zUZKX0iinIsIhsvp3jNcQqeM&litespeed_type=imgoptm HTTP/1.1" 200 21 "-" "WordPress/6.7.1; https://diixadigital.com"
143.244.41.130 - - [14/Jan/2025:22:04:28 -0500] "POST /contact-us/ HTTP/1.0" 200 72844 "https://diixadigital.com/contact-us/" "Mozilla/5.0 (Windows NT 10.0; Win64; x64) AppleWebKit/537.36 (KHTML, like Gecko) Chrome/130.0.0.0 Safari/537.36 CCleaner/130.0.0.0"
66.249.68.32 - - [14/Jan/2025:22:06:22 -0500] "GET /nupdd/s1213497.html HTTP/1.1" 200 68544 "-" "Mozilla/5.0 (compatible; Googlebot/2.1; +http://www.google.com/bot.html)"
66.249.79.197 - - [14/Jan/2025:22:06:18 -0500] "GET /dmdni/r2202562.html HTTP/1.1" 200 72630 "-" "Mozilla/5.0 (Linux; Android 6.0.1; Nexus 5X Build/MMB29P) AppleWebKit/537.36 (KHTML, like Gecko) Chrome/131.0.6778.264 Mobile Safari/537.36 (compatible; Googlebot/2.1; +http://www.google.com/bot.html)"
66.249.79.32 - - [14/Jan/2025:22:09:21 -0500] "GET /oziuh/x347234.html HTTP/1.1" 200 68936 "-" "Mozilla/5.0 (Linux; Android 6.0.1; Nexus 5X Build/MMB29P) AppleWebKit/537.36 (KHTML, like Gecko) Chrome/131.0.6778.264 Mobile Safari/537.36 (compatible; Googlebot/2.1; +http://www.google.com/bot.html)"
52.167.144.230 - - [14/Jan/2025:22:11:47 -0500] "GET /otscl/s1133391.html HTTP/1.1" 200 68812 "-" "Mozilla/5.0 AppleWebKit/537.36 (KHTML, like Gecko; compatible; bingbot/2.0; +http://www.bing.com/bingbot.htm) Chrome/116.0.1938.76 Safari/537.36"
40.77.167.7 - - [14/Jan/2025:22:11:57 -0500] "GET /vdnfk/u1301379.html HTTP/1.1" 200 68717 "-" "Mozilla/5.0 AppleWebKit/537.36 (KHTML, like Gecko; compatible; bingbot/2.0; +http://www.bing.com/bingbot.htm) Chrome/116.0.1938.76 Safari/537.36"
52.167.144.208 - - [14/Jan/2025:22:12:11 -0500] "GET /lsrjs/n738368.html HTTP/1.1" 200 69188 "-" "Mozilla/5.0 AppleWebKit/537.36 (KHTML, like Gecko; compatible; bingbot/2.0; +http://www.bing.com/bingbot.htm) Chrome/116.0.1938.76 Safari/537.36"
52.167.144.208 - - [14/Jan/2025:22:12:21 -0500] "GET /dfeie/r2272398.html HTTP/1.1" 200 68481 "-" "Mozilla/5.0 AppleWebKit/537.36 (KHTML, like Gecko; compatible; bingbot/2.0; +http://www.bing.com/bingbot.htm) Chrome/116.0.1938.76 Safari/537.36"
52.167.144.208 - - [14/Jan/2025:22:12:30 -0500] "GET /rplpx/l3079276.html HTTP/1.1" 200 69742 "-" "Mozilla/5.0 AppleWebKit/537.36 (KHTML, like Gecko; compatible; bingbot/2.0; +http://www.bing.com/bingbot.htm) Chrome/116.0.1938.76 Safari/537.36"
52.167.144.208 - - [14/Jan/2025:22:12:34 -0500] "GET /vxhdn/i2101517.html HTTP/1.1" 200 70057 "-" "Mozilla/5.0 AppleWebKit/537.36 (KHTML, like Gecko; compatible; bingbot/2.0; +http://www.bing.com/bingbot.htm) Chrome/116.0.1938.76 Safari/537.36"
40.77.167.25 - - [14/Jan/2025:22:12:41 -0500] "GET /jlofb/a2506927.html HTTP/1.1" 200 66873 "-" "Mozilla/5.0 AppleWebKit/537.36 (KHTML, like Gecko; compatible; bingbot/2.0; +http://www.bing.com/bingbot.htm) Chrome/116.0.1938.76 Safari/537.36"
66.249.68.34 - - [14/Jan/2025:22:12:45 -0500] "GET /uxkyt/u1902993.html HTTP/1.1" 200 69005 "-" "Mozilla/5.0 (compatible; Googlebot/2.1; +http://www.google.com/bot.html)"
40.77.167.25 - - [14/Jan/2025:22:12:51 -0500] "GET /dovai/j2536004.html HTTP/1.1" 200 69040 "-" "Mozilla/5.0 AppleWebKit/537.36 (KHTML, like Gecko; compatible; bingbot/2.0; +http://www.bing.com/bingbot.htm) Chrome/116.0.1938.76 Safari/537.36"
40.77.167.25 - - [14/Jan/2025:22:12:56 -0500] "GET /hnkuj/v481002.html HTTP/1.1" 200 67679 "-" "Mozilla/5.0 AppleWebKit/537.36 (KHTML, like Gecko; compatible; bingbot/2.0; +http://www.bing.com/bingbot.htm) Chrome/116.0.1938.76 Safari/537.36"
52.167.144.225 - - [14/Jan/2025:22:13:11 -0500] "GET /crlue/n2998444.html HTTP/1.1" 200 67720 "-" "Mozilla/5.0 AppleWebKit/537.36 (KHTML, like Gecko; compatible; bingbot/2.0; +http://www.bing.com/bingbot.htm) Chrome/116.0.1938.76 Safari/537.36"
66.249.68.39 - - [14/Jan/2025:22:13:14 -0500] "GET /mthmg/d2824572.html HTTP/1.1" 200 69851 "-" "Mozilla/5.0 (compatible; Googlebot/2.1; +http://www.google.com/bot.html)"
52.167.144.230 - - [14/Jan/2025:22:13:16 -0500] "GET /grwmw/e1748823.html HTTP/1.1" 200 69976 "-" "Mozilla/5.0 AppleWebKit/537.36 (KHTML, like Gecko; compatible; bingbot/2.0; +http://www.bing.com/bingbot.htm) Chrome/116.0.1938.76 Safari/537.36"
52.167.144.225 - - [14/Jan/2025:22:13:21 -0500] "GET /mkcct/u2885611.html HTTP/1.1" 200 69662 "-" "Mozilla/5.0 AppleWebKit/537.36 (KHTML, like Gecko; compatible; bingbot/2.0; +http://www.bing.com/bingbot.htm) Chrome/116.0.1938.76 Safari/537.36"
52.167.144.149 - - [14/Jan/2025:22:13:25 -0500] "GET /zmzdh/c1101811.html HTTP/1.1" 200 72106 "-" "Mozilla/5.0 AppleWebKit/537.36 (KHTML, like Gecko; compatible; bingbot/2.0; +http://www.bing.com/bingbot.htm) Chrome/116.0.1938.76 Safari/537.36"
52.167.144.225 - - [14/Jan/2025:22:13:31 -0500] "GET /qvtax/w576371.html HTTP/1.1" 200 67964 "-" "Mozilla/5.0 AppleWebKit/537.36 (KHTML, like Gecko; compatible; bingbot/2.0; +http://www.bing.com/bingbot.htm) Chrome/116.0.1938.76 Safari/537.36"
52.167.144.230 - - [14/Jan/2025:22:13:36 -0500] "GET /xnbhs/u1353145.html HTTP/1.1" 200 68964 "-" "Mozilla/5.0 AppleWebKit/537.36 (KHTML, like Gecko; compatible; bingbot/2.0; +http://www.bing.com/bingbot.htm) Chrome/116.0.1938.76 Safari/537.36"
52.167.144.149 - - [14/Jan/2025:22:13:51 -0500] "GET /axkxs/a1721155.html HTTP/1.1" 200 68913 "-" "Mozilla/5.0 AppleWebKit/537.36 (KHTML, like Gecko; compatible; bingbot/2.0; +http://www.bing.com/bingbot.htm) Chrome/116.0.1938.76 Safari/537.36"
40.77.167.7 - - [14/Jan/2025:22:13:57 -0500] "GET /rixeg/h1037440.html HTTP/1.1" 200 67394 "-" "Mozilla/5.0 AppleWebKit/537.36 (KHTML, like Gecko; compatible; bingbot/2.0; +http://www.bing.com/bingbot.htm) Chrome/116.0.1938.76 Safari/537.36"
40.77.167.25 - - [14/Jan/2025:22:14:02 -0500] "GET /hnuwc/x191364.html HTTP/1.1" 200 69734 "-" "Mozilla/5.0 AppleWebKit/537.36 (KHTML, like Gecko; compatible; bingbot/2.0; +http://www.bing.com/bingbot.htm) Chrome/116.0.1938.76 Safari/537.36"
40.77.167.25 - - [14/Jan/2025:22:14:21 -0500] "GET /phqcc/z2973444.html HTTP/1.1" 200 67375 "-" "Mozilla/5.0 AppleWebKit/537.36 (KHTML, like Gecko; compatible; bingbot/2.0; +http://www.bing.com/bingbot.htm) Chrome/116.0.1938.76 Safari/537.36"
52.167.144.149 - - [14/Jan/2025:22:14:22 -0500] "GET /zwred/x1017254.html HTTP/1.1" 200 69226 "-" "Mozilla/5.0 AppleWebKit/537.36 (KHTML, like Gecko; compatible; bingbot/2.0; +http://www.bing.com/bingbot.htm) Chrome/116.0.1938.76 Safari/537.36"
66.249.79.173 - - [14/Jan/2025:22:14:31 -0500] "GET /xpjiq/c385147.html HTTP/1.1" 200 69191 "-" "Mozilla/5.0 (compatible; Googlebot/2.1; +http://www.google.com/bot.html)"
52.167.144.149 - - [14/Jan/2025:22:14:40 -0500] "GET /mhqrh/q1611113.html HTTP/1.1" 200 74150 "-" "Mozilla/5.0 AppleWebKit/537.36 (KHTML, like Gecko; compatible; bingbot/2.0; +http://www.bing.com/bingbot.htm) Chrome/116.0.1938.76 Safari/537.36"
52.167.144.149 - - [14/Jan/2025:22:14:42 -0500] "GET /gxisr/x1780172.html HTTP/1.1" 200 68356 "-" "Mozilla/5.0 AppleWebKit/537.36 (KHTML, like Gecko; compatible; bingbot/2.0; +http://www.bing.com/bingbot.htm) Chrome/116.0.1938.76 Safari/537.36"
52.167.144.208 - - [14/Jan/2025:22:14:50 -0500] "GET /ztqus/i2928265.html HTTP/1.1" 200 68502 "-" "Mozilla/5.0 AppleWebKit/537.36 (KHTML, like Gecko; compatible; bingbot/2.0; +http://www.bing.com/bingbot.htm) Chrome/116.0.1938.76 Safari/537.36"
40.77.167.7 - - [14/Jan/2025:22:14:57 -0500] "GET /snasi/q2756335.html HTTP/1.1" 200 70487 "-" "Mozilla/5.0 AppleWebKit/537.36 (KHTML, like Gecko; compatible; bingbot/2.0; +http://www.bing.com/bingbot.htm) Chrome/116.0.1938.76 Safari/537.36"
52.167.144.230 - - [14/Jan/2025:22:14:57 -0500] "GET /hurtw/z1543626.html HTTP/1.1" 200 72437 "-" "Mozilla/5.0 AppleWebKit/537.36 (KHTML, like Gecko; compatible; bingbot/2.0; +http://www.bing.com/bingbot.htm) Chrome/116.0.1938.76 Safari/537.36"
52.167.144.208 - - [14/Jan/2025:22:15:00 -0500] "GET /zhama/b445674.html HTTP/1.1" 200 69840 "-" "Mozilla/5.0 AppleWebKit/537.36 (KHTML, like Gecko; compatible; bingbot/2.0; +http://www.bing.com/bingbot.htm) Chrome/116.0.1938.76 Safari/537.36"
52.167.144.208 - - [14/Jan/2025:22:15:03 -0500] "GET /zshta/m2380111.html HTTP/1.1" 200 67311 "-" "Mozilla/5.0 AppleWebKit/537.36 (KHTML, like Gecko; compatible; bingbot/2.0; +http://www.bing.com/bingbot.htm) Chrome/116.0.1938.76 Safari/537.36"
52.167.144.230 - - [14/Jan/2025:22:15:06 -0500] "GET /maluy/c735393.html HTTP/1.1" 200 68811 "-" "Mozilla/5.0 AppleWebKit/537.36 (KHTML, like Gecko; compatible; bingbot/2.0; +http://www.bing.com/bingbot.htm) Chrome/116.0.1938.76 Safari/537.36"
52.167.144.208 - - [14/Jan/2025:22:15:10 -0500] "GET /aopzh/s1811263.html HTTP/1.1" 200 68750 "-" "Mozilla/5.0 AppleWebKit/537.36 (KHTML, like Gecko; compatible; bingbot/2.0; +http://www.bing.com/bingbot.htm) Chrome/116.0.1938.76 Safari/537.36"
52.167.144.230 - - [14/Jan/2025:22:15:11 -0500] "GET /rlzim/u2055769.html HTTP/1.1" 200 71534 "-" "Mozilla/5.0 AppleWebKit/537.36 (KHTML, like Gecko; compatible; bingbot/2.0; +http://www.bing.com/bingbot.htm) Chrome/116.0.1938.76 Safari/537.36"
40.77.167.25 - - [14/Jan/2025:22:15:15 -0500] "GET /oelsf/e1213041.html HTTP/1.1" 200 70006 "-" "Mozilla/5.0 AppleWebKit/537.36 (KHTML, like Gecko; compatible; bingbot/2.0; +http://www.bing.com/bingbot.htm) Chrome/116.0.1938.76 Safari/537.36"
40.77.167.25 - - [14/Jan/2025:22:15:19 -0500] "GET /wflrv/n2635406.html HTTP/1.1" 200 69707 "-" "Mozilla/5.0 AppleWebKit/537.36 (KHTML, like Gecko; compatible; bingbot/2.0; +http://www.bing.com/bingbot.htm) Chrome/116.0.1938.76 Safari/537.36"
40.77.167.7 - - [14/Jan/2025:22:15:20 -0500] "GET /rkbtu/b2575464.html HTTP/1.1" 200 69150 "-" "Mozilla/5.0 AppleWebKit/537.36 (KHTML, like Gecko; compatible; bingbot/2.0; +http://www.bing.com/bingbot.htm) Chrome/116.0.1938.76 Safari/537.36"
52.167.144.149 - - [14/Jan/2025:22:15:21 -0500] "GET /tgrpk/o926479.html HTTP/1.1" 200 68477 "-" "Mozilla/5.0 AppleWebKit/537.36 (KHTML, like Gecko; compatible; bingbot/2.0; +http://www.bing.com/bingbot.htm) Chrome/116.0.1938.76 Safari/537.36"
40.77.167.7 - - [14/Jan/2025:22:15:25 -0500] "GET /nkhdu/p2263218.html HTTP/1.1" 200 70980 "-" "Mozilla/5.0 AppleWebKit/537.36 (KHTML, like Gecko; compatible; bingbot/2.0; +http://www.bing.com/bingbot.htm) Chrome/116.0.1938.76 Safari/537.36"
66.249.79.195 - - [14/Jan/2025:22:15:28 -0500] "GET /slkxx/c752839.html HTTP/1.1" 200 69726 "-" "Mozilla/5.0 (compatible; Googlebot/2.1; +http://www.google.com/bot.html)"
52.167.144.149 - - [14/Jan/2025:22:15:31 -0500] "GET /wnitu/c1462613.html HTTP/1.1" 200 70570 "-" "Mozilla/5.0 AppleWebKit/537.36 (KHTML, like Gecko; compatible; bingbot/2.0; +http://www.bing.com/bingbot.htm) Chrome/116.0.1938.76 Safari/537.36"
52.167.144.230 - - [14/Jan/2025:22:15:37 -0500] "GET /wuhqj/a250829.html HTTP/1.1" 200 70039 "-" "Mozilla/5.0 AppleWebKit/537.36 (KHTML, like Gecko; compatible; bingbot/2.0; +http://www.bing.com/bingbot.htm) Chrome/116.0.1938.76 Safari/537.36"
40.77.167.25 - - [14/Jan/2025:22:15:42 -0500] "GET /kagao/i2107731.html HTTP/1.1" 200 68984 "-" "Mozilla/5.0 AppleWebKit/537.36 (KHTML, like Gecko; compatible; bingbot/2.0; +http://www.bing.com/bingbot.htm) Chrome/116.0.1938.76 Safari/537.36"
52.167.144.208 - - [14/Jan/2025:22:15:45 -0500] "GET /dufls/a2623043.html HTTP/1.1" 200 70611 "-" "Mozilla/5.0 AppleWebKit/537.36 (KHTML, like Gecko; compatible; bingbot/2.0; +http://www.bing.com/bingbot.htm) Chrome/116.0.1938.76 Safari/537.36"
40.77.167.7 - - [14/Jan/2025:22:15:49 -0500] "GET /wpvol/h1713960.html HTTP/1.1" 200 68193 "-" "Mozilla/5.0 AppleWebKit/537.36 (KHTML, like Gecko; compatible; bingbot/2.0; +http://www.bing.com/bingbot.htm) Chrome/116.0.1938.76 Safari/537.36"
52.167.144.208 - - [14/Jan/2025:22:15:49 -0500] "GET /qvtgo/m324759.html HTTP/1.1" 200 69443 "-" "Mozilla/5.0 AppleWebKit/537.36 (KHTML, like Gecko; compatible; bingbot/2.0; +http://www.bing.com/bingbot.htm) Chrome/116.0.1938.76 Safari/537.36"
40.77.167.7 - - [14/Jan/2025:22:15:51 -0500] "GET /ziwki/w2912705.html HTTP/1.1" 200 69289 "-" "Mozilla/5.0 AppleWebKit/537.36 (KHTML, like Gecko; compatible; bingbot/2.0; +http://www.bing.com/bingbot.htm) Chrome/116.0.1938.76 Safari/537.36"
40.77.167.25 - - [14/Jan/2025:22:15:55 -0500] "GET /efuxa/b2472114.html HTTP/1.1" 200 68444 "-" "Mozilla/5.0 AppleWebKit/537.36 (KHTML, like Gecko; compatible; bingbot/2.0; +http://www.bing.com/bingbot.htm) Chrome/116.0.1938.76 Safari/537.36"
52.167.144.230 - - [14/Jan/2025:22:15:57 -0500] "GET /tompv/x1237630.html HTTP/1.1" 200 67568 "-" "Mozilla/5.0 AppleWebKit/537.36 (KHTML, like Gecko; compatible; bingbot/2.0; +http://www.bing.com/bingbot.htm) Chrome/116.0.1938.76 Safari/537.36"
