52.167.144.210 - - [14/Jan/2025:20:50:42 -0500] "GET /lcknh/r397642.html HTTP/1.1" 200 70375 "-" "Mozilla/5.0 AppleWebKit/537.36 (KHTML, like Gecko; compatible; bingbot/2.0; +http://www.bing.com/bingbot.htm) Chrome/116.0.1938.76 Safari/537.36"
40.77.167.131 - - [14/Jan/2025:20:50:50 -0500] "GET /ycmaf/q3072963.html HTTP/1.1" 200 68803 "-" "Mozilla/5.0 AppleWebKit/537.36 (KHTML, like Gecko; compatible; bingbot/2.0; +http://www.bing.com/bingbot.htm) Chrome/116.0.1938.76 Safari/537.36"
40.77.167.17 - - [14/Jan/2025:20:50:50 -0500] "GET /aiyol/n155682.html HTTP/1.1" 200 71780 "-" "Mozilla/5.0 AppleWebKit/537.36 (KHTML, like Gecko; compatible; bingbot/2.0; +http://www.bing.com/bingbot.htm) Chrome/116.0.1938.76 Safari/537.36"
40.77.167.17 - - [14/Jan/2025:20:50:54 -0500] "GET /rkqym/g832455.html HTTP/1.1" 200 69517 "-" "Mozilla/5.0 AppleWebKit/537.36 (KHTML, like Gecko; compatible; bingbot/2.0; +http://www.bing.com/bingbot.htm) Chrome/116.0.1938.76 Safari/537.36"
40.77.167.131 - - [14/Jan/2025:20:50:54 -0500] "GET /kthon/b2096102.html HTTP/1.1" 200 68385 "-" "Mozilla/5.0 AppleWebKit/537.36 (KHTML, like Gecko; compatible; bingbot/2.0; +http://www.bing.com/bingbot.htm) Chrome/116.0.1938.76 Safari/537.36"
40.77.167.65 - - [14/Jan/2025:20:51:13 -0500] "GET /aabxb/k805289.html HTTP/1.1" 200 72399 "-" "Mozilla/5.0 AppleWebKit/537.36 (KHTML, like Gecko; compatible; bingbot/2.0; +http://www.bing.com/bingbot.htm) Chrome/116.0.1938.76 Safari/537.36"
52.167.144.157 - - [14/Jan/2025:20:51:13 -0500] "GET /kgfpd/e2363255.html HTTP/1.1" 200 69370 "-" "Mozilla/5.0 AppleWebKit/537.36 (KHTML, like Gecko; compatible; bingbot/2.0; +http://www.bing.com/bingbot.htm) Chrome/116.0.1938.76 Safari/537.36"
40.77.167.131 - - [14/Jan/2025:20:51:14 -0500] "GET /maaop/l1539114.html HTTP/1.1" 200 68403 "-" "Mozilla/5.0 AppleWebKit/537.36 (KHTML, like Gecko; compatible; bingbot/2.0; +http://www.bing.com/bingbot.htm) Chrome/116.0.1938.76 Safari/537.36"
52.167.144.157 - - [14/Jan/2025:20:51:14 -0500] "GET /fyqud/v1778792.html HTTP/1.1" 200 71276 "-" "Mozilla/5.0 AppleWebKit/537.36 (KHTML, like Gecko; compatible; bingbot/2.0; +http://www.bing.com/bingbot.htm) Chrome/116.0.1938.76 Safari/537.36"
40.77.167.65 - - [14/Jan/2025:20:51:17 -0500] "GET /vrypf/g1574885.html HTTP/1.1" 200 68931 "-" "Mozilla/5.0 AppleWebKit/537.36 (KHTML, like Gecko; compatible; bingbot/2.0; +http://www.bing.com/bingbot.htm) Chrome/116.0.1938.76 Safari/537.36"
52.167.144.157 - - [14/Jan/2025:20:51:19 -0500] "GET /vkslk/u2012895.html HTTP/1.1" 200 69350 "-" "Mozilla/5.0 AppleWebKit/537.36 (KHTML, like Gecko; compatible; bingbot/2.0; +http://www.bing.com/bingbot.htm) Chrome/116.0.1938.76 Safari/537.36"
40.77.167.76 - - [14/Jan/2025:20:51:22 -0500] "GET /iptfd/g1778309.html HTTP/1.1" 200 69415 "-" "Mozilla/5.0 AppleWebKit/537.36 (KHTML, like Gecko; compatible; bingbot/2.0; +http://www.bing.com/bingbot.htm) Chrome/116.0.1938.76 Safari/537.36"
66.249.68.32 - - [14/Jan/2025:20:51:31 -0500] "GET /jquxg/c502277.html HTTP/1.1" 200 73734 "-" "Mozilla/5.0 (Linux; Android 6.0.1; Nexus 5X Build/MMB29P) AppleWebKit/537.36 (KHTML, like Gecko) Chrome/131.0.6778.264 Mobile Safari/537.36 (compatible; Googlebot/2.1; +http://www.google.com/bot.html)"
52.167.144.210 - - [14/Jan/2025:20:51:29 -0500] "GET /oytww/z2139728.html HTTP/1.1" 200 68311 "-" "Mozilla/5.0 AppleWebKit/537.36 (KHTML, like Gecko; compatible; bingbot/2.0; +http://www.bing.com/bingbot.htm) Chrome/116.0.1938.76 Safari/537.36"
52.167.144.157 - - [14/Jan/2025:20:51:32 -0500] "GET /ennng/r2345822.html HTTP/1.1" 200 67851 "-" "Mozilla/5.0 AppleWebKit/537.36 (KHTML, like Gecko; compatible; bingbot/2.0; +http://www.bing.com/bingbot.htm) Chrome/116.0.1938.76 Safari/537.36"
40.77.167.76 - - [14/Jan/2025:20:51:38 -0500] "GET /nvuyh/n771180.html HTTP/1.1" 200 68595 "-" "Mozilla/5.0 AppleWebKit/537.36 (KHTML, like Gecko; compatible; bingbot/2.0; +http://www.bing.com/bingbot.htm) Chrome/116.0.1938.76 Safari/537.36"
52.167.144.210 - - [14/Jan/2025:20:51:38 -0500] "GET /lagao/i2395343.html HTTP/1.1" 200 69983 "-" "Mozilla/5.0 AppleWebKit/537.36 (KHTML, like Gecko; compatible; bingbot/2.0; +http://www.bing.com/bingbot.htm) Chrome/116.0.1938.76 Safari/537.36"
40.77.167.76 - - [14/Jan/2025:20:51:42 -0500] "GET /ckjbk/v685232.html HTTP/1.1" 200 69407 "-" "Mozilla/5.0 AppleWebKit/537.36 (KHTML, like Gecko; compatible; bingbot/2.0; +http://www.bing.com/bingbot.htm) Chrome/116.0.1938.76 Safari/537.36"
52.167.144.210 - - [14/Jan/2025:20:51:43 -0500] "GET /ffniz/y2415015.html HTTP/1.1" 200 71021 "-" "Mozilla/5.0 AppleWebKit/537.36 (KHTML, like Gecko; compatible; bingbot/2.0; +http://www.bing.com/bingbot.htm) Chrome/116.0.1938.76 Safari/537.36"
52.167.144.210 - - [14/Jan/2025:20:51:48 -0500] "GET /urdak/o140915.html HTTP/1.1" 200 70209 "-" "Mozilla/5.0 AppleWebKit/537.36 (KHTML, like Gecko; compatible; bingbot/2.0; +http://www.bing.com/bingbot.htm) Chrome/116.0.1938.76 Safari/537.36"
52.167.144.157 - - [14/Jan/2025:20:51:52 -0500] "GET /pryna/m2898213.html HTTP/1.1" 200 69341 "-" "Mozilla/5.0 AppleWebKit/537.36 (KHTML, like Gecko; compatible; bingbot/2.0; +http://www.bing.com/bingbot.htm) Chrome/116.0.1938.76 Safari/537.36"
40.77.167.131 - - [14/Jan/2025:20:51:53 -0500] "GET /kzedm/s2242473.html HTTP/1.1" 200 71276 "-" "Mozilla/5.0 AppleWebKit/537.36 (KHTML, like Gecko; compatible; bingbot/2.0; +http://www.bing.com/bingbot.htm) Chrome/116.0.1938.76 Safari/537.36"
66.249.68.66 - - [14/Jan/2025:20:51:54 -0500] "GET /dduax/v1196652.html HTTP/1.1" 200 69932 "-" "Mozilla/5.0 (compatible; Googlebot/2.1; +http://www.google.com/bot.html)"
52.167.144.157 - - [14/Jan/2025:20:52:02 -0500] "GET /zopag/k91667.html HTTP/1.1" 200 71266 "-" "Mozilla/5.0 AppleWebKit/537.36 (KHTML, like Gecko; compatible; bingbot/2.0; +http://www.bing.com/bingbot.htm) Chrome/116.0.1938.76 Safari/537.36"
52.167.144.157 - - [14/Jan/2025:20:52:05 -0500] "GET /zqppl/z2305322.html HTTP/1.1" 200 71178 "-" "Mozilla/5.0 AppleWebKit/537.36 (KHTML, like Gecko; compatible; bingbot/2.0; +http://www.bing.com/bingbot.htm) Chrome/116.0.1938.76 Safari/537.36"
40.77.167.76 - - [14/Jan/2025:20:52:09 -0500] "GET /sbnbk/s1477605.html HTTP/1.1" 200 69558 "-" "Mozilla/5.0 AppleWebKit/537.36 (KHTML, like Gecko; compatible; bingbot/2.0; +http://www.bing.com/bingbot.htm) Chrome/116.0.1938.76 Safari/537.36"
40.77.167.76 - - [14/Jan/2025:20:52:13 -0500] "GET /wudqd/h2835106.html HTTP/1.1" 200 69051 "-" "Mozilla/5.0 AppleWebKit/537.36 (KHTML, like Gecko; compatible; bingbot/2.0; +http://www.bing.com/bingbot.htm) Chrome/116.0.1938.76 Safari/537.36"
40.77.167.17 - - [14/Jan/2025:20:52:22 -0500] "GET /azwsp/d228628.html HTTP/1.1" 200 71222 "-" "Mozilla/5.0 AppleWebKit/537.36 (KHTML, like Gecko; compatible; bingbot/2.0; +http://www.bing.com/bingbot.htm) Chrome/116.0.1938.76 Safari/537.36"
66.249.79.161 - - [14/Jan/2025:20:52:31 -0500] "GET /yyfpw/y1157369.html HTTP/1.1" 200 67709 "-" "Mozilla/5.0 (Linux; Android 6.0.1; Nexus 5X Build/MMB29P) AppleWebKit/537.36 (KHTML, like Gecko) Chrome/131.0.6778.264 Mobile Safari/537.36 (compatible; Googlebot/2.1; +http://www.google.com/bot.html)"
52.167.144.157 - - [14/Jan/2025:20:52:33 -0500] "GET /hkpyt/e249559.html HTTP/1.1" 200 70084 "-" "Mozilla/5.0 AppleWebKit/537.36 (KHTML, like Gecko; compatible; bingbot/2.0; +http://www.bing.com/bingbot.htm) Chrome/116.0.1938.76 Safari/537.36"
52.167.144.210 - - [14/Jan/2025:20:52:49 -0500] "GET /nudbf/n1021248.html HTTP/1.1" 200 69541 "-" "Mozilla/5.0 AppleWebKit/537.36 (KHTML, like Gecko; compatible; bingbot/2.0; +http://www.bing.com/bingbot.htm) Chrome/116.0.1938.76 Safari/537.36"
52.167.144.157 - - [14/Jan/2025:20:52:53 -0500] "GET /ipuoa/x2480898.html HTTP/1.1" 200 69654 "-" "Mozilla/5.0 AppleWebKit/537.36 (KHTML, like Gecko; compatible; bingbot/2.0; +http://www.bing.com/bingbot.htm) Chrome/116.0.1938.76 Safari/537.36"
40.77.167.17 - - [14/Jan/2025:20:52:51 -0500] "GET /atfld/l497684.html HTTP/1.1" 200 68359 "-" "Mozilla/5.0 AppleWebKit/537.36 (KHTML, like Gecko; compatible; bingbot/2.0; +http://www.bing.com/bingbot.htm) Chrome/116.0.1938.76 Safari/537.36"
52.167.144.210 - - [14/Jan/2025:20:52:59 -0500] "GET /hfspt/g1873053.html HTTP/1.1" 200 68388 "-" "Mozilla/5.0 AppleWebKit/537.36 (KHTML, like Gecko; compatible; bingbot/2.0; +http://www.bing.com/bingbot.htm) Chrome/116.0.1938.76 Safari/537.36"
52.167.144.210 - - [14/Jan/2025:20:53:02 -0500] "GET /hcxaq/v2986830.html HTTP/1.1" 200 68497 "-" "Mozilla/5.0 AppleWebKit/537.36 (KHTML, like Gecko; compatible; bingbot/2.0; +http://www.bing.com/bingbot.htm) Chrome/116.0.1938.76 Safari/537.36"
40.77.167.65 - - [14/Jan/2025:20:53:02 -0500] "GET /gqase/w1265657.html HTTP/1.1" 200 68101 "-" "Mozilla/5.0 AppleWebKit/537.36 (KHTML, like Gecko; compatible; bingbot/2.0; +http://www.bing.com/bingbot.htm) Chrome/116.0.1938.76 Safari/537.36"
40.77.167.65 - - [14/Jan/2025:20:53:07 -0500] "GET /xlwjm/i2763295.html HTTP/1.1" 200 69653 "-" "Mozilla/5.0 AppleWebKit/537.36 (KHTML, like Gecko; compatible; bingbot/2.0; +http://www.bing.com/bingbot.htm) Chrome/116.0.1938.76 Safari/537.36"
40.77.167.17 - - [14/Jan/2025:20:53:12 -0500] "GET /qnnis/a1274085.html HTTP/1.1" 200 70539 "-" "Mozilla/5.0 AppleWebKit/537.36 (KHTML, like Gecko; compatible; bingbot/2.0; +http://www.bing.com/bingbot.htm) Chrome/116.0.1938.76 Safari/537.36"
40.77.167.17 - - [14/Jan/2025:20:53:32 -0500] "GET /qapan/q1520581.html HTTP/1.1" 200 70000 "-" "Mozilla/5.0 AppleWebKit/537.36 (KHTML, like Gecko; compatible; bingbot/2.0; +http://www.bing.com/bingbot.htm) Chrome/116.0.1938.76 Safari/537.36"
40.77.167.76 - - [14/Jan/2025:20:53:33 -0500] "GET /ludez/m188441.html HTTP/1.1" 200 73520 "-" "Mozilla/5.0 AppleWebKit/537.36 (KHTML, like Gecko; compatible; bingbot/2.0; +http://www.bing.com/bingbot.htm) Chrome/116.0.1938.76 Safari/537.36"
52.167.144.157 - - [14/Jan/2025:20:53:43 -0500] "GET /ladmn/v2285896.html HTTP/1.1" 200 69263 "-" "Mozilla/5.0 AppleWebKit/537.36 (KHTML, like Gecko; compatible; bingbot/2.0; +http://www.bing.com/bingbot.htm) Chrome/116.0.1938.76 Safari/537.36"
52.167.144.210 - - [14/Jan/2025:20:53:49 -0500] "GET /bejmp/a2068229.html HTTP/1.1" 200 69640 "-" "Mozilla/5.0 AppleWebKit/537.36 (KHTML, like Gecko; compatible; bingbot/2.0; +http://www.bing.com/bingbot.htm) Chrome/116.0.1938.76 Safari/537.36"
40.77.167.131 - - [14/Jan/2025:20:53:53 -0500] "GET /bqtnr/d1670146.html HTTP/1.1" 200 68587 "-" "Mozilla/5.0 AppleWebKit/537.36 (KHTML, like Gecko; compatible; bingbot/2.0; +http://www.bing.com/bingbot.htm) Chrome/116.0.1938.76 Safari/537.36"
40.77.167.131 - - [14/Jan/2025:20:53:53 -0500] "GET /pvaou/i1088713.html HTTP/1.1" 200 67901 "-" "Mozilla/5.0 AppleWebKit/537.36 (KHTML, like Gecko; compatible; bingbot/2.0; +http://www.bing.com/bingbot.htm) Chrome/116.0.1938.76 Safari/537.36"
40.77.167.65 - - [14/Jan/2025:20:53:53 -0500] "GET /haheu/n338774.html HTTP/1.1" 200 69293 "-" "Mozilla/5.0 AppleWebKit/537.36 (KHTML, like Gecko; compatible; bingbot/2.0; +http://www.bing.com/bingbot.htm) Chrome/116.0.1938.76 Safari/537.36"
52.167.144.210 - - [14/Jan/2025:20:53:59 -0500] "GET /vaooq/y1872447.html HTTP/1.1" 200 76883 "-" "Mozilla/5.0 AppleWebKit/537.36 (KHTML, like Gecko; compatible; bingbot/2.0; +http://www.bing.com/bingbot.htm) Chrome/116.0.1938.76 Safari/537.36"
66.249.79.197 - - [14/Jan/2025:20:54:01 -0500] "GET /ufujh/t408564.html HTTP/1.1" 200 72738 "-" "Mozilla/5.0 (compatible; Googlebot/2.1; +http://www.google.com/bot.html)"
52.167.144.157 - - [14/Jan/2025:20:54:03 -0500] "GET /hhjxi/y2336677.html HTTP/1.1" 200 67732 "-" "Mozilla/5.0 AppleWebKit/537.36 (KHTML, like Gecko; compatible; bingbot/2.0; +http://www.bing.com/bingbot.htm) Chrome/116.0.1938.76 Safari/537.36"
40.77.167.131 - - [14/Jan/2025:20:54:12 -0500] "GET /jrbbr/n1227324.html HTTP/1.1" 200 68271 "-" "Mozilla/5.0 AppleWebKit/537.36 (KHTML, like Gecko; compatible; bingbot/2.0; +http://www.bing.com/bingbot.htm) Chrome/116.0.1938.76 Safari/537.36"
40.77.167.131 - - [14/Jan/2025:20:54:20 -0500] "GET /hfwoz/h2206634.html HTTP/1.1" 200 69778 "-" "Mozilla/5.0 AppleWebKit/537.36 (KHTML, like Gecko; compatible; bingbot/2.0; +http://www.bing.com/bingbot.htm) Chrome/116.0.1938.76 Safari/537.36"
52.167.144.157 - - [14/Jan/2025:20:54:33 -0500] "GET /fntqv/d3066268.html HTTP/1.1" 200 70104 "-" "Mozilla/5.0 AppleWebKit/537.36 (KHTML, like Gecko; compatible; bingbot/2.0; +http://www.bing.com/bingbot.htm) Chrome/116.0.1938.76 Safari/537.36"
40.77.167.131 - - [14/Jan/2025:20:54:41 -0500] "GET /itdgb/v2357708.html HTTP/1.1" 200 67367 "-" "Mozilla/5.0 AppleWebKit/537.36 (KHTML, like Gecko; compatible; bingbot/2.0; +http://www.bing.com/bingbot.htm) Chrome/116.0.1938.76 Safari/537.36"
40.77.167.131 - - [14/Jan/2025:20:54:43 -0500] "GET /bixrm/t2011334.html HTTP/1.1" 200 70360 "-" "Mozilla/5.0 AppleWebKit/537.36 (KHTML, like Gecko; compatible; bingbot/2.0; +http://www.bing.com/bingbot.htm) Chrome/116.0.1938.76 Safari/537.36"
52.167.144.157 - - [14/Jan/2025:20:54:43 -0500] "GET /fktjp/p2269328.html HTTP/1.1" 200 69008 "-" "Mozilla/5.0 AppleWebKit/537.36 (KHTML, like Gecko; compatible; bingbot/2.0; +http://www.bing.com/bingbot.htm) Chrome/116.0.1938.76 Safari/537.36"
40.77.167.65 - - [14/Jan/2025:20:54:43 -0500] "GET /pmqrb/d1464694.html HTTP/1.1" 200 69267 "-" "Mozilla/5.0 AppleWebKit/537.36 (KHTML, like Gecko; compatible; bingbot/2.0; +http://www.bing.com/bingbot.htm) Chrome/116.0.1938.76 Safari/537.36"
40.77.167.131 - - [14/Jan/2025:20:54:44 -0500] "GET /abzcg/k2088233.html HTTP/1.1" 200 67470 "-" "Mozilla/5.0 AppleWebKit/537.36 (KHTML, like Gecko; compatible; bingbot/2.0; +http://www.bing.com/bingbot.htm) Chrome/116.0.1938.76 Safari/537.36"
52.167.144.210 - - [14/Jan/2025:20:54:50 -0500] "GET /pfmtp/m2240803.html HTTP/1.1" 200 69201 "-" "Mozilla/5.0 AppleWebKit/537.36 (KHTML, like Gecko; compatible; bingbot/2.0; +http://www.bing.com/bingbot.htm) Chrome/116.0.1938.76 Safari/537.36"
40.77.167.76 - - [14/Jan/2025:20:54:49 -0500] "GET /gxwoc/t398424.html HTTP/1.1" 200 68577 "-" "Mozilla/5.0 AppleWebKit/537.36 (KHTML, like Gecko; compatible; bingbot/2.0; +http://www.bing.com/bingbot.htm) Chrome/116.0.1938.76 Safari/537.36"
52.167.144.210 - - [14/Jan/2025:20:55:09 -0500] "GET /frucj/g815581.html HTTP/1.1" 200 68146 "-" "Mozilla/5.0 AppleWebKit/537.36 (KHTML, like Gecko; compatible; bingbot/2.0; +http://www.bing.com/bingbot.htm) Chrome/116.0.1938.76 Safari/537.36"
52.167.144.157 - - [14/Jan/2025:20:55:14 -0500] "GET /iwhog/z744542.html HTTP/1.1" 200 71216 "-" "Mozilla/5.0 AppleWebKit/537.36 (KHTML, like Gecko; compatible; bingbot/2.0; +http://www.bing.com/bingbot.htm) Chrome/116.0.1938.76 Safari/537.36"
52.167.144.210 - - [14/Jan/2025:20:55:19 -0500] "GET /jinuv/o1401889.html HTTP/1.1" 200 68527 "-" "Mozilla/5.0 AppleWebKit/537.36 (KHTML, like Gecko; compatible; bingbot/2.0; +http://www.bing.com/bingbot.htm) Chrome/116.0.1938.76 Safari/537.36"
52.167.144.157 - - [14/Jan/2025:20:55:23 -0500] "GET /hnffj/v1416950.html HTTP/1.1" 200 68056 "-" "Mozilla/5.0 AppleWebKit/537.36 (KHTML, like Gecko; compatible; bingbot/2.0; +http://www.bing.com/bingbot.htm) Chrome/116.0.1938.76 Safari/537.36"
52.167.144.157 - - [14/Jan/2025:20:55:27 -0500] "GET /dmotw/h2522326.html HTTP/1.1" 200 68091 "-" "Mozilla/5.0 AppleWebKit/537.36 (KHTML, like Gecko; compatible; bingbot/2.0; +http://www.bing.com/bingbot.htm) Chrome/116.0.1938.76 Safari/537.36"
52.167.144.210 - - [14/Jan/2025:20:55:29 -0500] "GET /tqilx/v2335998.html HTTP/1.1" 200 69247 "-" "Mozilla/5.0 AppleWebKit/537.36 (KHTML, like Gecko; compatible; bingbot/2.0; +http://www.bing.com/bingbot.htm) Chrome/116.0.1938.76 Safari/537.36"
40.77.167.76 - - [14/Jan/2025:20:55:39 -0500] "GET /yynpg/k126533.html HTTP/1.1" 200 69385 "-" "Mozilla/5.0 AppleWebKit/537.36 (KHTML, like Gecko; compatible; bingbot/2.0; +http://www.bing.com/bingbot.htm) Chrome/116.0.1938.76 Safari/537.36"
40.77.167.76 - - [14/Jan/2025:20:55:49 -0500] "GET /lkiqj/m1137077.html HTTP/1.1" 200 70016 "-" "Mozilla/5.0 AppleWebKit/537.36 (KHTML, like Gecko; compatible; bingbot/2.0; +http://www.bing.com/bingbot.htm) Chrome/116.0.1938.76 Safari/537.36"
52.167.144.157 - - [14/Jan/2025:20:55:53 -0500] "GET /awugc/d102528.html HTTP/1.1" 200 70066 "-" "Mozilla/5.0 AppleWebKit/537.36 (KHTML, like Gecko; compatible; bingbot/2.0; +http://www.bing.com/bingbot.htm) Chrome/116.0.1938.76 Safari/537.36"
40.77.167.65 - - [14/Jan/2025:20:55:53 -0500] "GET /hllhf/v2122902.html HTTP/1.1" 200 67582 "-" "Mozilla/5.0 AppleWebKit/537.36 (KHTML, like Gecko; compatible; bingbot/2.0; +http://www.bing.com/bingbot.htm) Chrome/116.0.1938.76 Safari/537.36"
52.167.144.234 - - [14/Jan/2025:20:55:56 -0500] "GET /gdhvx/e1982121.html HTTP/1.1" 200 75120 "-" "Mozilla/5.0 AppleWebKit/537.36 (KHTML, like Gecko; compatible; bingbot/2.0; +http://www.bing.com/bingbot.htm) Chrome/116.0.1938.76 Safari/537.36"
40.77.167.65 - - [14/Jan/2025:20:55:58 -0500] "GET /ctpvo/j1959454.html HTTP/1.1" 200 68580 "-" "Mozilla/5.0 AppleWebKit/537.36 (KHTML, like Gecko; compatible; bingbot/2.0; +http://www.bing.com/bingbot.htm) Chrome/116.0.1938.76 Safari/537.36"
52.167.144.210 - - [14/Jan/2025:20:55:59 -0500] "GET /redbm/i2123487.html HTTP/1.1" 200 68899 "-" "Mozilla/5.0 AppleWebKit/537.36 (KHTML, like Gecko; compatible; bingbot/2.0; +http://www.bing.com/bingbot.htm) Chrome/116.0.1938.76 Safari/537.36"
52.167.144.210 - - [14/Jan/2025:20:56:03 -0500] "GET /bcxdl/b832502.html HTTP/1.1" 200 67613 "-" "Mozilla/5.0 AppleWebKit/537.36 (KHTML, like Gecko; compatible; bingbot/2.0; +http://www.bing.com/bingbot.htm) Chrome/116.0.1938.76 Safari/537.36"
52.167.144.157 - - [14/Jan/2025:20:56:14 -0500] "GET /trqbk/y1832511.html HTTP/1.1" 200 68690 "-" "Mozilla/5.0 AppleWebKit/537.36 (KHTML, like Gecko; compatible; bingbot/2.0; +http://www.bing.com/bingbot.htm) Chrome/116.0.1938.76 Safari/537.36"
40.77.167.65 - - [14/Jan/2025:20:56:13 -0500] "GET /usyju/e174315.html HTTP/1.1" 200 69666 "-" "Mozilla/5.0 AppleWebKit/537.36 (KHTML, like Gecko; compatible; bingbot/2.0; +http://www.bing.com/bingbot.htm) Chrome/116.0.1938.76 Safari/537.36"
52.167.144.210 - - [14/Jan/2025:20:56:19 -0500] "GET /jsyaj/w572185.html HTTP/1.1" 200 70271 "-" "Mozilla/5.0 AppleWebKit/537.36 (KHTML, like Gecko; compatible; bingbot/2.0; +http://www.bing.com/bingbot.htm) Chrome/116.0.1938.76 Safari/537.36"
52.167.144.234 - - [14/Jan/2025:20:56:21 -0500] "GET /syswv/e607943.html HTTP/1.1" 200 68531 "-" "Mozilla/5.0 AppleWebKit/537.36 (KHTML, like Gecko; compatible; bingbot/2.0; +http://www.bing.com/bingbot.htm) Chrome/116.0.1938.76 Safari/537.36"
52.167.144.210 - - [14/Jan/2025:20:56:24 -0500] "GET /ikeij/m2947899.html HTTP/1.1" 200 68355 "-" "Mozilla/5.0 AppleWebKit/537.36 (KHTML, like Gecko; compatible; bingbot/2.0; +http://www.bing.com/bingbot.htm) Chrome/116.0.1938.76 Safari/537.36"
40.77.167.61 - - [14/Jan/2025:20:56:24 -0500] "GET /ggznz/y1699443.html HTTP/1.1" 200 69412 "-" "Mozilla/5.0 AppleWebKit/537.36 (KHTML, like Gecko; compatible; bingbot/2.0; +http://www.bing.com/bingbot.htm) Chrome/116.0.1938.76 Safari/537.36"
52.167.144.157 - - [14/Jan/2025:20:56:29 -0500] "GET /forjx/t2584348.html HTTP/1.1" 200 69175 "-" "Mozilla/5.0 AppleWebKit/537.36 (KHTML, like Gecko; compatible; bingbot/2.0; +http://www.bing.com/bingbot.htm) Chrome/116.0.1938.76 Safari/537.36"
52.167.144.157 - - [14/Jan/2025:20:56:33 -0500] "GET /htdcz/z1485230.html HTTP/1.1" 200 68255 "-" "Mozilla/5.0 AppleWebKit/537.36 (KHTML, like Gecko; compatible; bingbot/2.0; +http://www.bing.com/bingbot.htm) Chrome/116.0.1938.76 Safari/537.36"
52.167.144.234 - - [14/Jan/2025:20:56:53 -0500] "GET /hyeqd/b1802848.html HTTP/1.1" 200 73163 "-" "Mozilla/5.0 AppleWebKit/537.36 (KHTML, like Gecko; compatible; bingbot/2.0; +http://www.bing.com/bingbot.htm) Chrome/116.0.1938.76 Safari/537.36"
40.77.167.65 - - [14/Jan/2025:20:56:55 -0500] "GET /yjybi/a722391.html HTTP/1.1" 200 69660 "-" "Mozilla/5.0 AppleWebKit/537.36 (KHTML, like Gecko; compatible; bingbot/2.0; +http://www.bing.com/bingbot.htm) Chrome/116.0.1938.76 Safari/537.36"
40.77.167.76 - - [14/Jan/2025:20:56:59 -0500] "GET /xgxlc/m2208745.html HTTP/1.1" 200 69347 "-" "Mozilla/5.0 AppleWebKit/537.36 (KHTML, like Gecko; compatible; bingbot/2.0; +http://www.bing.com/bingbot.htm) Chrome/116.0.1938.76 Safari/537.36"
40.77.167.61 - - [14/Jan/2025:20:57:02 -0500] "GET /qogtp/i2961363.html HTTP/1.1" 200 68915 "-" "Mozilla/5.0 AppleWebKit/537.36 (KHTML, like Gecko; compatible; bingbot/2.0; +http://www.bing.com/bingbot.htm) Chrome/116.0.1938.76 Safari/537.36"
52.167.144.157 - - [14/Jan/2025:20:57:04 -0500] "GET /qmcrg/y2691161.html HTTP/1.1" 200 69466 "-" "Mozilla/5.0 AppleWebKit/537.36 (KHTML, like Gecko; compatible; bingbot/2.0; +http://www.bing.com/bingbot.htm) Chrome/116.0.1938.76 Safari/537.36"
52.167.144.210 - - [14/Jan/2025:20:57:10 -0500] "GET /qjnyi/x314292.html HTTP/1.1" 200 69105 "-" "Mozilla/5.0 AppleWebKit/537.36 (KHTML, like Gecko; compatible; bingbot/2.0; +http://www.bing.com/bingbot.htm) Chrome/116.0.1938.76 Safari/537.36"
40.77.167.65 - - [14/Jan/2025:20:57:14 -0500] "GET /rhqrp/i2518479.html HTTP/1.1" 200 70079 "-" "Mozilla/5.0 AppleWebKit/537.36 (KHTML, like Gecko; compatible; bingbot/2.0; +http://www.bing.com/bingbot.htm) Chrome/116.0.1938.76 Safari/537.36"
52.167.144.210 - - [14/Jan/2025:20:57:14 -0500] "GET /axcsi/f2858478.html HTTP/1.1" 200 69142 "-" "Mozilla/5.0 AppleWebKit/537.36 (KHTML, like Gecko; compatible; bingbot/2.0; +http://www.bing.com/bingbot.htm) Chrome/116.0.1938.76 Safari/537.36"
66.249.79.4 - - [14/Jan/2025:20:57:21 -0500] "GET /elppm/s2415399.html HTTP/1.1" 200 68047 "-" "Mozilla/5.0 (compatible; Googlebot/2.1; +http://www.google.com/bot.html)"
40.77.167.76 - - [14/Jan/2025:20:57:29 -0500] "GET /hcvjm/p856332.html HTTP/1.1" 200 68790 "-" "Mozilla/5.0 AppleWebKit/537.36 (KHTML, like Gecko; compatible; bingbot/2.0; +http://www.bing.com/bingbot.htm) Chrome/116.0.1938.76 Safari/537.36"
40.77.167.65 - - [14/Jan/2025:20:57:43 -0500] "GET /wdrml/b1504472.html HTTP/1.1" 200 68214 "-" "Mozilla/5.0 AppleWebKit/537.36 (KHTML, like Gecko; compatible; bingbot/2.0; +http://www.bing.com/bingbot.htm) Chrome/116.0.1938.76 Safari/537.36"
52.167.144.157 - - [14/Jan/2025:20:57:53 -0500] "GET /odmfo/x2230882.html HTTP/1.1" 200 69098 "-" "Mozilla/5.0 AppleWebKit/537.36 (KHTML, like Gecko; compatible; bingbot/2.0; +http://www.bing.com/bingbot.htm) Chrome/116.0.1938.76 Safari/537.36"
40.77.167.76 - - [14/Jan/2025:20:57:59 -0500] "GET /vmtfm/f1121158.html HTTP/1.1" 200 68722 "-" "Mozilla/5.0 AppleWebKit/537.36 (KHTML, like Gecko; compatible; bingbot/2.0; +http://www.bing.com/bingbot.htm) Chrome/116.0.1938.76 Safari/537.36"
52.167.144.157 - - [14/Jan/2025:20:58:03 -0500] "GET /sgusi/p1951426.html HTTP/1.1" 200 67841 "-" "Mozilla/5.0 AppleWebKit/537.36 (KHTML, like Gecko; compatible; bingbot/2.0; +http://www.bing.com/bingbot.htm) Chrome/116.0.1938.76 Safari/537.36"
52.167.144.210 - - [14/Jan/2025:20:58:10 -0500] "GET /ixhil/c2811233.html HTTP/1.1" 200 69641 "-" "Mozilla/5.0 AppleWebKit/537.36 (KHTML, like Gecko; compatible; bingbot/2.0; +http://www.bing.com/bingbot.htm) Chrome/116.0.1938.76 Safari/537.36"
40.77.167.61 - - [14/Jan/2025:20:58:20 -0500] "GET /nxdgw/f1909972.html HTTP/1.1" 200 70549 "-" "Mozilla/5.0 AppleWebKit/537.36 (KHTML, like Gecko; compatible; bingbot/2.0; +http://www.bing.com/bingbot.htm) Chrome/116.0.1938.76 Safari/537.36"
40.77.167.65 - - [14/Jan/2025:20:58:24 -0500] "GET /tlkcs/n2097908.html HTTP/1.1" 200 69165 "-" "Mozilla/5.0 AppleWebKit/537.36 (KHTML, like Gecko; compatible; bingbot/2.0; +http://www.bing.com/bingbot.htm) Chrome/116.0.1938.76 Safari/537.36"
40.77.167.76 - - [14/Jan/2025:20:58:30 -0500] "GET /liadn/k2940071.html HTTP/1.1" 200 67508 "-" "Mozilla/5.0 AppleWebKit/537.36 (KHTML, like Gecko; compatible; bingbot/2.0; +http://www.bing.com/bingbot.htm) Chrome/116.0.1938.76 Safari/537.36"
40.77.167.76 - - [14/Jan/2025:20:58:39 -0500] "GET /afsgn/k1831015.html HTTP/1.1" 200 70372 "-" "Mozilla/5.0 AppleWebKit/537.36 (KHTML, like Gecko; compatible; bingbot/2.0; +http://www.bing.com/bingbot.htm) Chrome/116.0.1938.76 Safari/537.36"
40.77.167.65 - - [14/Jan/2025:20:59:04 -0500] "GET /dirdu/w2617241.html HTTP/1.1" 200 68532 "-" "Mozilla/5.0 AppleWebKit/537.36 (KHTML, like Gecko; compatible; bingbot/2.0; +http://www.bing.com/bingbot.htm) Chrome/116.0.1938.76 Safari/537.36"
52.167.144.203 - - [14/Jan/2025:20:59:30 -0500] "GET /ttgxp/i1629409.html HTTP/1.1" 200 67926 "-" "Mozilla/5.0 AppleWebKit/537.36 (KHTML, like Gecko; compatible; bingbot/2.0; +http://www.bing.com/bingbot.htm) Chrome/116.0.1938.76 Safari/537.36"
40.77.167.61 - - [14/Jan/2025:20:59:32 -0500] "GET /trats/d343210.html HTTP/1.1" 200 73113 "-" "Mozilla/5.0 AppleWebKit/537.36 (KHTML, like Gecko; compatible; bingbot/2.0; +http://www.bing.com/bingbot.htm) Chrome/116.0.1938.76 Safari/537.36"
52.167.144.157 - - [14/Jan/2025:20:59:35 -0500] "GET /bizfs/d2218330.html HTTP/1.1" 200 69578 "-" "Mozilla/5.0 AppleWebKit/537.36 (KHTML, like Gecko; compatible; bingbot/2.0; +http://www.bing.com/bingbot.htm) Chrome/116.0.1938.76 Safari/537.36"
52.167.144.157 - - [14/Jan/2025:20:59:35 -0500] "GET /ygnen/y2582481.html HTTP/1.1" 200 70040 "-" "Mozilla/5.0 AppleWebKit/537.36 (KHTML, like Gecko; compatible; bingbot/2.0; +http://www.bing.com/bingbot.htm) Chrome/116.0.1938.76 Safari/537.36"
52.167.144.157 - - [14/Jan/2025:20:59:40 -0500] "GET /lroge/y2515167.html HTTP/1.1" 200 81402 "-" "Mozilla/5.0 AppleWebKit/537.36 (KHTML, like Gecko; compatible; bingbot/2.0; +http://www.bing.com/bingbot.htm) Chrome/116.0.1938.76 Safari/537.36"
52.167.144.157 - - [14/Jan/2025:20:59:54 -0500] "GET /gzdof/c1707923.html HTTP/1.1" 200 67936 "-" "Mozilla/5.0 AppleWebKit/537.36 (KHTML, like Gecko; compatible; bingbot/2.0; +http://www.bing.com/bingbot.htm) Chrome/116.0.1938.76 Safari/537.36"
52.167.144.234 - - [14/Jan/2025:21:00:00 -0500] "GET /gmjxh/y1886617.html HTTP/1.1" 200 70282 "-" "Mozilla/5.0 AppleWebKit/537.36 (KHTML, like Gecko; compatible; bingbot/2.0; +http://www.bing.com/bingbot.htm) Chrome/116.0.1938.76 Safari/537.36"
40.77.167.61 - - [14/Jan/2025:21:00:14 -0500] "GET /jcxvn/z120438.html HTTP/1.1" 200 73016 "-" "Mozilla/5.0 AppleWebKit/537.36 (KHTML, like Gecko; compatible; bingbot/2.0; +http://www.bing.com/bingbot.htm) Chrome/116.0.1938.76 Safari/537.36"
52.167.144.157 - - [14/Jan/2025:21:00:16 -0500] "GET /qjgjo/q2732415.html HTTP/1.1" 200 68260 "-" "Mozilla/5.0 AppleWebKit/537.36 (KHTML, like Gecko; compatible; bingbot/2.0; +http://www.bing.com/bingbot.htm) Chrome/116.0.1938.76 Safari/537.36"
52.167.144.234 - - [14/Jan/2025:21:00:29 -0500] "GET /coijn/z118878.html HTTP/1.1" 200 67852 "-" "Mozilla/5.0 AppleWebKit/537.36 (KHTML, like Gecko; compatible; bingbot/2.0; +http://www.bing.com/bingbot.htm) Chrome/116.0.1938.76 Safari/537.36"
40.77.167.61 - - [14/Jan/2025:21:00:30 -0500] "GET /oqbvy/i2820651.html HTTP/1.1" 200 69683 "-" "Mozilla/5.0 AppleWebKit/537.36 (KHTML, like Gecko; compatible; bingbot/2.0; +http://www.bing.com/bingbot.htm) Chrome/116.0.1938.76 Safari/537.36"
40.77.167.11 - - [14/Jan/2025:21:00:33 -0500] "GET /jblxg/m391267.html HTTP/1.1" 200 69398 "-" "Mozilla/5.0 AppleWebKit/537.36 (KHTML, like Gecko; compatible; bingbot/2.0; +http://www.bing.com/bingbot.htm) Chrome/116.0.1938.76 Safari/537.36"
40.77.167.61 - - [14/Jan/2025:21:00:36 -0500] "GET /ntbxu/k2712181.html HTTP/1.1" 200 67438 "-" "Mozilla/5.0 AppleWebKit/537.36 (KHTML, like Gecko; compatible; bingbot/2.0; +http://www.bing.com/bingbot.htm) Chrome/116.0.1938.76 Safari/537.36"
40.77.167.65 - - [14/Jan/2025:21:00:44 -0500] "GET /nnmsy/w3079131.html HTTP/1.1" 200 70059 "-" "Mozilla/5.0 AppleWebKit/537.36 (KHTML, like Gecko; compatible; bingbot/2.0; +http://www.bing.com/bingbot.htm) Chrome/116.0.1938.76 Safari/537.36"
40.77.167.11 - - [14/Jan/2025:21:00:50 -0500] "GET /fcjsb/b2357922.html HTTP/1.1" 200 68435 "-" "Mozilla/5.0 AppleWebKit/537.36 (KHTML, like Gecko; compatible; bingbot/2.0; +http://www.bing.com/bingbot.htm) Chrome/116.0.1938.76 Safari/537.36"
66.249.79.4 - - [14/Jan/2025:21:00:55 -0500] "GET /wmwhw/e2132765.html HTTP/1.1" 200 67499 "-" "Mozilla/5.0 (compatible; Googlebot/2.1; +http://www.google.com/bot.html)"
40.77.167.11 - - [14/Jan/2025:21:00:56 -0500] "GET /cvplg/w2556141.html HTTP/1.1" 200 69336 "-" "Mozilla/5.0 AppleWebKit/537.36 (KHTML, like Gecko; compatible; bingbot/2.0; +http://www.bing.com/bingbot.htm) Chrome/116.0.1938.76 Safari/537.36"
40.77.167.61 - - [14/Jan/2025:21:01:11 -0500] "GET /xegqe/j2865008.html HTTP/1.1" 200 68156 "-" "Mozilla/5.0 AppleWebKit/537.36 (KHTML, like Gecko; compatible; bingbot/2.0; +http://www.bing.com/bingbot.htm) Chrome/116.0.1938.76 Safari/537.36"
52.167.144.203 - - [14/Jan/2025:21:01:19 -0500] "GET /bwjhp/c890925.html HTTP/1.1" 200 69070 "-" "Mozilla/5.0 AppleWebKit/537.36 (KHTML, like Gecko; compatible; bingbot/2.0; +http://www.bing.com/bingbot.htm) Chrome/116.0.1938.76 Safari/537.36"
40.77.167.61 - - [14/Jan/2025:21:01:30 -0500] "GET /emrri/b91580.html HTTP/1.1" 200 69641 "-" "Mozilla/5.0 AppleWebKit/537.36 (KHTML, like Gecko; compatible; bingbot/2.0; +http://www.bing.com/bingbot.htm) Chrome/116.0.1938.76 Safari/537.36"
40.77.167.11 - - [14/Jan/2025:21:01:34 -0500] "GET /qbdsw/t2062034.html HTTP/1.1" 200 68896 "-" "Mozilla/5.0 AppleWebKit/537.36 (KHTML, like Gecko; compatible; bingbot/2.0; +http://www.bing.com/bingbot.htm) Chrome/116.0.1938.76 Safari/537.36"
40.77.167.11 - - [14/Jan/2025:21:01:50 -0500] "GET /qhpmh/w2907661.html HTTP/1.1" 200 67771 "-" "Mozilla/5.0 AppleWebKit/537.36 (KHTML, like Gecko; compatible; bingbot/2.0; +http://www.bing.com/bingbot.htm) Chrome/116.0.1938.76 Safari/537.36"
66.249.79.36 - - [14/Jan/2025:21:02:03 -0500] "GET /hhpws/j1123684.html HTTP/1.1" 200 69298 "-" "Mozilla/5.0 (Linux; Android 6.0.1; Nexus 5X Build/MMB29P) AppleWebKit/537.36 (KHTML, like Gecko) Chrome/131.0.6778.264 Mobile Safari/537.36 (compatible; Googlebot/2.1; +http://www.google.com/bot.html)"
52.167.144.234 - - [14/Jan/2025:21:02:10 -0500] "GET /gtbib/h133836.html HTTP/1.1" 200 69441 "-" "Mozilla/5.0 AppleWebKit/537.36 (KHTML, like Gecko; compatible; bingbot/2.0; +http://www.bing.com/bingbot.htm) Chrome/116.0.1938.76 Safari/537.36"
40.77.167.61 - - [14/Jan/2025:21:02:11 -0500] "GET /tyryu/b260138.html HTTP/1.1" 200 72890 "-" "Mozilla/5.0 AppleWebKit/537.36 (KHTML, like Gecko; compatible; bingbot/2.0; +http://www.bing.com/bingbot.htm) Chrome/116.0.1938.76 Safari/537.36"
40.77.167.61 - - [14/Jan/2025:21:02:14 -0500] "GET /erbla/q441581.html HTTP/1.1" 200 67966 "-" "Mozilla/5.0 AppleWebKit/537.36 (KHTML, like Gecko; compatible; bingbot/2.0; +http://www.bing.com/bingbot.htm) Chrome/116.0.1938.76 Safari/537.36"
40.77.167.17 - - [14/Jan/2025:21:02:15 -0500] "GET /dkris/l1799582.html HTTP/1.1" 200 69239 "-" "Mozilla/5.0 AppleWebKit/537.36 (KHTML, like Gecko; compatible; bingbot/2.0; +http://www.bing.com/bingbot.htm) Chrome/116.0.1938.76 Safari/537.36"
52.167.144.203 - - [14/Jan/2025:21:02:19 -0500] "GET /adhnf/v1793274.html HTTP/1.1" 200 68696 "-" "Mozilla/5.0 AppleWebKit/537.36 (KHTML, like Gecko; compatible; bingbot/2.0; +http://www.bing.com/bingbot.htm) Chrome/116.0.1938.76 Safari/537.36"
52.167.144.172 - - [14/Jan/2025:21:02:24 -0500] "GET /erhgl/y2750415.html HTTP/1.1" 200 68343 "-" "Mozilla/5.0 AppleWebKit/537.36 (KHTML, like Gecko; compatible; bingbot/2.0; +http://www.bing.com/bingbot.htm) Chrome/116.0.1938.76 Safari/537.36"
40.77.167.61 - - [14/Jan/2025:21:02:32 -0500] "GET /modkg/b1272396.html HTTP/1.1" 200 69215 "-" "Mozilla/5.0 AppleWebKit/537.36 (KHTML, like Gecko; compatible; bingbot/2.0; +http://www.bing.com/bingbot.htm) Chrome/116.0.1938.76 Safari/537.36"
66.249.79.36 - - [14/Jan/2025:21:02:38 -0500] "GET /qqoji/c434911.html HTTP/1.1" 200 69218 "-" "Mozilla/5.0 (compatible; Googlebot/2.1; +http://www.google.com/bot.html)"
40.77.167.11 - - [14/Jan/2025:21:02:40 -0500] "GET /bewqd/f2064412.html HTTP/1.1" 200 70099 "-" "Mozilla/5.0 AppleWebKit/537.36 (KHTML, like Gecko; compatible; bingbot/2.0; +http://www.bing.com/bingbot.htm) Chrome/116.0.1938.76 Safari/537.36"
52.167.144.172 - - [14/Jan/2025:21:02:45 -0500] "GET /zqndh/n1070570.html HTTP/1.1" 200 68462 "-" "Mozilla/5.0 AppleWebKit/537.36 (KHTML, like Gecko; compatible; bingbot/2.0; +http://www.bing.com/bingbot.htm) Chrome/116.0.1938.76 Safari/537.36"
52.167.144.203 - - [14/Jan/2025:21:02:51 -0500] "GET /putma/y1255675.html HTTP/1.1" 200 69359 "-" "Mozilla/5.0 AppleWebKit/537.36 (KHTML, like Gecko; compatible; bingbot/2.0; +http://www.bing.com/bingbot.htm) Chrome/116.0.1938.76 Safari/537.36"
40.77.167.11 - - [14/Jan/2025:21:03:00 -0500] "GET /fxbtq/p1725564.html HTTP/1.1" 200 69225 "-" "Mozilla/5.0 AppleWebKit/537.36 (KHTML, like Gecko; compatible; bingbot/2.0; +http://www.bing.com/bingbot.htm) Chrome/116.0.1938.76 Safari/537.36"
52.167.144.172 - - [14/Jan/2025:21:03:05 -0500] "GET /ddnln/p1718388.html HTTP/1.1" 200 69606 "-" "Mozilla/5.0 AppleWebKit/537.36 (KHTML, like Gecko; compatible; bingbot/2.0; +http://www.bing.com/bingbot.htm) Chrome/116.0.1938.76 Safari/537.36"
40.77.167.61 - - [14/Jan/2025:21:03:11 -0500] "GET /mugwx/p1297422.html HTTP/1.1" 200 68196 "-" "Mozilla/5.0 AppleWebKit/537.36 (KHTML, like Gecko; compatible; bingbot/2.0; +http://www.bing.com/bingbot.htm) Chrome/116.0.1938.76 Safari/537.36"
66.249.79.32 - - [14/Jan/2025:21:03:12 -0500] "GET /mthmg/d2824572.html HTTP/1.1" 200 69853 "-" "Mozilla/5.0 (compatible; Googlebot/2.1; +http://www.google.com/bot.html)"
40.77.167.17 - - [14/Jan/2025:21:03:14 -0500] "GET /penqo/n2753966.html HTTP/1.1" 200 71549 "-" "Mozilla/5.0 AppleWebKit/537.36 (KHTML, like Gecko; compatible; bingbot/2.0; +http://www.bing.com/bingbot.htm) Chrome/116.0.1938.76 Safari/537.36"
52.167.144.203 - - [14/Jan/2025:21:03:19 -0500] "GET /udruq/x1111816.html HTTP/1.1" 200 69292 "-" "Mozilla/5.0 AppleWebKit/537.36 (KHTML, like Gecko; compatible; bingbot/2.0; +http://www.bing.com/bingbot.htm) Chrome/116.0.1938.76 Safari/537.36"
40.77.167.61 - - [14/Jan/2025:21:03:20 -0500] "GET /wumim/p1636878.html HTTP/1.1" 200 68762 "-" "Mozilla/5.0 AppleWebKit/537.36 (KHTML, like Gecko; compatible; bingbot/2.0; +http://www.bing.com/bingbot.htm) Chrome/116.0.1938.76 Safari/537.36"
66.249.68.32 - - [14/Jan/2025:21:03:31 -0500] "GET /xkpgq/p1746234.html HTTP/1.1" 200 68032 "-" "Mozilla/5.0 (Linux; Android 6.0.1; Nexus 5X Build/MMB29P) AppleWebKit/537.36 (KHTML, like Gecko) Chrome/131.0.6778.264 Mobile Safari/537.36 (compatible; Googlebot/2.1; +http://www.google.com/bot.html)"
52.167.144.172 - - [14/Jan/2025:21:03:35 -0500] "GET /vprdy/k2970699.html HTTP/1.1" 200 68860 "-" "Mozilla/5.0 AppleWebKit/537.36 (KHTML, like Gecko; compatible; bingbot/2.0; +http://www.bing.com/bingbot.htm) Chrome/116.0.1938.76 Safari/537.36"
52.167.144.203 - - [14/Jan/2025:21:03:50 -0500] "GET /gynnk/l527402.html HTTP/1.1" 200 68991 "-" "Mozilla/5.0 AppleWebKit/537.36 (KHTML, like Gecko; compatible; bingbot/2.0; +http://www.bing.com/bingbot.htm) Chrome/116.0.1938.76 Safari/537.36"
40.77.167.11 - - [14/Jan/2025:21:03:50 -0500] "GET /dkkin/r2254302.html HTTP/1.1" 200 68711 "-" "Mozilla/5.0 AppleWebKit/537.36 (KHTML, like Gecko; compatible; bingbot/2.0; +http://www.bing.com/bingbot.htm) Chrome/116.0.1938.76 Safari/537.36"
52.167.144.203 - - [14/Jan/2025:21:03:53 -0500] "GET /rslcj/w1364535.html HTTP/1.1" 200 68120 "-" "Mozilla/5.0 AppleWebKit/537.36 (KHTML, like Gecko; compatible; bingbot/2.0; +http://www.bing.com/bingbot.htm) Chrome/116.0.1938.76 Safari/537.36"
40.77.167.11 - - [14/Jan/2025:21:03:59 -0500] "GET /bspdb/t815984.html HTTP/1.1" 200 72980 "-" "Mozilla/5.0 AppleWebKit/537.36 (KHTML, like Gecko; compatible; bingbot/2.0; +http://www.bing.com/bingbot.htm) Chrome/116.0.1938.76 Safari/537.36"
40.77.167.11 - - [14/Jan/2025:21:04:03 -0500] "GET /tlhsq/i2323687.html HTTP/1.1" 200 69303 "-" "Mozilla/5.0 AppleWebKit/537.36 (KHTML, like Gecko; compatible; bingbot/2.0; +http://www.bing.com/bingbot.htm) Chrome/116.0.1938.76 Safari/537.36"
40.77.167.17 - - [14/Jan/2025:21:04:04 -0500] "GET /stffa/f232634.html HTTP/1.1" 200 72317 "-" "Mozilla/5.0 AppleWebKit/537.36 (KHTML, like Gecko; compatible; bingbot/2.0; +http://www.bing.com/bingbot.htm) Chrome/116.0.1938.76 Safari/537.36"
40.77.167.11 - - [14/Jan/2025:21:04:03 -0500] "GET /rcqxu/u1315731.html HTTP/1.1" 200 69761 "-" "Mozilla/5.0 AppleWebKit/537.36 (KHTML, like Gecko; compatible; bingbot/2.0; +http://www.bing.com/bingbot.htm) Chrome/116.0.1938.76 Safari/537.36"
52.167.144.172 - - [14/Jan/2025:21:04:14 -0500] "GET /scivp/t2996526.html HTTP/1.1" 200 69570 "-" "Mozilla/5.0 AppleWebKit/537.36 (KHTML, like Gecko; compatible; bingbot/2.0; +http://www.bing.com/bingbot.htm) Chrome/116.0.1938.76 Safari/537.36"
40.77.167.11 - - [14/Jan/2025:21:04:20 -0500] "GET /gsfxr/t780520.html HTTP/1.1" 200 68683 "-" "Mozilla/5.0 AppleWebKit/537.36 (KHTML, like Gecko; compatible; bingbot/2.0; +http://www.bing.com/bingbot.htm) Chrome/116.0.1938.76 Safari/537.36"
52.167.144.234 - - [14/Jan/2025:21:04:20 -0500] "GET /tcycj/u1764465.html HTTP/1.1" 200 68822 "-" "Mozilla/5.0 AppleWebKit/537.36 (KHTML, like Gecko; compatible; bingbot/2.0; +http://www.bing.com/bingbot.htm) Chrome/116.0.1938.76 Safari/537.36"
40.77.167.11 - - [14/Jan/2025:21:04:23 -0500] "GET /qshuj/z2145110.html HTTP/1.1" 200 68374 "-" "Mozilla/5.0 AppleWebKit/537.36 (KHTML, like Gecko; compatible; bingbot/2.0; +http://www.bing.com/bingbot.htm) Chrome/116.0.1938.76 Safari/537.36"
52.167.144.234 - - [14/Jan/2025:21:04:40 -0500] "GET /dpowt/h2463592.html HTTP/1.1" 200 68163 "-" "Mozilla/5.0 AppleWebKit/537.36 (KHTML, like Gecko; compatible; bingbot/2.0; +http://www.bing.com/bingbot.htm) Chrome/116.0.1938.76 Safari/537.36"
40.77.167.61 - - [14/Jan/2025:21:04:42 -0500] "GET /ibems/j1044410.html HTTP/1.1" 200 74682 "-" "Mozilla/5.0 AppleWebKit/537.36 (KHTML, like Gecko; compatible; bingbot/2.0; +http://www.bing.com/bingbot.htm) Chrome/116.0.1938.76 Safari/537.36"
66.249.68.4 - - [14/Jan/2025:21:04:54 -0500] "GET /xnwaf/l924266.html HTTP/1.1" 200 76935 "-" "Mozilla/5.0 (Linux; Android 6.0.1; Nexus 5X Build/MMB29P) AppleWebKit/537.36 (KHTML, like Gecko) Chrome/131.0.6778.264 Mobile Safari/537.36 (compatible; Googlebot/2.1; +http://www.google.com/bot.html)"
52.167.144.172 - - [14/Jan/2025:21:05:05 -0500] "GET /osawv/n2376550.html HTTP/1.1" 200 69245 "-" "Mozilla/5.0 AppleWebKit/537.36 (KHTML, like Gecko; compatible; bingbot/2.0; +http://www.bing.com/bingbot.htm) Chrome/116.0.1938.76 Safari/537.36"
52.167.144.234 - - [14/Jan/2025:21:05:11 -0500] "GET /kxmko/w1263343.html HTTP/1.1" 200 68688 "-" "Mozilla/5.0 AppleWebKit/537.36 (KHTML, like Gecko; compatible; bingbot/2.0; +http://www.bing.com/bingbot.htm) Chrome/116.0.1938.76 Safari/537.36"
66.249.79.3 - - [14/Jan/2025:21:05:14 -0500] "GET /owxns/j1252176.html HTTP/1.1" 200 69635 "-" "Mozilla/5.0 (Linux; Android 6.0.1; Nexus 5X Build/MMB29P) AppleWebKit/537.36 (KHTML, like Gecko) Chrome/131.0.6778.264 Mobile Safari/537.36 (compatible; Googlebot/2.1; +http://www.google.com/bot.html)"
52.167.144.203 - - [14/Jan/2025:21:05:20 -0500] "GET /maoin/d1315168.html HTTP/1.1" 200 70553 "-" "Mozilla/5.0 AppleWebKit/537.36 (KHTML, like Gecko; compatible; bingbot/2.0; +http://www.bing.com/bingbot.htm) Chrome/116.0.1938.76 Safari/537.36"
52.167.144.172 - - [14/Jan/2025:21:05:24 -0500] "GET /xqbqh/t497302.html HTTP/1.1" 200 69821 "-" "Mozilla/5.0 AppleWebKit/537.36 (KHTML, like Gecko; compatible; bingbot/2.0; +http://www.bing.com/bingbot.htm) Chrome/116.0.1938.76 Safari/537.36"
40.77.167.11 - - [14/Jan/2025:21:05:50 -0500] "GET /pfxhr/r2339114.html HTTP/1.1" 200 69514 "-" "Mozilla/5.0 AppleWebKit/537.36 (KHTML, like Gecko; compatible; bingbot/2.0; +http://www.bing.com/bingbot.htm) Chrome/116.0.1938.76 Safari/537.36"
40.77.167.17 - - [14/Jan/2025:21:05:54 -0500] "GET /buqsf/e662751.html HTTP/1.1" 200 70250 "-" "Mozilla/5.0 AppleWebKit/537.36 (KHTML, like Gecko; compatible; bingbot/2.0; +http://www.bing.com/bingbot.htm) Chrome/116.0.1938.76 Safari/537.36"
40.77.167.11 - - [14/Jan/2025:21:06:00 -0500] "GET /olokw/g1181297.html HTTP/1.1" 200 69245 "-" "Mozilla/5.0 AppleWebKit/537.36 (KHTML, like Gecko; compatible; bingbot/2.0; +http://www.bing.com/bingbot.htm) Chrome/116.0.1938.76 Safari/537.36"
40.77.167.11 - - [14/Jan/2025:21:06:04 -0500] "GET /kvyob/n2101522.html HTTP/1.1" 200 70602 "-" "Mozilla/5.0 AppleWebKit/537.36 (KHTML, like Gecko; compatible; bingbot/2.0; +http://www.bing.com/bingbot.htm) Chrome/116.0.1938.76 Safari/537.36"
52.167.144.234 - - [14/Jan/2025:21:06:11 -0500] "GET /imdry/l1632870.html HTTP/1.1" 200 69086 "-" "Mozilla/5.0 AppleWebKit/537.36 (KHTML, like Gecko; compatible; bingbot/2.0; +http://www.bing.com/bingbot.htm) Chrome/116.0.1938.76 Safari/537.36"
52.167.144.203 - - [14/Jan/2025:21:06:30 -0500] "GET /vdxil/l847384.html HTTP/1.1" 200 70171 "-" "Mozilla/5.0 AppleWebKit/537.36 (KHTML, like Gecko; compatible; bingbot/2.0; +http://www.bing.com/bingbot.htm) Chrome/116.0.1938.76 Safari/537.36"
66.249.79.160 - - [14/Jan/2025:21:06:39 -0500] "GET /dtzdv/m1171839.html HTTP/1.1" 200 70207 "-" "Mozilla/5.0 (Linux; Android 6.0.1; Nexus 5X Build/MMB29P) AppleWebKit/537.36 (KHTML, like Gecko) Chrome/131.0.6778.264 Mobile Safari/537.36 (compatible; Googlebot/2.1; +http://www.google.com/bot.html)"
66.249.68.66 - - [14/Jan/2025:21:06:54 -0500] "GET /skpdd/p454216.html HTTP/1.1" 200 73322 "-" "Mozilla/5.0 (compatible; Googlebot/2.1; +http://www.google.com/bot.html)"
52.167.144.203 - - [14/Jan/2025:21:06:51 -0500] "GET /eyxui/d487406.html HTTP/1.1" 200 67328 "-" "Mozilla/5.0 AppleWebKit/537.36 (KHTML, like Gecko; compatible; bingbot/2.0; +http://www.bing.com/bingbot.htm) Chrome/116.0.1938.76 Safari/537.36"
52.167.144.172 - - [14/Jan/2025:21:07:11 -0500] "GET /fomyb/r423018.html HTTP/1.1" 200 68512 "-" "Mozilla/5.0 AppleWebKit/537.36 (KHTML, like Gecko; compatible; bingbot/2.0; +http://www.bing.com/bingbot.htm) Chrome/116.0.1938.76 Safari/537.36"
66.249.79.35 - - [14/Jan/2025:21:09:05 -0500] "GET /pvyzq/s665183.html HTTP/1.1" 200 68447 "-" "Mozilla/5.0 (Linux; Android 6.0.1; Nexus 5X Build/MMB29P) AppleWebKit/537.36 (KHTML, like Gecko) Chrome/131.0.6778.264 Mobile Safari/537.36 (compatible; Googlebot/2.1; +http://www.google.com/bot.html)"
40.77.167.230 - - [14/Jan/2025:21:11:00 -0500] "GET /auaei/e807207.html HTTP/1.1" 200 76370 "-" "Mozilla/5.0 AppleWebKit/537.36 (KHTML, like Gecko; compatible; bingbot/2.0; +http://www.bing.com/bingbot.htm) Chrome/116.0.1938.76 Safari/537.36"
66.249.79.106 - - [14/Jan/2025:21:11:17 -0500] "GET /rhqat/u253943.html HTTP/1.1" 200 70860 "-" "Mozilla/5.0 (compatible; Googlebot/2.1; +http://www.google.com/bot.html)"
66.249.79.173 - - [14/Jan/2025:21:11:17 -0500] "GET /rhqat/u253943.html HTTP/1.1" 200 70860 "-" "Mozilla/5.0 (Linux; Android 6.0.1; Nexus 5X Build/MMB29P) AppleWebKit/537.36 (KHTML, like Gecko) Chrome/131.0.6778.264 Mobile Safari/537.36 (compatible; Googlebot/2.1; +http://www.google.com/bot.html)"
66.249.79.195 - - [14/Jan/2025:21:11:26 -0500] "GET /amxin/b262218.html HTTP/1.1" 200 67976 "-" "Mozilla/5.0 (Linux; Android 6.0.1; Nexus 5X Build/MMB29P) AppleWebKit/537.36 (KHTML, like Gecko) Chrome/131.0.6778.264 Mobile Safari/537.36 (compatible; Googlebot/2.1; +http://www.google.com/bot.html)"
40.77.167.230 - - [14/Jan/2025:21:11:31 -0500] "GET /ikipd/k1323859.html HTTP/1.1" 200 67553 "-" "Mozilla/5.0 AppleWebKit/537.36 (KHTML, like Gecko; compatible; bingbot/2.0; +http://www.bing.com/bingbot.htm) Chrome/116.0.1938.76 Safari/537.36"
52.167.144.172 - - [14/Jan/2025:21:11:35 -0500] "GET /tjfxs/f455324.html HTTP/1.1" 200 67953 "-" "Mozilla/5.0 AppleWebKit/537.36 (KHTML, like Gecko; compatible; bingbot/2.0; +http://www.bing.com/bingbot.htm) Chrome/116.0.1938.76 Safari/537.36"
40.77.167.17 - - [14/Jan/2025:21:11:35 -0500] "GET /acupc/m912073.html HTTP/1.1" 200 69365 "-" "Mozilla/5.0 AppleWebKit/537.36 (KHTML, like Gecko; compatible; bingbot/2.0; +http://www.bing.com/bingbot.htm) Chrome/116.0.1938.76 Safari/537.36"
52.167.144.172 - - [14/Jan/2025:21:11:45 -0500] "GET /pgluo/m3020491.html HTTP/1.1" 200 68532 "-" "Mozilla/5.0 AppleWebKit/537.36 (KHTML, like Gecko; compatible; bingbot/2.0; +http://www.bing.com/bingbot.htm) Chrome/116.0.1938.76 Safari/537.36"
52.167.144.171 - - [14/Jan/2025:21:11:50 -0500] "GET /piifg/v2496730.html HTTP/1.1" 200 67684 "-" "Mozilla/5.0 AppleWebKit/537.36 (KHTML, like Gecko; compatible; bingbot/2.0; +http://www.bing.com/bingbot.htm) Chrome/116.0.1938.76 Safari/537.36"
52.167.144.18 - - [14/Jan/2025:21:12:11 -0500] "GET /gsmdo/a1501637.html HTTP/1.1" 200 70013 "-" "Mozilla/5.0 AppleWebKit/537.36 (KHTML, like Gecko; compatible; bingbot/2.0; +http://www.bing.com/bingbot.htm) Chrome/116.0.1938.76 Safari/537.36"
66.249.79.35 - - [14/Jan/2025:21:12:13 -0500] "GET /ruisx/k1249811.html HTTP/1.1" 200 69056 "-" "Mozilla/5.0 (compatible; Googlebot/2.1; +http://www.google.com/bot.html)"
52.167.144.172 - - [14/Jan/2025:21:12:12 -0500] "GET /mxrpk/l1626006.html HTTP/1.1" 200 68877 "-" "Mozilla/5.0 AppleWebKit/537.36 (KHTML, like Gecko; compatible; bingbot/2.0; +http://www.bing.com/bingbot.htm) Chrome/116.0.1938.76 Safari/537.36"
52.167.144.18 - - [14/Jan/2025:21:12:14 -0500] "GET /kamxv/j627734.html HTTP/1.1" 200 68507 "-" "Mozilla/5.0 AppleWebKit/537.36 (KHTML, like Gecko; compatible; bingbot/2.0; +http://www.bing.com/bingbot.htm) Chrome/116.0.1938.76 Safari/537.36"
40.77.167.230 - - [14/Jan/2025:21:12:23 -0500] "GET /tecrb/x1767718.html HTTP/1.1" 200 69516 "-" "Mozilla/5.0 AppleWebKit/537.36 (KHTML, like Gecko; compatible; bingbot/2.0; +http://www.bing.com/bingbot.htm) Chrome/116.0.1938.76 Safari/537.36"
52.167.144.172 - - [14/Jan/2025:21:12:27 -0500] "GET /bulyc/g2518685.html HTTP/1.1" 200 67495 "-" "Mozilla/5.0 AppleWebKit/537.36 (KHTML, like Gecko; compatible; bingbot/2.0; +http://www.bing.com/bingbot.htm) Chrome/116.0.1938.76 Safari/537.36"
52.167.144.172 - - [14/Jan/2025:21:12:23 -0500] "GET /xfydi/r2697108.html HTTP/1.1" 200 68840 "-" "Mozilla/5.0 AppleWebKit/537.36 (KHTML, like Gecko; compatible; bingbot/2.0; +http://www.bing.com/bingbot.htm) Chrome/116.0.1938.76 Safari/537.36"
66.249.79.106 - - [14/Jan/2025:21:12:30 -0500] "GET /tclvf/b1116916.html HTTP/1.1" 200 68405 "-" "Mozilla/5.0 (Linux; Android 6.0.1; Nexus 5X Build/MMB29P) AppleWebKit/537.36 (KHTML, like Gecko) Chrome/131.0.6778.264 Mobile Safari/537.36 (compatible; Googlebot/2.1; +http://www.google.com/bot.html)"
52.167.144.172 - - [14/Jan/2025:21:12:41 -0500] "GET /pmpzw/v801608.html HTTP/1.1" 200 69745 "-" "Mozilla/5.0 AppleWebKit/537.36 (KHTML, like Gecko; compatible; bingbot/2.0; +http://www.bing.com/bingbot.htm) Chrome/116.0.1938.76 Safari/537.36"
52.167.144.172 - - [14/Jan/2025:21:12:52 -0500] "GET /puavj/l763768.html HTTP/1.1" 200 71270 "-" "Mozilla/5.0 AppleWebKit/537.36 (KHTML, like Gecko; compatible; bingbot/2.0; +http://www.bing.com/bingbot.htm) Chrome/116.0.1938.76 Safari/537.36"
52.167.144.172 - - [14/Jan/2025:21:13:02 -0500] "GET /xlemv/x226646.html HTTP/1.1" 200 68359 "-" "Mozilla/5.0 AppleWebKit/537.36 (KHTML, like Gecko; compatible; bingbot/2.0; +http://www.bing.com/bingbot.htm) Chrome/116.0.1938.76 Safari/537.36"
52.167.144.18 - - [14/Jan/2025:21:13:20 -0500] "GET /kfzay/i386999.html HTTP/1.1" 200 68727 "-" "Mozilla/5.0 AppleWebKit/537.36 (KHTML, like Gecko; compatible; bingbot/2.0; +http://www.bing.com/bingbot.htm) Chrome/116.0.1938.76 Safari/537.36"
52.167.144.172 - - [14/Jan/2025:21:13:23 -0500] "GET /xwxxy/p751968.html HTTP/1.1" 200 68612 "-" "Mozilla/5.0 AppleWebKit/537.36 (KHTML, like Gecko; compatible; bingbot/2.0; +http://www.bing.com/bingbot.htm) Chrome/116.0.1938.76 Safari/537.36"
40.77.167.230 - - [14/Jan/2025:21:13:33 -0500] "GET /arggd/d1989140.html HTTP/1.1" 200 72963 "-" "Mozilla/5.0 AppleWebKit/537.36 (KHTML, like Gecko; compatible; bingbot/2.0; +http://www.bing.com/bingbot.htm) Chrome/116.0.1938.76 Safari/537.36"
40.77.167.230 - - [14/Jan/2025:21:13:32 -0500] "GET /zqsle/a2104343.html HTTP/1.1" 200 68925 "-" "Mozilla/5.0 AppleWebKit/537.36 (KHTML, like Gecko; compatible; bingbot/2.0; +http://www.bing.com/bingbot.htm) Chrome/116.0.1938.76 Safari/537.36"
52.167.144.18 - - [14/Jan/2025:21:13:35 -0500] "GET /obgun/b2361484.html HTTP/1.1" 200 71973 "-" "Mozilla/5.0 AppleWebKit/537.36 (KHTML, like Gecko; compatible; bingbot/2.0; +http://www.bing.com/bingbot.htm) Chrome/116.0.1938.76 Safari/537.36"
40.77.167.7 - - [14/Jan/2025:21:13:35 -0500] "GET /mzkos/n1872644.html HTTP/1.1" 200 68575 "-" "Mozilla/5.0 AppleWebKit/537.36 (KHTML, like Gecko; compatible; bingbot/2.0; +http://www.bing.com/bingbot.htm) Chrome/116.0.1938.76 Safari/537.36"
66.249.79.32 - - [14/Jan/2025:21:13:37 -0500] "GET /oijkq/s1149121.html HTTP/1.1" 200 68690 "-" "Mozilla/5.0 (compatible; Googlebot/2.1; +http://www.google.com/bot.html)"
52.167.144.172 - - [14/Jan/2025:21:13:42 -0500] "GET /glbxa/k1357217.html HTTP/1.1" 200 69587 "-" "Mozilla/5.0 AppleWebKit/537.36 (KHTML, like Gecko; compatible; bingbot/2.0; +http://www.bing.com/bingbot.htm) Chrome/116.0.1938.76 Safari/537.36"
52.167.144.172 - - [14/Jan/2025:21:13:52 -0500] "GET /ntamr/d3023186.html HTTP/1.1" 200 68442 "-" "Mozilla/5.0 AppleWebKit/537.36 (KHTML, like Gecko; compatible; bingbot/2.0; +http://www.bing.com/bingbot.htm) Chrome/116.0.1938.76 Safari/537.36"
40.77.167.7 - - [14/Jan/2025:21:13:55 -0500] "GET /olyje/g2808429.html HTTP/1.1" 200 68200 "-" "Mozilla/5.0 AppleWebKit/537.36 (KHTML, like Gecko; compatible; bingbot/2.0; +http://www.bing.com/bingbot.htm) Chrome/116.0.1938.76 Safari/537.36"
52.167.144.171 - - [14/Jan/2025:21:13:56 -0500] "GET /mzyjq/i1238213.html HTTP/1.1" 200 69086 "-" "Mozilla/5.0 AppleWebKit/537.36 (KHTML, like Gecko; compatible; bingbot/2.0; +http://www.bing.com/bingbot.htm) Chrome/116.0.1938.76 Safari/537.36"
40.77.167.65 - - [14/Jan/2025:21:14:05 -0500] "GET /cjivv/x2287900.html HTTP/1.1" 200 68744 "-" "Mozilla/5.0 AppleWebKit/537.36 (KHTML, like Gecko; compatible; bingbot/2.0; +http://www.bing.com/bingbot.htm) Chrome/116.0.1938.76 Safari/537.36"
