52.167.144.238 - - [14/Jan/2025:23:19:34 -0500] "GET /sitemap715.xml HTTP/1.1" 200 14662 "-" "Mozilla/5.0 AppleWebKit/537.36 (KHTML, like Gecko; compatible; bingbot/2.0; +http://www.bing.com/bingbot.htm) Chrome/116.0.1938.76 Safari/537.36"
40.77.167.28 - - [14/Jan/2025:23:19:38 -0500] "GET /sitemap-2.xml HTTP/1.1" 200 14704 "-" "Mozilla/5.0 AppleWebKit/537.36 (KHTML, like Gecko; compatible; bingbot/2.0; +http://www.bing.com/bingbot.htm) Chrome/116.0.1938.76 Safari/537.36"
52.167.144.238 - - [14/Jan/2025:23:19:39 -0500] "GET /sitemap827.xml HTTP/1.1" 200 14706 "-" "Mozilla/5.0 AppleWebKit/537.36 (KHTML, like Gecko; compatible; bingbot/2.0; +http://www.bing.com/bingbot.htm) Chrome/116.0.1938.76 Safari/537.36"
40.77.167.28 - - [14/Jan/2025:23:19:41 -0500] "GET /sitemap-7.xml HTTP/1.1" 200 14650 "-" "Mozilla/5.0 AppleWebKit/537.36 (KHTML, like Gecko; compatible; bingbot/2.0; +http://www.bing.com/bingbot.htm) Chrome/116.0.1938.76 Safari/537.36"
52.167.144.25 - - [14/Jan/2025:23:19:42 -0500] "GET /gndjg/n99886.html HTTP/1.1" 200 68564 "-" "Mozilla/5.0 AppleWebKit/537.36 (KHTML, like Gecko; compatible; bingbot/2.0; +http://www.bing.com/bingbot.htm) Chrome/116.0.1938.76 Safari/537.36"
52.167.144.238 - - [14/Jan/2025:23:19:43 -0500] "GET /sitemap543.xml HTTP/1.1" 200 14747 "-" "Mozilla/5.0 AppleWebKit/537.36 (KHTML, like Gecko; compatible; bingbot/2.0; +http://www.bing.com/bingbot.htm) Chrome/116.0.1938.76 Safari/537.36"
40.77.167.28 - - [14/Jan/2025:23:19:44 -0500] "GET /sitemap-16.xml HTTP/1.1" 200 14747 "-" "Mozilla/5.0 AppleWebKit/537.36 (KHTML, like Gecko; compatible; bingbot/2.0; +http://www.bing.com/bingbot.htm) Chrome/116.0.1938.76 Safari/537.36"
52.167.144.225 - - [14/Jan/2025:23:19:47 -0500] "GET /sdkya/q570021.html HTTP/1.1" 200 68827 "-" "Mozilla/5.0 AppleWebKit/537.36 (KHTML, like Gecko; compatible; bingbot/2.0; +http://www.bing.com/bingbot.htm) Chrome/116.0.1938.76 Safari/537.36"
52.167.144.238 - - [14/Jan/2025:23:19:47 -0500] "GET /sitemap539.xml HTTP/1.1" 200 14619 "-" "Mozilla/5.0 AppleWebKit/537.36 (KHTML, like Gecko; compatible; bingbot/2.0; +http://www.bing.com/bingbot.htm) Chrome/116.0.1938.76 Safari/537.36"
40.77.167.28 - - [14/Jan/2025:23:19:49 -0500] "GET /sitemap846.xml HTTP/1.1" 200 14619 "-" "Mozilla/5.0 AppleWebKit/537.36 (KHTML, like Gecko; compatible; bingbot/2.0; +http://www.bing.com/bingbot.htm) Chrome/116.0.1938.76 Safari/537.36"
52.167.144.221 - - [14/Jan/2025:23:19:50 -0500] "GET /sitemap-10.xml HTTP/1.1" 200 14698 "-" "Mozilla/5.0 AppleWebKit/537.36 (KHTML, like Gecko; compatible; bingbot/2.0; +http://www.bing.com/bingbot.htm) Chrome/116.0.1938.76 Safari/537.36"
40.77.167.28 - - [14/Jan/2025:23:19:55 -0500] "GET /sitemap-14.xml HTTP/1.1" 200 14646 "-" "Mozilla/5.0 AppleWebKit/537.36 (KHTML, like Gecko; compatible; bingbot/2.0; +http://www.bing.com/bingbot.htm) Chrome/116.0.1938.76 Safari/537.36"
52.167.144.221 - - [14/Jan/2025:23:19:55 -0500] "GET /sitemap581.xml HTTP/1.1" 200 14655 "-" "Mozilla/5.0 AppleWebKit/537.36 (KHTML, like Gecko; compatible; bingbot/2.0; +http://www.bing.com/bingbot.htm) Chrome/116.0.1938.76 Safari/537.36"
52.167.144.221 - - [14/Jan/2025:23:19:57 -0500] "GET /sitemap806.xml HTTP/1.1" 200 14664 "-" "Mozilla/5.0 AppleWebKit/537.36 (KHTML, like Gecko; compatible; bingbot/2.0; +http://www.bing.com/bingbot.htm) Chrome/116.0.1938.76 Safari/537.36"
52.167.144.221 - - [14/Jan/2025:23:20:00 -0500] "GET /sitemap550.xml HTTP/1.1" 200 14674 "-" "Mozilla/5.0 AppleWebKit/537.36 (KHTML, like Gecko; compatible; bingbot/2.0; +http://www.bing.com/bingbot.htm) Chrome/116.0.1938.76 Safari/537.36"
40.77.167.28 - - [14/Jan/2025:23:20:00 -0500] "GET /sitemap-1.xml HTTP/1.1" 200 14624 "-" "Mozilla/5.0 AppleWebKit/537.36 (KHTML, like Gecko; compatible; bingbot/2.0; +http://www.bing.com/bingbot.htm) Chrome/116.0.1938.76 Safari/537.36"
40.77.167.28 - - [14/Jan/2025:23:20:00 -0500] "GET /sitemap555.xml HTTP/1.1" 200 14655 "-" "Mozilla/5.0 AppleWebKit/537.36 (KHTML, like Gecko; compatible; bingbot/2.0; +http://www.bing.com/bingbot.htm) Chrome/116.0.1938.76 Safari/537.36"
52.167.144.221 - - [14/Jan/2025:23:20:02 -0500] "GET /sitemap.xml HTTP/1.1" 200 14682 "-" "Mozilla/5.0 AppleWebKit/537.36 (KHTML, like Gecko; compatible; bingbot/2.0; +http://www.bing.com/bingbot.htm) Chrome/116.0.1938.76 Safari/537.36"
40.77.167.28 - - [14/Jan/2025:23:20:03 -0500] "GET /sitemap482.xml HTTP/1.1" 200 14685 "-" "Mozilla/5.0 AppleWebKit/537.36 (KHTML, like Gecko; compatible; bingbot/2.0; +http://www.bing.com/bingbot.htm) Chrome/116.0.1938.76 Safari/537.36"
40.77.167.28 - - [14/Jan/2025:23:20:04 -0500] "GET /sitemap711.xml HTTP/1.1" 200 14625 "-" "Mozilla/5.0 AppleWebKit/537.36 (KHTML, like Gecko; compatible; bingbot/2.0; +http://www.bing.com/bingbot.htm) Chrome/116.0.1938.76 Safari/537.36"
52.167.144.238 - - [14/Jan/2025:23:20:05 -0500] "GET /sitemap410.xml HTTP/1.1" 200 14651 "-" "Mozilla/5.0 AppleWebKit/537.36 (KHTML, like Gecko; compatible; bingbot/2.0; +http://www.bing.com/bingbot.htm) Chrome/116.0.1938.76 Safari/537.36"
52.167.144.238 - - [14/Jan/2025:23:20:09 -0500] "GET /sitemap500.xml HTTP/1.1" 200 14689 "-" "Mozilla/5.0 AppleWebKit/537.36 (KHTML, like Gecko; compatible; bingbot/2.0; +http://www.bing.com/bingbot.htm) Chrome/116.0.1938.76 Safari/537.36"
52.167.144.221 - - [14/Jan/2025:23:20:11 -0500] "GET /lxycg/h3071160.html HTTP/1.1" 200 70146 "-" "Mozilla/5.0 AppleWebKit/537.36 (KHTML, like Gecko; compatible; bingbot/2.0; +http://www.bing.com/bingbot.htm) Chrome/116.0.1938.76 Safari/537.36"
52.167.144.238 - - [14/Jan/2025:23:20:12 -0500] "GET /sitemap514.xml HTTP/1.1" 200 14647 "-" "Mozilla/5.0 AppleWebKit/537.36 (KHTML, like Gecko; compatible; bingbot/2.0; +http://www.bing.com/bingbot.htm) Chrome/116.0.1938.76 Safari/537.36"
52.167.144.221 - - [14/Jan/2025:23:20:15 -0500] "GET /zljij/j149568.html HTTP/1.1" 200 68664 "-" "Mozilla/5.0 AppleWebKit/537.36 (KHTML, like Gecko; compatible; bingbot/2.0; +http://www.bing.com/bingbot.htm) Chrome/116.0.1938.76 Safari/537.36"
52.167.144.221 - - [14/Jan/2025:23:20:16 -0500] "GET /plbjh/b111340.html HTTP/1.1" 200 68446 "-" "Mozilla/5.0 AppleWebKit/537.36 (KHTML, like Gecko; compatible; bingbot/2.0; +http://www.bing.com/bingbot.htm) Chrome/116.0.1938.76 Safari/537.36"
52.167.144.238 - - [14/Jan/2025:23:20:15 -0500] "GET /sitemap241.xml HTTP/1.1" 200 14633 "-" "Mozilla/5.0 AppleWebKit/537.36 (KHTML, like Gecko; compatible; bingbot/2.0; +http://www.bing.com/bingbot.htm) Chrome/116.0.1938.76 Safari/537.36"
52.167.144.238 - - [14/Jan/2025:23:20:21 -0500] "GET /sitemap-6.xml HTTP/1.1" 200 14658 "-" "Mozilla/5.0 AppleWebKit/537.36 (KHTML, like Gecko; compatible; bingbot/2.0; +http://www.bing.com/bingbot.htm) Chrome/116.0.1938.76 Safari/537.36"
52.167.144.238 - - [14/Jan/2025:23:20:26 -0500] "GET /iauac/c1069311.html HTTP/1.1" 200 67238 "-" "Mozilla/5.0 AppleWebKit/537.36 (KHTML, like Gecko; compatible; bingbot/2.0; +http://www.bing.com/bingbot.htm) Chrome/116.0.1938.76 Safari/537.36"
52.167.144.238 - - [14/Jan/2025:23:20:24 -0500] "GET /fdqbc/t452452.html HTTP/1.1" 200 72081 "-" "Mozilla/5.0 AppleWebKit/537.36 (KHTML, like Gecko; compatible; bingbot/2.0; +http://www.bing.com/bingbot.htm) Chrome/116.0.1938.76 Safari/537.36"
52.167.144.187 - - [14/Jan/2025:23:20:25 -0500] "GET /sitemaps.xml HTTP/1.1" 200 14681 "-" "Mozilla/5.0 AppleWebKit/537.36 (KHTML, like Gecko; compatible; bingbot/2.0; +http://www.bing.com/bingbot.htm) Chrome/116.0.1938.76 Safari/537.36"
52.167.144.187 - - [14/Jan/2025:23:20:29 -0500] "GET /phebf/w2522159.html HTTP/1.1" 200 67451 "-" "Mozilla/5.0 AppleWebKit/537.36 (KHTML, like Gecko; compatible; bingbot/2.0; +http://www.bing.com/bingbot.htm) Chrome/116.0.1938.76 Safari/537.36"
40.77.167.28 - - [14/Jan/2025:23:20:36 -0500] "GET /sitemap264.xml HTTP/1.1" 200 14618 "-" "Mozilla/5.0 AppleWebKit/537.36 (KHTML, like Gecko; compatible; bingbot/2.0; +http://www.bing.com/bingbot.htm) Chrome/116.0.1938.76 Safari/537.36"
52.167.144.225 - - [14/Jan/2025:23:20:37 -0500] "GET /lpcep/p2486038.html HTTP/1.1" 200 69185 "-" "Mozilla/5.0 AppleWebKit/537.36 (KHTML, like Gecko; compatible; bingbot/2.0; +http://www.bing.com/bingbot.htm) Chrome/116.0.1938.76 Safari/537.36"
40.77.167.28 - - [14/Jan/2025:23:20:39 -0500] "GET /sitemap415.xml HTTP/1.1" 200 14652 "-" "Mozilla/5.0 AppleWebKit/537.36 (KHTML, like Gecko; compatible; bingbot/2.0; +http://www.bing.com/bingbot.htm) Chrome/116.0.1938.76 Safari/537.36"
52.167.144.225 - - [14/Jan/2025:23:20:40 -0500] "GET /gfioq/s3014829.html HTTP/1.1" 200 70147 "-" "Mozilla/5.0 AppleWebKit/537.36 (KHTML, like Gecko; compatible; bingbot/2.0; +http://www.bing.com/bingbot.htm) Chrome/116.0.1938.76 Safari/537.36"
40.77.167.28 - - [14/Jan/2025:23:20:40 -0500] "GET /sitemap528.xml HTTP/1.1" 200 14748 "-" "Mozilla/5.0 AppleWebKit/537.36 (KHTML, like Gecko; compatible; bingbot/2.0; +http://www.bing.com/bingbot.htm) Chrome/116.0.1938.76 Safari/537.36"
40.77.167.28 - - [14/Jan/2025:23:20:41 -0500] "GET /sitemap225.xml HTTP/1.1" 200 14675 "-" "Mozilla/5.0 AppleWebKit/537.36 (KHTML, like Gecko; compatible; bingbot/2.0; +http://www.bing.com/bingbot.htm) Chrome/116.0.1938.76 Safari/537.36"
52.167.144.25 - - [14/Jan/2025:23:20:44 -0500] "GET /tekvy/y2780003.html HTTP/1.1" 200 68794 "-" "Mozilla/5.0 AppleWebKit/537.36 (KHTML, like Gecko; compatible; bingbot/2.0; +http://www.bing.com/bingbot.htm) Chrome/116.0.1938.76 Safari/537.36"
40.77.167.28 - - [14/Jan/2025:23:20:44 -0500] "GET /qrxiw/e230969.html HTTP/1.1" 200 69200 "-" "Mozilla/5.0 AppleWebKit/537.36 (KHTML, like Gecko; compatible; bingbot/2.0; +http://www.bing.com/bingbot.htm) Chrome/116.0.1938.76 Safari/537.36"
40.77.167.28 - - [14/Jan/2025:23:20:43 -0500] "GET /sitemap688.xml HTTP/1.1" 200 14623 "-" "Mozilla/5.0 AppleWebKit/537.36 (KHTML, like Gecko; compatible; bingbot/2.0; +http://www.bing.com/bingbot.htm) Chrome/116.0.1938.76 Safari/537.36"
52.167.144.225 - - [14/Jan/2025:23:20:47 -0500] "GET /kvswb/b1979492.html HTTP/1.1" 200 69804 "-" "Mozilla/5.0 AppleWebKit/537.36 (KHTML, like Gecko; compatible; bingbot/2.0; +http://www.bing.com/bingbot.htm) Chrome/116.0.1938.76 Safari/537.36"
40.77.167.28 - - [14/Jan/2025:23:20:47 -0500] "GET /vubjr/x833122.html HTTP/1.1" 200 69413 "-" "Mozilla/5.0 AppleWebKit/537.36 (KHTML, like Gecko; compatible; bingbot/2.0; +http://www.bing.com/bingbot.htm) Chrome/116.0.1938.76 Safari/537.36"
52.167.144.187 - - [14/Jan/2025:23:20:48 -0500] "GET /iogaj/z1184280.html HTTP/1.1" 200 69770 "-" "Mozilla/5.0 AppleWebKit/537.36 (KHTML, like Gecko; compatible; bingbot/2.0; +http://www.bing.com/bingbot.htm) Chrome/116.0.1938.76 Safari/537.36"
40.77.167.28 - - [14/Jan/2025:23:20:57 -0500] "GET /qittp/o2662785.html HTTP/1.1" 200 71097 "-" "Mozilla/5.0 AppleWebKit/537.36 (KHTML, like Gecko; compatible; bingbot/2.0; +http://www.bing.com/bingbot.htm) Chrome/116.0.1938.76 Safari/537.36"
52.167.144.225 - - [14/Jan/2025:23:20:58 -0500] "GET /zcdbr/f1476084.html HTTP/1.1" 200 67874 "-" "Mozilla/5.0 AppleWebKit/537.36 (KHTML, like Gecko; compatible; bingbot/2.0; +http://www.bing.com/bingbot.htm) Chrome/116.0.1938.76 Safari/537.36"
40.77.167.28 - - [14/Jan/2025:23:21:02 -0500] "GET /gvrhm/a535841.html HTTP/1.1" 200 68824 "-" "Mozilla/5.0 AppleWebKit/537.36 (KHTML, like Gecko; compatible; bingbot/2.0; +http://www.bing.com/bingbot.htm) Chrome/116.0.1938.76 Safari/537.36"
52.167.144.238 - - [14/Jan/2025:23:21:25 -0500] "GET /xwzbv/p2922318.html HTTP/1.1" 200 72141 "-" "Mozilla/5.0 AppleWebKit/537.36 (KHTML, like Gecko; compatible; bingbot/2.0; +http://www.bing.com/bingbot.htm) Chrome/116.0.1938.76 Safari/537.36"
52.167.144.225 - - [14/Jan/2025:23:21:37 -0500] "GET /bcjtw/h2292304.html HTTP/1.1" 200 69925 "-" "Mozilla/5.0 AppleWebKit/537.36 (KHTML, like Gecko; compatible; bingbot/2.0; +http://www.bing.com/bingbot.htm) Chrome/116.0.1938.76 Safari/537.36"
52.167.144.225 - - [14/Jan/2025:23:21:47 -0500] "GET /lwigk/k3094901.html HTTP/1.1" 200 68359 "-" "Mozilla/5.0 AppleWebKit/537.36 (KHTML, like Gecko; compatible; bingbot/2.0; +http://www.bing.com/bingbot.htm) Chrome/116.0.1938.76 Safari/537.36"
52.167.144.187 - - [14/Jan/2025:23:21:58 -0500] "GET /glyvr/q1941365.html HTTP/1.1" 200 69429 "-" "Mozilla/5.0 AppleWebKit/537.36 (KHTML, like Gecko; compatible; bingbot/2.0; +http://www.bing.com/bingbot.htm) Chrome/116.0.1938.76 Safari/537.36"
40.77.167.2 - - [14/Jan/2025:23:22:03 -0500] "GET /jcikg/m2472047.html HTTP/1.1" 200 69435 "-" "Mozilla/5.0 AppleWebKit/537.36 (KHTML, like Gecko; compatible; bingbot/2.0; +http://www.bing.com/bingbot.htm) Chrome/116.0.1938.76 Safari/537.36"
52.167.144.238 - - [14/Jan/2025:23:22:07 -0500] "GET /ybeww/m139041.html HTTP/1.1" 200 70580 "-" "Mozilla/5.0 AppleWebKit/537.36 (KHTML, like Gecko; compatible; bingbot/2.0; +http://www.bing.com/bingbot.htm) Chrome/116.0.1938.76 Safari/537.36"
52.167.144.238 - - [14/Jan/2025:23:22:08 -0500] "GET /uzqdb/g989833.html HTTP/1.1" 200 69400 "-" "Mozilla/5.0 AppleWebKit/537.36 (KHTML, like Gecko; compatible; bingbot/2.0; +http://www.bing.com/bingbot.htm) Chrome/116.0.1938.76 Safari/537.36"
52.167.144.187 - - [14/Jan/2025:23:22:15 -0500] "GET /yzpwa/o252247.html HTTP/1.1" 200 70505 "-" "Mozilla/5.0 AppleWebKit/537.36 (KHTML, like Gecko; compatible; bingbot/2.0; +http://www.bing.com/bingbot.htm) Chrome/116.0.1938.76 Safari/537.36"
52.167.144.187 - - [14/Jan/2025:23:22:18 -0500] "GET /loqak/r1994120.html HTTP/1.1" 200 68126 "-" "Mozilla/5.0 AppleWebKit/537.36 (KHTML, like Gecko; compatible; bingbot/2.0; +http://www.bing.com/bingbot.htm) Chrome/116.0.1938.76 Safari/537.36"
40.77.167.2 - - [14/Jan/2025:23:22:23 -0500] "GET /begul/e242981.html HTTP/1.1" 200 69926 "-" "Mozilla/5.0 AppleWebKit/537.36 (KHTML, like Gecko; compatible; bingbot/2.0; +http://www.bing.com/bingbot.htm) Chrome/116.0.1938.76 Safari/537.36"
52.167.144.225 - - [14/Jan/2025:23:22:27 -0500] "GET /ncvru/u2646697.html HTTP/1.1" 200 68820 "-" "Mozilla/5.0 AppleWebKit/537.36 (KHTML, like Gecko; compatible; bingbot/2.0; +http://www.bing.com/bingbot.htm) Chrome/116.0.1938.76 Safari/537.36"
52.167.144.187 - - [14/Jan/2025:23:22:37 -0500] "GET /gquho/c1609721.html HTTP/1.1" 200 69526 "-" "Mozilla/5.0 AppleWebKit/537.36 (KHTML, like Gecko; compatible; bingbot/2.0; +http://www.bing.com/bingbot.htm) Chrome/116.0.1938.76 Safari/537.36"
52.167.144.195 - - [14/Jan/2025:23:22:42 -0500] "GET /gcwel/c2360081.html HTTP/1.1" 200 70212 "-" "Mozilla/5.0 AppleWebKit/537.36 (KHTML, like Gecko; compatible; bingbot/2.0; +http://www.bing.com/bingbot.htm) Chrome/116.0.1938.76 Safari/537.36"
52.167.144.238 - - [14/Jan/2025:23:22:43 -0500] "GET /uaazo/q2253131.html HTTP/1.1" 200 70259 "-" "Mozilla/5.0 AppleWebKit/537.36 (KHTML, like Gecko; compatible; bingbot/2.0; +http://www.bing.com/bingbot.htm) Chrome/116.0.1938.76 Safari/537.36"
52.167.144.195 - - [14/Jan/2025:23:22:45 -0500] "GET /uliur/e2602351.html HTTP/1.1" 200 70276 "-" "Mozilla/5.0 AppleWebKit/537.36 (KHTML, like Gecko; compatible; bingbot/2.0; +http://www.bing.com/bingbot.htm) Chrome/116.0.1938.76 Safari/537.36"
52.167.144.195 - - [14/Jan/2025:23:22:47 -0500] "GET /gqupa/h1748124.html HTTP/1.1" 200 67851 "-" "Mozilla/5.0 AppleWebKit/537.36 (KHTML, like Gecko; compatible; bingbot/2.0; +http://www.bing.com/bingbot.htm) Chrome/116.0.1938.76 Safari/537.36"
52.167.144.187 - - [14/Jan/2025:23:22:57 -0500] "GET /skied/n2074742.html HTTP/1.1" 200 68424 "-" "Mozilla/5.0 AppleWebKit/537.36 (KHTML, like Gecko; compatible; bingbot/2.0; +http://www.bing.com/bingbot.htm) Chrome/116.0.1938.76 Safari/537.36"
52.167.144.187 - - [14/Jan/2025:23:23:17 -0500] "GET /bompp/y2864971.html HTTP/1.1" 200 68945 "-" "Mozilla/5.0 AppleWebKit/537.36 (KHTML, like Gecko; compatible; bingbot/2.0; +http://www.bing.com/bingbot.htm) Chrome/116.0.1938.76 Safari/537.36"
52.167.144.225 - - [14/Jan/2025:23:23:37 -0500] "GET /crvcy/b3086572.html HTTP/1.1" 200 68652 "-" "Mozilla/5.0 AppleWebKit/537.36 (KHTML, like Gecko; compatible; bingbot/2.0; +http://www.bing.com/bingbot.htm) Chrome/116.0.1938.76 Safari/537.36"
52.167.144.195 - - [14/Jan/2025:23:23:43 -0500] "GET /dhrkj/w2647037.html HTTP/1.1" 200 71219 "-" "Mozilla/5.0 AppleWebKit/537.36 (KHTML, like Gecko; compatible; bingbot/2.0; +http://www.bing.com/bingbot.htm) Chrome/116.0.1938.76 Safari/537.36"
40.77.167.2 - - [14/Jan/2025:23:23:43 -0500] "GET /lmdbr/l974888.html HTTP/1.1" 200 67840 "-" "Mozilla/5.0 AppleWebKit/537.36 (KHTML, like Gecko; compatible; bingbot/2.0; +http://www.bing.com/bingbot.htm) Chrome/116.0.1938.76 Safari/537.36"
52.167.144.195 - - [14/Jan/2025:23:23:45 -0500] "GET /wycmi/o2780305.html HTTP/1.1" 200 74920 "-" "Mozilla/5.0 AppleWebKit/537.36 (KHTML, like Gecko; compatible; bingbot/2.0; +http://www.bing.com/bingbot.htm) Chrome/116.0.1938.76 Safari/537.36"
40.77.167.2 - - [14/Jan/2025:23:23:46 -0500] "GET /mdbfe/d893292.html HTTP/1.1" 200 67785 "-" "Mozilla/5.0 AppleWebKit/537.36 (KHTML, like Gecko; compatible; bingbot/2.0; +http://www.bing.com/bingbot.htm) Chrome/116.0.1938.76 Safari/537.36"
40.77.167.28 - - [14/Jan/2025:23:23:48 -0500] "GET /nusnz/a468527.html HTTP/1.1" 200 70876 "-" "Mozilla/5.0 AppleWebKit/537.36 (KHTML, like Gecko; compatible; bingbot/2.0; +http://www.bing.com/bingbot.htm) Chrome/116.0.1938.76 Safari/537.36"
52.167.144.195 - - [14/Jan/2025:23:23:48 -0500] "GET /lhbul/n1386678.html HTTP/1.1" 200 70438 "-" "Mozilla/5.0 AppleWebKit/537.36 (KHTML, like Gecko; compatible; bingbot/2.0; +http://www.bing.com/bingbot.htm) Chrome/116.0.1938.76 Safari/537.36"
52.167.144.195 - - [14/Jan/2025:23:23:51 -0500] "GET /twlyq/m516067.html HTTP/1.1" 200 70168 "-" "Mozilla/5.0 AppleWebKit/537.36 (KHTML, like Gecko; compatible; bingbot/2.0; +http://www.bing.com/bingbot.htm) Chrome/116.0.1938.76 Safari/537.36"
52.167.144.187 - - [14/Jan/2025:23:23:56 -0500] "GET /juvep/y137675.html HTTP/1.1" 200 68402 "-" "Mozilla/5.0 AppleWebKit/537.36 (KHTML, like Gecko; compatible; bingbot/2.0; +http://www.bing.com/bingbot.htm) Chrome/116.0.1938.76 Safari/537.36"
52.167.144.225 - - [14/Jan/2025:23:24:00 -0500] "GET /wjpsn/b2455058.html HTTP/1.1" 200 69210 "-" "Mozilla/5.0 AppleWebKit/537.36 (KHTML, like Gecko; compatible; bingbot/2.0; +http://www.bing.com/bingbot.htm) Chrome/116.0.1938.76 Safari/537.36"
52.167.144.187 - - [14/Jan/2025:23:23:59 -0500] "GET /wowdv/k2355305.html HTTP/1.1" 200 69562 "-" "Mozilla/5.0 AppleWebKit/537.36 (KHTML, like Gecko; compatible; bingbot/2.0; +http://www.bing.com/bingbot.htm) Chrome/116.0.1938.76 Safari/537.36"
52.167.144.195 - - [14/Jan/2025:23:24:04 -0500] "GET /eisrb/c1348343.html HTTP/1.1" 200 67853 "-" "Mozilla/5.0 AppleWebKit/537.36 (KHTML, like Gecko; compatible; bingbot/2.0; +http://www.bing.com/bingbot.htm) Chrome/116.0.1938.76 Safari/537.36"
40.77.167.2 - - [14/Jan/2025:23:24:03 -0500] "GET /nwfnr/o1624839.html HTTP/1.1" 200 68339 "-" "Mozilla/5.0 AppleWebKit/537.36 (KHTML, like Gecko; compatible; bingbot/2.0; +http://www.bing.com/bingbot.htm) Chrome/116.0.1938.76 Safari/537.36"
66.249.79.161 - - [14/Jan/2025:23:24:11 -0500] "GET /mqqao/y321313.html HTTP/1.1" 200 69517 "-" "Mozilla/5.0 (Linux; Android 6.0.1; Nexus 5X Build/MMB29P) AppleWebKit/537.36 (KHTML, like Gecko) Chrome/131.0.6778.264 Mobile Safari/537.36 (compatible; Googlebot/2.1; +http://www.google.com/bot.html)"
52.167.144.225 - - [14/Jan/2025:23:24:18 -0500] "GET /lgxzr/k3046645.html HTTP/1.1" 200 68638 "-" "Mozilla/5.0 AppleWebKit/537.36 (KHTML, like Gecko; compatible; bingbot/2.0; +http://www.bing.com/bingbot.htm) Chrome/116.0.1938.76 Safari/537.36"
66.249.79.3 - - [14/Jan/2025:23:24:33 -0500] "GET /qumwa/z435012.html HTTP/1.1" 200 75486 "-" "Mozilla/5.0 (Linux; Android 6.0.1; Nexus 5X Build/MMB29P) AppleWebKit/537.36 (KHTML, like Gecko) Chrome/131.0.6778.264 Mobile Safari/537.36 (compatible; Googlebot/2.1; +http://www.google.com/bot.html)"
52.167.144.238 - - [14/Jan/2025:23:24:37 -0500] "GET /enqip/u2208467.html HTTP/1.1" 200 68055 "-" "Mozilla/5.0 AppleWebKit/537.36 (KHTML, like Gecko; compatible; bingbot/2.0; +http://www.bing.com/bingbot.htm) Chrome/116.0.1938.76 Safari/537.36"
52.167.144.187 - - [14/Jan/2025:23:24:45 -0500] "GET /rhstu/z2724676.html HTTP/1.1" 200 67266 "-" "Mozilla/5.0 AppleWebKit/537.36 (KHTML, like Gecko; compatible; bingbot/2.0; +http://www.bing.com/bingbot.htm) Chrome/116.0.1938.76 Safari/537.36"
52.167.144.195 - - [14/Jan/2025:23:24:53 -0500] "GET /fentl/r2244006.html HTTP/1.1" 200 70736 "-" "Mozilla/5.0 AppleWebKit/537.36 (KHTML, like Gecko; compatible; bingbot/2.0; +http://www.bing.com/bingbot.htm) Chrome/116.0.1938.76 Safari/537.36"
66.249.79.105 - - [14/Jan/2025:23:24:59 -0500] "GET /nlmex/h1165464.html HTTP/1.1" 200 71935 "-" "Mozilla/5.0 (Linux; Android 6.0.1; Nexus 5X Build/MMB29P) AppleWebKit/537.36 (KHTML, like Gecko) Chrome/131.0.6778.264 Mobile Safari/537.36 (compatible; Googlebot/2.1; +http://www.google.com/bot.html)"
52.167.144.173 - - [14/Jan/2025:23:25:17 -0500] "GET /yydlt/x1562604.html HTTP/1.1" 200 69217 "-" "Mozilla/5.0 AppleWebKit/537.36 (KHTML, like Gecko; compatible; bingbot/2.0; +http://www.bing.com/bingbot.htm) Chrome/116.0.1938.76 Safari/537.36"
52.167.144.173 - - [14/Jan/2025:23:25:21 -0500] "GET /kwuhk/f1629562.html HTTP/1.1" 200 69934 "-" "Mozilla/5.0 AppleWebKit/537.36 (KHTML, like Gecko; compatible; bingbot/2.0; +http://www.bing.com/bingbot.htm) Chrome/116.0.1938.76 Safari/537.36"
40.77.167.2 - - [14/Jan/2025:23:25:24 -0500] "GET /hlusj/e1478943.html HTTP/1.1" 200 67896 "-" "Mozilla/5.0 AppleWebKit/537.36 (KHTML, like Gecko; compatible; bingbot/2.0; +http://www.bing.com/bingbot.htm) Chrome/116.0.1938.76 Safari/537.36"
40.77.167.2 - - [14/Jan/2025:23:25:27 -0500] "GET /qqoel/m416435.html HTTP/1.1" 200 69118 "-" "Mozilla/5.0 AppleWebKit/537.36 (KHTML, like Gecko; compatible; bingbot/2.0; +http://www.bing.com/bingbot.htm) Chrome/116.0.1938.76 Safari/537.36"
40.77.167.2 - - [14/Jan/2025:23:25:28 -0500] "GET /vvifd/j1278202.html HTTP/1.1" 200 67501 "-" "Mozilla/5.0 AppleWebKit/537.36 (KHTML, like Gecko; compatible; bingbot/2.0; +http://www.bing.com/bingbot.htm) Chrome/116.0.1938.76 Safari/537.36"
40.77.167.2 - - [14/Jan/2025:23:25:44 -0500] "GET /marlw/j2149332.html HTTP/1.1" 200 70408 "-" "Mozilla/5.0 AppleWebKit/537.36 (KHTML, like Gecko; compatible; bingbot/2.0; +http://www.bing.com/bingbot.htm) Chrome/116.0.1938.76 Safari/537.36"
52.167.144.187 - - [14/Jan/2025:23:25:45 -0500] "GET /kihwh/l3088402.html HTTP/1.1" 200 68916 "-" "Mozilla/5.0 AppleWebKit/537.36 (KHTML, like Gecko; compatible; bingbot/2.0; +http://www.bing.com/bingbot.htm) Chrome/116.0.1938.76 Safari/537.36"
52.167.144.187 - - [14/Jan/2025:23:25:48 -0500] "GET /rnqna/f2111160.html HTTP/1.1" 200 68538 "-" "Mozilla/5.0 AppleWebKit/537.36 (KHTML, like Gecko; compatible; bingbot/2.0; +http://www.bing.com/bingbot.htm) Chrome/116.0.1938.76 Safari/537.36"
40.77.167.2 - - [14/Jan/2025:23:25:53 -0500] "GET /axlam/z712328.html HTTP/1.1" 200 67961 "-" "Mozilla/5.0 AppleWebKit/537.36 (KHTML, like Gecko; compatible; bingbot/2.0; +http://www.bing.com/bingbot.htm) Chrome/116.0.1938.76 Safari/537.36"
66.249.79.195 - - [14/Jan/2025:23:25:52 -0500] "GET /xvdvg/o301647.html HTTP/1.1" 200 69587 "-" "Mozilla/5.0 (Linux; Android 6.0.1; Nexus 5X Build/MMB29P) AppleWebKit/537.36 (KHTML, like Gecko) Chrome/131.0.6778.264 Mobile Safari/537.36 (compatible; Googlebot/2.1; +http://www.google.com/bot.html)"
40.77.167.2 - - [14/Jan/2025:23:25:55 -0500] "GET /hfhsp/j2807288.html HTTP/1.1" 200 67727 "-" "Mozilla/5.0 AppleWebKit/537.36 (KHTML, like Gecko; compatible; bingbot/2.0; +http://www.bing.com/bingbot.htm) Chrome/116.0.1938.76 Safari/537.36"
52.167.144.173 - - [14/Jan/2025:23:25:57 -0500] "GET /lugwz/a2530977.html HTTP/1.1" 200 69946 "-" "Mozilla/5.0 AppleWebKit/537.36 (KHTML, like Gecko; compatible; bingbot/2.0; +http://www.bing.com/bingbot.htm) Chrome/116.0.1938.76 Safari/537.36"
52.167.144.195 - - [14/Jan/2025:23:26:04 -0500] "GET /bpzcb/m957183.html HTTP/1.1" 200 67791 "-" "Mozilla/5.0 AppleWebKit/537.36 (KHTML, like Gecko; compatible; bingbot/2.0; +http://www.bing.com/bingbot.htm) Chrome/116.0.1938.76 Safari/537.36"
40.77.167.121 - - [14/Jan/2025:23:26:27 -0500] "GET /fetgy/g89869.html HTTP/1.1" 200 68448 "-" "Mozilla/5.0 AppleWebKit/537.36 (KHTML, like Gecko; compatible; bingbot/2.0; +http://www.bing.com/bingbot.htm) Chrome/116.0.1938.76 Safari/537.36"
52.167.144.173 - - [14/Jan/2025:23:26:27 -0500] "GET /xtrws/r1922178.html HTTP/1.1" 200 70193 "-" "Mozilla/5.0 AppleWebKit/537.36 (KHTML, like Gecko; compatible; bingbot/2.0; +http://www.bing.com/bingbot.htm) Chrome/116.0.1938.76 Safari/537.36"
52.167.144.173 - - [14/Jan/2025:23:26:30 -0500] "GET /ggnsh/s1975791.html HTTP/1.1" 200 67808 "-" "Mozilla/5.0 AppleWebKit/537.36 (KHTML, like Gecko; compatible; bingbot/2.0; +http://www.bing.com/bingbot.htm) Chrome/116.0.1938.76 Safari/537.36"
52.167.144.187 - - [14/Jan/2025:23:26:37 -0500] "GET /lqfxi/o2024355.html HTTP/1.1" 200 69219 "-" "Mozilla/5.0 AppleWebKit/537.36 (KHTML, like Gecko; compatible; bingbot/2.0; +http://www.bing.com/bingbot.htm) Chrome/116.0.1938.76 Safari/537.36"
40.77.167.2 - - [14/Jan/2025:23:26:44 -0500] "GET /jpuhg/v1653888.html HTTP/1.1" 200 68683 "-" "Mozilla/5.0 AppleWebKit/537.36 (KHTML, like Gecko; compatible; bingbot/2.0; +http://www.bing.com/bingbot.htm) Chrome/116.0.1938.76 Safari/537.36"
52.167.144.187 - - [14/Jan/2025:23:26:46 -0500] "GET /gknin/a2493433.html HTTP/1.1" 200 68792 "-" "Mozilla/5.0 AppleWebKit/537.36 (KHTML, like Gecko; compatible; bingbot/2.0; +http://www.bing.com/bingbot.htm) Chrome/116.0.1938.76 Safari/537.36"
52.167.144.195 - - [14/Jan/2025:23:27:03 -0500] "GET /ojpkd/t2486042.html HTTP/1.1" 200 69274 "-" "Mozilla/5.0 AppleWebKit/537.36 (KHTML, like Gecko; compatible; bingbot/2.0; +http://www.bing.com/bingbot.htm) Chrome/116.0.1938.76 Safari/537.36"
52.167.144.195 - - [14/Jan/2025:23:27:06 -0500] "GET /jgfyw/k2404263.html HTTP/1.1" 200 67970 "-" "Mozilla/5.0 AppleWebKit/537.36 (KHTML, like Gecko; compatible; bingbot/2.0; +http://www.bing.com/bingbot.htm) Chrome/116.0.1938.76 Safari/537.36"
52.167.144.238 - - [14/Jan/2025:23:27:08 -0500] "GET /glyxp/h977120.html HTTP/1.1" 200 73218 "-" "Mozilla/5.0 AppleWebKit/537.36 (KHTML, like Gecko; compatible; bingbot/2.0; +http://www.bing.com/bingbot.htm) Chrome/116.0.1938.76 Safari/537.36"
52.167.144.187 - - [14/Jan/2025:23:27:08 -0500] "GET /oniwa/t2605954.html HTTP/1.1" 200 69246 "-" "Mozilla/5.0 AppleWebKit/537.36 (KHTML, like Gecko; compatible; bingbot/2.0; +http://www.bing.com/bingbot.htm) Chrome/116.0.1938.76 Safari/537.36"
40.77.167.121 - - [14/Jan/2025:23:27:17 -0500] "GET /dxegy/i1753663.html HTTP/1.1" 200 68935 "-" "Mozilla/5.0 AppleWebKit/537.36 (KHTML, like Gecko; compatible; bingbot/2.0; +http://www.bing.com/bingbot.htm) Chrome/116.0.1938.76 Safari/537.36"
40.77.167.2 - - [14/Jan/2025:23:27:24 -0500] "GET /sauoc/s2702361.html HTTP/1.1" 200 68824 "-" "Mozilla/5.0 AppleWebKit/537.36 (KHTML, like Gecko; compatible; bingbot/2.0; +http://www.bing.com/bingbot.htm) Chrome/116.0.1938.76 Safari/537.36"
66.249.68.32 - - [14/Jan/2025:23:27:26 -0500] "GET /pkies/z493642.html HTTP/1.1" 200 70281 "-" "Mozilla/5.0 (Linux; Android 6.0.1; Nexus 5X Build/MMB29P) AppleWebKit/537.36 (KHTML, like Gecko) Chrome/131.0.6778.264 Mobile Safari/537.36 (compatible; Googlebot/2.1; +http://www.google.com/bot.html)"
52.167.144.173 - - [14/Jan/2025:23:27:27 -0500] "GET /kttsz/j2188540.html HTTP/1.1" 200 70704 "-" "Mozilla/5.0 AppleWebKit/537.36 (KHTML, like Gecko; compatible; bingbot/2.0; +http://www.bing.com/bingbot.htm) Chrome/116.0.1938.76 Safari/537.36"
52.167.144.173 - - [14/Jan/2025:23:27:31 -0500] "GET /iksvb/y2466755.html HTTP/1.1" 200 68620 "-" "Mozilla/5.0 AppleWebKit/537.36 (KHTML, like Gecko; compatible; bingbot/2.0; +http://www.bing.com/bingbot.htm) Chrome/116.0.1938.76 Safari/537.36"
52.167.144.195 - - [14/Jan/2025:23:27:33 -0500] "GET /wigun/l2148242.html HTTP/1.1" 200 69709 "-" "Mozilla/5.0 AppleWebKit/537.36 (KHTML, like Gecko; compatible; bingbot/2.0; +http://www.bing.com/bingbot.htm) Chrome/116.0.1938.76 Safari/537.36"
52.167.144.195 - - [14/Jan/2025:23:27:36 -0500] "GET /phtql/h2320150.html HTTP/1.1" 200 70757 "-" "Mozilla/5.0 AppleWebKit/537.36 (KHTML, like Gecko; compatible; bingbot/2.0; +http://www.bing.com/bingbot.htm) Chrome/116.0.1938.76 Safari/537.36"
52.167.144.238 - - [14/Jan/2025:23:27:47 -0500] "GET /uqvbk/n2963864.html HTTP/1.1" 200 68905 "-" "Mozilla/5.0 AppleWebKit/537.36 (KHTML, like Gecko; compatible; bingbot/2.0; +http://www.bing.com/bingbot.htm) Chrome/116.0.1938.76 Safari/537.36"
52.167.144.238 - - [14/Jan/2025:23:27:55 -0500] "GET /bgqkx/d805776.html HTTP/1.1" 200 69164 "-" "Mozilla/5.0 AppleWebKit/537.36 (KHTML, like Gecko; compatible; bingbot/2.0; +http://www.bing.com/bingbot.htm) Chrome/116.0.1938.76 Safari/537.36"
52.167.144.195 - - [14/Jan/2025:23:27:53 -0500] "GET /uksgm/v535394.html HTTP/1.1" 200 70549 "-" "Mozilla/5.0 AppleWebKit/537.36 (KHTML, like Gecko; compatible; bingbot/2.0; +http://www.bing.com/bingbot.htm) Chrome/116.0.1938.76 Safari/537.36"
52.167.144.195 - - [14/Jan/2025:23:28:03 -0500] "GET /bhggo/q2225779.html HTTP/1.1" 200 71496 "-" "Mozilla/5.0 AppleWebKit/537.36 (KHTML, like Gecko; compatible; bingbot/2.0; +http://www.bing.com/bingbot.htm) Chrome/116.0.1938.76 Safari/537.36"
52.167.144.238 - - [14/Jan/2025:23:28:11 -0500] "GET /pytpz/j2125854.html HTTP/1.1" 200 67985 "-" "Mozilla/5.0 AppleWebKit/537.36 (KHTML, like Gecko; compatible; bingbot/2.0; +http://www.bing.com/bingbot.htm) Chrome/116.0.1938.76 Safari/537.36"
52.167.144.195 - - [14/Jan/2025:23:28:13 -0500] "GET /dujvm/r1524742.html HTTP/1.1" 200 83421 "-" "Mozilla/5.0 AppleWebKit/537.36 (KHTML, like Gecko; compatible; bingbot/2.0; +http://www.bing.com/bingbot.htm) Chrome/116.0.1938.76 Safari/537.36"
52.167.144.173 - - [14/Jan/2025:23:28:18 -0500] "GET /nadek/v2538382.html HTTP/1.1" 200 69375 "-" "Mozilla/5.0 AppleWebKit/537.36 (KHTML, like Gecko; compatible; bingbot/2.0; +http://www.bing.com/bingbot.htm) Chrome/116.0.1938.76 Safari/537.36"
52.167.144.173 - - [14/Jan/2025:23:28:20 -0500] "GET /zkzyz/f962948.html HTTP/1.1" 200 70105 "-" "Mozilla/5.0 AppleWebKit/537.36 (KHTML, like Gecko; compatible; bingbot/2.0; +http://www.bing.com/bingbot.htm) Chrome/116.0.1938.76 Safari/537.36"
40.77.167.121 - - [14/Jan/2025:23:28:18 -0500] "GET /phron/i2802269.html HTTP/1.1" 200 68530 "-" "Mozilla/5.0 AppleWebKit/537.36 (KHTML, like Gecko; compatible; bingbot/2.0; +http://www.bing.com/bingbot.htm) Chrome/116.0.1938.76 Safari/537.36"
66.29.132.124 - - [14/Jan/2025:23:28:27 -0500] "POST /wp-cron.php?doing_wp_cron=1736915307.8157899379730224609375 HTTP/1.1" 200 0 "-" "WordPress/6.7.1; https://diixadigital.com"
182.42.104.32 - - [14/Jan/2025:23:28:23 -0500] "GET / HTTP/1.1" 200 21283 "http://diixadigital.com" "Mozilla/5.0 (iPhone; CPU iPhone OS 13_2_3 like Mac OS X) AppleWebKit/605.1.15 (KHTML, like Gecko) Version/13.0.3 Mobile/15E148 Safari/604.1"
66.29.132.124 - - [14/Jan/2025:23:28:28 -0500] "POST /wp-admin/admin-ajax.php?action=async_litespeed&nonce=ujPIBJUU2OiDO2NMQEhlZnN1kA5GaZi6&litespeed_type=imgoptm HTTP/1.1" 200 21 "-" "WordPress/6.7.1; https://diixadigital.com"
52.167.144.238 - - [14/Jan/2025:23:28:34 -0500] "GET /lqmnz/i847303.html HTTP/1.1" 200 70684 "-" "Mozilla/5.0 AppleWebKit/537.36 (KHTML, like Gecko; compatible; bingbot/2.0; +http://www.bing.com/bingbot.htm) Chrome/116.0.1938.76 Safari/537.36"
52.167.144.187 - - [14/Jan/2025:23:28:35 -0500] "GET /khsjh/s1756611.html HTTP/1.1" 200 69364 "-" "Mozilla/5.0 AppleWebKit/537.36 (KHTML, like Gecko; compatible; bingbot/2.0; +http://www.bing.com/bingbot.htm) Chrome/116.0.1938.76 Safari/537.36"
52.167.144.238 - - [14/Jan/2025:23:28:37 -0500] "GET /kqicv/u1680121.html HTTP/1.1" 200 68122 "-" "Mozilla/5.0 AppleWebKit/537.36 (KHTML, like Gecko; compatible; bingbot/2.0; +http://www.bing.com/bingbot.htm) Chrome/116.0.1938.76 Safari/537.36"
40.77.167.121 - - [14/Jan/2025:23:28:38 -0500] "GET /yuxyr/g1385475.html HTTP/1.1" 200 69168 "-" "Mozilla/5.0 AppleWebKit/537.36 (KHTML, like Gecko; compatible; bingbot/2.0; +http://www.bing.com/bingbot.htm) Chrome/116.0.1938.76 Safari/537.36"
52.167.144.238 - - [14/Jan/2025:23:28:54 -0500] "GET /mhkix/o2039591.html HTTP/1.1" 200 69036 "-" "Mozilla/5.0 AppleWebKit/537.36 (KHTML, like Gecko; compatible; bingbot/2.0; +http://www.bing.com/bingbot.htm) Chrome/116.0.1938.76 Safari/537.36"
52.167.144.173 - - [14/Jan/2025:23:28:58 -0500] "GET /bapyq/u209145.html HTTP/1.1" 200 70622 "-" "Mozilla/5.0 AppleWebKit/537.36 (KHTML, like Gecko; compatible; bingbot/2.0; +http://www.bing.com/bingbot.htm) Chrome/116.0.1938.76 Safari/537.36"
52.167.144.173 - - [14/Jan/2025:23:29:01 -0500] "GET /pjxxk/z2149036.html HTTP/1.1" 200 71879 "-" "Mozilla/5.0 AppleWebKit/537.36 (KHTML, like Gecko; compatible; bingbot/2.0; +http://www.bing.com/bingbot.htm) Chrome/116.0.1938.76 Safari/537.36"
40.77.167.2 - - [14/Jan/2025:23:29:05 -0500] "GET /pwxfs/o828225.html HTTP/1.1" 200 68744 "-" "Mozilla/5.0 AppleWebKit/537.36 (KHTML, like Gecko; compatible; bingbot/2.0; +http://www.bing.com/bingbot.htm) Chrome/116.0.1938.76 Safari/537.36"
66.249.68.39 - - [14/Jan/2025:23:29:07 -0500] "GET /jcwok/y495825.html HTTP/1.1" 200 71248 "-" "Mozilla/5.0 (Linux; Android 6.0.1; Nexus 5X Build/MMB29P) AppleWebKit/537.36 (KHTML, like Gecko) Chrome/131.0.6778.264 Mobile Safari/537.36 (compatible; Googlebot/2.1; +http://www.google.com/bot.html)"
52.167.144.173 - - [14/Jan/2025:23:29:18 -0500] "GET /wmqca/e2529655.html HTTP/1.1" 200 70281 "-" "Mozilla/5.0 AppleWebKit/537.36 (KHTML, like Gecko; compatible; bingbot/2.0; +http://www.bing.com/bingbot.htm) Chrome/116.0.1938.76 Safari/537.36"
66.249.68.34 - - [14/Jan/2025:23:30:26 -0500] "GET /pzotz/h194468.html HTTP/1.1" 200 69934 "-" "Mozilla/5.0 (Linux; Android 6.0.1; Nexus 5X Build/MMB29P) AppleWebKit/537.36 (KHTML, like Gecko) Chrome/131.0.6778.264 Mobile Safari/537.36 (compatible; Googlebot/2.1; +http://www.google.com/bot.html)"
52.167.144.173 - - [14/Jan/2025:23:30:47 -0500] "GET /rlkfz/i1856155.html HTTP/1.1" 200 67949 "-" "Mozilla/5.0 AppleWebKit/537.36 (KHTML, like Gecko; compatible; bingbot/2.0; +http://www.bing.com/bingbot.htm) Chrome/116.0.1938.76 Safari/537.36"
52.167.144.173 - - [14/Jan/2025:23:30:57 -0500] "GET /bhbrm/x2164270.html HTTP/1.1" 200 74248 "-" "Mozilla/5.0 AppleWebKit/537.36 (KHTML, like Gecko; compatible; bingbot/2.0; +http://www.bing.com/bingbot.htm) Chrome/116.0.1938.76 Safari/537.36"
40.77.167.2 - - [14/Jan/2025:23:31:04 -0500] "GET /sozsu/v2709930.html HTTP/1.1" 200 68015 "-" "Mozilla/5.0 AppleWebKit/537.36 (KHTML, like Gecko; compatible; bingbot/2.0; +http://www.bing.com/bingbot.htm) Chrome/116.0.1938.76 Safari/537.36"
66.249.68.39 - - [14/Jan/2025:23:31:33 -0500] "GET /kgsbw/q259685.html HTTP/1.1" 200 70049 "-" "Mozilla/5.0 (Linux; Android 6.0.1; Nexus 5X Build/MMB29P) AppleWebKit/537.36 (KHTML, like Gecko) Chrome/131.0.6778.264 Mobile Safari/537.36 (compatible; Googlebot/2.1; +http://www.google.com/bot.html)"
52.167.144.221 - - [14/Jan/2025:23:31:45 -0500] "GET /thowy/n1568782.html HTTP/1.1" 200 71478 "-" "Mozilla/5.0 AppleWebKit/537.36 (KHTML, like Gecko; compatible; bingbot/2.0; +http://www.bing.com/bingbot.htm) Chrome/116.0.1938.76 Safari/537.36"
52.167.144.158 - - [14/Jan/2025:23:32:04 -0500] "GET /oqhqa/p2159296.html HTTP/1.1" 200 68314 "-" "Mozilla/5.0 AppleWebKit/537.36 (KHTML, like Gecko; compatible; bingbot/2.0; +http://www.bing.com/bingbot.htm) Chrome/116.0.1938.76 Safari/537.36"
52.167.144.158 - - [14/Jan/2025:23:32:06 -0500] "GET /jrhjx/g2497157.html HTTP/1.1" 200 70166 "-" "Mozilla/5.0 AppleWebKit/537.36 (KHTML, like Gecko; compatible; bingbot/2.0; +http://www.bing.com/bingbot.htm) Chrome/116.0.1938.76 Safari/537.36"
66.249.68.39 - - [14/Jan/2025:23:32:12 -0500] "GET /awqvf/f1892968.html HTTP/1.1" 200 69371 "-" "Mozilla/5.0 (compatible; Googlebot/2.1; +http://www.google.com/bot.html)"
66.249.68.32 - - [14/Jan/2025:23:34:04 -0500] "GET /kstnm/o2616843.html HTTP/1.1" 200 69779 "-" "Mozilla/5.0 (Linux; Android 6.0.1; Nexus 5X Build/MMB29P) AppleWebKit/537.36 (KHTML, like Gecko) Chrome/131.0.6778.264 Mobile Safari/537.36 (compatible; Googlebot/2.1; +http://www.google.com/bot.html)"
52.167.144.221 - - [14/Jan/2025:23:34:25 -0500] "GET /vclgb/z1705684.html HTTP/1.1" 200 67055 "-" "Mozilla/5.0 AppleWebKit/537.36 (KHTML, like Gecko; compatible; bingbot/2.0; +http://www.bing.com/bingbot.htm) Chrome/116.0.1938.76 Safari/537.36"
66.249.68.39 - - [14/Jan/2025:23:34:44 -0500] "GET /kwpxo/c748029.html HTTP/1.1" 200 67547 "-" "Mozilla/5.0 (compatible; Googlebot/2.1; +http://www.google.com/bot.html)"
52.167.144.145 - - [14/Jan/2025:23:34:54 -0500] "GET /azjel/d208660.html HTTP/1.1" 200 71556 "-" "Mozilla/5.0 AppleWebKit/537.36 (KHTML, like Gecko; compatible; bingbot/2.0; +http://www.bing.com/bingbot.htm) Chrome/116.0.1938.76 Safari/537.36"
52.167.144.173 - - [14/Jan/2025:23:34:59 -0500] "GET /ovbif/h1244894.html HTTP/1.1" 200 68238 "-" "Mozilla/5.0 AppleWebKit/537.36 (KHTML, like Gecko; compatible; bingbot/2.0; +http://www.bing.com/bingbot.htm) Chrome/116.0.1938.76 Safari/537.36"
52.167.144.145 - - [14/Jan/2025:23:35:54 -0500] "GET /iweap/v2162474.html HTTP/1.1" 200 68487 "-" "Mozilla/5.0 AppleWebKit/537.36 (KHTML, like Gecko; compatible; bingbot/2.0; +http://www.bing.com/bingbot.htm) Chrome/116.0.1938.76 Safari/537.36"
66.249.68.34 - - [14/Jan/2025:23:36:04 -0500] "GET /wjjua/r2593940.html HTTP/1.1" 200 68095 "-" "Mozilla/5.0 (Linux; Android 6.0.1; Nexus 5X Build/MMB29P) AppleWebKit/537.36 (KHTML, like Gecko) Chrome/131.0.6778.264 Mobile Safari/537.36 (compatible; Googlebot/2.1; +http://www.google.com/bot.html)"
52.167.144.145 - - [14/Jan/2025:23:36:14 -0500] "GET /snfcr/h2154660.html HTTP/1.1" 200 67586 "-" "Mozilla/5.0 AppleWebKit/537.36 (KHTML, like Gecko; compatible; bingbot/2.0; +http://www.bing.com/bingbot.htm) Chrome/116.0.1938.76 Safari/537.36"
52.167.144.221 - - [14/Jan/2025:23:36:34 -0500] "GET /pvzgt/t1570582.html HTTP/1.1" 200 68746 "-" "Mozilla/5.0 AppleWebKit/537.36 (KHTML, like Gecko; compatible; bingbot/2.0; +http://www.bing.com/bingbot.htm) Chrome/116.0.1938.76 Safari/537.36"
52.167.144.158 - - [14/Jan/2025:23:36:35 -0500] "GET /hcnar/k2749517.html HTTP/1.1" 200 72375 "-" "Mozilla/5.0 AppleWebKit/537.36 (KHTML, like Gecko; compatible; bingbot/2.0; +http://www.bing.com/bingbot.htm) Chrome/116.0.1938.76 Safari/537.36"
66.249.68.39 - - [14/Jan/2025:23:36:38 -0500] "GET /dmqia/u1765973.html HTTP/1.1" 200 68174 "-" "Mozilla/5.0 (compatible; Googlebot/2.1; +http://www.google.com/bot.html)"
52.167.144.145 - - [14/Jan/2025:23:37:04 -0500] "GET /jvuzi/i2143689.html HTTP/1.1" 200 67098 "-" "Mozilla/5.0 AppleWebKit/537.36 (KHTML, like Gecko; compatible; bingbot/2.0; +http://www.bing.com/bingbot.htm) Chrome/116.0.1938.76 Safari/537.36"
40.77.167.68 - - [14/Jan/2025:23:37:08 -0500] "GET /eulqi/p2329908.html HTTP/1.1" 200 70587 "-" "Mozilla/5.0 AppleWebKit/537.36 (KHTML, like Gecko; compatible; bingbot/2.0; +http://www.bing.com/bingbot.htm) Chrome/116.0.1938.76 Safari/537.36"
40.77.167.48 - - [14/Jan/2025:23:37:25 -0500] "GET /mgegl/j1421852.html HTTP/1.1" 200 68523 "-" "Mozilla/5.0 AppleWebKit/537.36 (KHTML, like Gecko; compatible; bingbot/2.0; +http://www.bing.com/bingbot.htm) Chrome/116.0.1938.76 Safari/537.36"
52.167.144.145 - - [14/Jan/2025:23:37:25 -0500] "GET /onxuw/r2114786.html HTTP/1.1" 200 68405 "-" "Mozilla/5.0 AppleWebKit/537.36 (KHTML, like Gecko; compatible; bingbot/2.0; +http://www.bing.com/bingbot.htm) Chrome/116.0.1938.76 Safari/537.36"
40.77.167.48 - - [14/Jan/2025:23:37:26 -0500] "GET /iplju/m2303541.html HTTP/1.1" 200 69180 "-" "Mozilla/5.0 AppleWebKit/537.36 (KHTML, like Gecko; compatible; bingbot/2.0; +http://www.bing.com/bingbot.htm) Chrome/116.0.1938.76 Safari/537.36"
40.77.167.68 - - [14/Jan/2025:23:37:39 -0500] "GET /ddedk/m2666397.html HTTP/1.1" 200 68193 "-" "Mozilla/5.0 AppleWebKit/537.36 (KHTML, like Gecko; compatible; bingbot/2.0; +http://www.bing.com/bingbot.htm) Chrome/116.0.1938.76 Safari/537.36"
40.77.167.48 - - [14/Jan/2025:23:37:44 -0500] "GET /fwunn/i578177.html HTTP/1.1" 200 67411 "-" "Mozilla/5.0 AppleWebKit/537.36 (KHTML, like Gecko; compatible; bingbot/2.0; +http://www.bing.com/bingbot.htm) Chrome/116.0.1938.76 Safari/537.36"
40.77.167.48 - - [14/Jan/2025:23:37:54 -0500] "GET /cqnsk/z3082696.html HTTP/1.1" 200 68375 "-" "Mozilla/5.0 AppleWebKit/537.36 (KHTML, like Gecko; compatible; bingbot/2.0; +http://www.bing.com/bingbot.htm) Chrome/116.0.1938.76 Safari/537.36"
52.167.144.145 - - [14/Jan/2025:23:38:03 -0500] "GET /sgpdu/a2701355.html HTTP/1.1" 200 68627 "-" "Mozilla/5.0 AppleWebKit/537.36 (KHTML, like Gecko; compatible; bingbot/2.0; +http://www.bing.com/bingbot.htm) Chrome/116.0.1938.76 Safari/537.36"
52.167.144.145 - - [14/Jan/2025:23:38:05 -0500] "GET /jspea/c2218433.html HTTP/1.1" 200 68464 "-" "Mozilla/5.0 AppleWebKit/537.36 (KHTML, like Gecko; compatible; bingbot/2.0; +http://www.bing.com/bingbot.htm) Chrome/116.0.1938.76 Safari/537.36"
66.249.68.39 - - [14/Jan/2025:23:38:07 -0500] "GET /napab/h1819780.html HTTP/1.1" 200 70254 "-" "Mozilla/5.0 (Linux; Android 6.0.1; Nexus 5X Build/MMB29P) AppleWebKit/537.36 (KHTML, like Gecko) Chrome/131.0.6778.264 Mobile Safari/537.36 (compatible; Googlebot/2.1; +http://www.google.com/bot.html)"
52.167.144.145 - - [14/Jan/2025:23:38:14 -0500] "GET /wcatq/g211029.html HTTP/1.1" 200 71103 "-" "Mozilla/5.0 AppleWebKit/537.36 (KHTML, like Gecko; compatible; bingbot/2.0; +http://www.bing.com/bingbot.htm) Chrome/116.0.1938.76 Safari/537.36"
52.167.144.158 - - [14/Jan/2025:23:38:16 -0500] "GET /anpzn/f1837926.html HTTP/1.1" 200 68173 "-" "Mozilla/5.0 AppleWebKit/537.36 (KHTML, like Gecko; compatible; bingbot/2.0; +http://www.bing.com/bingbot.htm) Chrome/116.0.1938.76 Safari/537.36"
52.167.144.221 - - [14/Jan/2025:23:38:27 -0500] "GET /hgxxk/c3081451.html HTTP/1.1" 200 67827 "-" "Mozilla/5.0 AppleWebKit/537.36 (KHTML, like Gecko; compatible; bingbot/2.0; +http://www.bing.com/bingbot.htm) Chrome/116.0.1938.76 Safari/537.36"
40.77.167.0 - - [14/Jan/2025:23:38:32 -0500] "GET /heuhm/g2110771.html HTTP/1.1" 200 69146 "-" "Mozilla/5.0 AppleWebKit/537.36 (KHTML, like Gecko; compatible; bingbot/2.0; +http://www.bing.com/bingbot.htm) Chrome/116.0.1938.76 Safari/537.36"
40.77.167.0 - - [14/Jan/2025:23:38:35 -0500] "GET /dimdg/i2494533.html HTTP/1.1" 200 69794 "-" "Mozilla/5.0 AppleWebKit/537.36 (KHTML, like Gecko; compatible; bingbot/2.0; +http://www.bing.com/bingbot.htm) Chrome/116.0.1938.76 Safari/537.36"
40.77.167.48 - - [14/Jan/2025:23:38:37 -0500] "GET /rvakn/e2562363.html HTTP/1.1" 200 69359 "-" "Mozilla/5.0 AppleWebKit/537.36 (KHTML, like Gecko; compatible; bingbot/2.0; +http://www.bing.com/bingbot.htm) Chrome/116.0.1938.76 Safari/537.36"
52.167.144.145 - - [14/Jan/2025:23:38:45 -0500] "GET /fvhbq/g1676753.html HTTP/1.1" 200 68928 "-" "Mozilla/5.0 AppleWebKit/537.36 (KHTML, like Gecko; compatible; bingbot/2.0; +http://www.bing.com/bingbot.htm) Chrome/116.0.1938.76 Safari/537.36"
40.77.167.0 - - [14/Jan/2025:23:38:59 -0500] "GET /pevaf/k502207.html HTTP/1.1" 200 68452 "-" "Mozilla/5.0 AppleWebKit/537.36 (KHTML, like Gecko; compatible; bingbot/2.0; +http://www.bing.com/bingbot.htm) Chrome/116.0.1938.76 Safari/537.36"
66.249.68.39 - - [14/Jan/2025:23:38:58 -0500] "GET /anjbe/k2765273.html HTTP/1.1" 200 70768 "-" "Mozilla/5.0 (Linux; Android 6.0.1; Nexus 5X Build/MMB29P) AppleWebKit/537.36 (KHTML, like Gecko) Chrome/131.0.6778.264 Mobile Safari/537.36 (compatible; Googlebot/2.1; +http://www.google.com/bot.html)"
40.77.167.68 - - [14/Jan/2025:23:39:00 -0500] "GET /uczam/q2532293.html HTTP/1.1" 200 68541 "-" "Mozilla/5.0 AppleWebKit/537.36 (KHTML, like Gecko; compatible; bingbot/2.0; +http://www.bing.com/bingbot.htm) Chrome/116.0.1938.76 Safari/537.36"
66.249.68.39 - - [14/Jan/2025:23:39:00 -0500] "GET /yqhoi/f87346.html HTTP/1.1" 200 73031 "-" "Mozilla/5.0 (compatible; Googlebot/2.1; +http://www.google.com/bot.html)"
52.167.144.158 - - [14/Jan/2025:23:39:16 -0500] "GET /gssif/h279436.html HTTP/1.1" 200 69345 "-" "Mozilla/5.0 AppleWebKit/537.36 (KHTML, like Gecko; compatible; bingbot/2.0; +http://www.bing.com/bingbot.htm) Chrome/116.0.1938.76 Safari/537.36"
52.167.144.221 - - [14/Jan/2025:23:39:16 -0500] "GET /khcqj/s1104219.html HTTP/1.1" 200 67943 "-" "Mozilla/5.0 AppleWebKit/537.36 (KHTML, like Gecko; compatible; bingbot/2.0; +http://www.bing.com/bingbot.htm) Chrome/116.0.1938.76 Safari/537.36"
40.77.167.0 - - [14/Jan/2025:23:39:18 -0500] "GET /hbeks/g1986673.html HTTP/1.1" 200 67963 "-" "Mozilla/5.0 AppleWebKit/537.36 (KHTML, like Gecko; compatible; bingbot/2.0; +http://www.bing.com/bingbot.htm) Chrome/116.0.1938.76 Safari/537.36"
52.167.144.221 - - [14/Jan/2025:23:39:19 -0500] "GET /wrdjs/r608892.html HTTP/1.1" 200 70560 "-" "Mozilla/5.0 AppleWebKit/537.36 (KHTML, like Gecko; compatible; bingbot/2.0; +http://www.bing.com/bingbot.htm) Chrome/116.0.1938.76 Safari/537.36"
40.77.167.68 - - [14/Jan/2025:23:39:20 -0500] "GET /bwqra/v2088608.html HTTP/1.1" 200 69298 "-" "Mozilla/5.0 AppleWebKit/537.36 (KHTML, like Gecko; compatible; bingbot/2.0; +http://www.bing.com/bingbot.htm) Chrome/116.0.1938.76 Safari/537.36"
52.167.144.221 - - [14/Jan/2025:23:39:23 -0500] "GET /lykas/a596161.html HTTP/1.1" 200 67595 "-" "Mozilla/5.0 AppleWebKit/537.36 (KHTML, like Gecko; compatible; bingbot/2.0; +http://www.bing.com/bingbot.htm) Chrome/116.0.1938.76 Safari/537.36"
40.77.167.68 - - [14/Jan/2025:23:39:23 -0500] "GET /kxswg/u2402063.html HTTP/1.1" 200 69654 "-" "Mozilla/5.0 AppleWebKit/537.36 (KHTML, like Gecko; compatible; bingbot/2.0; +http://www.bing.com/bingbot.htm) Chrome/116.0.1938.76 Safari/537.36"
52.167.144.145 - - [14/Jan/2025:23:39:24 -0500] "GET /zrxqc/r325388.html HTTP/1.1" 200 68909 "-" "Mozilla/5.0 AppleWebKit/537.36 (KHTML, like Gecko; compatible; bingbot/2.0; +http://www.bing.com/bingbot.htm) Chrome/116.0.1938.76 Safari/537.36"
40.77.167.48 - - [14/Jan/2025:23:39:24 -0500] "GET /jyeko/e2713657.html HTTP/1.1" 200 67868 "-" "Mozilla/5.0 AppleWebKit/537.36 (KHTML, like Gecko; compatible; bingbot/2.0; +http://www.bing.com/bingbot.htm) Chrome/116.0.1938.76 Safari/537.36"
40.77.167.48 - - [14/Jan/2025:23:39:25 -0500] "GET /cfvel/k2084697.html HTTP/1.1" 200 67638 "-" "Mozilla/5.0 AppleWebKit/537.36 (KHTML, like Gecko; compatible; bingbot/2.0; +http://www.bing.com/bingbot.htm) Chrome/116.0.1938.76 Safari/537.36"
66.249.68.39 - - [14/Jan/2025:23:39:37 -0500] "GET /vnxqr/l490664.html HTTP/1.1" 200 68323 "-" "Mozilla/5.0 (Linux; Android 6.0.1; Nexus 5X Build/MMB29P) AppleWebKit/537.36 (KHTML, like Gecko) Chrome/131.0.6778.264 Mobile Safari/537.36 (compatible; Googlebot/2.1; +http://www.google.com/bot.html)"
40.77.167.68 - - [14/Jan/2025:23:39:38 -0500] "GET /wfqey/s1817685.html HTTP/1.1" 200 71401 "-" "Mozilla/5.0 AppleWebKit/537.36 (KHTML, like Gecko; compatible; bingbot/2.0; +http://www.bing.com/bingbot.htm) Chrome/116.0.1938.76 Safari/537.36"
40.77.167.48 - - [14/Jan/2025:23:39:45 -0500] "GET /culro/q2872191.html HTTP/1.1" 200 68554 "-" "Mozilla/5.0 AppleWebKit/537.36 (KHTML, like Gecko; compatible; bingbot/2.0; +http://www.bing.com/bingbot.htm) Chrome/116.0.1938.76 Safari/537.36"
40.77.167.0 - - [14/Jan/2025:23:39:49 -0500] "GET /ctiqo/h1249392.html HTTP/1.1" 200 68162 "-" "Mozilla/5.0 AppleWebKit/537.36 (KHTML, like Gecko; compatible; bingbot/2.0; +http://www.bing.com/bingbot.htm) Chrome/116.0.1938.76 Safari/537.36"
40.77.167.6 - - [14/Jan/2025:23:40:06 -0500] "GET /nkuvi/d428906.html HTTP/1.1" 200 69372 "-" "Mozilla/5.0 AppleWebKit/537.36 (KHTML, like Gecko; compatible; bingbot/2.0; +http://www.bing.com/bingbot.htm) Chrome/116.0.1938.76 Safari/537.36"
40.77.167.6 - - [14/Jan/2025:23:40:09 -0500] "GET /pwfna/g2523651.html HTTP/1.1" 200 68183 "-" "Mozilla/5.0 AppleWebKit/537.36 (KHTML, like Gecko; compatible; bingbot/2.0; +http://www.bing.com/bingbot.htm) Chrome/116.0.1938.76 Safari/537.36"
40.77.167.68 - - [14/Jan/2025:23:40:19 -0500] "GET /jljyz/g2478255.html HTTP/1.1" 200 70118 "-" "Mozilla/5.0 AppleWebKit/537.36 (KHTML, like Gecko; compatible; bingbot/2.0; +http://www.bing.com/bingbot.htm) Chrome/116.0.1938.76 Safari/537.36"
66.249.68.32 - - [14/Jan/2025:23:40:22 -0500] "GET /eotzx/i2067951.html HTTP/1.1" 200 67745 "-" "Mozilla/5.0 (Linux; Android 6.0.1; Nexus 5X Build/MMB29P) AppleWebKit/537.36 (KHTML, like Gecko) Chrome/131.0.6778.264 Mobile Safari/537.36 (compatible; Googlebot/2.1; +http://www.google.com/bot.html)"
52.167.144.145 - - [14/Jan/2025:23:40:24 -0500] "GET /ohemh/r207972.html HTTP/1.1" 200 69025 "-" "Mozilla/5.0 AppleWebKit/537.36 (KHTML, like Gecko; compatible; bingbot/2.0; +http://www.bing.com/bingbot.htm) Chrome/116.0.1938.76 Safari/537.36"
52.167.144.145 - - [14/Jan/2025:23:40:26 -0500] "GET /ugtmd/k1644881.html HTTP/1.1" 200 68792 "-" "Mozilla/5.0 AppleWebKit/537.36 (KHTML, like Gecko; compatible; bingbot/2.0; +http://www.bing.com/bingbot.htm) Chrome/116.0.1938.76 Safari/537.36"
40.77.167.0 - - [14/Jan/2025:23:40:38 -0500] "GET /zsgin/r378376.html HTTP/1.1" 200 68080 "-" "Mozilla/5.0 AppleWebKit/537.36 (KHTML, like Gecko; compatible; bingbot/2.0; +http://www.bing.com/bingbot.htm) Chrome/116.0.1938.76 Safari/537.36"
40.77.167.0 - - [14/Jan/2025:23:40:41 -0500] "GET /hhmav/s2983473.html HTTP/1.1" 200 75972 "-" "Mozilla/5.0 AppleWebKit/537.36 (KHTML, like Gecko; compatible; bingbot/2.0; +http://www.bing.com/bingbot.htm) Chrome/116.0.1938.76 Safari/537.36"
52.167.144.145 - - [14/Jan/2025:23:40:45 -0500] "GET /rpgnm/q574233.html HTTP/1.1" 200 69161 "-" "Mozilla/5.0 AppleWebKit/537.36 (KHTML, like Gecko; compatible; bingbot/2.0; +http://www.bing.com/bingbot.htm) Chrome/116.0.1938.76 Safari/537.36"
40.77.167.6 - - [14/Jan/2025:23:40:49 -0500] "GET /nerex/y2810007.html HTTP/1.1" 200 73417 "-" "Mozilla/5.0 AppleWebKit/537.36 (KHTML, like Gecko; compatible; bingbot/2.0; +http://www.bing.com/bingbot.htm) Chrome/116.0.1938.76 Safari/537.36"
52.167.144.145 - - [14/Jan/2025:23:40:48 -0500] "GET /ntcjm/b2044206.html HTTP/1.1" 200 69539 "-" "Mozilla/5.0 AppleWebKit/537.36 (KHTML, like Gecko; compatible; bingbot/2.0; +http://www.bing.com/bingbot.htm) Chrome/116.0.1938.76 Safari/537.36"
