66.249.68.39 - - [15/Jan/2025:01:15:30 -0500] "GET /clnpm/h1065000.html HTTP/1.1" 200 71660 "-" "Mozilla/5.0 (Linux; Android 6.0.1; Nexus 5X Build/MMB29P) AppleWebKit/537.36 (KHTML, like Gecko) Chrome/131.0.6778.264 Mobile Safari/537.36 (compatible; Googlebot/2.1; +http://www.google.com/bot.html)"
66.249.68.34 - - [15/Jan/2025:01:16:27 -0500] "GET /gepoa/v356150.html HTTP/1.1" 200 67990 "-" "Mozilla/5.0 (Linux; Android 6.0.1; Nexus 5X Build/MMB29P) AppleWebKit/537.36 (KHTML, like Gecko) Chrome/131.0.6778.264 Mobile Safari/537.36 (compatible; Googlebot/2.1; +http://www.google.com/bot.html)"
66.249.68.32 - - [15/Jan/2025:01:16:39 -0500] "GET /hsucm/m2903725.html HTTP/1.1" 200 68785 "-" "Mozilla/5.0 (Linux; Android 6.0.1; Nexus 5X Build/MMB29P) AppleWebKit/537.36 (KHTML, like Gecko) Chrome/131.0.6778.264 Mobile Safari/537.36 (compatible; Googlebot/2.1; +http://www.google.com/bot.html)"
66.249.68.32 - - [15/Jan/2025:01:17:03 -0500] "GET /eilcn/q124823.html HTTP/1.1" 200 70711 "-" "Mozilla/5.0 (Linux; Android 6.0.1; Nexus 5X Build/MMB29P) AppleWebKit/537.36 (KHTML, like Gecko) Chrome/131.0.6778.264 Mobile Safari/537.36 (compatible; Googlebot/2.1; +http://www.google.com/bot.html)"
66.249.68.39 - - [15/Jan/2025:01:17:25 -0500] "GET /dfyhr/v1101908.html HTTP/1.1" 200 69313 "-" "Mozilla/5.0 (compatible; Googlebot/2.1; +http://www.google.com/bot.html)"
66.249.68.39 - - [15/Jan/2025:01:18:11 -0500] "GET /aogct/t712244.html HTTP/1.1" 200 68154 "-" "Mozilla/5.0 (Linux; Android 6.0.1; Nexus 5X Build/MMB29P) AppleWebKit/537.36 (KHTML, like Gecko) Chrome/131.0.6778.264 Mobile Safari/537.36 (compatible; Googlebot/2.1; +http://www.google.com/bot.html)"
66.249.68.39 - - [15/Jan/2025:01:18:16 -0500] "GET /swfaz/c329533.html HTTP/1.1" 200 67246 "-" "Mozilla/5.0 (Linux; Android 6.0.1; Nexus 5X Build/MMB29P) AppleWebKit/537.36 (KHTML, like Gecko) Chrome/131.0.6778.264 Mobile Safari/537.36 (compatible; Googlebot/2.1; +http://www.google.com/bot.html)"
66.249.68.39 - - [15/Jan/2025:01:19:00 -0500] "GET /esjre/f489228.html HTTP/1.1" 200 69466 "-" "Mozilla/5.0 (Linux; Android 6.0.1; Nexus 5X Build/MMB29P) AppleWebKit/537.36 (KHTML, like Gecko) Chrome/131.0.6778.264 Mobile Safari/537.36 (compatible; Googlebot/2.1; +http://www.google.com/bot.html)"
66.249.68.32 - - [15/Jan/2025:01:19:07 -0500] "GET /ygeon/h2358292.html HTTP/1.1" 200 69532 "-" "Mozilla/5.0 (Linux; Android 6.0.1; Nexus 5X Build/MMB29P) AppleWebKit/537.36 (KHTML, like Gecko) Chrome/131.0.6778.264 Mobile Safari/537.36 (compatible; Googlebot/2.1; +http://www.google.com/bot.html)"
66.249.68.39 - - [15/Jan/2025:01:19:20 -0500] "GET /ptzix/d2087940.html HTTP/1.1" 200 68147 "-" "Mozilla/5.0 (Linux; Android 6.0.1; Nexus 5X Build/MMB29P) AppleWebKit/537.36 (KHTML, like Gecko) Chrome/131.0.6778.264 Mobile Safari/537.36 (compatible; Googlebot/2.1; +http://www.google.com/bot.html)"
66.249.68.39 - - [15/Jan/2025:01:19:34 -0500] "GET /qqsjz/x984858.html HTTP/1.1" 200 69528 "-" "Mozilla/5.0 (Linux; Android 6.0.1; Nexus 5X Build/MMB29P) AppleWebKit/537.36 (KHTML, like Gecko) Chrome/131.0.6778.264 Mobile Safari/537.36 (compatible; Googlebot/2.1; +http://www.google.com/bot.html)"
66.249.68.39 - - [15/Jan/2025:01:19:35 -0500] "GET /coojp/c1125783.html HTTP/1.1" 200 68064 "-" "Mozilla/5.0 (Linux; Android 6.0.1; Nexus 5X Build/MMB29P) AppleWebKit/537.36 (KHTML, like Gecko) Chrome/131.0.6778.264 Mobile Safari/537.36 (compatible; Googlebot/2.1; +http://www.google.com/bot.html)"
66.249.68.39 - - [15/Jan/2025:01:19:37 -0500] "GET /khkge/q474315.html HTTP/1.1" 200 69549 "-" "Mozilla/5.0 (Linux; Android 6.0.1; Nexus 5X Build/MMB29P) AppleWebKit/537.36 (KHTML, like Gecko) Chrome/131.0.6778.264 Mobile Safari/537.36 (compatible; Googlebot/2.1; +http://www.google.com/bot.html)"
66.249.68.39 - - [15/Jan/2025:01:19:45 -0500] "GET /kprjp/f2338790.html HTTP/1.1" 200 68515 "-" "Mozilla/5.0 (Linux; Android 6.0.1; Nexus 5X Build/MMB29P) AppleWebKit/537.36 (KHTML, like Gecko) Chrome/131.0.6778.264 Mobile Safari/537.36 (compatible; Googlebot/2.1; +http://www.google.com/bot.html)"
66.249.68.32 - - [15/Jan/2025:01:19:52 -0500] "GET /plbpx/t410488.html HTTP/1.1" 200 69288 "-" "Mozilla/5.0 (compatible; Googlebot/2.1; +http://www.google.com/bot.html)"
66.249.68.39 - - [15/Jan/2025:01:20:08 -0500] "GET /bvdpu/g246311.html HTTP/1.1" 200 71906 "-" "Mozilla/5.0 (compatible; Googlebot/2.1; +http://www.google.com/bot.html)"
66.249.68.34 - - [15/Jan/2025:01:20:11 -0500] "GET /hseyf/f1208856.html HTTP/1.1" 200 72344 "-" "Mozilla/5.0 (Linux; Android 6.0.1; Nexus 5X Build/MMB29P) AppleWebKit/537.36 (KHTML, like Gecko) Chrome/131.0.6778.264 Mobile Safari/537.36 (compatible; Googlebot/2.1; +http://www.google.com/bot.html)"
66.249.68.39 - - [15/Jan/2025:01:20:18 -0500] "GET /mgtum/f511198.html HTTP/1.1" 200 69411 "-" "Mozilla/5.0 (Linux; Android 6.0.1; Nexus 5X Build/MMB29P) AppleWebKit/537.36 (KHTML, like Gecko) Chrome/131.0.6778.264 Mobile Safari/537.36 (compatible; Googlebot/2.1; +http://www.google.com/bot.html)"
66.249.68.32 - - [15/Jan/2025:01:20:19 -0500] "GET /goods/3905799 HTTP/1.1" 200 68889 "-" "Mozilla/5.0 (Linux; Android 6.0.1; Nexus 5X Build/MMB29P) AppleWebKit/537.36 (KHTML, like Gecko) Chrome/131.0.6778.264 Mobile Safari/537.36 (compatible; Googlebot/2.1; +http://www.google.com/bot.html)"
66.249.68.39 - - [15/Jan/2025:01:20:24 -0500] "GET /etckm/g151359.html HTTP/1.1" 200 70615 "-" "Mozilla/5.0 (Linux; Android 6.0.1; Nexus 5X Build/MMB29P) AppleWebKit/537.36 (KHTML, like Gecko) Chrome/131.0.6778.264 Mobile Safari/537.36 (compatible; Googlebot/2.1; +http://www.google.com/bot.html)"
66.249.68.39 - - [15/Jan/2025:01:20:25 -0500] "GET /xpqki/f2464396.html HTTP/1.1" 200 69146 "-" "Mozilla/5.0 (Linux; Android 6.0.1; Nexus 5X Build/MMB29P) AppleWebKit/537.36 (KHTML, like Gecko) Chrome/131.0.6778.264 Mobile Safari/537.36 (compatible; Googlebot/2.1; +http://www.google.com/bot.html)"
66.249.68.39 - - [15/Jan/2025:01:20:27 -0500] "GET /ztkem/j872576.html HTTP/1.1" 200 68071 "-" "Mozilla/5.0 (Linux; Android 6.0.1; Nexus 5X Build/MMB29P) AppleWebKit/537.36 (KHTML, like Gecko) Chrome/131.0.6778.264 Mobile Safari/537.36 (compatible; Googlebot/2.1; +http://www.google.com/bot.html)"
66.249.68.34 - - [15/Jan/2025:01:21:07 -0500] "GET /xfhhg/p427020.html HTTP/1.1" 200 69125 "-" "Mozilla/5.0 (Linux; Android 6.0.1; Nexus 5X Build/MMB29P) AppleWebKit/537.36 (KHTML, like Gecko) Chrome/131.0.6778.264 Mobile Safari/537.36 (compatible; Googlebot/2.1; +http://www.google.com/bot.html)"
66.249.68.39 - - [15/Jan/2025:01:21:16 -0500] "GET /lqsmw/f998412.html HTTP/1.1" 200 68700 "-" "Mozilla/5.0 (Linux; Android 6.0.1; Nexus 5X Build/MMB29P) AppleWebKit/537.36 (KHTML, like Gecko) Chrome/131.0.6778.264 Mobile Safari/537.36 (compatible; Googlebot/2.1; +http://www.google.com/bot.html)"
66.249.68.39 - - [15/Jan/2025:01:21:22 -0500] "GET /jhptm/o1344143.html HTTP/1.1" 200 68983 "-" "Mozilla/5.0 (Linux; Android 6.0.1; Nexus 5X Build/MMB29P) AppleWebKit/537.36 (KHTML, like Gecko) Chrome/131.0.6778.264 Mobile Safari/537.36 (compatible; Googlebot/2.1; +http://www.google.com/bot.html)"
66.249.68.39 - - [15/Jan/2025:01:21:28 -0500] "GET /khlmq/c98419.html HTTP/1.1" 200 68563 "-" "Mozilla/5.0 (Linux; Android 6.0.1; Nexus 5X Build/MMB29P) AppleWebKit/537.36 (KHTML, like Gecko) Chrome/131.0.6778.264 Mobile Safari/537.36 (compatible; Googlebot/2.1; +http://www.google.com/bot.html)"
66.249.68.39 - - [15/Jan/2025:01:21:35 -0500] "GET /snbkf/o2903363.html HTTP/1.1" 200 69261 "-" "Mozilla/5.0 (Linux; Android 6.0.1; Nexus 5X Build/MMB29P) AppleWebKit/537.36 (KHTML, like Gecko) Chrome/131.0.6778.264 Mobile Safari/537.36 (compatible; Googlebot/2.1; +http://www.google.com/bot.html)"
66.249.68.32 - - [15/Jan/2025:01:21:43 -0500] "GET /cvqtk/c341259.html HTTP/1.1" 200 68315 "-" "Mozilla/5.0 (Linux; Android 6.0.1; Nexus 5X Build/MMB29P) AppleWebKit/537.36 (KHTML, like Gecko) Chrome/131.0.6778.264 Mobile Safari/537.36 (compatible; Googlebot/2.1; +http://www.google.com/bot.html)"
66.249.68.39 - - [15/Jan/2025:01:21:54 -0500] "GET /ghfqy/f1236650.html HTTP/1.1" 200 68360 "-" "Mozilla/5.0 (Linux; Android 6.0.1; Nexus 5X Build/MMB29P) AppleWebKit/537.36 (KHTML, like Gecko) Chrome/131.0.6778.264 Mobile Safari/537.36 (compatible; Googlebot/2.1; +http://www.google.com/bot.html)"
66.249.68.39 - - [15/Jan/2025:01:21:57 -0500] "GET /pacaz/c846153.html HTTP/1.1" 200 68886 "-" "Mozilla/5.0 (Linux; Android 6.0.1; Nexus 5X Build/MMB29P) AppleWebKit/537.36 (KHTML, like Gecko) Chrome/131.0.6778.264 Mobile Safari/537.36 (compatible; Googlebot/2.1; +http://www.google.com/bot.html)"
66.249.68.34 - - [15/Jan/2025:01:22:04 -0500] "GET /pzotz/h194468.html HTTP/1.1" 200 70006 "-" "Mozilla/5.0 (Linux; Android 6.0.1; Nexus 5X Build/MMB29P) AppleWebKit/537.36 (KHTML, like Gecko) Chrome/131.0.6778.264 Mobile Safari/537.36 (compatible; Googlebot/2.1; +http://www.google.com/bot.html)"
66.249.68.32 - - [15/Jan/2025:01:22:05 -0500] "GET /cdzfy/o836259.html HTTP/1.1" 200 69859 "-" "Mozilla/5.0 (compatible; Googlebot/2.1; +http://www.google.com/bot.html)"
66.249.68.34 - - [15/Jan/2025:01:22:06 -0500] "GET /oqtni/f2241420.html HTTP/1.1" 200 68460 "-" "Mozilla/5.0 (Linux; Android 6.0.1; Nexus 5X Build/MMB29P) AppleWebKit/537.36 (KHTML, like Gecko) Chrome/131.0.6778.264 Mobile Safari/537.36 (compatible; Googlebot/2.1; +http://www.google.com/bot.html)"
66.249.68.39 - - [15/Jan/2025:01:22:13 -0500] "GET /qrmib/z427836.html HTTP/1.1" 200 69733 "-" "Mozilla/5.0 (Linux; Android 6.0.1; Nexus 5X Build/MMB29P) AppleWebKit/537.36 (KHTML, like Gecko) Chrome/131.0.6778.264 Mobile Safari/537.36 (compatible; Googlebot/2.1; +http://www.google.com/bot.html)"
66.249.68.39 - - [15/Jan/2025:01:22:28 -0500] "GET /xanvp/c955951.html HTTP/1.1" 200 70174 "-" "Mozilla/5.0 (Linux; Android 6.0.1; Nexus 5X Build/MMB29P) AppleWebKit/537.36 (KHTML, like Gecko) Chrome/131.0.6778.264 Mobile Safari/537.36 (compatible; Googlebot/2.1; +http://www.google.com/bot.html)"
66.249.68.39 - - [15/Jan/2025:01:22:31 -0500] "GET /static/4845253 HTTP/1.1" 200 69293 "-" "Mozilla/5.0 (Linux; Android 6.0.1; Nexus 5X Build/MMB29P) AppleWebKit/537.36 (KHTML, like Gecko) Chrome/131.0.6778.264 Mobile Safari/537.36 (compatible; Googlebot/2.1; +http://www.google.com/bot.html)"
66.249.68.32 - - [15/Jan/2025:01:22:39 -0500] "GET /gljoc/r2102514.html HTTP/1.1" 200 69053 "-" "Mozilla/5.0 (Linux; Android 6.0.1; Nexus 5X Build/MMB29P) AppleWebKit/537.36 (KHTML, like Gecko) Chrome/131.0.6778.264 Mobile Safari/537.36 (compatible; Googlebot/2.1; +http://www.google.com/bot.html)"
66.249.68.39 - - [15/Jan/2025:01:22:41 -0500] "GET /zaaxr/b1939478.html HTTP/1.1" 200 69551 "-" "Mozilla/5.0 (compatible; Googlebot/2.1; +http://www.google.com/bot.html)"
66.249.68.32 - - [15/Jan/2025:01:22:50 -0500] "GET /qvtgt/s777685.html HTTP/1.1" 200 72528 "-" "Mozilla/5.0 (Linux; Android 6.0.1; Nexus 5X Build/MMB29P) AppleWebKit/537.36 (KHTML, like Gecko) Chrome/131.0.6778.264 Mobile Safari/537.36 (compatible; Googlebot/2.1; +http://www.google.com/bot.html)"
66.249.68.39 - - [15/Jan/2025:01:22:56 -0500] "GET /svblu/o373147.html HTTP/1.1" 200 67718 "-" "Mozilla/5.0 (Linux; Android 6.0.1; Nexus 5X Build/MMB29P) AppleWebKit/537.36 (KHTML, like Gecko) Chrome/131.0.6778.264 Mobile Safari/537.36 (compatible; Googlebot/2.1; +http://www.google.com/bot.html)"
66.249.68.34 - - [15/Jan/2025:01:23:22 -0500] "GET /cwcun/a479941.html HTTP/1.1" 200 68495 "-" "Mozilla/5.0 (compatible; Googlebot/2.1; +http://www.google.com/bot.html)"
66.249.68.32 - - [15/Jan/2025:01:23:23 -0500] "GET /avowt/v1819040.html HTTP/1.1" 200 71350 "-" "Mozilla/5.0 (Linux; Android 6.0.1; Nexus 5X Build/MMB29P) AppleWebKit/537.36 (KHTML, like Gecko) Chrome/131.0.6778.264 Mobile Safari/537.36 (compatible; Googlebot/2.1; +http://www.google.com/bot.html)"
66.249.68.32 - - [15/Jan/2025:01:23:33 -0500] "GET /awmwz/u1004251.html HTTP/1.1" 200 67924 "-" "Mozilla/5.0 (Linux; Android 6.0.1; Nexus 5X Build/MMB29P) AppleWebKit/537.36 (KHTML, like Gecko) Chrome/131.0.6778.264 Mobile Safari/537.36 (compatible; Googlebot/2.1; +http://www.google.com/bot.html)"
66.249.68.39 - - [15/Jan/2025:01:23:43 -0500] "GET /qqsxb/f255488.html HTTP/1.1" 200 67435 "-" "Mozilla/5.0 (Linux; Android 6.0.1; Nexus 5X Build/MMB29P) AppleWebKit/537.36 (KHTML, like Gecko) Chrome/131.0.6778.264 Mobile Safari/537.36 (compatible; Googlebot/2.1; +http://www.google.com/bot.html)"
66.249.68.39 - - [15/Jan/2025:01:23:46 -0500] "GET /cvdvs/c217317.html HTTP/1.1" 200 68783 "-" "Mozilla/5.0 (Linux; Android 6.0.1; Nexus 5X Build/MMB29P) AppleWebKit/537.36 (KHTML, like Gecko) Chrome/131.0.6778.264 Mobile Safari/537.36 (compatible; Googlebot/2.1; +http://www.google.com/bot.html)"
66.249.68.32 - - [15/Jan/2025:01:23:48 -0500] "GET /sbywo/i1185095.html HTTP/1.1" 200 68820 "-" "Mozilla/5.0 (Linux; Android 6.0.1; Nexus 5X Build/MMB29P) AppleWebKit/537.36 (KHTML, like Gecko) Chrome/131.0.6778.264 Mobile Safari/537.36 (compatible; Googlebot/2.1; +http://www.google.com/bot.html)"
66.249.68.32 - - [15/Jan/2025:01:23:57 -0500] "GET /aorgl/e686567.html HTTP/1.1" 200 70571 "-" "Mozilla/5.0 (Linux; Android 6.0.1; Nexus 5X Build/MMB29P) AppleWebKit/537.36 (KHTML, like Gecko) Chrome/131.0.6778.264 Mobile Safari/537.36 (compatible; Googlebot/2.1; +http://www.google.com/bot.html)"
66.249.68.39 - - [15/Jan/2025:01:24:20 -0500] "GET /thhkn/f321840.html HTTP/1.1" 200 69579 "-" "Mozilla/5.0 (Linux; Android 6.0.1; Nexus 5X Build/MMB29P) AppleWebKit/537.36 (KHTML, like Gecko) Chrome/131.0.6778.264 Mobile Safari/537.36 (compatible; Googlebot/2.1; +http://www.google.com/bot.html)"
66.249.68.32 - - [15/Jan/2025:01:24:51 -0500] "GET /jelca/c524481.html HTTP/1.1" 200 74064 "-" "Mozilla/5.0 (Linux; Android 6.0.1; Nexus 5X Build/MMB29P) AppleWebKit/537.36 (KHTML, like Gecko) Chrome/131.0.6778.264 Mobile Safari/537.36 (compatible; Googlebot/2.1; +http://www.google.com/bot.html)"
66.249.68.39 - - [15/Jan/2025:01:24:58 -0500] "GET /eahlm/n890078.html HTTP/1.1" 200 68496 "-" "Mozilla/5.0 (Linux; Android 6.0.1; Nexus 5X Build/MMB29P) AppleWebKit/537.36 (KHTML, like Gecko) Chrome/131.0.6778.264 Mobile Safari/537.36 (compatible; Googlebot/2.1; +http://www.google.com/bot.html)"
66.249.68.39 - - [15/Jan/2025:01:25:13 -0500] "GET /xoujs/d1370236.html HTTP/1.1" 200 68662 "-" "Mozilla/5.0 (Linux; Android 6.0.1; Nexus 5X Build/MMB29P) AppleWebKit/537.36 (KHTML, like Gecko) Chrome/131.0.6778.264 Mobile Safari/537.36 (compatible; Googlebot/2.1; +http://www.google.com/bot.html)"
52.167.144.222 - - [15/Jan/2025:01:25:30 -0500] "GET /rielc/x1167846.html HTTP/1.1" 200 71197 "-" "Mozilla/5.0 AppleWebKit/537.36 (KHTML, like Gecko; compatible; bingbot/2.0; +http://www.bing.com/bingbot.htm) Chrome/116.0.1938.76 Safari/537.36"
66.249.68.39 - - [15/Jan/2025:01:25:46 -0500] "GET /bdjmc/r2677322.html HTTP/1.1" 200 69347 "-" "Mozilla/5.0 (Linux; Android 6.0.1; Nexus 5X Build/MMB29P) AppleWebKit/537.36 (KHTML, like Gecko) Chrome/131.0.6778.264 Mobile Safari/537.36 (compatible; Googlebot/2.1; +http://www.google.com/bot.html)"
66.249.68.39 - - [15/Jan/2025:01:26:16 -0500] "GET /kqwxo/h678822.html HTTP/1.1" 200 70272 "-" "Mozilla/5.0 (Linux; Android 6.0.1; Nexus 5X Build/MMB29P) AppleWebKit/537.36 (KHTML, like Gecko) Chrome/131.0.6778.264 Mobile Safari/537.36 (compatible; Googlebot/2.1; +http://www.google.com/bot.html)"
66.249.68.39 - - [15/Jan/2025:01:26:19 -0500] "GET /rvjgj/c2142279.html HTTP/1.1" 200 70797 "-" "Mozilla/5.0 (Linux; Android 6.0.1; Nexus 5X Build/MMB29P) AppleWebKit/537.36 (KHTML, like Gecko) Chrome/131.0.6778.264 Mobile Safari/537.36 (compatible; Googlebot/2.1; +http://www.google.com/bot.html)"
66.249.68.32 - - [15/Jan/2025:01:26:25 -0500] "GET /mojzr/f1692508.html HTTP/1.1" 200 68096 "-" "Mozilla/5.0 (Linux; Android 6.0.1; Nexus 5X Build/MMB29P) AppleWebKit/537.36 (KHTML, like Gecko) Chrome/131.0.6778.264 Mobile Safari/537.36 (compatible; Googlebot/2.1; +http://www.google.com/bot.html)"
52.167.144.181 - - [15/Jan/2025:01:26:29 -0500] "GET /ktbeg/j2550356.html HTTP/1.1" 200 69079 "-" "Mozilla/5.0 AppleWebKit/537.36 (KHTML, like Gecko; compatible; bingbot/2.0; +http://www.bing.com/bingbot.htm) Chrome/116.0.1938.76 Safari/537.36"
52.167.144.146 - - [15/Jan/2025:01:26:34 -0500] "GET /qvhtg/w2747865.html HTTP/1.1" 200 69826 "-" "Mozilla/5.0 AppleWebKit/537.36 (KHTML, like Gecko; compatible; bingbot/2.0; +http://www.bing.com/bingbot.htm) Chrome/116.0.1938.76 Safari/537.36"
66.249.68.39 - - [15/Jan/2025:01:26:37 -0500] "GET /xfsmc/r2680676.html HTTP/1.1" 200 71894 "-" "Mozilla/5.0 (Linux; Android 6.0.1; Nexus 5X Build/MMB29P) AppleWebKit/537.36 (KHTML, like Gecko) Chrome/131.0.6778.264 Mobile Safari/537.36 (compatible; Googlebot/2.1; +http://www.google.com/bot.html)"
66.249.68.39 - - [15/Jan/2025:01:26:45 -0500] "GET /pkfmh/j2972648.html HTTP/1.1" 200 69408 "-" "Mozilla/5.0 (Linux; Android 6.0.1; Nexus 5X Build/MMB29P) AppleWebKit/537.36 (KHTML, like Gecko) Chrome/131.0.6778.264 Mobile Safari/537.36 (compatible; Googlebot/2.1; +http://www.google.com/bot.html)"
52.167.144.181 - - [15/Jan/2025:01:26:48 -0500] "GET /qxhea/c729777.html HTTP/1.1" 200 68213 "-" "Mozilla/5.0 AppleWebKit/537.36 (KHTML, like Gecko; compatible; bingbot/2.0; +http://www.bing.com/bingbot.htm) Chrome/116.0.1938.76 Safari/537.36"
52.167.144.222 - - [15/Jan/2025:01:26:51 -0500] "GET /smmic/j506964.html HTTP/1.1" 200 68199 "-" "Mozilla/5.0 AppleWebKit/537.36 (KHTML, like Gecko; compatible; bingbot/2.0; +http://www.bing.com/bingbot.htm) Chrome/116.0.1938.76 Safari/537.36"
66.249.68.32 - - [15/Jan/2025:01:26:59 -0500] "GET /gkway/c1039073.html HTTP/1.1" 200 70311 "-" "Mozilla/5.0 (Linux; Android 6.0.1; Nexus 5X Build/MMB29P) AppleWebKit/537.36 (KHTML, like Gecko) Chrome/131.0.6778.264 Mobile Safari/537.36 (compatible; Googlebot/2.1; +http://www.google.com/bot.html)"
40.77.167.35 - - [15/Jan/2025:01:27:11 -0500] "GET /cnvjc/w1672427.html HTTP/1.1" 200 68912 "-" "Mozilla/5.0 AppleWebKit/537.36 (KHTML, like Gecko; compatible; bingbot/2.0; +http://www.bing.com/bingbot.htm) Chrome/116.0.1938.76 Safari/537.36"
52.167.144.146 - - [15/Jan/2025:01:27:15 -0500] "GET /mwghg/s511003.html HTTP/1.1" 200 70090 "-" "Mozilla/5.0 AppleWebKit/537.36 (KHTML, like Gecko; compatible; bingbot/2.0; +http://www.bing.com/bingbot.htm) Chrome/116.0.1938.76 Safari/537.36"
52.167.144.146 - - [15/Jan/2025:01:27:15 -0500] "GET /yjkyp/w2229269.html HTTP/1.1" 200 72254 "-" "Mozilla/5.0 AppleWebKit/537.36 (KHTML, like Gecko; compatible; bingbot/2.0; +http://www.bing.com/bingbot.htm) Chrome/116.0.1938.76 Safari/537.36"
40.77.167.131 - - [15/Jan/2025:01:27:24 -0500] "GET /vyihl/i1308855.html HTTP/1.1" 200 67737 "-" "Mozilla/5.0 AppleWebKit/537.36 (KHTML, like Gecko; compatible; bingbot/2.0; +http://www.bing.com/bingbot.htm) Chrome/116.0.1938.76 Safari/537.36"
66.249.68.39 - - [15/Jan/2025:01:27:28 -0500] "GET /qdlct/w517767.html HTTP/1.1" 200 71766 "-" "Mozilla/5.0 (Linux; Android 6.0.1; Nexus 5X Build/MMB29P) AppleWebKit/537.36 (KHTML, like Gecko) Chrome/131.0.6778.264 Mobile Safari/537.36 (compatible; Googlebot/2.1; +http://www.google.com/bot.html)"
52.167.144.181 - - [15/Jan/2025:01:27:29 -0500] "GET /dmgdx/c831385.html HTTP/1.1" 200 69325 "-" "Mozilla/5.0 AppleWebKit/537.36 (KHTML, like Gecko; compatible; bingbot/2.0; +http://www.bing.com/bingbot.htm) Chrome/116.0.1938.76 Safari/537.36"
66.249.68.39 - - [15/Jan/2025:01:27:31 -0500] "GET /pdnsa/m2062833.html HTTP/1.1" 200 68476 "-" "Mozilla/5.0 (Linux; Android 6.0.1; Nexus 5X Build/MMB29P) AppleWebKit/537.36 (KHTML, like Gecko) Chrome/131.0.6778.264 Mobile Safari/537.36 (compatible; Googlebot/2.1; +http://www.google.com/bot.html)"
52.167.144.181 - - [15/Jan/2025:01:27:33 -0500] "GET /uyeuo/m679971.html HTTP/1.1" 200 68340 "-" "Mozilla/5.0 AppleWebKit/537.36 (KHTML, like Gecko; compatible; bingbot/2.0; +http://www.bing.com/bingbot.htm) Chrome/116.0.1938.76 Safari/537.36"
52.167.144.145 - - [15/Jan/2025:01:27:38 -0500] "GET /gsnvm/f1711436.html HTTP/1.1" 200 67662 "-" "Mozilla/5.0 AppleWebKit/537.36 (KHTML, like Gecko; compatible; bingbot/2.0; +http://www.bing.com/bingbot.htm) Chrome/116.0.1938.76 Safari/537.36"
66.249.68.39 - - [15/Jan/2025:01:27:44 -0500] "GET /behwr/z565480.html HTTP/1.1" 200 69757 "-" "Mozilla/5.0 (Linux; Android 6.0.1; Nexus 5X Build/MMB29P) AppleWebKit/537.36 (KHTML, like Gecko) Chrome/131.0.6778.264 Mobile Safari/537.36 (compatible; Googlebot/2.1; +http://www.google.com/bot.html)"
52.167.144.181 - - [15/Jan/2025:01:27:48 -0500] "GET /gxubw/x1032334.html HTTP/1.1" 200 69398 "-" "Mozilla/5.0 AppleWebKit/537.36 (KHTML, like Gecko; compatible; bingbot/2.0; +http://www.bing.com/bingbot.htm) Chrome/116.0.1938.76 Safari/537.36"
52.167.144.181 - - [15/Jan/2025:01:27:50 -0500] "GET /oguxe/d2766098.html HTTP/1.1" 200 71226 "-" "Mozilla/5.0 AppleWebKit/537.36 (KHTML, like Gecko; compatible; bingbot/2.0; +http://www.bing.com/bingbot.htm) Chrome/116.0.1938.76 Safari/537.36"
52.167.144.146 - - [15/Jan/2025:01:28:14 -0500] "GET /brtdq/t2200718.html HTTP/1.1" 200 68827 "-" "Mozilla/5.0 AppleWebKit/537.36 (KHTML, like Gecko; compatible; bingbot/2.0; +http://www.bing.com/bingbot.htm) Chrome/116.0.1938.76 Safari/537.36"
52.167.144.146 - - [15/Jan/2025:01:28:17 -0500] "GET /uystk/c310241.html HTTP/1.1" 200 67787 "-" "Mozilla/5.0 AppleWebKit/537.36 (KHTML, like Gecko; compatible; bingbot/2.0; +http://www.bing.com/bingbot.htm) Chrome/116.0.1938.76 Safari/537.36"
52.167.144.222 - - [15/Jan/2025:01:28:20 -0500] "GET /kijyu/u1582127.html HTTP/1.1" 200 71108 "-" "Mozilla/5.0 AppleWebKit/537.36 (KHTML, like Gecko; compatible; bingbot/2.0; +http://www.bing.com/bingbot.htm) Chrome/116.0.1938.76 Safari/537.36"
66.249.68.34 - - [15/Jan/2025:01:28:21 -0500] "GET /pgqda/e1156257.html HTTP/1.1" 200 68535 "-" "Mozilla/5.0 (Linux; Android 6.0.1; Nexus 5X Build/MMB29P) AppleWebKit/537.36 (KHTML, like Gecko) Chrome/131.0.6778.264 Mobile Safari/537.36 (compatible; Googlebot/2.1; +http://www.google.com/bot.html)"
52.167.144.145 - - [15/Jan/2025:01:28:39 -0500] "GET /yuxqa/t2034448.html HTTP/1.1" 200 70831 "-" "Mozilla/5.0 AppleWebKit/537.36 (KHTML, like Gecko; compatible; bingbot/2.0; +http://www.bing.com/bingbot.htm) Chrome/116.0.1938.76 Safari/537.36"
52.167.144.146 - - [15/Jan/2025:01:28:54 -0500] "GET /ztolk/t2463292.html HTTP/1.1" 200 69934 "-" "Mozilla/5.0 AppleWebKit/537.36 (KHTML, like Gecko; compatible; bingbot/2.0; +http://www.bing.com/bingbot.htm) Chrome/116.0.1938.76 Safari/537.36"
52.167.144.181 - - [15/Jan/2025:01:28:59 -0500] "GET /xruxg/d2667350.html HTTP/1.1" 200 68288 "-" "Mozilla/5.0 AppleWebKit/537.36 (KHTML, like Gecko; compatible; bingbot/2.0; +http://www.bing.com/bingbot.htm) Chrome/116.0.1938.76 Safari/537.36"
52.167.144.222 - - [15/Jan/2025:01:29:01 -0500] "GET /zerdo/u872327.html HTTP/1.1" 200 69378 "-" "Mozilla/5.0 AppleWebKit/537.36 (KHTML, like Gecko; compatible; bingbot/2.0; +http://www.bing.com/bingbot.htm) Chrome/116.0.1938.76 Safari/537.36"
52.167.144.222 - - [15/Jan/2025:01:29:03 -0500] "GET /sjprf/l1452950.html HTTP/1.1" 200 70935 "-" "Mozilla/5.0 AppleWebKit/537.36 (KHTML, like Gecko; compatible; bingbot/2.0; +http://www.bing.com/bingbot.htm) Chrome/116.0.1938.76 Safari/537.36"
52.167.144.222 - - [15/Jan/2025:01:29:06 -0500] "GET /noein/s2291457.html HTTP/1.1" 200 77158 "-" "Mozilla/5.0 AppleWebKit/537.36 (KHTML, like Gecko; compatible; bingbot/2.0; +http://www.bing.com/bingbot.htm) Chrome/116.0.1938.76 Safari/537.36"
66.249.68.34 - - [15/Jan/2025:01:29:10 -0500] "GET /jfkgg/m1013941.html HTTP/1.1" 200 68879 "-" "Mozilla/5.0 (Linux; Android 6.0.1; Nexus 5X Build/MMB29P) AppleWebKit/537.36 (KHTML, like Gecko) Chrome/131.0.6778.264 Mobile Safari/537.36 (compatible; Googlebot/2.1; +http://www.google.com/bot.html)"
66.249.68.32 - - [15/Jan/2025:01:29:22 -0500] "GET /jbkhu/x867650.html HTTP/1.1" 200 68094 "-" "Mozilla/5.0 (Linux; Android 6.0.1; Nexus 5X Build/MMB29P) AppleWebKit/537.36 (KHTML, like Gecko) Chrome/131.0.6778.264 Mobile Safari/537.36 (compatible; Googlebot/2.1; +http://www.google.com/bot.html)"
40.77.167.35 - - [15/Jan/2025:01:29:39 -0500] "GET /qvlge/z2957662.html HTTP/1.1" 200 69722 "-" "Mozilla/5.0 AppleWebKit/537.36 (KHTML, like Gecko; compatible; bingbot/2.0; +http://www.bing.com/bingbot.htm) Chrome/116.0.1938.76 Safari/537.36"
66.249.68.34 - - [15/Jan/2025:01:30:21 -0500] "GET /nvsof/m1773869.html HTTP/1.1" 200 69148 "-" "Mozilla/5.0 (Linux; Android 6.0.1; Nexus 5X Build/MMB29P) AppleWebKit/537.36 (KHTML, like Gecko) Chrome/131.0.6778.264 Mobile Safari/537.36 (compatible; Googlebot/2.1; +http://www.google.com/bot.html)"
66.249.68.39 - - [15/Jan/2025:01:30:57 -0500] "GET /qtbda/p2738680.html HTTP/1.1" 200 68932 "-" "Mozilla/5.0 (Linux; Android 6.0.1; Nexus 5X Build/MMB29P) AppleWebKit/537.36 (KHTML, like Gecko) Chrome/131.0.6778.264 Mobile Safari/537.36 (compatible; Googlebot/2.1; +http://www.google.com/bot.html)"
66.249.68.39 - - [15/Jan/2025:01:31:07 -0500] "GET /goods/278967 HTTP/1.1" 200 69199 "-" "Mozilla/5.0 (Linux; Android 6.0.1; Nexus 5X Build/MMB29P) AppleWebKit/537.36 (KHTML, like Gecko) Chrome/131.0.6778.264 Mobile Safari/537.36 (compatible; Googlebot/2.1; +http://www.google.com/bot.html)"
66.249.68.39 - - [15/Jan/2025:01:31:25 -0500] "GET /rublf/f602016.html HTTP/1.1" 200 69887 "-" "Mozilla/5.0 (Linux; Android 6.0.1; Nexus 5X Build/MMB29P) AppleWebKit/537.36 (KHTML, like Gecko) Chrome/131.0.6778.264 Mobile Safari/537.36 (compatible; Googlebot/2.1; +http://www.google.com/bot.html)"
66.249.68.39 - - [15/Jan/2025:01:31:37 -0500] "GET /qkelv/s895777.html HTTP/1.1" 200 72808 "-" "Mozilla/5.0 (compatible; Googlebot/2.1; +http://www.google.com/bot.html)"
66.249.68.32 - - [15/Jan/2025:01:32:05 -0500] "GET /nxjmm/k2111685.html HTTP/1.1" 200 68589 "-" "Mozilla/5.0 (Linux; Android 6.0.1; Nexus 5X Build/MMB29P) AppleWebKit/537.36 (KHTML, like Gecko) Chrome/131.0.6778.264 Mobile Safari/537.36 (compatible; Googlebot/2.1; +http://www.google.com/bot.html)"
66.249.68.32 - - [15/Jan/2025:01:32:21 -0500] "GET /uxfzw/f1219100.html HTTP/1.1" 200 68742 "-" "Mozilla/5.0 (Linux; Android 6.0.1; Nexus 5X Build/MMB29P) AppleWebKit/537.36 (KHTML, like Gecko) Chrome/131.0.6778.264 Mobile Safari/537.36 (compatible; Googlebot/2.1; +http://www.google.com/bot.html)"
66.249.68.39 - - [15/Jan/2025:01:32:27 -0500] "GET /zphnu/n236984.html HTTP/1.1" 200 68734 "-" "Mozilla/5.0 (Linux; Android 6.0.1; Nexus 5X Build/MMB29P) AppleWebKit/537.36 (KHTML, like Gecko) Chrome/131.0.6778.264 Mobile Safari/537.36 (compatible; Googlebot/2.1; +http://www.google.com/bot.html)"
66.249.68.34 - - [15/Jan/2025:01:33:11 -0500] "GET /qcaoh/q1788407.html HTTP/1.1" 200 72721 "-" "Mozilla/5.0 (Linux; Android 6.0.1; Nexus 5X Build/MMB29P) AppleWebKit/537.36 (KHTML, like Gecko) Chrome/131.0.6778.264 Mobile Safari/537.36 (compatible; Googlebot/2.1; +http://www.google.com/bot.html)"
66.249.68.32 - - [15/Jan/2025:01:33:15 -0500] "GET /kwnba/i232013.html HTTP/1.1" 200 70692 "-" "Mozilla/5.0 (Linux; Android 6.0.1; Nexus 5X Build/MMB29P) AppleWebKit/537.36 (KHTML, like Gecko) Chrome/131.0.6778.264 Mobile Safari/537.36 (compatible; Googlebot/2.1; +http://www.google.com/bot.html)"
66.249.68.39 - - [15/Jan/2025:01:33:19 -0500] "GET /vzhuz/w754003.html HTTP/1.1" 200 67436 "-" "Mozilla/5.0 (Linux; Android 6.0.1; Nexus 5X Build/MMB29P) AppleWebKit/537.36 (KHTML, like Gecko) Chrome/131.0.6778.264 Mobile Safari/537.36 (compatible; Googlebot/2.1; +http://www.google.com/bot.html)"
66.249.68.39 - - [15/Jan/2025:01:33:20 -0500] "GET /khchh/f629576.html HTTP/1.1" 200 69373 "-" "Mozilla/5.0 (Linux; Android 6.0.1; Nexus 5X Build/MMB29P) AppleWebKit/537.36 (KHTML, like Gecko) Chrome/131.0.6778.264 Mobile Safari/537.36 (compatible; Googlebot/2.1; +http://www.google.com/bot.html)"
66.249.68.39 - - [15/Jan/2025:01:33:21 -0500] "GET /seune/y307403.html HTTP/1.1" 200 69048 "-" "Mozilla/5.0 (Linux; Android 6.0.1; Nexus 5X Build/MMB29P) AppleWebKit/537.36 (KHTML, like Gecko) Chrome/131.0.6778.264 Mobile Safari/537.36 (compatible; Googlebot/2.1; +http://www.google.com/bot.html)"
66.249.68.34 - - [15/Jan/2025:01:34:10 -0500] "GET /fivgt/f548924.html HTTP/1.1" 200 68563 "-" "Mozilla/5.0 (Linux; Android 6.0.1; Nexus 5X Build/MMB29P) AppleWebKit/537.36 (KHTML, like Gecko) Chrome/131.0.6778.264 Mobile Safari/537.36 (compatible; Googlebot/2.1; +http://www.google.com/bot.html)"
66.249.68.39 - - [15/Jan/2025:01:34:11 -0500] "GET /alfwo/r2300582.html HTTP/1.1" 200 69540 "-" "Mozilla/5.0 (Linux; Android 6.0.1; Nexus 5X Build/MMB29P) AppleWebKit/537.36 (KHTML, like Gecko) Chrome/131.0.6778.264 Mobile Safari/537.36 (compatible; Googlebot/2.1; +http://www.google.com/bot.html)"
66.249.68.39 - - [15/Jan/2025:01:34:54 -0500] "GET /ewvnz/q954223.html HTTP/1.1" 200 67746 "-" "Mozilla/5.0 (compatible; Googlebot/2.1; +http://www.google.com/bot.html)"
52.167.144.145 - - [15/Jan/2025:01:35:10 -0500] "GET /xqxbb/y2763779.html HTTP/1.1" 200 67929 "-" "Mozilla/5.0 AppleWebKit/537.36 (KHTML, like Gecko; compatible; bingbot/2.0; +http://www.bing.com/bingbot.htm) Chrome/116.0.1938.76 Safari/537.36"
66.249.68.32 - - [15/Jan/2025:01:35:21 -0500] "GET /fjxbw/f2049462.html HTTP/1.1" 200 68221 "-" "Mozilla/5.0 (Linux; Android 6.0.1; Nexus 5X Build/MMB29P) AppleWebKit/537.36 (KHTML, like Gecko) Chrome/131.0.6778.264 Mobile Safari/537.36 (compatible; Googlebot/2.1; +http://www.google.com/bot.html)"
66.249.68.32 - - [15/Jan/2025:01:35:27 -0500] "GET /pbwee/j2029550.html HTTP/1.1" 200 68085 "-" "Mozilla/5.0 (Linux; Android 6.0.1; Nexus 5X Build/MMB29P) AppleWebKit/537.36 (KHTML, like Gecko) Chrome/131.0.6778.264 Mobile Safari/537.36 (compatible; Googlebot/2.1; +http://www.google.com/bot.html)"
66.249.68.39 - - [15/Jan/2025:01:36:43 -0500] "GET /tgeut/c313569.html HTTP/1.1" 200 70771 "-" "Mozilla/5.0 (Linux; Android 6.0.1; Nexus 5X Build/MMB29P) AppleWebKit/537.36 (KHTML, like Gecko) Chrome/131.0.6778.264 Mobile Safari/537.36 (compatible; Googlebot/2.1; +http://www.google.com/bot.html)"
66.249.68.32 - - [15/Jan/2025:01:37:02 -0500] "GET /cyawn/u2718457.html HTTP/1.1" 200 69199 "-" "Mozilla/5.0 (Linux; Android 6.0.1; Nexus 5X Build/MMB29P) AppleWebKit/537.36 (KHTML, like Gecko) Chrome/131.0.6778.264 Mobile Safari/537.36 (compatible; Googlebot/2.1; +http://www.google.com/bot.html)"
66.249.68.39 - - [15/Jan/2025:01:38:33 -0500] "GET /ttuac/q2664347.html HTTP/1.1" 200 69082 "-" "Mozilla/5.0 (compatible; Googlebot/2.1; +http://www.google.com/bot.html)"
66.249.68.34 - - [15/Jan/2025:01:39:14 -0500] "GET /niwgf/v2496990.html HTTP/1.1" 200 69163 "-" "Mozilla/5.0 (Linux; Android 6.0.1; Nexus 5X Build/MMB29P) AppleWebKit/537.36 (KHTML, like Gecko) Chrome/131.0.6778.264 Mobile Safari/537.36 (compatible; Googlebot/2.1; +http://www.google.com/bot.html)"
66.249.68.39 - - [15/Jan/2025:01:39:27 -0500] "GET /vikvj/m1076159.html HTTP/1.1" 200 68278 "-" "Mozilla/5.0 (compatible; Googlebot/2.1; +http://www.google.com/bot.html)"
66.249.68.39 - - [15/Jan/2025:01:39:41 -0500] "GET /zqziw/u2330511.html HTTP/1.1" 200 72879 "-" "Mozilla/5.0 (Linux; Android 6.0.1; Nexus 5X Build/MMB29P) AppleWebKit/537.36 (KHTML, like Gecko) Chrome/131.0.6778.264 Mobile Safari/537.36 (compatible; Googlebot/2.1; +http://www.google.com/bot.html)"
66.249.68.39 - - [15/Jan/2025:01:39:43 -0500] "GET /ivocn/u1483665.html HTTP/1.1" 200 67487 "-" "Mozilla/5.0 (Linux; Android 6.0.1; Nexus 5X Build/MMB29P) AppleWebKit/537.36 (KHTML, like Gecko) Chrome/131.0.6778.264 Mobile Safari/537.36 (compatible; Googlebot/2.1; +http://www.google.com/bot.html)"
66.249.68.39 - - [15/Jan/2025:01:40:05 -0500] "GET /olndw/a1283211.html HTTP/1.1" 200 68414 "-" "Mozilla/5.0 (compatible; Googlebot/2.1; +http://www.google.com/bot.html)"
66.249.68.32 - - [15/Jan/2025:01:40:09 -0500] "GET /zbeqx/q1166539.html HTTP/1.1" 200 70275 "-" "Mozilla/5.0 (Linux; Android 6.0.1; Nexus 5X Build/MMB29P) AppleWebKit/537.36 (KHTML, like Gecko) Chrome/131.0.6778.264 Mobile Safari/537.36 (compatible; Googlebot/2.1; +http://www.google.com/bot.html)"
66.249.68.39 - - [15/Jan/2025:01:40:36 -0500] "GET /gfmhm/d460730.html HTTP/1.1" 200 70261 "-" "Mozilla/5.0 (compatible; Googlebot/2.1; +http://www.google.com/bot.html)"
66.249.68.32 - - [15/Jan/2025:01:41:05 -0500] "GET /bkvav/k2814751.html HTTP/1.1" 200 70530 "-" "Mozilla/5.0 (Linux; Android 6.0.1; Nexus 5X Build/MMB29P) AppleWebKit/537.36 (KHTML, like Gecko) Chrome/131.0.6778.264 Mobile Safari/537.36 (compatible; Googlebot/2.1; +http://www.google.com/bot.html)"
66.249.68.32 - - [15/Jan/2025:01:41:21 -0500] "GET /qajzm/s2061539.html HTTP/1.1" 200 69673 "-" "Mozilla/5.0 (Linux; Android 6.0.1; Nexus 5X Build/MMB29P) AppleWebKit/537.36 (KHTML, like Gecko) Chrome/131.0.6778.264 Mobile Safari/537.36 (compatible; Googlebot/2.1; +http://www.google.com/bot.html)"
66.249.68.32 - - [15/Jan/2025:01:41:24 -0500] "GET /rmsvc/e2757805.html HTTP/1.1" 200 68305 "-" "Mozilla/5.0 (Linux; Android 6.0.1; Nexus 5X Build/MMB29P) AppleWebKit/537.36 (KHTML, like Gecko) Chrome/131.0.6778.264 Mobile Safari/537.36 (compatible; Googlebot/2.1; +http://www.google.com/bot.html)"
66.249.68.39 - - [15/Jan/2025:01:43:17 -0500] "GET /ftyof/a1551921.html HTTP/1.1" 200 67213 "-" "Mozilla/5.0 (Linux; Android 6.0.1; Nexus 5X Build/MMB29P) AppleWebKit/537.36 (KHTML, like Gecko) Chrome/131.0.6778.264 Mobile Safari/537.36 (compatible; Googlebot/2.1; +http://www.google.com/bot.html)"
66.249.68.32 - - [15/Jan/2025:01:43:15 -0500] "GET /ytabw/d207958.html HTTP/1.1" 200 68555 "-" "Mozilla/5.0 (compatible; Googlebot/2.1; +http://www.google.com/bot.html)"
66.249.68.39 - - [15/Jan/2025:01:43:21 -0500] "GET /uxjty/d1370158.html HTTP/1.1" 200 67860 "-" "Mozilla/5.0 (Linux; Android 6.0.1; Nexus 5X Build/MMB29P) AppleWebKit/537.36 (KHTML, like Gecko) Chrome/131.0.6778.264 Mobile Safari/537.36 (compatible; Googlebot/2.1; +http://www.google.com/bot.html)"
66.249.68.39 - - [15/Jan/2025:01:44:24 -0500] "GET /jrwxa/f1294916.html HTTP/1.1" 200 68484 "-" "Mozilla/5.0 (compatible; Googlebot/2.1; +http://www.google.com/bot.html)"
66.249.68.34 - - [15/Jan/2025:01:44:27 -0500] "GET /azkkh/e1698539.html HTTP/1.1" 200 70189 "-" "Mozilla/5.0 (Linux; Android 6.0.1; Nexus 5X Build/MMB29P) AppleWebKit/537.36 (KHTML, like Gecko) Chrome/131.0.6778.264 Mobile Safari/537.36 (compatible; Googlebot/2.1; +http://www.google.com/bot.html)"
66.249.68.32 - - [15/Jan/2025:01:44:29 -0500] "GET /vehev/k2228815.html HTTP/1.1" 200 68219 "-" "Mozilla/5.0 (Linux; Android 6.0.1; Nexus 5X Build/MMB29P) AppleWebKit/537.36 (KHTML, like Gecko) Chrome/131.0.6778.264 Mobile Safari/537.36 (compatible; Googlebot/2.1; +http://www.google.com/bot.html)"
66.249.68.39 - - [15/Jan/2025:01:45:34 -0500] "GET /mxnsy/f2184974.html HTTP/1.1" 200 70298 "-" "Mozilla/5.0 (Linux; Android 6.0.1; Nexus 5X Build/MMB29P) AppleWebKit/537.36 (KHTML, like Gecko) Chrome/131.0.6778.264 Mobile Safari/537.36 (compatible; Googlebot/2.1; +http://www.google.com/bot.html)"
66.249.68.34 - - [15/Jan/2025:01:46:05 -0500] "GET /pqjpr/w1219013.html HTTP/1.1" 200 68309 "-" "Mozilla/5.0 (Linux; Android 6.0.1; Nexus 5X Build/MMB29P) AppleWebKit/537.36 (KHTML, like Gecko) Chrome/131.0.6778.264 Mobile Safari/537.36 (compatible; Googlebot/2.1; +http://www.google.com/bot.html)"
66.249.68.39 - - [15/Jan/2025:01:46:59 -0500] "GET /pxypt/b3076172.html HTTP/1.1" 200 68302 "-" "Mozilla/5.0 (Linux; Android 6.0.1; Nexus 5X Build/MMB29P) AppleWebKit/537.36 (KHTML, like Gecko) Chrome/131.0.6778.264 Mobile Safari/537.36 (compatible; Googlebot/2.1; +http://www.google.com/bot.html)"
66.249.68.39 - - [15/Jan/2025:01:47:17 -0500] "GET /aojtj/m1799115.html HTTP/1.1" 200 70209 "-" "Mozilla/5.0 (Linux; Android 6.0.1; Nexus 5X Build/MMB29P) AppleWebKit/537.36 (KHTML, like Gecko) Chrome/131.0.6778.264 Mobile Safari/537.36 (compatible; Googlebot/2.1; +http://www.google.com/bot.html)"
66.249.68.39 - - [15/Jan/2025:01:49:39 -0500] "GET /sqhmq/c1428917.html HTTP/1.1" 200 70127 "-" "Mozilla/5.0 (Linux; Android 6.0.1; Nexus 5X Build/MMB29P) AppleWebKit/537.36 (KHTML, like Gecko) Chrome/131.0.6778.264 Mobile Safari/537.36 (compatible; Googlebot/2.1; +http://www.google.com/bot.html)"
66.249.68.39 - - [15/Jan/2025:01:49:42 -0500] "GET /?_gl=1*1ix4f11*_gcl_au*MTYxMTI1OTI3MS4xNzIxODg2NjU0*_ga*ODYyMzk4MzA3LjE2OTk0NTM1Nzg.*_ga_7H42SVMQ0V*MTcyMTg4NjY1NS4xMjEuMS4xNzIxODg2NjY5LjQ2LjAuMA..&_ga=2.198040047.1958808748.1721886654-862398307.1699453578&_bdsid=2ulvIJ.n~ZXCIW.1721886656070.1721886848&_bd_prev_page=https://diixadigital.com/detail.php?imzrv/o954767.html HTTP/1.1" 200 75289 "-" "Mozilla/5.0 (Linux; Android 6.0.1; Nexus 5X Build/MMB29P) AppleWebKit/537.36 (KHTML, like Gecko) Chrome/131.0.6778.264 Mobile Safari/537.36 (compatible; Googlebot/2.1; +http://www.google.com/bot.html)"
66.249.68.39 - - [15/Jan/2025:01:50:50 -0500] "GET /nonsq/o1464055.html HTTP/1.1" 200 70349 "-" "Mozilla/5.0 (Linux; Android 6.0.1; Nexus 5X Build/MMB29P) AppleWebKit/537.36 (KHTML, like Gecko) Chrome/131.0.6778.264 Mobile Safari/537.36 (compatible; Googlebot/2.1; +http://www.google.com/bot.html)"
66.249.68.32 - - [15/Jan/2025:01:50:50 -0500] "GET /awkfg/f2415750.html HTTP/1.1" 200 70143 "-" "Mozilla/5.0 (Linux; Android 6.0.1; Nexus 5X Build/MMB29P) AppleWebKit/537.36 (KHTML, like Gecko) Chrome/131.0.6778.264 Mobile Safari/537.36 (compatible; Googlebot/2.1; +http://www.google.com/bot.html)"
66.249.68.32 - - [15/Jan/2025:01:50:53 -0500] "GET /hzqjg/k474569.html HTTP/1.1" 200 67527 "-" "Mozilla/5.0 (compatible; Googlebot/2.1; +http://www.google.com/bot.html)"
66.249.68.32 - - [15/Jan/2025:01:52:50 -0500] "GET /drwbz/j1884574.html HTTP/1.1" 200 68617 "-" "Mozilla/5.0 (Linux; Android 6.0.1; Nexus 5X Build/MMB29P) AppleWebKit/537.36 (KHTML, like Gecko) Chrome/131.0.6778.264 Mobile Safari/537.36 (compatible; Googlebot/2.1; +http://www.google.com/bot.html)"
66.249.68.32 - - [15/Jan/2025:01:52:51 -0500] "GET /eslov/u2928199.html HTTP/1.1" 200 68366 "-" "Mozilla/5.0 (compatible; Googlebot/2.1; +http://www.google.com/bot.html)"
40.77.167.45 - - [15/Jan/2025:01:52:55 -0500] "GET /lojyw/y2164531.html HTTP/1.1" 200 68240 "-" "Mozilla/5.0 AppleWebKit/537.36 (KHTML, like Gecko; compatible; bingbot/2.0; +http://www.bing.com/bingbot.htm) Chrome/116.0.1938.76 Safari/537.36"
66.249.68.39 - - [15/Jan/2025:01:53:14 -0500] "GET /jqamw/p2111170.html HTTP/1.1" 200 68037 "-" "Mozilla/5.0 (Linux; Android 6.0.1; Nexus 5X Build/MMB29P) AppleWebKit/537.36 (KHTML, like Gecko) Chrome/131.0.6778.264 Mobile Safari/537.36 (compatible; Googlebot/2.1; +http://www.google.com/bot.html)"
66.249.68.39 - - [15/Jan/2025:01:53:50 -0500] "GET /thjln/c2709755.html HTTP/1.1" 200 70409 "-" "Mozilla/5.0 (Linux; Android 6.0.1; Nexus 5X Build/MMB29P) AppleWebKit/537.36 (KHTML, like Gecko) Chrome/131.0.6778.264 Mobile Safari/537.36 (compatible; Googlebot/2.1; +http://www.google.com/bot.html)"
66.249.68.32 - - [15/Jan/2025:01:54:02 -0500] "GET /wgagh/h450724.html HTTP/1.1" 200 68728 "-" "Mozilla/5.0 (compatible; Googlebot/2.1; +http://www.google.com/bot.html)"
66.249.68.32 - - [15/Jan/2025:01:54:05 -0500] "GET /ygudq/c106011.html HTTP/1.1" 200 68555 "-" "Mozilla/5.0 (Linux; Android 6.0.1; Nexus 5X Build/MMB29P) AppleWebKit/537.36 (KHTML, like Gecko) Chrome/131.0.6778.264 Mobile Safari/537.36 (compatible; Googlebot/2.1; +http://www.google.com/bot.html)"
66.249.68.39 - - [15/Jan/2025:01:54:10 -0500] "GET /bqket/y2876879.html HTTP/1.1" 200 68043 "-" "Mozilla/5.0 (Linux; Android 6.0.1; Nexus 5X Build/MMB29P) AppleWebKit/537.36 (KHTML, like Gecko) Chrome/131.0.6778.264 Mobile Safari/537.36 (compatible; Googlebot/2.1; +http://www.google.com/bot.html)"
66.249.68.39 - - [15/Jan/2025:01:54:33 -0500] "GET /qtrwc/l1006504.html HTTP/1.1" 200 68725 "-" "Mozilla/5.0 (Linux; Android 6.0.1; Nexus 5X Build/MMB29P) AppleWebKit/537.36 (KHTML, like Gecko) Chrome/131.0.6778.264 Mobile Safari/537.36 (compatible; Googlebot/2.1; +http://www.google.com/bot.html)"
66.249.68.32 - - [15/Jan/2025:01:55:50 -0500] "GET /ufhwu/t2829034.html HTTP/1.1" 200 70152 "-" "Mozilla/5.0 (Linux; Android 6.0.1; Nexus 5X Build/MMB29P) AppleWebKit/537.36 (KHTML, like Gecko) Chrome/131.0.6778.264 Mobile Safari/537.36 (compatible; Googlebot/2.1; +http://www.google.com/bot.html)"
66.249.68.39 - - [15/Jan/2025:01:56:11 -0500] "GET /btbxc/m1583471.html HTTP/1.1" 200 70054 "-" "Mozilla/5.0 (Linux; Android 6.0.1; Nexus 5X Build/MMB29P) AppleWebKit/537.36 (KHTML, like Gecko) Chrome/131.0.6778.264 Mobile Safari/537.36 (compatible; Googlebot/2.1; +http://www.google.com/bot.html)"
52.167.144.137 - - [15/Jan/2025:01:56:50 -0500] "GET /hvmla/o444569.html HTTP/1.1" 200 70060 "-" "Mozilla/5.0 AppleWebKit/537.36 (KHTML, like Gecko; compatible; bingbot/2.0; +http://www.bing.com/bingbot.htm) Chrome/116.0.1938.76 Safari/537.36"
52.167.144.234 - - [15/Jan/2025:01:56:56 -0500] "GET /dgakl/s2506633.html HTTP/1.1" 200 68220 "-" "Mozilla/5.0 AppleWebKit/537.36 (KHTML, like Gecko; compatible; bingbot/2.0; +http://www.bing.com/bingbot.htm) Chrome/116.0.1938.76 Safari/537.36"
52.167.144.137 - - [15/Jan/2025:01:57:11 -0500] "GET /spjez/y2885199.html HTTP/1.1" 200 69497 "-" "Mozilla/5.0 AppleWebKit/537.36 (KHTML, like Gecko; compatible; bingbot/2.0; +http://www.bing.com/bingbot.htm) Chrome/116.0.1938.76 Safari/537.36"
52.167.144.184 - - [15/Jan/2025:01:57:32 -0500] "GET /jyupu/c646681.html HTTP/1.1" 200 68745 "-" "Mozilla/5.0 AppleWebKit/537.36 (KHTML, like Gecko; compatible; bingbot/2.0; +http://www.bing.com/bingbot.htm) Chrome/116.0.1938.76 Safari/537.36"
40.77.167.56 - - [15/Jan/2025:01:57:37 -0500] "GET /npleu/x500530.html HTTP/1.1" 200 69074 "-" "Mozilla/5.0 AppleWebKit/537.36 (KHTML, like Gecko; compatible; bingbot/2.0; +http://www.bing.com/bingbot.htm) Chrome/116.0.1938.76 Safari/537.36"
52.167.144.218 - - [15/Jan/2025:01:57:53 -0500] "GET /wkhww/t2491788.html HTTP/1.1" 200 67869 "-" "Mozilla/5.0 AppleWebKit/537.36 (KHTML, like Gecko; compatible; bingbot/2.0; +http://www.bing.com/bingbot.htm) Chrome/116.0.1938.76 Safari/537.36"
52.167.144.218 - - [15/Jan/2025:01:57:55 -0500] "GET /jtzsn/i2233857.html HTTP/1.1" 200 68701 "-" "Mozilla/5.0 AppleWebKit/537.36 (KHTML, like Gecko; compatible; bingbot/2.0; +http://www.bing.com/bingbot.htm) Chrome/116.0.1938.76 Safari/537.36"
52.167.144.234 - - [15/Jan/2025:01:57:56 -0500] "GET /uxpqu/n673004.html HTTP/1.1" 200 68972 "-" "Mozilla/5.0 AppleWebKit/537.36 (KHTML, like Gecko; compatible; bingbot/2.0; +http://www.bing.com/bingbot.htm) Chrome/116.0.1938.76 Safari/537.36"
40.77.167.56 - - [15/Jan/2025:01:58:16 -0500] "GET /kwztn/v2901498.html HTTP/1.1" 200 73124 "-" "Mozilla/5.0 AppleWebKit/537.36 (KHTML, like Gecko; compatible; bingbot/2.0; +http://www.bing.com/bingbot.htm) Chrome/116.0.1938.76 Safari/537.36"
52.167.144.137 - - [15/Jan/2025:01:58:21 -0500] "GET /zztca/c92543.html HTTP/1.1" 200 67274 "-" "Mozilla/5.0 AppleWebKit/537.36 (KHTML, like Gecko; compatible; bingbot/2.0; +http://www.bing.com/bingbot.htm) Chrome/116.0.1938.76 Safari/537.36"
52.167.144.137 - - [15/Jan/2025:01:58:23 -0500] "GET /agpge/g2759419.html HTTP/1.1" 200 70584 "-" "Mozilla/5.0 AppleWebKit/537.36 (KHTML, like Gecko; compatible; bingbot/2.0; +http://www.bing.com/bingbot.htm) Chrome/116.0.1938.76 Safari/537.36"
66.249.68.32 - - [15/Jan/2025:01:58:28 -0500] "GET /pwkql/l1909510.html HTTP/1.1" 200 70632 "-" "Mozilla/5.0 (Linux; Android 6.0.1; Nexus 5X Build/MMB29P) AppleWebKit/537.36 (KHTML, like Gecko) Chrome/131.0.6778.264 Mobile Safari/537.36 (compatible; Googlebot/2.1; +http://www.google.com/bot.html)"
52.167.144.184 - - [15/Jan/2025:01:58:32 -0500] "GET /dqnil/z1246784.html HTTP/1.1" 200 68876 "-" "Mozilla/5.0 AppleWebKit/537.36 (KHTML, like Gecko; compatible; bingbot/2.0; +http://www.bing.com/bingbot.htm) Chrome/116.0.1938.76 Safari/537.36"
52.167.144.137 - - [15/Jan/2025:01:58:32 -0500] "GET /nbavs/v2004706.html HTTP/1.1" 200 68541 "-" "Mozilla/5.0 AppleWebKit/537.36 (KHTML, like Gecko; compatible; bingbot/2.0; +http://www.bing.com/bingbot.htm) Chrome/116.0.1938.76 Safari/537.36"
40.77.167.65 - - [15/Jan/2025:01:58:42 -0500] "GET /wdfnw/w2953863.html HTTP/1.1" 200 68578 "-" "Mozilla/5.0 AppleWebKit/537.36 (KHTML, like Gecko; compatible; bingbot/2.0; +http://www.bing.com/bingbot.htm) Chrome/116.0.1938.76 Safari/537.36"
52.167.144.218 - - [15/Jan/2025:01:58:53 -0500] "GET /lbctp/v2590018.html HTTP/1.1" 200 69544 "-" "Mozilla/5.0 AppleWebKit/537.36 (KHTML, like Gecko; compatible; bingbot/2.0; +http://www.bing.com/bingbot.htm) Chrome/116.0.1938.76 Safari/537.36"
52.167.144.218 - - [15/Jan/2025:01:58:55 -0500] "GET /nfsdi/n374836.html HTTP/1.1" 200 68731 "-" "Mozilla/5.0 AppleWebKit/537.36 (KHTML, like Gecko; compatible; bingbot/2.0; +http://www.bing.com/bingbot.htm) Chrome/116.0.1938.76 Safari/537.36"
52.167.144.234 - - [15/Jan/2025:01:58:57 -0500] "GET /kedze/i3043835.html HTTP/1.1" 200 69474 "-" "Mozilla/5.0 AppleWebKit/537.36 (KHTML, like Gecko; compatible; bingbot/2.0; +http://www.bing.com/bingbot.htm) Chrome/116.0.1938.76 Safari/537.36"
66.249.68.39 - - [15/Jan/2025:01:59:42 -0500] "GET /qidhj/z1815820.html HTTP/1.1" 200 69048 "-" "Mozilla/5.0 (Linux; Android 6.0.1; Nexus 5X Build/MMB29P) AppleWebKit/537.36 (KHTML, like Gecko) Chrome/131.0.6778.264 Mobile Safari/537.36 (compatible; Googlebot/2.1; +http://www.google.com/bot.html)"
52.167.144.218 - - [15/Jan/2025:02:00:43 -0500] "GET /mfkfg/w2177633.html HTTP/1.1" 200 72072 "-" "Mozilla/5.0 AppleWebKit/537.36 (KHTML, like Gecko; compatible; bingbot/2.0; +http://www.bing.com/bingbot.htm) Chrome/116.0.1938.76 Safari/537.36"
66.249.68.34 - - [15/Jan/2025:02:01:13 -0500] "GET /veprc/v841934.html HTTP/1.1" 200 68418 "-" "Mozilla/5.0 (compatible; Googlebot/2.1; +http://www.google.com/bot.html)"
66.249.68.39 - - [15/Jan/2025:02:01:48 -0500] "GET /qbecl/c967729.html HTTP/1.1" 200 68132 "-" "Mozilla/5.0 (Linux; Android 6.0.1; Nexus 5X Build/MMB29P) AppleWebKit/537.36 (KHTML, like Gecko) Chrome/131.0.6778.264 Mobile Safari/537.36 (compatible; Googlebot/2.1; +http://www.google.com/bot.html)"
40.77.167.75 - - [15/Jan/2025:02:03:02 -0500] "GET /cmvlm/c2756295.html HTTP/1.1" 200 68556 "-" "Mozilla/5.0 AppleWebKit/537.36 (KHTML, like Gecko; compatible; bingbot/2.0; +http://www.bing.com/bingbot.htm) Chrome/116.0.1938.76 Safari/537.36"
66.249.68.34 - - [15/Jan/2025:02:03:13 -0500] "GET /hdwjv/h456730.html HTTP/1.1" 200 71450 "-" "Mozilla/5.0 (Linux; Android 6.0.1; Nexus 5X Build/MMB29P) AppleWebKit/537.36 (KHTML, like Gecko) Chrome/131.0.6778.264 Mobile Safari/537.36 (compatible; Googlebot/2.1; +http://www.google.com/bot.html)"
66.249.68.39 - - [15/Jan/2025:02:03:16 -0500] "GET /ftjlf/p147650.html HTTP/1.1" 200 68593 "-" "Mozilla/5.0 (compatible; Googlebot/2.1; +http://www.google.com/bot.html)"
66.249.68.32 - - [15/Jan/2025:02:03:16 -0500] "GET /ftjlf/p147650.html HTTP/1.1" 200 68601 "-" "Mozilla/5.0 (Linux; Android 6.0.1; Nexus 5X Build/MMB29P) AppleWebKit/537.36 (KHTML, like Gecko) Chrome/131.0.6778.264 Mobile Safari/537.36 (compatible; Googlebot/2.1; +http://www.google.com/bot.html)"
66.249.68.32 - - [15/Jan/2025:02:03:23 -0500] "GET /jivtx/u2847677.html HTTP/1.1" 200 70116 "-" "Mozilla/5.0 (Linux; Android 6.0.1; Nexus 5X Build/MMB29P) AppleWebKit/537.36 (KHTML, like Gecko) Chrome/131.0.6778.264 Mobile Safari/537.36 (compatible; Googlebot/2.1; +http://www.google.com/bot.html)"
66.249.68.34 - - [15/Jan/2025:02:04:05 -0500] "GET /vznna/d3026696.html HTTP/1.1" 200 67742 "-" "Mozilla/5.0 (compatible; Googlebot/2.1; +http://www.google.com/bot.html)"
66.249.68.32 - - [15/Jan/2025:02:04:15 -0500] "GET /bxuzk/j1141078.html HTTP/1.1" 200 68848 "-" "Mozilla/5.0 (Linux; Android 6.0.1; Nexus 5X Build/MMB29P) AppleWebKit/537.36 (KHTML, like Gecko) Chrome/131.0.6778.264 Mobile Safari/537.36 (compatible; Googlebot/2.1; +http://www.google.com/bot.html)"
66.249.68.39 - - [15/Jan/2025:02:04:21 -0500] "GET /vlhya/n549686.html HTTP/1.1" 200 71086 "-" "Mozilla/5.0 (compatible; Googlebot/2.1; +http://www.google.com/bot.html)"
66.249.68.34 - - [15/Jan/2025:02:07:03 -0500] "GET /bqzba/m617857.html HTTP/1.1" 200 67863 "-" "Mozilla/5.0 (compatible; Googlebot/2.1; +http://www.google.com/bot.html)"
66.249.68.39 - - [15/Jan/2025:02:07:10 -0500] "GET /bgmah/c372017.html HTTP/1.1" 200 70190 "-" "Mozilla/5.0 (Linux; Android 6.0.1; Nexus 5X Build/MMB29P) AppleWebKit/537.36 (KHTML, like Gecko) Chrome/131.0.6778.264 Mobile Safari/537.36 (compatible; Googlebot/2.1; +http://www.google.com/bot.html)"
66.249.68.39 - - [15/Jan/2025:02:07:50 -0500] "GET /xrlrl/c1124691.html HTTP/1.1" 200 67751 "-" "Mozilla/5.0 (compatible; Googlebot/2.1; +http://www.google.com/bot.html)"
66.249.68.34 - - [15/Jan/2025:02:08:20 -0500] "GET /nkpgl/i1077403.html HTTP/1.1" 200 68142 "-" "Mozilla/5.0 (Linux; Android 6.0.1; Nexus 5X Build/MMB29P) AppleWebKit/537.36 (KHTML, like Gecko) Chrome/131.0.6778.264 Mobile Safari/537.36 (compatible; Googlebot/2.1; +http://www.google.com/bot.html)"
66.249.68.32 - - [15/Jan/2025:02:08:59 -0500] "GET /xfoml/e2088305.html HTTP/1.1" 200 70994 "-" "Mozilla/5.0 (Linux; Android 6.0.1; Nexus 5X Build/MMB29P) AppleWebKit/537.36 (KHTML, like Gecko) Chrome/131.0.6778.264 Mobile Safari/537.36 (compatible; Googlebot/2.1; +http://www.google.com/bot.html)"
66.249.68.39 - - [15/Jan/2025:02:09:05 -0500] "GET /cdkrm/b1570746.html HTTP/1.1" 200 70376 "-" "Mozilla/5.0 (Linux; Android 6.0.1; Nexus 5X Build/MMB29P) AppleWebKit/537.36 (KHTML, like Gecko) Chrome/131.0.6778.264 Mobile Safari/537.36 (compatible; Googlebot/2.1; +http://www.google.com/bot.html)"
185.191.171.13 - - [15/Jan/2025:02:09:07 -0500] "GET /robots.txt HTTP/1.1" 200 237 "-" "Mozilla/5.0 (compatible; SemrushBot/7~bl; +http://www.semrush.com/bot.html)"
66.29.132.124 - - [15/Jan/2025:02:09:20 -0500] "POST /wp-cron.php?doing_wp_cron=1736924959.9836890697479248046875 HTTP/1.1" 200 0 "-" "WordPress/6.7.1; https://diixadigital.com"
185.191.171.10 - - [15/Jan/2025:02:09:09 -0500] "GET / HTTP/1.1" 200 21284 "-" "Mozilla/5.0 (compatible; SemrushBot/7~bl; +http://www.semrush.com/bot.html)"
66.29.132.124 - - [15/Jan/2025:02:09:20 -0500] "POST /wp-admin/admin-ajax.php?action=async_litespeed&nonce=mR0OBohgyp6ORsn76618zxM0JVgzbHOr&litespeed_type=imgoptm HTTP/1.1" 200 21 "-" "WordPress/6.7.1; https://diixadigital.com"
