66.249.68.70 - - [15/Jan/2025:01:33:20 -0500] "GET /?b=227530966 HTTP/1.1" 200 80033 "-" "Mozilla/5.0 (Linux; Android 6.0.1; Nexus 5X Build/MMB29P) AppleWebKit/537.36 (KHTML, like Gecko) Chrome/131.0.6778.264 Mobile Safari/537.36 (compatible; Googlebot/2.1; +http://www.google.com/bot.html)"
66.249.68.69 - - [15/Jan/2025:01:33:24 -0500] "GET /?b=321362566 HTTP/1.1" 200 79642 "-" "Mozilla/5.0 (Linux; Android 6.0.1; Nexus 5X Build/MMB29P) AppleWebKit/537.36 (KHTML, like Gecko) Chrome/131.0.6778.264 Mobile Safari/537.36 (compatible; Googlebot/2.1; +http://www.google.com/bot.html)"
66.29.132.124 - - [15/Jan/2025:01:33:57 -0500] "POST /wp-cron.php?doing_wp_cron=1736922835.3681581020355224609375 HTTP/1.1" 200 0 "-" "WordPress/6.7.1; https://blog.diixadigital.com"
66.29.132.124 - - [15/Jan/2025:01:34:05 -0500] "POST /wp-admin/admin-ajax.php?action=async_litespeed&nonce=49560b6340&litespeed_type=imgoptm HTTP/1.1" 200 0 "-" "WordPress/6.7.1; https://blog.diixadigital.com"
66.249.68.71 - - [15/Jan/2025:01:35:25 -0500] "GET /fubiv/i2580290.html HTTP/1.1" 200 81276 "-" "Mozilla/5.0 (Linux; Android 6.0.1; Nexus 5X Build/MMB29P) AppleWebKit/537.36 (KHTML, like Gecko) Chrome/131.0.6778.264 Mobile Safari/537.36 (compatible; Googlebot/2.1; +http://www.google.com/bot.html)"
66.249.68.69 - - [15/Jan/2025:01:35:58 -0500] "GET /jnjfg/s2583602.html HTTP/1.1" 200 79568 "-" "Mozilla/5.0 (Linux; Android 6.0.1; Nexus 5X Build/MMB29P) AppleWebKit/537.36 (KHTML, like Gecko) Chrome/131.0.6778.264 Mobile Safari/537.36 (compatible; Googlebot/2.1; +http://www.google.com/bot.html)"
66.249.68.69 - - [15/Jan/2025:01:36:19 -0500] "GET /?b=140438666 HTTP/1.1" 200 80998 "-" "Mozilla/5.0 (Linux; Android 6.0.1; Nexus 5X Build/MMB29P) AppleWebKit/537.36 (KHTML, like Gecko) Chrome/131.0.6778.264 Mobile Safari/537.36 (compatible; Googlebot/2.1; +http://www.google.com/bot.html)"
66.249.68.70 - - [15/Jan/2025:01:38:12 -0500] "GET /?b=109403466 HTTP/1.1" 200 80229 "-" "Mozilla/5.0 (Linux; Android 6.0.1; Nexus 5X Build/MMB29P) AppleWebKit/537.36 (KHTML, like Gecko) Chrome/131.0.6778.264 Mobile Safari/537.36 (compatible; Googlebot/2.1; +http://www.google.com/bot.html)"
66.249.68.69 - - [15/Jan/2025:01:38:44 -0500] "GET /?b=356225766 HTTP/1.1" 200 79568 "-" "Mozilla/5.0 (Linux; Android 6.0.1; Nexus 5X Build/MMB29P) AppleWebKit/537.36 (KHTML, like Gecko) Chrome/131.0.6778.264 Mobile Safari/537.36 (compatible; Googlebot/2.1; +http://www.google.com/bot.html)"
66.249.68.69 - - [15/Jan/2025:01:38:45 -0500] "GET /?b=55162266 HTTP/1.1" 200 79984 "-" "Mozilla/5.0 (Linux; Android 6.0.1; Nexus 5X Build/MMB29P) AppleWebKit/537.36 (KHTML, like Gecko) Chrome/131.0.6778.264 Mobile Safari/537.36 (compatible; Googlebot/2.1; +http://www.google.com/bot.html)"
66.249.68.70 - - [15/Jan/2025:01:40:01 -0500] "GET /?b=300588466 HTTP/1.1" 200 80488 "-" "Mozilla/5.0 (Linux; Android 6.0.1; Nexus 5X Build/MMB29P) AppleWebKit/537.36 (KHTML, like Gecko) Chrome/131.0.6778.264 Mobile Safari/537.36 (compatible; Googlebot/2.1; +http://www.google.com/bot.html)"
103.162.21.160 - - [15/Jan/2025:01:40:25 -0500] "GET /wp-login.php HTTP/1.1" 200 0 "-" "Mozilla/5.0 (X11; Fedora; Linux x86_64; rv:94.0) Gecko/20100101 Firefox/95.0"
66.249.68.70 - - [15/Jan/2025:01:40:53 -0500] "GET /eugki/i2582162.html HTTP/1.1" 200 80999 "-" "Mozilla/5.0 (Linux; Android 6.0.1; Nexus 5X Build/MMB29P) AppleWebKit/537.36 (KHTML, like Gecko) Chrome/131.0.6778.264 Mobile Safari/537.36 (compatible; Googlebot/2.1; +http://www.google.com/bot.html)"
66.249.68.71 - - [15/Jan/2025:01:41:11 -0500] "GET /?b=340491666 HTTP/1.1" 200 80204 "-" "Mozilla/5.0 (Linux; Android 6.0.1; Nexus 5X Build/MMB29P) AppleWebKit/537.36 (KHTML, like Gecko) Chrome/131.0.6778.264 Mobile Safari/537.36 (compatible; Googlebot/2.1; +http://www.google.com/bot.html)"
66.29.132.124 - - [15/Jan/2025:01:41:20 -0500] "POST /wp-cron.php?doing_wp_cron=1736923279.8681609630584716796875 HTTP/1.1" 200 0 "-" "WordPress/6.7.1; https://blog.diixadigital.com"
103.162.21.160 - - [15/Jan/2025:01:40:54 -0500] "POST /wp-login.php HTTP/1.1" 200 2400 "-" "Mozilla/5.0 (X11; Fedora; Linux x86_64; rv:94.0) Gecko/20100101 Firefox/95.0"
66.29.132.124 - - [15/Jan/2025:01:41:28 -0500] "POST /wp-admin/admin-ajax.php?action=async_litespeed&nonce=49560b6340&litespeed_type=imgoptm HTTP/1.1" 200 0 "-" "WordPress/6.7.1; https://blog.diixadigital.com"
66.249.68.70 - - [15/Jan/2025:01:44:43 -0500] "GET /?b=79452366 HTTP/1.1" 200 81065 "-" "Mozilla/5.0 (Linux; Android 6.0.1; Nexus 5X Build/MMB29P) AppleWebKit/537.36 (KHTML, like Gecko) Chrome/131.0.6778.264 Mobile Safari/537.36 (compatible; Googlebot/2.1; +http://www.google.com/bot.html)"
66.249.68.70 - - [15/Jan/2025:01:45:07 -0500] "GET /zbqrm/p1501245.html HTTP/1.1" 200 80765 "-" "Mozilla/5.0 (Linux; Android 6.0.1; Nexus 5X Build/MMB29P) AppleWebKit/537.36 (KHTML, like Gecko) Chrome/131.0.6778.264 Mobile Safari/537.36 (compatible; Googlebot/2.1; +http://www.google.com/bot.html)"
66.249.68.69 - - [15/Jan/2025:01:45:22 -0500] "GET /fxtth/t206527.html HTTP/1.1" 200 80519 "-" "Mozilla/5.0 (Linux; Android 6.0.1; Nexus 5X Build/MMB29P) AppleWebKit/537.36 (KHTML, like Gecko) Chrome/131.0.6778.264 Mobile Safari/537.36 (compatible; Googlebot/2.1; +http://www.google.com/bot.html)"
66.249.68.69 - - [15/Jan/2025:01:46:20 -0500] "GET /vnmkp/h1484649.html HTTP/1.1" 200 80041 "-" "Mozilla/5.0 (Linux; Android 6.0.1; Nexus 5X Build/MMB29P) AppleWebKit/537.36 (KHTML, like Gecko) Chrome/131.0.6778.264 Mobile Safari/537.36 (compatible; Googlebot/2.1; +http://www.google.com/bot.html)"
66.249.68.71 - - [15/Jan/2025:01:47:06 -0500] "GET /cwrdr/r1507149.html HTTP/1.1" 200 79549 "-" "Mozilla/5.0 (Linux; Android 6.0.1; Nexus 5X Build/MMB29P) AppleWebKit/537.36 (KHTML, like Gecko) Chrome/131.0.6778.264 Mobile Safari/537.36 (compatible; Googlebot/2.1; +http://www.google.com/bot.html)"
66.249.68.69 - - [15/Jan/2025:01:47:12 -0500] "GET /rwnbp/z1485837.html HTTP/1.1" 200 79490 "-" "Mozilla/5.0 (Linux; Android 6.0.1; Nexus 5X Build/MMB29P) AppleWebKit/537.36 (KHTML, like Gecko) Chrome/131.0.6778.264 Mobile Safari/537.36 (compatible; Googlebot/2.1; +http://www.google.com/bot.html)"
66.29.132.124 - - [15/Jan/2025:01:48:36 -0500] "POST /wp-cron.php?doing_wp_cron=1736923716.1688070297241210937500 HTTP/1.1" 200 0 "-" "WordPress/6.7.1; https://blog.diixadigital.com"
81.177.136.216 - - [15/Jan/2025:01:48:24 -0500] "GET /wp-login.php HTTP/1.1" 200 2236 "-" "Mozilla/5.0 (X11; Fedora; Linux x86_64; rv:94.0) Gecko/20100101 Firefox/95.0"
66.29.132.124 - - [15/Jan/2025:01:48:38 -0500] "POST /wp-admin/admin-ajax.php?action=async_litespeed&nonce=49560b6340&litespeed_type=imgoptm HTTP/1.1" 200 0 "-" "WordPress/6.7.1; https://blog.diixadigital.com"
66.249.68.70 - - [15/Jan/2025:01:50:00 -0500] "GET /?b=275637466 HTTP/1.1" 200 80001 "-" "Mozilla/5.0 (Linux; Android 6.0.1; Nexus 5X Build/MMB29P) AppleWebKit/537.36 (KHTML, like Gecko) Chrome/131.0.6778.264 Mobile Safari/537.36 (compatible; Googlebot/2.1; +http://www.google.com/bot.html)"
66.249.68.71 - - [15/Jan/2025:01:52:50 -0500] "GET /iqjkd/s2246746.html HTTP/1.1" 200 79216 "-" "Mozilla/5.0 (Linux; Android 6.0.1; Nexus 5X Build/MMB29P) AppleWebKit/537.36 (KHTML, like Gecko) Chrome/131.0.6778.264 Mobile Safari/537.36 (compatible; Googlebot/2.1; +http://www.google.com/bot.html)"
66.249.68.71 - - [15/Jan/2025:01:53:20 -0500] "GET /welfm/r1508085.html HTTP/1.1" 200 79669 "-" "Mozilla/5.0 (Linux; Android 6.0.1; Nexus 5X Build/MMB29P) AppleWebKit/537.36 (KHTML, like Gecko) Chrome/131.0.6778.264 Mobile Safari/537.36 (compatible; Googlebot/2.1; +http://www.google.com/bot.html)"
66.249.68.69 - - [15/Jan/2025:01:54:58 -0500] "GET /kvouz/u2582954.html HTTP/1.1" 200 80075 "-" "Mozilla/5.0 (Linux; Android 6.0.1; Nexus 5X Build/MMB29P) AppleWebKit/537.36 (KHTML, like Gecko) Chrome/131.0.6778.264 Mobile Safari/537.36 (compatible; Googlebot/2.1; +http://www.google.com/bot.html)"
66.29.132.124 - - [15/Jan/2025:01:57:29 -0500] "POST /wp-cron.php?doing_wp_cron=1736924249.2530379295349121093750 HTTP/1.1" 200 0 "-" "WordPress/6.7.1; https://blog.diixadigital.com"
146.59.34.237 - - [15/Jan/2025:01:57:26 -0500] "GET /wp-login.php HTTP/1.1" 200 2236 "-" "Mozilla/5.0 (X11; Fedora; Linux x86_64; rv:94.0) Gecko/20100101 Firefox/95.0"
66.29.132.124 - - [15/Jan/2025:01:57:29 -0500] "POST /wp-admin/admin-ajax.php?action=async_litespeed&nonce=49560b6340&litespeed_type=imgoptm HTTP/1.1" 200 21 "-" "WordPress/6.7.1; https://blog.diixadigital.com"
146.59.34.237 - - [15/Jan/2025:01:57:30 -0500] "POST /wp-login.php HTTP/1.1" 200 2415 "-" "Mozilla/5.0 (X11; Fedora; Linux x86_64; rv:94.0) Gecko/20100101 Firefox/95.0"
40.77.167.159 - - [15/Jan/2025:01:57:37 -0500] "GET /?b=305146966 HTTP/1.1" 200 79568 "-" "Mozilla/5.0 AppleWebKit/537.36 (KHTML, like Gecko; compatible; bingbot/2.0; +http://www.bing.com/bingbot.htm) Chrome/116.0.1938.76 Safari/537.36"
66.249.68.70 - - [15/Jan/2025:01:58:06 -0500] "GET /upizo/j1485405.html HTTP/1.1" 200 79503 "-" "Mozilla/5.0 (Linux; Android 6.0.1; Nexus 5X Build/MMB29P) AppleWebKit/537.36 (KHTML, like Gecko) Chrome/131.0.6778.264 Mobile Safari/537.36 (compatible; Googlebot/2.1; +http://www.google.com/bot.html)"
66.249.68.70 - - [15/Jan/2025:01:59:28 -0500] "GET /fmjkn/u2592314.html HTTP/1.1" 200 80842 "-" "Mozilla/5.0 (Linux; Android 6.0.1; Nexus 5X Build/MMB29P) AppleWebKit/537.36 (KHTML, like Gecko) Chrome/131.0.6778.264 Mobile Safari/537.36 (compatible; Googlebot/2.1; +http://www.google.com/bot.html)"
40.77.167.159 - - [15/Jan/2025:01:59:37 -0500] "GET /?b=298386366 HTTP/1.1" 200 80505 "-" "Mozilla/5.0 AppleWebKit/537.36 (KHTML, like Gecko; compatible; bingbot/2.0; +http://www.bing.com/bingbot.htm) Chrome/116.0.1938.76 Safari/537.36"
40.77.167.230 - - [15/Jan/2025:02:01:51 -0500] "GET /?b=231604166 HTTP/1.1" 200 79323 "-" "Mozilla/5.0 AppleWebKit/537.36 (KHTML, like Gecko; compatible; bingbot/2.0; +http://www.bing.com/bingbot.htm) Chrome/116.0.1938.76 Safari/537.36"
40.77.167.230 - - [15/Jan/2025:02:01:54 -0500] "GET /?b=283332466 HTTP/1.1" 200 79264 "-" "Mozilla/5.0 AppleWebKit/537.36 (KHTML, like Gecko; compatible; bingbot/2.0; +http://www.bing.com/bingbot.htm) Chrome/116.0.1938.76 Safari/537.36"
66.249.68.71 - - [15/Jan/2025:02:07:22 -0500] "GET /somfg/b1487061.html HTTP/1.1" 200 80253 "-" "Mozilla/5.0 (Linux; Android 6.0.1; Nexus 5X Build/MMB29P) AppleWebKit/537.36 (KHTML, like Gecko) Chrome/131.0.6778.264 Mobile Safari/537.36 (compatible; Googlebot/2.1; +http://www.google.com/bot.html)"
66.29.132.124 - - [15/Jan/2025:02:07:52 -0500] "POST /wp-cron.php?doing_wp_cron=1736924872.9043929576873779296875 HTTP/1.1" 200 0 "-" "WordPress/6.7.1; https://blog.diixadigital.com"
20.205.110.167 - - [15/Jan/2025:02:07:48 -0500] "GET /wp-login.php HTTP/1.1" 200 2236 "-" "Mozilla/5.0 (X11; Fedora; Linux x86_64; rv:94.0) Gecko/20100101 Firefox/95.0"
66.29.132.124 - - [15/Jan/2025:02:07:53 -0500] "POST /wp-admin/admin-ajax.php?action=async_litespeed&nonce=49560b6340&litespeed_type=imgoptm HTTP/1.1" 200 21 "-" "WordPress/6.7.1; https://blog.diixadigital.com"
20.205.110.167 - - [15/Jan/2025:02:07:53 -0500] "POST /wp-login.php HTTP/1.1" 200 2415 "-" "Mozilla/5.0 (X11; Fedora; Linux x86_64; rv:94.0) Gecko/20100101 Firefox/95.0"
66.249.68.69 - - [15/Jan/2025:02:09:30 -0500] "GET /nebth/d1501389.html HTTP/1.1" 200 80293 "-" "Mozilla/5.0 (Linux; Android 6.0.1; Nexus 5X Build/MMB29P) AppleWebKit/537.36 (KHTML, like Gecko) Chrome/131.0.6778.264 Mobile Safari/537.36 (compatible; Googlebot/2.1; +http://www.google.com/bot.html)"
66.249.68.70 - - [15/Jan/2025:02:10:07 -0500] "GET /iydfw/o2223706.html HTTP/1.1" 200 79820 "-" "Mozilla/5.0 (Linux; Android 6.0.1; Nexus 5X Build/MMB29P) AppleWebKit/537.36 (KHTML, like Gecko) Chrome/131.0.6778.264 Mobile Safari/537.36 (compatible; Googlebot/2.1; +http://www.google.com/bot.html)"
40.77.167.64 - - [15/Jan/2025:02:10:12 -0500] "GET /?b=204938466 HTTP/1.1" 200 81092 "-" "Mozilla/5.0 AppleWebKit/537.36 (KHTML, like Gecko; compatible; bingbot/2.0; +http://www.bing.com/bingbot.htm) Chrome/116.0.1938.76 Safari/537.36"
40.77.167.64 - - [15/Jan/2025:02:10:14 -0500] "GET /?b=334508066 HTTP/1.1" 200 80773 "-" "Mozilla/5.0 AppleWebKit/537.36 (KHTML, like Gecko; compatible; bingbot/2.0; +http://www.bing.com/bingbot.htm) Chrome/116.0.1938.76 Safari/537.36"
40.77.167.230 - - [15/Jan/2025:02:10:16 -0500] "GET /?b=10421866 HTTP/1.1" 200 79517 "-" "Mozilla/5.0 AppleWebKit/537.36 (KHTML, like Gecko; compatible; bingbot/2.0; +http://www.bing.com/bingbot.htm) Chrome/116.0.1938.76 Safari/537.36"
40.77.167.230 - - [15/Jan/2025:02:10:17 -0500] "GET /?b=33895366 HTTP/1.1" 200 80003 "-" "Mozilla/5.0 AppleWebKit/537.36 (KHTML, like Gecko; compatible; bingbot/2.0; +http://www.bing.com/bingbot.htm) Chrome/116.0.1938.76 Safari/537.36"
40.77.167.230 - - [15/Jan/2025:02:10:20 -0500] "GET /?b=89714466 HTTP/1.1" 200 79336 "-" "Mozilla/5.0 AppleWebKit/537.36 (KHTML, like Gecko; compatible; bingbot/2.0; +http://www.bing.com/bingbot.htm) Chrome/116.0.1938.76 Safari/537.36"
52.167.144.202 - - [15/Jan/2025:02:10:21 -0500] "GET /?b=164004766 HTTP/1.1" 200 81673 "-" "Mozilla/5.0 AppleWebKit/537.36 (KHTML, like Gecko; compatible; bingbot/2.0; +http://www.bing.com/bingbot.htm) Chrome/116.0.1938.76 Safari/537.36"
52.167.144.202 - - [15/Jan/2025:02:10:22 -0500] "GET /?b=212234466 HTTP/1.1" 200 79669 "-" "Mozilla/5.0 AppleWebKit/537.36 (KHTML, like Gecko; compatible; bingbot/2.0; +http://www.bing.com/bingbot.htm) Chrome/116.0.1938.76 Safari/537.36"
52.167.144.202 - - [15/Jan/2025:02:10:24 -0500] "GET /?b=38271766 HTTP/1.1" 200 80351 "-" "Mozilla/5.0 AppleWebKit/537.36 (KHTML, like Gecko; compatible; bingbot/2.0; +http://www.bing.com/bingbot.htm) Chrome/116.0.1938.76 Safari/537.36"
66.249.68.70 - - [15/Jan/2025:02:11:52 -0500] "GET /?b=164763766 HTTP/1.1" 200 81108 "-" "Mozilla/5.0 (Linux; Android 6.0.1; Nexus 5X Build/MMB29P) AppleWebKit/537.36 (KHTML, like Gecko) Chrome/131.0.6778.264 Mobile Safari/537.36 (compatible; Googlebot/2.1; +http://www.google.com/bot.html)"
66.29.132.124 - - [15/Jan/2025:02:15:35 -0500] "POST /wp-cron.php?doing_wp_cron=1736925335.0899579524993896484375 HTTP/1.1" 200 0 "-" "WordPress/6.7.1; https://blog.diixadigital.com"
51.222.253.17 - - [15/Jan/2025:02:15:32 -0500] "GET /category/apps-softwares/feed/ HTTP/1.1" 200 6869 "-" "Mozilla/5.0 (compatible; AhrefsBot/7.0; +http://ahrefs.com/robot/)"
66.29.132.124 - - [15/Jan/2025:02:15:35 -0500] "POST /wp-admin/admin-ajax.php?action=async_litespeed&nonce=49560b6340&litespeed_type=imgoptm HTTP/1.1" 200 21 "-" "WordPress/6.7.1; https://blog.diixadigital.com"
66.29.132.124 - - [15/Jan/2025:02:18:16 -0500] "POST /wp-cron.php?doing_wp_cron=1736925496.3829550743103027343750 HTTP/1.1" 200 0 "-" "WordPress/6.7.1; https://blog.diixadigital.com"
142.44.191.239 - - [15/Jan/2025:02:18:10 -0500] "GET /wp-login.php HTTP/1.1" 200 2236 "-" "Mozilla/5.0 (X11; Fedora; Linux x86_64; rv:94.0) Gecko/20100101 Firefox/95.0"
142.44.191.239 - - [15/Jan/2025:02:18:17 -0500] "POST /wp-login.php HTTP/1.1" 200 2415 "-" "Mozilla/5.0 (X11; Fedora; Linux x86_64; rv:94.0) Gecko/20100101 Firefox/95.0"
66.29.132.124 - - [15/Jan/2025:02:18:17 -0500] "POST /wp-admin/admin-ajax.php?action=async_litespeed&nonce=49560b6340&litespeed_type=imgoptm HTTP/1.1" 200 0 "-" "WordPress/6.7.1; https://blog.diixadigital.com"
66.249.68.70 - - [15/Jan/2025:02:18:43 -0500] "GET /bjbea/h1479033.html HTTP/1.1" 200 79339 "-" "Mozilla/5.0 (Linux; Android 6.0.1; Nexus 5X Build/MMB29P) AppleWebKit/537.36 (KHTML, like Gecko) Chrome/131.0.6778.264 Mobile Safari/537.36 (compatible; Googlebot/2.1; +http://www.google.com/bot.html)"
66.249.68.69 - - [15/Jan/2025:02:19:52 -0500] "GET /vwqsy/w2586518.html HTTP/1.1" 200 80507 "-" "Mozilla/5.0 (Linux; Android 6.0.1; Nexus 5X Build/MMB29P) AppleWebKit/537.36 (KHTML, like Gecko) Chrome/131.0.6778.264 Mobile Safari/537.36 (compatible; Googlebot/2.1; +http://www.google.com/bot.html)"
66.249.68.69 - - [15/Jan/2025:02:20:16 -0500] "GET /?b=323934666 HTTP/1.1" 200 80097 "-" "Mozilla/5.0 (Linux; Android 6.0.1; Nexus 5X Build/MMB29P) AppleWebKit/537.36 (KHTML, like Gecko) Chrome/131.0.6778.264 Mobile Safari/537.36 (compatible; Googlebot/2.1; +http://www.google.com/bot.html)"
66.249.68.69 - - [15/Jan/2025:02:20:34 -0500] "GET /?b=354357866 HTTP/1.1" 200 80178 "-" "Mozilla/5.0 (Linux; Android 6.0.1; Nexus 5X Build/MMB29P) AppleWebKit/537.36 (KHTML, like Gecko) Chrome/131.0.6778.264 Mobile Safari/537.36 (compatible; Googlebot/2.1; +http://www.google.com/bot.html)"
66.249.68.70 - - [15/Jan/2025:02:21:46 -0500] "GET /?b=64148766 HTTP/1.1" 200 80778 "-" "Mozilla/5.0 (Linux; Android 6.0.1; Nexus 5X Build/MMB29P) AppleWebKit/537.36 (KHTML, like Gecko) Chrome/131.0.6778.264 Mobile Safari/537.36 (compatible; Googlebot/2.1; +http://www.google.com/bot.html)"
66.249.68.70 - - [15/Jan/2025:02:23:34 -0500] "GET /tjpjv/l1480077.html HTTP/1.1" 200 79712 "-" "Mozilla/5.0 (Linux; Android 6.0.1; Nexus 5X Build/MMB29P) AppleWebKit/537.36 (KHTML, like Gecko) Chrome/131.0.6778.264 Mobile Safari/537.36 (compatible; Googlebot/2.1; +http://www.google.com/bot.html)"
66.249.68.69 - - [15/Jan/2025:02:23:49 -0500] "GET /?b=271269366 HTTP/1.1" 200 79702 "-" "Mozilla/5.0 (Linux; Android 6.0.1; Nexus 5X Build/MMB29P) AppleWebKit/537.36 (KHTML, like Gecko) Chrome/131.0.6778.264 Mobile Safari/537.36 (compatible; Googlebot/2.1; +http://www.google.com/bot.html)"
66.249.68.71 - - [15/Jan/2025:02:24:15 -0500] "GET /fssah/p1492353.html HTTP/1.1" 200 79133 "-" "Mozilla/5.0 (Linux; Android 6.0.1; Nexus 5X Build/MMB29P) AppleWebKit/537.36 (KHTML, like Gecko) Chrome/131.0.6778.264 Mobile Safari/537.36 (compatible; Googlebot/2.1; +http://www.google.com/bot.html)"
66.249.68.69 - - [15/Jan/2025:02:25:21 -0500] "GET /?b=288639366 HTTP/1.1" 200 79661 "-" "Mozilla/5.0 (Linux; Android 6.0.1; Nexus 5X Build/MMB29P) AppleWebKit/537.36 (KHTML, like Gecko) Chrome/131.0.6778.264 Mobile Safari/537.36 (compatible; Googlebot/2.1; +http://www.google.com/bot.html)"
66.249.68.71 - - [15/Jan/2025:02:26:24 -0500] "GET /?b=104583366 HTTP/1.1" 200 81041 "-" "Mozilla/5.0 (Linux; Android 6.0.1; Nexus 5X Build/MMB29P) AppleWebKit/537.36 (KHTML, like Gecko) Chrome/131.0.6778.264 Mobile Safari/537.36 (compatible; Googlebot/2.1; +http://www.google.com/bot.html)"
66.249.68.69 - - [15/Jan/2025:02:27:48 -0500] "GET /?b=237728866 HTTP/1.1" 200 79610 "-" "Mozilla/5.0 (Linux; Android 6.0.1; Nexus 5X Build/MMB29P) AppleWebKit/537.36 (KHTML, like Gecko) Chrome/131.0.6778.264 Mobile Safari/537.36 (compatible; Googlebot/2.1; +http://www.google.com/bot.html)"
66.249.68.69 - - [15/Jan/2025:02:28:10 -0500] "GET /?b=225929466 HTTP/1.1" 200 80467 "-" "Mozilla/5.0 (Linux; Android 6.0.1; Nexus 5X Build/MMB29P) AppleWebKit/537.36 (KHTML, like Gecko) Chrome/131.0.6778.264 Mobile Safari/537.36 (compatible; Googlebot/2.1; +http://www.google.com/bot.html)"
66.249.68.69 - - [15/Jan/2025:02:28:21 -0500] "GET /iqoek/e2230222.html HTTP/1.1" 200 80295 "-" "Mozilla/5.0 (Linux; Android 6.0.1; Nexus 5X Build/MMB29P) AppleWebKit/537.36 (KHTML, like Gecko) Chrome/131.0.6778.264 Mobile Safari/537.36 (compatible; Googlebot/2.1; +http://www.google.com/bot.html)"
66.249.68.69 - - [15/Jan/2025:02:28:35 -0500] "GET /?b=48044466 HTTP/1.1" 200 79974 "-" "Mozilla/5.0 (Linux; Android 6.0.1; Nexus 5X Build/MMB29P) AppleWebKit/537.36 (KHTML, like Gecko) Chrome/131.0.6778.264 Mobile Safari/537.36 (compatible; Googlebot/2.1; +http://www.google.com/bot.html)"
66.249.68.69 - - [15/Jan/2025:02:28:58 -0500] "GET /?b=61914566 HTTP/1.1" 200 81331 "-" "Mozilla/5.0 (Linux; Android 6.0.1; Nexus 5X Build/MMB29P) AppleWebKit/537.36 (KHTML, like Gecko) Chrome/131.0.6778.264 Mobile Safari/537.36 (compatible; Googlebot/2.1; +http://www.google.com/bot.html)"
52.167.144.194 - - [15/Jan/2025:02:29:35 -0500] "GET /?b=145396966 HTTP/1.1" 200 81522 "-" "Mozilla/5.0 AppleWebKit/537.36 (KHTML, like Gecko; compatible; bingbot/2.0; +http://www.bing.com/bingbot.htm) Chrome/116.0.1938.76 Safari/537.36"
52.167.144.182 - - [15/Jan/2025:02:29:46 -0500] "GET /?b=41718066 HTTP/1.1" 200 82417 "-" "Mozilla/5.0 AppleWebKit/537.36 (KHTML, like Gecko; compatible; bingbot/2.0; +http://www.bing.com/bingbot.htm) Chrome/116.0.1938.76 Safari/537.36"
66.249.68.70 - - [15/Jan/2025:02:31:09 -0500] "GET /?b=46178766 HTTP/1.1" 200 81022 "-" "Mozilla/5.0 (Linux; Android 6.0.1; Nexus 5X Build/MMB29P) AppleWebKit/537.36 (KHTML, like Gecko) Chrome/131.0.6778.264 Mobile Safari/537.36 (compatible; Googlebot/2.1; +http://www.google.com/bot.html)"
66.249.68.70 - - [15/Jan/2025:02:31:38 -0500] "GET /?b=173390066 HTTP/1.1" 200 79633 "-" "Mozilla/5.0 (Linux; Android 6.0.1; Nexus 5X Build/MMB29P) AppleWebKit/537.36 (KHTML, like Gecko) Chrome/131.0.6778.264 Mobile Safari/537.36 (compatible; Googlebot/2.1; +http://www.google.com/bot.html)"
66.249.68.70 - - [15/Jan/2025:02:32:49 -0500] "GET /jrpbr/r1487025.html HTTP/1.1" 200 80053 "-" "Mozilla/5.0 (Linux; Android 6.0.1; Nexus 5X Build/MMB29P) AppleWebKit/537.36 (KHTML, like Gecko) Chrome/131.0.6778.264 Mobile Safari/537.36 (compatible; Googlebot/2.1; +http://www.google.com/bot.html)"
40.77.167.22 - - [15/Jan/2025:02:33:56 -0500] "GET /?b=131703966 HTTP/1.1" 200 79584 "-" "Mozilla/5.0 AppleWebKit/537.36 (KHTML, like Gecko; compatible; bingbot/2.0; +http://www.bing.com/bingbot.htm) Chrome/116.0.1938.76 Safari/537.36"
66.249.68.70 - - [15/Jan/2025:02:34:01 -0500] "GET /?b=24636166 HTTP/1.1" 200 82151 "-" "Mozilla/5.0 (Linux; Android 6.0.1; Nexus 5X Build/MMB29P) AppleWebKit/537.36 (KHTML, like Gecko) Chrome/131.0.6778.264 Mobile Safari/537.36 (compatible; Googlebot/2.1; +http://www.google.com/bot.html)"
66.249.68.69 - - [15/Jan/2025:02:34:31 -0500] "GET /nwrpp/w2580434.html HTTP/1.1" 200 79628 "-" "Mozilla/5.0 (Linux; Android 6.0.1; Nexus 5X Build/MMB29P) AppleWebKit/537.36 (KHTML, like Gecko) Chrome/131.0.6778.264 Mobile Safari/537.36 (compatible; Googlebot/2.1; +http://www.google.com/bot.html)"
66.249.68.71 - - [15/Jan/2025:02:35:17 -0500] "GET /?b=85049466 HTTP/1.1" 200 81619 "-" "Mozilla/5.0 (Linux; Android 6.0.1; Nexus 5X Build/MMB29P) AppleWebKit/537.36 (KHTML, like Gecko) Chrome/131.0.6778.264 Mobile Safari/537.36 (compatible; Googlebot/2.1; +http://www.google.com/bot.html)"
66.249.68.70 - - [15/Jan/2025:02:36:01 -0500] "GET /?b=85843666 HTTP/1.1" 200 80765 "-" "Mozilla/5.0 (Linux; Android 6.0.1; Nexus 5X Build/MMB29P) AppleWebKit/537.36 (KHTML, like Gecko) Chrome/131.0.6778.264 Mobile Safari/537.36 (compatible; Googlebot/2.1; +http://www.google.com/bot.html)"
66.249.68.70 - - [15/Jan/2025:02:36:22 -0500] "GET /?b=168003466 HTTP/1.1" 200 80142 "-" "Mozilla/5.0 (Linux; Android 6.0.1; Nexus 5X Build/MMB29P) AppleWebKit/537.36 (KHTML, like Gecko) Chrome/131.0.6778.264 Mobile Safari/537.36 (compatible; Googlebot/2.1; +http://www.google.com/bot.html)"
66.249.68.71 - - [15/Jan/2025:02:38:09 -0500] "GET /?b=72054666 HTTP/1.1" 200 79397 "-" "Mozilla/5.0 (Linux; Android 6.0.1; Nexus 5X Build/MMB29P) AppleWebKit/537.36 (KHTML, like Gecko) Chrome/131.0.6778.264 Mobile Safari/537.36 (compatible; Googlebot/2.1; +http://www.google.com/bot.html)"
66.249.68.69 - - [15/Jan/2025:02:38:57 -0500] "GET /?b=328076166 HTTP/1.1" 200 79773 "-" "Mozilla/5.0 (Linux; Android 6.0.1; Nexus 5X Build/MMB29P) AppleWebKit/537.36 (KHTML, like Gecko) Chrome/131.0.6778.264 Mobile Safari/537.36 (compatible; Googlebot/2.1; +http://www.google.com/bot.html)"
103.11.101.122 - - [15/Jan/2025:02:39:38 -0500] "GET /wp-login.php HTTP/1.1" 200 0 "-" "Mozilla/5.0 (X11; Fedora; Linux x86_64; rv:94.0) Gecko/20100101 Firefox/95.0"
103.11.101.122 - - [15/Jan/2025:02:40:10 -0500] "POST /wp-login.php HTTP/1.1" 200 0 "-" "Mozilla/5.0 (X11; Fedora; Linux x86_64; rv:94.0) Gecko/20100101 Firefox/95.0"
66.29.132.124 - - [15/Jan/2025:02:40:46 -0500] "POST /wp-cron.php?doing_wp_cron=1736926844.9789640903472900390625 HTTP/1.1" 200 0 "-" "WordPress/6.7.1; https://blog.diixadigital.com"
66.29.132.124 - - [15/Jan/2025:02:40:46 -0500] "POST /wp-cron.php?doing_wp_cron=1736926844.9810910224914550781250 HTTP/1.1" 200 0 "-" "WordPress/6.7.1; https://blog.diixadigital.com"
66.249.68.69 - - [15/Jan/2025:02:40:47 -0500] "GET /?b=2710666 HTTP/1.1" 200 80100 "-" "Mozilla/5.0 (Linux; Android 6.0.1; Nexus 5X Build/MMB29P) AppleWebKit/537.36 (KHTML, like Gecko) Chrome/131.0.6778.264 Mobile Safari/537.36 (compatible; Googlebot/2.1; +http://www.google.com/bot.html)"
66.249.68.69 - - [15/Jan/2025:02:41:05 -0500] "GET /?b=10342766 HTTP/1.1" 200 80311 "-" "Mozilla/5.0 (Linux; Android 6.0.1; Nexus 5X Build/MMB29P) AppleWebKit/537.36 (KHTML, like Gecko) Chrome/131.0.6778.264 Mobile Safari/537.36 (compatible; Googlebot/2.1; +http://www.google.com/bot.html)"
66.249.68.69 - - [15/Jan/2025:02:43:45 -0500] "GET /?b=225903066 HTTP/1.1" 200 79806 "-" "Mozilla/5.0 (Linux; Android 6.0.1; Nexus 5X Build/MMB29P) AppleWebKit/537.36 (KHTML, like Gecko) Chrome/131.0.6778.264 Mobile Safari/537.36 (compatible; Googlebot/2.1; +http://www.google.com/bot.html)"
66.249.68.71 - - [15/Jan/2025:02:48:17 -0500] "GET /prcgx/e2575034.html HTTP/1.1" 200 80711 "-" "Mozilla/5.0 (Linux; Android 6.0.1; Nexus 5X Build/MMB29P) AppleWebKit/537.36 (KHTML, like Gecko) Chrome/131.0.6778.264 Mobile Safari/537.36 (compatible; Googlebot/2.1; +http://www.google.com/bot.html)"
66.249.68.69 - - [15/Jan/2025:02:48:32 -0500] "GET /aioxl/x1488825.html HTTP/1.1" 200 80250 "-" "Mozilla/5.0 (Linux; Android 6.0.1; Nexus 5X Build/MMB29P) AppleWebKit/537.36 (KHTML, like Gecko) Chrome/131.0.6778.264 Mobile Safari/537.36 (compatible; Googlebot/2.1; +http://www.google.com/bot.html)"
66.249.68.70 - - [15/Jan/2025:02:49:54 -0500] "GET /?b=266742066 HTTP/1.1" 200 79112 "-" "Mozilla/5.0 (Linux; Android 6.0.1; Nexus 5X Build/MMB29P) AppleWebKit/537.36 (KHTML, like Gecko) Chrome/131.0.6778.264 Mobile Safari/537.36 (compatible; Googlebot/2.1; +http://www.google.com/bot.html)"
132.148.177.94 - - [15/Jan/2025:02:49:39 -0500] "GET /wp-login.php HTTP/1.1" 200 0 "-" "Mozilla/5.0 (X11; Fedora; Linux x86_64; rv:94.0) Gecko/20100101 Firefox/95.0"
66.29.132.124 - - [15/Jan/2025:02:50:37 -0500] "POST /wp-cron.php?doing_wp_cron=1736927435.9153950214385986328125 HTTP/1.1" 200 0 "-" "WordPress/6.7.1; https://blog.diixadigital.com"
66.249.68.70 - - [15/Jan/2025:02:51:06 -0500] "GET /iccgx/x1491165.html HTTP/1.1" 200 79582 "-" "Mozilla/5.0 (Linux; Android 6.0.1; Nexus 5X Build/MMB29P) AppleWebKit/537.36 (KHTML, like Gecko) Chrome/131.0.6778.264 Mobile Safari/537.36 (compatible; Googlebot/2.1; +http://www.google.com/bot.html)"
66.249.68.71 - - [15/Jan/2025:02:53:09 -0500] "GET /?b=101171166 HTTP/1.1" 200 80975 "-" "Mozilla/5.0 (Linux; Android 6.0.1; Nexus 5X Build/MMB29P) AppleWebKit/537.36 (KHTML, like Gecko) Chrome/131.0.6778.264 Mobile Safari/537.36 (compatible; Googlebot/2.1; +http://www.google.com/bot.html)"
66.249.68.70 - - [15/Jan/2025:02:55:11 -0500] "GET /?b=142539266 HTTP/1.1" 200 80547 "-" "Mozilla/5.0 (Linux; Android 6.0.1; Nexus 5X Build/MMB29P) AppleWebKit/537.36 (KHTML, like Gecko) Chrome/131.0.6778.264 Mobile Safari/537.36 (compatible; Googlebot/2.1; +http://www.google.com/bot.html)"
66.249.68.69 - - [15/Jan/2025:02:59:37 -0500] "GET /femqt/e2235838.html HTTP/1.1" 200 80799 "-" "Mozilla/5.0 (Linux; Android 6.0.1; Nexus 5X Build/MMB29P) AppleWebKit/537.36 (KHTML, like Gecko) Chrome/131.0.6778.264 Mobile Safari/537.36 (compatible; Googlebot/2.1; +http://www.google.com/bot.html)"
66.249.68.69 - - [15/Jan/2025:03:00:28 -0500] "GET /?b=120325866 HTTP/1.1" 200 80422 "-" "Mozilla/5.0 (Linux; Android 6.0.1; Nexus 5X Build/MMB29P) AppleWebKit/537.36 (KHTML, like Gecko) Chrome/131.0.6778.264 Mobile Safari/537.36 (compatible; Googlebot/2.1; +http://www.google.com/bot.html)"
66.29.132.124 - - [15/Jan/2025:03:00:55 -0500] "POST /wp-cron.php?doing_wp_cron=1736928055.1070230007171630859375 HTTP/1.1" 200 0 "-" "WordPress/6.7.1; https://blog.diixadigital.com"
109.205.176.96 - - [15/Jan/2025:03:00:41 -0500] "GET /wp-login.php HTTP/1.1" 200 2236 "-" "Mozilla/5.0 (X11; Fedora; Linux x86_64; rv:94.0) Gecko/20100101 Firefox/95.0"
66.29.132.124 - - [15/Jan/2025:03:00:57 -0500] "POST /wp-admin/admin-ajax.php?action=async_litespeed&nonce=49560b6340&litespeed_type=imgoptm HTTP/1.1" 200 0 "-" "WordPress/6.7.1; https://blog.diixadigital.com"
109.205.176.96 - - [15/Jan/2025:03:00:57 -0500] "POST /wp-login.php HTTP/1.1" 200 2415 "-" "Mozilla/5.0 (X11; Fedora; Linux x86_64; rv:94.0) Gecko/20100101 Firefox/95.0"
52.167.144.166 - - [15/Jan/2025:03:01:54 -0500] "GET /?b=342002966 HTTP/1.1" 200 80881 "-" "Mozilla/5.0 AppleWebKit/537.36 (KHTML, like Gecko; compatible; bingbot/2.0; +http://www.bing.com/bingbot.htm) Chrome/116.0.1938.76 Safari/537.36"
66.249.68.70 - - [15/Jan/2025:03:04:59 -0500] "GET /mrxsw/k2217982.html HTTP/1.1" 200 80351 "-" "Mozilla/5.0 (Linux; Android 6.0.1; Nexus 5X Build/MMB29P) AppleWebKit/537.36 (KHTML, like Gecko) Chrome/131.0.6778.264 Mobile Safari/537.36 (compatible; Googlebot/2.1; +http://www.google.com/bot.html)"
66.249.68.71 - - [15/Jan/2025:03:07:10 -0500] "GET /kswza/s2248150.html HTTP/1.1" 200 79588 "-" "Mozilla/5.0 (Linux; Android 6.0.1; Nexus 5X Build/MMB29P) AppleWebKit/537.36 (KHTML, like Gecko) Chrome/131.0.6778.264 Mobile Safari/537.36 (compatible; Googlebot/2.1; +http://www.google.com/bot.html)"
66.249.68.69 - - [15/Jan/2025:03:13:15 -0500] "GET /?b=270273566 HTTP/1.1" 200 80092 "-" "Mozilla/5.0 (Linux; Android 6.0.1; Nexus 5X Build/MMB29P) AppleWebKit/537.36 (KHTML, like Gecko) Chrome/131.0.6778.264 Mobile Safari/537.36 (compatible; Googlebot/2.1; +http://www.google.com/bot.html)"
66.249.68.69 - - [15/Jan/2025:03:15:55 -0500] "GET /?b=255431066 HTTP/1.1" 200 80174 "-" "Mozilla/5.0 (Linux; Android 6.0.1; Nexus 5X Build/MMB29P) AppleWebKit/537.36 (KHTML, like Gecko) Chrome/131.0.6778.264 Mobile Safari/537.36 (compatible; Googlebot/2.1; +http://www.google.com/bot.html)"
66.249.68.69 - - [15/Jan/2025:03:21:21 -0500] "GET /rydhu/w2598686.html HTTP/1.1" 200 80328 "-" "Mozilla/5.0 (Linux; Android 6.0.1; Nexus 5X Build/MMB29P) AppleWebKit/537.36 (KHTML, like Gecko) Chrome/131.0.6778.264 Mobile Safari/537.36 (compatible; Googlebot/2.1; +http://www.google.com/bot.html)"
66.249.68.70 - - [15/Jan/2025:03:22:31 -0500] "GET /qtyuv/p1487673.html HTTP/1.1" 200 79629 "-" "Mozilla/5.0 (Linux; Android 6.0.1; Nexus 5X Build/MMB29P) AppleWebKit/537.36 (KHTML, like Gecko) Chrome/131.0.6778.264 Mobile Safari/537.36 (compatible; Googlebot/2.1; +http://www.google.com/bot.html)"
66.29.132.124 - - [15/Jan/2025:03:23:04 -0500] "POST /wp-cron.php?doing_wp_cron=1736929384.3997950553894042968750 HTTP/1.1" 200 0 "-" "WordPress/6.7.1; https://blog.diixadigital.com"
95.111.239.122 - - [15/Jan/2025:03:22:58 -0500] "GET /wp-login.php HTTP/1.1" 200 2236 "-" "Mozilla/5.0 (X11; Fedora; Linux x86_64; rv:94.0) Gecko/20100101 Firefox/95.0"
66.29.132.124 - - [15/Jan/2025:03:23:05 -0500] "POST /wp-admin/admin-ajax.php?action=async_litespeed&nonce=49560b6340&litespeed_type=imgoptm HTTP/1.1" 200 0 "-" "WordPress/6.7.1; https://blog.diixadigital.com"
95.111.239.122 - - [15/Jan/2025:03:23:05 -0500] "POST /wp-login.php HTTP/1.1" 200 2415 "-" "Mozilla/5.0 (X11; Fedora; Linux x86_64; rv:94.0) Gecko/20100101 Firefox/95.0"
66.249.68.70 - - [15/Jan/2025:03:29:11 -0500] "GET /tzofq/d1485945.html HTTP/1.1" 200 80681 "-" "Mozilla/5.0 (Linux; Android 6.0.1; Nexus 5X Build/MMB29P) AppleWebKit/537.36 (KHTML, like Gecko) Chrome/131.0.6778.264 Mobile Safari/537.36 (compatible; Googlebot/2.1; +http://www.google.com/bot.html)"
66.29.132.124 - - [15/Jan/2025:03:33:54 -0500] "POST /wp-cron.php?doing_wp_cron=1736930034.2160930633544921875000 HTTP/1.1" 200 0 "-" "WordPress/6.7.1; https://blog.diixadigital.com"
118.139.177.233 - - [15/Jan/2025:03:33:47 -0500] "GET /wp-login.php HTTP/1.1" 200 2236 "-" "Mozilla/5.0 (X11; Fedora; Linux x86_64; rv:94.0) Gecko/20100101 Firefox/95.0"
66.29.132.124 - - [15/Jan/2025:03:33:54 -0500] "POST /wp-admin/admin-ajax.php?action=async_litespeed&nonce=49560b6340&litespeed_type=imgoptm HTTP/1.1" 200 21 "-" "WordPress/6.7.1; https://blog.diixadigital.com"
118.139.177.233 - - [15/Jan/2025:03:33:55 -0500] "POST /wp-login.php HTTP/1.1" 200 2415 "-" "Mozilla/5.0 (X11; Fedora; Linux x86_64; rv:94.0) Gecko/20100101 Firefox/95.0"
66.29.132.124 - - [15/Jan/2025:03:46:04 -0500] "POST /wp-cron.php?doing_wp_cron=1736930764.0655980110168457031250 HTTP/1.1" 200 0 "-" "WordPress/6.7.1; https://blog.diixadigital.com"
62.169.20.37 - - [15/Jan/2025:03:45:58 -0500] "GET /wp-login.php HTTP/1.1" 200 2236 "-" "Mozilla/5.0 (X11; Fedora; Linux x86_64; rv:94.0) Gecko/20100101 Firefox/95.0"
66.29.132.124 - - [15/Jan/2025:03:46:04 -0500] "POST /wp-admin/admin-ajax.php?action=async_litespeed&nonce=49560b6340&litespeed_type=imgoptm HTTP/1.1" 200 0 "-" "WordPress/6.7.1; https://blog.diixadigital.com"
62.169.20.37 - - [15/Jan/2025:03:46:05 -0500] "POST /wp-login.php HTTP/1.1" 200 2415 "-" "Mozilla/5.0 (X11; Fedora; Linux x86_64; rv:94.0) Gecko/20100101 Firefox/95.0"
66.29.132.124 - - [15/Jan/2025:03:56:45 -0500] "POST /wp-cron.php?doing_wp_cron=1736931405.7084510326385498046875 HTTP/1.1" 200 0 "-" "WordPress/6.7.1; https://blog.diixadigital.com"
142.44.241.82 - - [15/Jan/2025:03:56:38 -0500] "GET /wp-login.php HTTP/1.1" 200 2236 "-" "Mozilla/5.0 (X11; Fedora; Linux x86_64; rv:94.0) Gecko/20100101 Firefox/95.0"
142.44.241.82 - - [15/Jan/2025:03:56:46 -0500] "POST /wp-login.php HTTP/1.1" 200 2415 "-" "Mozilla/5.0 (X11; Fedora; Linux x86_64; rv:94.0) Gecko/20100101 Firefox/95.0"
66.29.132.124 - - [15/Jan/2025:03:56:46 -0500] "POST /wp-admin/admin-ajax.php?action=async_litespeed&nonce=49560b6340&litespeed_type=imgoptm HTTP/1.1" 200 0 "-" "WordPress/6.7.1; https://blog.diixadigital.com"
52.167.144.182 - - [15/Jan/2025:03:59:42 -0500] "GET /blubk/e1816432.html HTTP/1.1" 200 81795 "-" "Mozilla/5.0 AppleWebKit/537.36 (KHTML, like Gecko; compatible; bingbot/2.0; +http://www.bing.com/bingbot.htm) Chrome/116.0.1938.76 Safari/537.36"
52.167.144.22 - - [15/Jan/2025:04:01:25 -0500] "GET /?b=275005666 HTTP/1.1" 200 79566 "-" "Mozilla/5.0 AppleWebKit/537.36 (KHTML, like Gecko; compatible; bingbot/2.0; +http://www.bing.com/bingbot.htm) Chrome/116.0.1938.76 Safari/537.36"
66.249.68.71 - - [15/Jan/2025:04:19:15 -0500] "GET /robots.txt HTTP/1.1" 200 98 "-" "Mozilla/5.0 (compatible; Googlebot/2.1; +http://www.google.com/bot.html)"
69.163.181.83 - - [15/Jan/2025:04:19:35 -0500] "GET /wp-login.php HTTP/1.1" 200 2236 "-" "Mozilla/5.0 (X11; Fedora; Linux x86_64; rv:94.0) Gecko/20100101 Firefox/95.0"
66.29.132.124 - - [15/Jan/2025:04:19:53 -0500] "POST /wp-cron.php?doing_wp_cron=1736932789.4231979846954345703125 HTTP/1.1" 200 0 "-" "WordPress/6.7.1; https://blog.diixadigital.com"
69.163.181.83 - - [15/Jan/2025:04:19:55 -0500] "POST /wp-login.php HTTP/1.1" 200 2415 "-" "Mozilla/5.0 (X11; Fedora; Linux x86_64; rv:94.0) Gecko/20100101 Firefox/95.0"
66.249.68.70 - - [15/Jan/2025:04:23:21 -0500] "GET /?b=96348966 HTTP/1.1" 200 80532 "-" "Mozilla/5.0 (Linux; Android 6.0.1; Nexus 5X Build/MMB29P) AppleWebKit/537.36 (KHTML, like Gecko) Chrome/131.0.6778.264 Mobile Safari/537.36 (compatible; Googlebot/2.1; +http://www.google.com/bot.html)"
66.249.68.70 - - [15/Jan/2025:04:24:44 -0500] "GET /donmp/f1489041.html HTTP/1.1" 200 79379 "-" "Mozilla/5.0 (Linux; Android 6.0.1; Nexus 5X Build/MMB29P) AppleWebKit/537.36 (KHTML, like Gecko) Chrome/131.0.6778.264 Mobile Safari/537.36 (compatible; Googlebot/2.1; +http://www.google.com/bot.html)"
66.249.68.71 - - [15/Jan/2025:04:25:34 -0500] "GET /ngutc/c2592062.html HTTP/1.1" 200 79674 "-" "Mozilla/5.0 (Linux; Android 6.0.1; Nexus 5X Build/MMB29P) AppleWebKit/537.36 (KHTML, like Gecko) Chrome/131.0.6778.264 Mobile Safari/537.36 (compatible; Googlebot/2.1; +http://www.google.com/bot.html)"
66.249.68.71 - - [15/Jan/2025:04:26:51 -0500] "GET /iwwvu/a2221690.html HTTP/1.1" 200 80248 "-" "Mozilla/5.0 (Linux; Android 6.0.1; Nexus 5X Build/MMB29P) AppleWebKit/537.36 (KHTML, like Gecko) Chrome/131.0.6778.264 Mobile Safari/537.36 (compatible; Googlebot/2.1; +http://www.google.com/bot.html)"
66.249.68.71 - - [15/Jan/2025:04:27:43 -0500] "GET /?b=10773066 HTTP/1.1" 200 80394 "-" "Mozilla/5.0 (Linux; Android 6.0.1; Nexus 5X Build/MMB29P) AppleWebKit/537.36 (KHTML, like Gecko) Chrome/131.0.6778.264 Mobile Safari/537.36 (compatible; Googlebot/2.1; +http://www.google.com/bot.html)"
66.249.68.70 - - [15/Jan/2025:04:27:54 -0500] "GET /?b=238594866 HTTP/1.1" 200 79572 "-" "Mozilla/5.0 (Linux; Android 6.0.1; Nexus 5X Build/MMB29P) AppleWebKit/537.36 (KHTML, like Gecko) Chrome/131.0.6778.264 Mobile Safari/537.36 (compatible; Googlebot/2.1; +http://www.google.com/bot.html)"
66.249.68.70 - - [15/Jan/2025:04:28:31 -0500] "GET /ynunc/t1496673.html HTTP/1.1" 200 79871 "-" "Mozilla/5.0 (Linux; Android 6.0.1; Nexus 5X Build/MMB29P) AppleWebKit/537.36 (KHTML, like Gecko) Chrome/131.0.6778.264 Mobile Safari/537.36 (compatible; Googlebot/2.1; +http://www.google.com/bot.html)"
66.249.68.70 - - [15/Jan/2025:04:29:26 -0500] "GET /?b=347207966 HTTP/1.1" 200 79985 "-" "Mozilla/5.0 (Linux; Android 6.0.1; Nexus 5X Build/MMB29P) AppleWebKit/537.36 (KHTML, like Gecko) Chrome/131.0.6778.264 Mobile Safari/537.36 (compatible; Googlebot/2.1; +http://www.google.com/bot.html)"
74.208.11.90 - - [15/Jan/2025:04:31:33 -0500] "GET /wp-login.php HTTP/1.1" 200 2236 "-" "Mozilla/5.0 (X11; Fedora; Linux x86_64; rv:94.0) Gecko/20100101 Firefox/95.0"
74.208.11.90 - - [15/Jan/2025:04:31:58 -0500] "POST /wp-login.php HTTP/1.1" 200 2415 "-" "Mozilla/5.0 (X11; Fedora; Linux x86_64; rv:94.0) Gecko/20100101 Firefox/95.0"
52.167.144.182 - - [15/Jan/2025:04:34:06 -0500] "GET /?b=306039066 HTTP/1.1" 200 79555 "-" "Mozilla/5.0 AppleWebKit/537.36 (KHTML, like Gecko; compatible; bingbot/2.0; +http://www.bing.com/bingbot.htm) Chrome/116.0.1938.76 Safari/537.36"
66.249.68.69 - - [15/Jan/2025:04:38:58 -0500] "GET /ebydm/j1485873.html HTTP/1.1" 200 79490 "-" "Mozilla/5.0 (Linux; Android 6.0.1; Nexus 5X Build/MMB29P) AppleWebKit/537.36 (KHTML, like Gecko) Chrome/131.0.6778.264 Mobile Safari/537.36 (compatible; Googlebot/2.1; +http://www.google.com/bot.html)"
66.249.68.71 - - [15/Jan/2025:04:41:56 -0500] "GET /?b=228220766 HTTP/1.1" 200 79819 "-" "Mozilla/5.0 (Linux; Android 6.0.1; Nexus 5X Build/MMB29P) AppleWebKit/537.36 (KHTML, like Gecko) Chrome/131.0.6778.264 Mobile Safari/537.36 (compatible; Googlebot/2.1; +http://www.google.com/bot.html)"
185.87.122.40 - - [15/Jan/2025:04:43:11 -0500] "GET /wp-login.php HTTP/1.1" 200 2236 "-" "Mozilla/5.0 (X11; Fedora; Linux x86_64; rv:94.0) Gecko/20100101 Firefox/95.0"
66.29.132.124 - - [15/Jan/2025:04:43:26 -0500] "POST /wp-cron.php?doing_wp_cron=1736934202.9136719703674316406250 HTTP/1.1" 200 0 "-" "WordPress/6.7.1; https://blog.diixadigital.com"
185.87.122.40 - - [15/Jan/2025:04:43:29 -0500] "POST /wp-login.php HTTP/1.1" 200 2415 "-" "Mozilla/5.0 (X11; Fedora; Linux x86_64; rv:94.0) Gecko/20100101 Firefox/95.0"
51.222.253.8 - - [15/Jan/2025:04:48:59 -0500] "GET /tag/digital-marketing/ HTTP/1.1" 200 15038 "-" "Mozilla/5.0 (compatible; AhrefsBot/7.0; +http://ahrefs.com/robot/)"
52.167.144.232 - - [15/Jan/2025:04:58:04 -0500] "GET /?b=180878066 HTTP/1.1" 200 80619 "-" "Mozilla/5.0 AppleWebKit/537.36 (KHTML, like Gecko; compatible; bingbot/2.0; +http://www.bing.com/bingbot.htm) Chrome/116.0.1938.76 Safari/537.36"
66.29.132.124 - - [15/Jan/2025:05:06:55 -0500] "POST /wp-cron.php?doing_wp_cron=1736935615.8589808940887451171875 HTTP/1.1" 200 0 "-" "WordPress/6.7.1; https://blog.diixadigital.com"
81.177.136.216 - - [15/Jan/2025:05:06:49 -0500] "GET /wp-login.php HTTP/1.1" 200 2236 "-" "Mozilla/5.0 (X11; Fedora; Linux x86_64; rv:94.0) Gecko/20100101 Firefox/95.0"
81.177.136.216 - - [15/Jan/2025:05:06:56 -0500] "POST /wp-login.php HTTP/1.1" 200 2415 "-" "Mozilla/5.0 (X11; Fedora; Linux x86_64; rv:94.0) Gecko/20100101 Firefox/95.0"
66.29.132.124 - - [15/Jan/2025:05:06:56 -0500] "POST /wp-admin/admin-ajax.php?action=async_litespeed&nonce=49560b6340&litespeed_type=imgoptm HTTP/1.1" 200 0 "-" "WordPress/6.7.1; https://blog.diixadigital.com"
66.29.132.124 - - [15/Jan/2025:05:06:56 -0500] "POST /wp-admin/admin-ajax.php?action=as_async_request_queue_runner&nonce=ab59c8887a HTTP/1.1" 200 0 "-" "WordPress/6.7.1; https://blog.diixadigital.com"
66.29.132.124 - - [15/Jan/2025:05:31:55 -0500] "POST /wp-cron.php?doing_wp_cron=1736937114.6089150905609130859375 HTTP/1.1" 200 0 "-" "WordPress/6.7.1; https://blog.diixadigital.com"
47.94.223.188 - - [15/Jan/2025:05:31:46 -0500] "GET /wp-login.php HTTP/1.1" 200 2236 "-" "Mozilla/5.0 (X11; Fedora; Linux x86_64; rv:94.0) Gecko/20100101 Firefox/95.0"
66.29.132.124 - - [15/Jan/2025:05:31:56 -0500] "POST /wp-admin/admin-ajax.php?action=async_litespeed&nonce=49560b6340&litespeed_type=imgoptm HTTP/1.1" 200 0 "-" "WordPress/6.7.1; https://blog.diixadigital.com"
47.94.223.188 - - [15/Jan/2025:05:31:56 -0500] "POST /wp-login.php HTTP/1.1" 200 2415 "-" "Mozilla/5.0 (X11; Fedora; Linux x86_64; rv:94.0) Gecko/20100101 Firefox/95.0"
52.167.144.239 - - [15/Jan/2025:05:33:32 -0500] "GET /?b=93282566 HTTP/1.1" 200 79468 "-" "Mozilla/5.0 AppleWebKit/537.36 (KHTML, like Gecko; compatible; bingbot/2.0; +http://www.bing.com/bingbot.htm) Chrome/116.0.1938.76 Safari/537.36"
66.29.132.124 - - [15/Jan/2025:05:43:44 -0500] "POST /wp-cron.php?doing_wp_cron=1736937823.8534150123596191406250 HTTP/1.1" 200 0 "-" "WordPress/6.7.1; https://blog.diixadigital.com"
142.44.241.82 - - [15/Jan/2025:05:43:34 -0500] "GET /wp-login.php HTTP/1.1" 200 2236 "-" "Mozilla/5.0 (X11; Fedora; Linux x86_64; rv:94.0) Gecko/20100101 Firefox/95.0"
66.29.132.124 - - [15/Jan/2025:05:43:45 -0500] "POST /wp-admin/admin-ajax.php?action=async_litespeed&nonce=49560b6340&litespeed_type=imgoptm HTTP/1.1" 200 0 "-" "WordPress/6.7.1; https://blog.diixadigital.com"
142.44.241.82 - - [15/Jan/2025:05:43:45 -0500] "POST /wp-login.php HTTP/1.1" 200 2415 "-" "Mozilla/5.0 (X11; Fedora; Linux x86_64; rv:94.0) Gecko/20100101 Firefox/95.0"
52.167.144.203 - - [15/Jan/2025:05:56:54 -0500] "GET /?b=122589666 HTTP/1.1" 200 81617 "-" "Mozilla/5.0 AppleWebKit/537.36 (KHTML, like Gecko; compatible; bingbot/2.0; +http://www.bing.com/bingbot.htm) Chrome/116.0.1938.76 Safari/537.36"
52.167.144.203 - - [15/Jan/2025:05:58:25 -0500] "GET /iuowg/f2426029.html HTTP/1.1" 200 80530 "-" "Mozilla/5.0 AppleWebKit/537.36 (KHTML, like Gecko; compatible; bingbot/2.0; +http://www.bing.com/bingbot.htm) Chrome/116.0.1938.76 Safari/537.36"
66.29.132.124 - - [15/Jan/2025:06:08:34 -0500] "POST /wp-cron.php?doing_wp_cron=1736939313.1721758842468261718750 HTTP/1.1" 200 0 "-" "WordPress/6.7.1; https://blog.diixadigital.com"
128.199.110.52 - - [15/Jan/2025:06:08:20 -0500] "GET /wp-login.php HTTP/1.1" 200 2236 "-" "Mozilla/5.0 (X11; Fedora; Linux x86_64; rv:94.0) Gecko/20100101 Firefox/95.0"
66.29.132.124 - - [15/Jan/2025:06:08:35 -0500] "POST /wp-admin/admin-ajax.php?action=async_litespeed&nonce=49560b6340&litespeed_type=imgoptm HTTP/1.1" 200 0 "-" "WordPress/6.7.1; https://blog.diixadigital.com"
128.199.110.52 - - [15/Jan/2025:06:08:36 -0500] "POST /wp-login.php HTTP/1.1" 200 2415 "-" "Mozilla/5.0 (X11; Fedora; Linux x86_64; rv:94.0) Gecko/20100101 Firefox/95.0"
66.249.68.69 - - [15/Jan/2025:06:22:00 -0500] "GET /ednfu/s2578922.html HTTP/1.1" 200 80497 "-" "Mozilla/5.0 (Linux; Android 6.0.1; Nexus 5X Build/MMB29P) AppleWebKit/537.36 (KHTML, like Gecko) Chrome/131.0.6778.264 Mobile Safari/537.36 (compatible; Googlebot/2.1; +http://www.google.com/bot.html)"
66.249.68.69 - - [15/Jan/2025:06:22:20 -0500] "GET /?b=191190766 HTTP/1.1" 200 79702 "-" "Mozilla/5.0 (Linux; Android 6.0.1; Nexus 5X Build/MMB29P) AppleWebKit/537.36 (KHTML, like Gecko) Chrome/131.0.6778.264 Mobile Safari/537.36 (compatible; Googlebot/2.1; +http://www.google.com/bot.html)"
52.167.144.209 - - [15/Jan/2025:06:29:29 -0500] "GET /?b=62679966 HTTP/1.1" 200 80922 "-" "Mozilla/5.0 AppleWebKit/537.36 (KHTML, like Gecko; compatible; bingbot/2.0; +http://www.bing.com/bingbot.htm) Chrome/116.0.1938.76 Safari/537.36"
66.249.68.69 - - [15/Jan/2025:06:29:38 -0500] "GET /?b=250369166 HTTP/1.1" 200 80780 "-" "Mozilla/5.0 (Linux; Android 6.0.1; Nexus 5X Build/MMB29P) AppleWebKit/537.36 (KHTML, like Gecko) Chrome/131.0.6778.264 Mobile Safari/537.36 (compatible; Googlebot/2.1; +http://www.google.com/bot.html)"
66.29.132.124 - - [15/Jan/2025:06:32:56 -0500] "POST /wp-cron.php?doing_wp_cron=1736940775.6465260982513427734375 HTTP/1.1" 200 0 "-" "WordPress/6.7.1; https://blog.diixadigital.com"
167.253.158.228 - - [15/Jan/2025:06:32:37 -0500] "GET /wp-login.php HTTP/1.1" 200 2236 "-" "Mozilla/5.0 (X11; Fedora; Linux x86_64; rv:94.0) Gecko/20100101 Firefox/95.0"
66.29.132.124 - - [15/Jan/2025:06:32:57 -0500] "POST /wp-admin/admin-ajax.php?action=async_litespeed&nonce=49560b6340&litespeed_type=imgoptm HTTP/1.1" 200 0 "-" "WordPress/6.7.1; https://blog.diixadigital.com"
167.253.158.228 - - [15/Jan/2025:06:32:59 -0500] "POST /wp-login.php HTTP/1.1" 200 2415 "-" "Mozilla/5.0 (X11; Fedora; Linux x86_64; rv:94.0) Gecko/20100101 Firefox/95.0"
66.29.132.124 - - [15/Jan/2025:06:33:04 -0500] "POST /wp-cron.php HTTP/1.1" 200 0 "-" "WordPress/6.7.1; https://blog.diixadigital.com"
66.29.132.124 - - [15/Jan/2025:06:33:05 -0500] "GET / HTTP/1.1" 200 21073 "-" "WordPress/6.7.1; https://blog.diixadigital.com"
66.29.132.124 - - [15/Jan/2025:06:33:10 -0500] "GET / HTTP/1.1" 200 21080 "-" "WordPress/6.7.1; https://blog.diixadigital.com"
66.29.132.124 - - [15/Jan/2025:06:33:16 -0500] "GET / HTTP/1.1" 200 21068 "-" "WordPress/6.7.1; https://blog.diixadigital.com"
66.29.132.124 - - [15/Jan/2025:06:33:18 -0500] "GET / HTTP/1.1" 200 21069 "-" "WordPress/6.7.1; https://blog.diixadigital.com"
66.249.68.70 - - [15/Jan/2025:06:38:07 -0500] "GET /?b=215290666 HTTP/1.1" 200 80711 "-" "Mozilla/5.0 (Linux; Android 6.0.1; Nexus 5X Build/MMB29P) AppleWebKit/537.36 (KHTML, like Gecko) Chrome/131.0.6778.264 Mobile Safari/537.36 (compatible; Googlebot/2.1; +http://www.google.com/bot.html)"
66.249.68.70 - - [15/Jan/2025:06:38:11 -0500] "GET /?b=37087466 HTTP/1.1" 200 79668 "-" "Mozilla/5.0 (Linux; Android 6.0.1; Nexus 5X Build/MMB29P) AppleWebKit/537.36 (KHTML, like Gecko) Chrome/131.0.6778.264 Mobile Safari/537.36 (compatible; Googlebot/2.1; +http://www.google.com/bot.html)"
15.236.57.64 - - [15/Jan/2025:06:44:04 -0500] "GET /wp-login.php HTTP/1.1" 200 0 "-" "Mozilla/5.0 (X11; Fedora; Linux x86_64; rv:94.0) Gecko/20100101 Firefox/95.0"
15.236.57.64 - - [15/Jan/2025:06:44:42 -0500] "POST /wp-login.php HTTP/1.1" 200 0 "-" "Mozilla/5.0 (X11; Fedora; Linux x86_64; rv:94.0) Gecko/20100101 Firefox/95.0"
66.29.132.124 - - [15/Jan/2025:06:45:49 -0500] "POST /wp-cron.php?doing_wp_cron=1736941549.3353118896484375000000 HTTP/1.1" 200 0 "-" "WordPress/6.7.1; https://blog.diixadigital.com"
66.29.132.124 - - [15/Jan/2025:06:45:57 -0500] "POST /wp-admin/admin-ajax.php?action=async_litespeed&nonce=49560b6340&litespeed_type=imgoptm HTTP/1.1" 200 0 "-" "WordPress/6.7.1; https://blog.diixadigital.com"
198.211.125.40 - - [15/Jan/2025:06:57:05 -0500] "GET /wp-login.php HTTP/1.1" 200 0 "-" "Mozilla/5.0 (X11; Fedora; Linux x86_64; rv:94.0) Gecko/20100101 Firefox/95.0"
66.29.132.124 - - [15/Jan/2025:06:58:58 -0500] "POST /wp-cron.php?doing_wp_cron=1736942334.4249799251556396484375 HTTP/1.1" 200 0 "-" "WordPress/6.7.1; https://blog.diixadigital.com"
51.222.253.11 - - [15/Jan/2025:06:59:12 -0500] "GET /tag/websites/ HTTP/1.1" 200 14798 "-" "Mozilla/5.0 (compatible; AhrefsBot/7.0; +http://ahrefs.com/robot/)"
40.77.167.48 - - [15/Jan/2025:07:04:58 -0500] "GET /?b=249892966 HTTP/1.1" 200 79860 "-" "Mozilla/5.0 AppleWebKit/537.36 (KHTML, like Gecko; compatible; bingbot/2.0; +http://www.bing.com/bingbot.htm) Chrome/116.0.1938.76 Safari/537.36"
40.77.167.23 - - [15/Jan/2025:07:06:13 -0500] "GET /?b=83108866 HTTP/1.1" 200 81360 "-" "Mozilla/5.0 AppleWebKit/537.36 (KHTML, like Gecko; compatible; bingbot/2.0; +http://www.bing.com/bingbot.htm) Chrome/116.0.1938.76 Safari/537.36"
40.77.167.23 - - [15/Jan/2025:07:06:22 -0500] "GET /?b=82771266 HTTP/1.1" 200 81950 "-" "Mozilla/5.0 AppleWebKit/537.36 (KHTML, like Gecko; compatible; bingbot/2.0; +http://www.bing.com/bingbot.htm) Chrome/116.0.1938.76 Safari/537.36"
40.77.167.16 - - [15/Jan/2025:07:07:21 -0500] "GET /hdppk/i509806.html HTTP/1.1" 200 80093 "-" "Mozilla/5.0 AppleWebKit/537.36 (KHTML, like Gecko; compatible; bingbot/2.0; +http://www.bing.com/bingbot.htm) Chrome/116.0.1938.76 Safari/537.36"
175.178.35.245 - - [15/Jan/2025:07:10:07 -0500] "GET /wp-login.php HTTP/1.1" 503 856 "-" "Mozilla/5.0 (X11; Fedora; Linux x86_64; rv:94.0) Gecko/20100101 Firefox/95.0"
175.178.35.245 - - [15/Jan/2025:07:10:12 -0500] "POST /wp-login.php HTTP/1.1" 503 856 "-" "Mozilla/5.0 (X11; Fedora; Linux x86_64; rv:94.0) Gecko/20100101 Firefox/95.0"
40.77.167.15 - - [15/Jan/2025:07:28:34 -0500] "GET /zhzik/k771316.html HTTP/1.1" 200 80100 "-" "Mozilla/5.0 AppleWebKit/537.36 (KHTML, like Gecko; compatible; bingbot/2.0; +http://www.bing.com/bingbot.htm) Chrome/116.0.1938.76 Safari/537.36"
188.245.161.139 - - [15/Jan/2025:07:35:32 -0500] "GET /wp-login.php HTTP/1.1" 200 2236 "-" "Mozilla/5.0 (X11; Fedora; Linux x86_64; rv:94.0) Gecko/20100101 Firefox/95.0"
66.29.132.124 - - [15/Jan/2025:07:35:50 -0500] "POST /wp-cron.php?doing_wp_cron=1736944548.3927299976348876953125 HTTP/1.1" 200 0 "-" "WordPress/6.7.1; https://blog.diixadigital.com"
188.245.161.139 - - [15/Jan/2025:07:35:51 -0500] "POST /wp-login.php HTTP/1.1" 200 2415 "-" "Mozilla/5.0 (X11; Fedora; Linux x86_64; rv:94.0) Gecko/20100101 Firefox/95.0"
66.29.132.124 - - [15/Jan/2025:07:48:18 -0500] "POST /wp-cron.php?doing_wp_cron=1736945297.7607879638671875000000 HTTP/1.1" 200 0 "-" "WordPress/6.7.1; https://blog.diixadigital.com"
62.171.180.131 - - [15/Jan/2025:07:48:07 -0500] "GET /wp-login.php HTTP/1.1" 200 2236 "-" "Mozilla/5.0 (X11; Fedora; Linux x86_64; rv:94.0) Gecko/20100101 Firefox/95.0"
66.29.132.124 - - [15/Jan/2025:07:48:20 -0500] "POST /wp-admin/admin-ajax.php?action=async_litespeed&nonce=9a9c677dbd&litespeed_type=imgoptm HTTP/1.1" 200 0 "-" "WordPress/6.7.1; https://blog.diixadigital.com"
