66.29.132.124 - - [05/Jan/2025:14:08:22 -0500] "POST /wp-cron.php?doing_wp_cron=1736104102.0838160514831542968750 HTTP/1.1" 200 0 "-" "WordPress/6.7.1; https://misswavenigeria.com"
196.196.53.11 - - [05/Jan/2025:14:08:21 -0500] "GET /register/ HTTP/1.0" 200 75922 "https://misswavenigeria.com/" "Mozilla/5.0 (Windows NT 10.0; Win64; x64) AppleWebKit/537.36 (KHTML, like Gecko) Chrome/103.0.5042.0 Safari/537.36"
66.29.132.124 - - [05/Jan/2025:14:08:22 -0500] "POST /wp-admin/admin-ajax.php?action=async_litespeed&nonce=bQnqK6bvW8qPPlZvlNP7odOaXh5clIrn&litespeed_type=imgoptm HTTP/1.1" 200 21 "-" "WordPress/6.7.1; https://misswavenigeria.com"
66.29.132.124 - - [05/Jan/2025:14:09:50 -0500] "POST /wp-cron.php?doing_wp_cron=1736104190.7607491016387939453125 HTTP/1.1" 200 0 "-" "WordPress/6.7.1; https://misswavenigeria.com"
196.196.53.11 - - [05/Jan/2025:14:09:48 -0500] "GET / HTTP/1.0" 200 109055 "https://misswavenigeria.com/" "Mozilla/5.0 (Windows NT 6.1; Win64; x64) AppleWebKit/537.36 (KHTML, like Gecko) Chrome/103.0.5060.66 Safari/537.36"
66.29.132.124 - - [05/Jan/2025:14:09:51 -0500] "POST /wp-admin/admin-ajax.php?action=async_litespeed&nonce=IdDToAWfsoeELfak1OU2SZFXoJj2Quqn&litespeed_type=imgoptm HTTP/1.1" 200 21 "-" "WordPress/6.7.1; https://misswavenigeria.com"
196.196.53.11 - - [05/Jan/2025:14:09:53 -0500] "GET /register/ HTTP/1.0" 200 75922 "https://misswavenigeria.com/register/" "Mozilla/5.0 (Windows NT 6.1; Win64; x64) AppleWebKit/537.36 (KHTML, like Gecko) Chrome/103.0.5060.66 Safari/537.36"
66.29.132.124 - - [05/Jan/2025:14:10:59 -0500] "POST /wp-cron.php?doing_wp_cron=1736104259.5424571037292480468750 HTTP/1.1" 200 0 "-" "WordPress/6.7.1; https://misswavenigeria.com"
66.249.79.35 - - [05/Jan/2025:14:10:59 -0500] "GET /goods/P968021?k=product HTTP/1.1" 301 0 "-" "Mozilla/5.0 (Linux; Android 6.0.1; Nexus 5X Build/MMB29P) AppleWebKit/537.36 (KHTML, like Gecko) Chrome/131.0.6778.139 Mobile Safari/537.36 (compatible; Googlebot/2.1; +http://www.google.com/bot.html)"
66.29.132.124 - - [05/Jan/2025:14:10:59 -0500] "POST /wp-admin/admin-ajax.php?action=async_litespeed&nonce=UVsqhwCLSIZNCAKsEv936i2cE6gWNqZq&litespeed_type=imgoptm HTTP/1.1" 200 21 "-" "WordPress/6.7.1; https://misswavenigeria.com"
66.249.79.161 - - [05/Jan/2025:14:11:02 -0500] "GET /goods/T863609?k=product HTTP/1.1" 301 0 "-" "Mozilla/5.0 (Linux; Android 6.0.1; Nexus 5X Build/MMB29P) AppleWebKit/537.36 (KHTML, like Gecko) Chrome/131.0.6778.139 Mobile Safari/537.36 (compatible; Googlebot/2.1; +http://www.google.com/bot.html)"
66.29.132.124 - - [05/Jan/2025:14:11:23 -0500] "POST /wp-cron.php?doing_wp_cron=1736104283.0391020774841308593750 HTTP/1.1" 200 0 "-" "WordPress/6.7.1; https://misswavenigeria.com"
66.249.79.32 - - [05/Jan/2025:14:11:22 -0500] "GET /goods/P968021?k=product HTTP/1.1" 404 15610 "-" "Mozilla/5.0 (Linux; Android 6.0.1; Nexus 5X Build/MMB29P) AppleWebKit/537.36 (KHTML, like Gecko) Chrome/131.0.6778.139 Mobile Safari/537.36 (compatible; Googlebot/2.1; +http://www.google.com/bot.html)"
66.29.132.124 - - [05/Jan/2025:14:11:23 -0500] "POST /wp-admin/admin-ajax.php?action=async_litespeed&nonce=ZWxGkBQSGibHwCHrNyqP2l7LY1KhaTVw&litespeed_type=imgoptm HTTP/1.1" 200 21 "-" "WordPress/6.7.1; https://misswavenigeria.com"
66.29.132.124 - - [05/Jan/2025:14:11:26 -0500] "POST /wp-cron.php?doing_wp_cron=1736104286.5559349060058593750000 HTTP/1.1" 200 0 "-" "WordPress/6.7.1; https://misswavenigeria.com"
66.249.79.4 - - [05/Jan/2025:14:11:26 -0500] "GET /goods/T863609?k=product HTTP/1.1" 404 15610 "-" "Mozilla/5.0 (Linux; Android 6.0.1; Nexus 5X Build/MMB29P) AppleWebKit/537.36 (KHTML, like Gecko) Chrome/131.0.6778.139 Mobile Safari/537.36 (compatible; Googlebot/2.1; +http://www.google.com/bot.html)"
20.42.10.190 - - [05/Jan/2025:14:11:39 -0500] "GET /robots.txt HTTP/1.1" 301 0 "-" "Mozilla/5.0 AppleWebKit/537.36 (KHTML, like Gecko); compatible; OAI-SearchBot/1.0; +https://openai.com/searchbot"
51.8.102.34 - - [05/Jan/2025:14:11:43 -0500] "GET /robots.txt HTTP/1.1" 200 99 "-" "Mozilla/5.0 AppleWebKit/537.36 (KHTML, like Gecko); compatible; OAI-SearchBot/1.0; +https://openai.com/searchbot"
196.196.53.11 - - [05/Jan/2025:14:09:54 -0500] "POST /register/ HTTP/1.0" 200 0 "https://misswavenigeria.com/register/" "Mozilla/5.0 (Windows NT 6.1; Win64; x64) AppleWebKit/537.36 (KHTML, like Gecko) Chrome/103.0.5060.66 Safari/537.36"
196.196.53.11 - - [05/Jan/2025:14:12:25 -0500] "GET /register/ HTTP/1.0" 200 75922 "https://misswavenigeria.com/" "Mozilla/5.0 (Windows NT 6.1; Win64; x64) AppleWebKit/537.36 (KHTML, like Gecko) Chrome/103.0.5060.66 Safari/537.36"
66.29.132.124 - - [05/Jan/2025:14:12:37 -0500] "POST /wp-cron.php?doing_wp_cron=1736104357.3832120895385742187500 HTTP/1.1" 200 0 "-" "WordPress/6.7.1; https://misswavenigeria.com"
66.249.79.102 - - [05/Jan/2025:14:12:37 -0500] "GET /goods/515912.html HTTP/1.1" 404 15610 "-" "Mozilla/5.0 (Linux; Android 6.0.1; Nexus 5X Build/MMB29P) AppleWebKit/537.36 (KHTML, like Gecko) Chrome/131.0.6778.139 Mobile Safari/537.36 (compatible; Googlebot/2.1; +http://www.google.com/bot.html)"
66.29.132.124 - - [05/Jan/2025:14:12:37 -0500] "POST /wp-admin/admin-ajax.php?action=async_litespeed&nonce=XAjxi3gTbFdwT6r9grmAwm3STB7RQXn0&litespeed_type=imgoptm HTTP/1.1" 200 21 "-" "WordPress/6.7.1; https://misswavenigeria.com"
196.196.53.11 - - [05/Jan/2025:14:12:55 -0500] "GET / HTTP/1.0" 200 109055 "https://misswavenigeria.com/" "Mozilla/5.0 (Windows NT 10.0; Win64; x64) AppleWebKit/537.36 (KHTML, like Gecko) Chrome/103.0.0.0 Safari/537.36"
196.196.53.11 - - [05/Jan/2025:14:12:58 -0500] "GET /register/ HTTP/1.0" 200 75922 "https://misswavenigeria.com/register/" "Mozilla/5.0 (Windows NT 10.0; Win64; x64) AppleWebKit/537.36 (KHTML, like Gecko) Chrome/103.0.0.0 Safari/537.36"
198.98.51.24 - - [05/Jan/2025:14:13:41 -0500] "GET /wp-login.php HTTP/1.1" 200 6933 "-" "Mozilla/5.0 (iPhone; CPU iPhone OS 7_1_2 like Mac OS X) AppleWebKit/537.51.1 (KHTML, like Gecko) GSA/4.1.0.31802 Mobile/11D257 Safari/9537.53"
196.196.53.11 - - [05/Jan/2025:14:12:59 -0500] "POST /register/ HTTP/1.0" 200 76048 "https://misswavenigeria.com/register/" "Mozilla/5.0 (Windows NT 10.0; Win64; x64) AppleWebKit/537.36 (KHTML, like Gecko) Chrome/103.0.0.0 Safari/537.36"
66.29.132.124 - - [05/Jan/2025:14:14:50 -0500] "POST /wp-cron.php?doing_wp_cron=1736104490.8237440586090087890625 HTTP/1.1" 200 0 "-" "WordPress/6.7.1; https://misswavenigeria.com"
196.196.53.11 - - [05/Jan/2025:14:14:50 -0500] "GET /register/ HTTP/1.0" 200 75922 "https://misswavenigeria.com/" "Mozilla/5.0 (Windows NT 10.0; Win64; x64) AppleWebKit/537.36 (KHTML, like Gecko) Chrome/103.0.0.0 Safari/537.36"
66.29.132.124 - - [05/Jan/2025:14:14:50 -0500] "POST /wp-admin/admin-ajax.php?action=async_litespeed&nonce=3swmJwCPIAQ6UFQLDT8z2ef0jPusnuR3&litespeed_type=imgoptm HTTP/1.1" 200 21 "-" "WordPress/6.7.1; https://misswavenigeria.com"
185.191.171.19 - - [05/Jan/2025:14:15:05 -0500] "GET /wp-includes/js/crop/ HTTP/1.1" 200 889 "-" "Mozilla/5.0 (compatible; SemrushBot/7~bl; +http://www.semrush.com/bot.html)"
85.208.96.211 - - [05/Jan/2025:14:15:27 -0500] "GET /wp-includes/css/dist/edit-site/ HTTP/1.1" 200 1287 "-" "Mozilla/5.0 (compatible; SemrushBot/7~bl; +http://www.semrush.com/bot.html)"
66.29.132.124 - - [05/Jan/2025:14:15:52 -0500] "POST /wp-cron.php?doing_wp_cron=1736104552.8707180023193359375000 HTTP/1.1" 200 0 "-" "WordPress/6.7.1; https://misswavenigeria.com"
66.249.79.35 - - [05/Jan/2025:14:15:52 -0500] "GET /goods/H221891?k=product HTTP/1.1" 301 0 "-" "Mozilla/5.0 (Linux; Android 6.0.1; Nexus 5X Build/MMB29P) AppleWebKit/537.36 (KHTML, like Gecko) Chrome/131.0.6778.139 Mobile Safari/537.36 (compatible; Googlebot/2.1; +http://www.google.com/bot.html)"
66.29.132.124 - - [05/Jan/2025:14:15:53 -0500] "POST /wp-admin/admin-ajax.php?action=async_litespeed&nonce=5Kc83uH2XCmir5TE5cj0rhIufEHnEvr8&litespeed_type=imgoptm HTTP/1.1" 200 21 "-" "WordPress/6.7.1; https://misswavenigeria.com"
196.196.53.11 - - [05/Jan/2025:14:16:02 -0500] "GET / HTTP/1.0" 200 109053 "https://misswavenigeria.com/" "Mozilla/5.0 (Windows NT 6.1; WOW64) AppleWebKit/537.36 (KHTML, like Gecko) Chrome/103.0.0.0 Safari/537.36"
196.196.53.11 - - [05/Jan/2025:14:16:05 -0500] "GET /register/ HTTP/1.0" 200 75922 "https://misswavenigeria.com/register/" "Mozilla/5.0 (Windows NT 6.1; WOW64) AppleWebKit/537.36 (KHTML, like Gecko) Chrome/103.0.0.0 Safari/537.36"
66.249.79.205 - - [05/Jan/2025:14:16:18 -0500] "GET /goods/H221891?k=product HTTP/1.1" 404 15610 "-" "Mozilla/5.0 (Linux; Android 6.0.1; Nexus 5X Build/MMB29P) AppleWebKit/537.36 (KHTML, like Gecko) Chrome/131.0.6778.139 Mobile Safari/537.36 (compatible; Googlebot/2.1; +http://www.google.com/bot.html)"
85.208.96.210 - - [05/Jan/2025:14:18:12 -0500] "GET /wp-includes/widgets/class-wp-widget-archives.php HTTP/1.1" 500 0 "-" "Mozilla/5.0 (compatible; SemrushBot/7~bl; +http://www.semrush.com/bot.html)"
196.196.53.11 - - [05/Jan/2025:14:16:07 -0500] "POST /register/ HTTP/1.0" 200 76048 "https://misswavenigeria.com/register/" "Mozilla/5.0 (Windows NT 6.1; WOW64) AppleWebKit/537.36 (KHTML, like Gecko) Chrome/103.0.0.0 Safari/537.36"
66.29.132.124 - - [05/Jan/2025:14:18:21 -0500] "POST /wp-cron.php?doing_wp_cron=1736104701.0129950046539306640625 HTTP/1.1" 200 0 "-" "WordPress/6.7.1; https://misswavenigeria.com"
196.196.53.11 - - [05/Jan/2025:14:18:20 -0500] "GET /register/ HTTP/1.0" 200 75922 "https://misswavenigeria.com/" "Mozilla/5.0 (Windows NT 6.1; WOW64) AppleWebKit/537.36 (KHTML, like Gecko) Chrome/103.0.0.0 Safari/537.36"
66.29.132.124 - - [05/Jan/2025:14:18:21 -0500] "POST /wp-admin/admin-ajax.php?action=async_litespeed&nonce=NM2W9KzCMur5TNhztBJ9QiuWAcfDsltl&litespeed_type=imgoptm HTTP/1.1" 200 21 "-" "WordPress/6.7.1; https://misswavenigeria.com"
66.29.132.124 - - [05/Jan/2025:14:18:30 -0500] "POST /wp-cron.php?doing_wp_cron=1736104710.0478060245513916015625 HTTP/1.1" 200 0 "-" "WordPress/6.7.1; https://misswavenigeria.com"
66.249.68.65 - - [05/Jan/2025:14:18:29 -0500] "GET /goods/C521354?k=product HTTP/1.1" 301 0 "-" "Mozilla/5.0 (Linux; Android 6.0.1; Nexus 5X Build/MMB29P) AppleWebKit/537.36 (KHTML, like Gecko) Chrome/131.0.6778.139 Mobile Safari/537.36 (compatible; Googlebot/2.1; +http://www.google.com/bot.html)"
66.29.132.124 - - [05/Jan/2025:14:18:30 -0500] "POST /wp-admin/admin-ajax.php?action=async_litespeed&nonce=zTSepPOc9mAy4WCi2r9KkE1Z7x1MhMl1&litespeed_type=imgoptm HTTP/1.1" 200 21 "-" "WordPress/6.7.1; https://misswavenigeria.com"
66.249.79.3 - - [05/Jan/2025:14:18:56 -0500] "GET /goods/C521354?k=product HTTP/1.1" 404 15610 "-" "Mozilla/5.0 (Linux; Android 6.0.1; Nexus 5X Build/MMB29P) AppleWebKit/537.36 (KHTML, like Gecko) Chrome/131.0.6778.139 Mobile Safari/537.36 (compatible; Googlebot/2.1; +http://www.google.com/bot.html)"
196.196.53.11 - - [05/Jan/2025:14:19:07 -0500] "GET / HTTP/1.0" 200 109055 "https://misswavenigeria.com/" "Mozilla/5.0 (Windows NT 10.0; WOW64) AppleWebKit/537.36 (KHTML, like Gecko) Chrome/103.0.5060.114 Safari/537.36"
196.196.53.11 - - [05/Jan/2025:14:19:10 -0500] "GET /register/ HTTP/1.0" 200 75922 "https://misswavenigeria.com/register/" "Mozilla/5.0 (Windows NT 10.0; WOW64) AppleWebKit/537.36 (KHTML, like Gecko) Chrome/103.0.5060.114 Safari/537.36"
196.196.53.11 - - [05/Jan/2025:14:19:11 -0500] "POST /register/ HTTP/1.0" 200 76048 "https://misswavenigeria.com/register/" "Mozilla/5.0 (Windows NT 10.0; WOW64) AppleWebKit/537.36 (KHTML, like Gecko) Chrome/103.0.5060.114 Safari/537.36"
66.29.132.124 - - [05/Jan/2025:14:21:31 -0500] "POST /wp-cron.php?doing_wp_cron=1736104891.5829250812530517578125 HTTP/1.1" 200 0 "-" "WordPress/6.7.1; https://misswavenigeria.com"
196.196.53.11 - - [05/Jan/2025:14:21:31 -0500] "GET /register/ HTTP/1.0" 200 75922 "https://misswavenigeria.com/" "Mozilla/5.0 (Windows NT 10.0; WOW64) AppleWebKit/537.36 (KHTML, like Gecko) Chrome/103.0.5060.114 Safari/537.36"
66.29.132.124 - - [05/Jan/2025:14:21:31 -0500] "POST /wp-admin/admin-ajax.php?action=async_litespeed&nonce=t5lufG7F9izZtOmOSSpNpZTWQWijsMBz&litespeed_type=imgoptm HTTP/1.1" 200 21 "-" "WordPress/6.7.1; https://misswavenigeria.com"
196.196.53.11 - - [05/Jan/2025:14:22:11 -0500] "GET / HTTP/1.0" 200 109055 "https://misswavenigeria.com/" "Mozilla/5.0 (Windows NT 6.3; Win64; x64) AppleWebKit/537.36 (KHTML, like Gecko) Chrome/103.0.5060.53 Safari/537.36"
196.196.53.11 - - [05/Jan/2025:14:22:14 -0500] "GET /register/ HTTP/1.0" 200 75922 "https://misswavenigeria.com/register/" "Mozilla/5.0 (Windows NT 6.3; Win64; x64) AppleWebKit/537.36 (KHTML, like Gecko) Chrome/103.0.5060.53 Safari/537.36"
196.196.53.11 - - [05/Jan/2025:14:22:16 -0500] "POST /register/ HTTP/1.0" 200 76048 "https://misswavenigeria.com/register/" "Mozilla/5.0 (Windows NT 6.3; Win64; x64) AppleWebKit/537.36 (KHTML, like Gecko) Chrome/103.0.5060.53 Safari/537.36"
66.29.132.124 - - [05/Jan/2025:14:24:30 -0500] "POST /wp-cron.php?doing_wp_cron=1736105070.7464289665222167968750 HTTP/1.1" 200 0 "-" "WordPress/6.7.1; https://misswavenigeria.com"
196.196.53.11 - - [05/Jan/2025:14:24:30 -0500] "GET /register/ HTTP/1.0" 200 75922 "https://misswavenigeria.com/" "Mozilla/5.0 (Windows NT 6.3; Win64; x64) AppleWebKit/537.36 (KHTML, like Gecko) Chrome/103.0.5060.53 Safari/537.36"
66.29.132.124 - - [05/Jan/2025:14:24:30 -0500] "POST /wp-admin/admin-ajax.php?action=async_litespeed&nonce=MaTIon0jC9nFmLV5PaoGx3rM6GpnuwJd&litespeed_type=imgoptm HTTP/1.1" 200 21 "-" "WordPress/6.7.1; https://misswavenigeria.com"
196.196.53.11 - - [05/Jan/2025:14:25:20 -0500] "GET / HTTP/1.0" 200 109055 "https://misswavenigeria.com/" "Mozilla/5.0 (Windows NT 10.0; WOW64) AppleWebKit/537.36 (KHTML, like Gecko) Chrome/103.0.0.0 Safari/537.36"
196.196.53.11 - - [05/Jan/2025:14:25:22 -0500] "GET /register/ HTTP/1.0" 200 75922 "https://misswavenigeria.com/register/" "Mozilla/5.0 (Windows NT 10.0; WOW64) AppleWebKit/537.36 (KHTML, like Gecko) Chrome/103.0.0.0 Safari/537.36"
66.29.132.124 - - [05/Jan/2025:14:25:24 -0500] "POST /wp-cron.php?doing_wp_cron=1736105124.4270999431610107421875 HTTP/1.1" 200 0 "-" "WordPress/6.7.1; https://misswavenigeria.com"
66.29.132.124 - - [05/Jan/2025:14:25:24 -0500] "POST /wp-admin/admin-ajax.php?action=async_litespeed&nonce=q9yvXTDuGImcS9AZ5mkz9qtgBzGyfsC8&litespeed_type=imgoptm HTTP/1.1" 200 21 "-" "WordPress/6.7.1; https://misswavenigeria.com"
66.29.132.124 - - [05/Jan/2025:14:25:51 -0500] "POST /wp-cron.php?doing_wp_cron=1736105151.3309490680694580078125 HTTP/1.1" 200 0 "-" "WordPress/6.7.1; https://misswavenigeria.com"
66.249.79.173 - - [05/Jan/2025:14:25:51 -0500] "GET /goods/N494767?k=product HTTP/1.1" 301 0 "-" "Mozilla/5.0 (Linux; Android 6.0.1; Nexus 5X Build/MMB29P) AppleWebKit/537.36 (KHTML, like Gecko) Chrome/131.0.6778.139 Mobile Safari/537.36 (compatible; Googlebot/2.1; +http://www.google.com/bot.html)"
66.29.132.124 - - [05/Jan/2025:14:26:25 -0500] "POST /wp-cron.php?doing_wp_cron=1736105185.4400680065155029296875 HTTP/1.1" 200 0 "-" "WordPress/6.7.1; https://misswavenigeria.com"
66.249.79.204 - - [05/Jan/2025:14:26:25 -0500] "GET /goods/N494767?k=product HTTP/1.1" 404 15610 "-" "Mozilla/5.0 (Linux; Android 6.0.1; Nexus 5X Build/MMB29P) AppleWebKit/537.36 (KHTML, like Gecko) Chrome/131.0.6778.139 Mobile Safari/537.36 (compatible; Googlebot/2.1; +http://www.google.com/bot.html)"
66.29.132.124 - - [05/Jan/2025:14:26:25 -0500] "POST /wp-admin/admin-ajax.php?action=async_litespeed&nonce=pLiZfQezCFJVFoU1lwDFy5ZnAYccG6V8&litespeed_type=imgoptm HTTP/1.1" 200 21 "-" "WordPress/6.7.1; https://misswavenigeria.com"
196.196.53.11 - - [05/Jan/2025:14:25:24 -0500] "POST /register/ HTTP/1.0" 200 76048 "https://misswavenigeria.com/register/" "Mozilla/5.0 (Windows NT 10.0; WOW64) AppleWebKit/537.36 (KHTML, like Gecko) Chrome/103.0.0.0 Safari/537.36"
196.196.53.11 - - [05/Jan/2025:14:26:48 -0500] "GET /register/ HTTP/1.0" 200 75922 "https://misswavenigeria.com/" "Mozilla/5.0 (Windows NT 10.0; WOW64) AppleWebKit/537.36 (KHTML, like Gecko) Chrome/103.0.0.0 Safari/537.36"
66.29.132.124 - - [05/Jan/2025:14:28:30 -0500] "POST /wp-cron.php?doing_wp_cron=1736105310.5285389423370361328125 HTTP/1.1" 200 0 "-" "WordPress/6.7.1; https://misswavenigeria.com"
196.196.53.11 - - [05/Jan/2025:14:28:27 -0500] "GET / HTTP/1.0" 200 109055 "https://misswavenigeria.com/" "Mozilla/5.0 (Windows NT 10.0) AppleWebKit/537.36 (KHTML, like Gecko) Chrome/103.0.0.0 Safari/537.36"
66.29.132.124 - - [05/Jan/2025:14:28:31 -0500] "POST /wp-admin/admin-ajax.php?action=async_litespeed&nonce=DmgpGoos9YlLpoNl5KcDqjmFsDVdXdPU&litespeed_type=imgoptm HTTP/1.1" 200 21 "-" "WordPress/6.7.1; https://misswavenigeria.com"
196.196.53.11 - - [05/Jan/2025:14:28:33 -0500] "GET /register/ HTTP/1.0" 200 75922 "https://misswavenigeria.com/register/" "Mozilla/5.0 (Windows NT 10.0) AppleWebKit/537.36 (KHTML, like Gecko) Chrome/103.0.0.0 Safari/537.36"
196.196.53.11 - - [05/Jan/2025:14:28:35 -0500] "POST /register/ HTTP/1.0" 200 76048 "https://misswavenigeria.com/register/" "Mozilla/5.0 (Windows NT 10.0) AppleWebKit/537.36 (KHTML, like Gecko) Chrome/103.0.0.0 Safari/537.36"
66.29.132.124 - - [05/Jan/2025:14:30:15 -0500] "POST /wp-cron.php?doing_wp_cron=1736105415.2926859855651855468750 HTTP/1.1" 200 0 "-" "WordPress/6.7.1; https://misswavenigeria.com"
196.196.53.11 - - [05/Jan/2025:14:30:14 -0500] "GET /register/ HTTP/1.0" 200 75922 "https://misswavenigeria.com/" "Mozilla/5.0 (Windows NT 10.0) AppleWebKit/537.36 (KHTML, like Gecko) Chrome/103.0.0.0 Safari/537.36"
66.29.132.124 - - [05/Jan/2025:14:30:16 -0500] "POST /wp-admin/admin-ajax.php?action=async_litespeed&nonce=u1R8K4BrpmFGy4DXwAbAT7spMPcX2ySM&litespeed_type=imgoptm HTTP/1.1" 200 0 "-" "WordPress/6.7.1; https://misswavenigeria.com"
66.29.132.124 - - [05/Jan/2025:14:31:31 -0500] "POST /wp-cron.php?doing_wp_cron=1736105491.8923599720001220703125 HTTP/1.1" 200 0 "-" "WordPress/6.7.1; https://misswavenigeria.com"
196.196.53.11 - - [05/Jan/2025:14:31:31 -0500] "GET / HTTP/1.0" 200 109055 "https://misswavenigeria.com/" "Mozilla/5.0 (Windows NT 10.0; Win64; x64) AppleWebKit/537.36 (KHTML, like Gecko) Chrome/103.0.0.0 Safari/537.36 Herring/95.1.8810.11"
66.29.132.124 - - [05/Jan/2025:14:31:32 -0500] "POST /wp-admin/admin-ajax.php?action=async_litespeed&nonce=s3KgPKSzMgCQEFd1rPqOS9HyfBJTy55S&litespeed_type=imgoptm HTTP/1.1" 200 21 "-" "WordPress/6.7.1; https://misswavenigeria.com"
196.196.53.11 - - [05/Jan/2025:14:31:34 -0500] "GET /register/ HTTP/1.0" 200 75922 "https://misswavenigeria.com/register/" "Mozilla/5.0 (Windows NT 10.0; Win64; x64) AppleWebKit/537.36 (KHTML, like Gecko) Chrome/103.0.0.0 Safari/537.36 Herring/95.1.8810.11"
196.196.53.11 - - [05/Jan/2025:14:31:35 -0500] "POST /register/ HTTP/1.0" 200 76048 "https://misswavenigeria.com/register/" "Mozilla/5.0 (Windows NT 10.0; Win64; x64) AppleWebKit/537.36 (KHTML, like Gecko) Chrome/103.0.0.0 Safari/537.36 Herring/95.1.8810.11"
66.29.132.124 - - [05/Jan/2025:14:33:04 -0500] "POST /wp-cron.php?doing_wp_cron=1736105584.3854930400848388671875 HTTP/1.1" 200 0 "-" "WordPress/6.7.1; https://misswavenigeria.com"
196.196.53.11 - - [05/Jan/2025:14:33:04 -0500] "GET /register/ HTTP/1.0" 200 75922 "https://misswavenigeria.com/" "Mozilla/5.0 (Windows NT 10.0; Win64; x64) AppleWebKit/537.36 (KHTML, like Gecko) Chrome/103.0.0.0 Safari/537.36 Herring/95.1.8810.11"
66.29.132.124 - - [05/Jan/2025:14:33:04 -0500] "POST /wp-admin/admin-ajax.php?action=async_litespeed&nonce=bVZO0ijqJI1idEwHQCQBEQBFsK8uzwRQ&litespeed_type=imgoptm HTTP/1.1" 200 21 "-" "WordPress/6.7.1; https://misswavenigeria.com"
185.191.171.10 - - [05/Jan/2025:14:33:29 -0500] "GET /wp-includes/rest-api/error_log HTTP/1.1" 403 1242 "-" "Mozilla/5.0 (compatible; SemrushBot/7~bl; +http://www.semrush.com/bot.html)"
66.29.132.124 - - [05/Jan/2025:14:34:44 -0500] "POST /wp-cron.php?doing_wp_cron=1736105684.8996279239654541015625 HTTP/1.1" 200 0 "-" "WordPress/6.7.1; https://misswavenigeria.com"
196.196.53.11 - - [05/Jan/2025:14:34:40 -0500] "GET / HTTP/1.0" 200 109053 "https://misswavenigeria.com/" "Mozilla/5.0 (Windows NT 6.1; Win64; x64) AppleWebKit/537.36 (KHTML, like Gecko) Chrome/103.0.0.0 Safari/537.36"
66.29.132.124 - - [05/Jan/2025:14:34:45 -0500] "POST /wp-admin/admin-ajax.php?action=async_litespeed&nonce=4hbK2L1I2N3UySd9lkvH2vhFbe2ujUfb&litespeed_type=imgoptm HTTP/1.1" 200 21 "-" "WordPress/6.7.1; https://misswavenigeria.com"
196.196.53.11 - - [05/Jan/2025:14:34:47 -0500] "GET /register/ HTTP/1.0" 200 75922 "https://misswavenigeria.com/register/" "Mozilla/5.0 (Windows NT 6.1; Win64; x64) AppleWebKit/537.36 (KHTML, like Gecko) Chrome/103.0.0.0 Safari/537.36"
185.191.171.14 - - [05/Jan/2025:14:35:05 -0500] "GET /wp-includes/images/crystal/ HTTP/1.1" 200 1351 "-" "Mozilla/5.0 (compatible; SemrushBot/7~bl; +http://www.semrush.com/bot.html)"
196.196.53.11 - - [05/Jan/2025:14:34:49 -0500] "POST /register/ HTTP/1.0" 200 76048 "https://misswavenigeria.com/register/" "Mozilla/5.0 (Windows NT 6.1; Win64; x64) AppleWebKit/537.36 (KHTML, like Gecko) Chrome/103.0.0.0 Safari/537.36"
66.29.132.124 - - [05/Jan/2025:14:36:24 -0500] "POST /wp-cron.php?doing_wp_cron=1736105784.4169340133666992187500 HTTP/1.1" 200 0 "-" "WordPress/6.7.1; https://misswavenigeria.com"
196.196.53.11 - - [05/Jan/2025:14:36:24 -0500] "GET /register/ HTTP/1.0" 200 75922 "https://misswavenigeria.com/" "Mozilla/5.0 (Windows NT 6.1; Win64; x64) AppleWebKit/537.36 (KHTML, like Gecko) Chrome/103.0.0.0 Safari/537.36"
66.29.132.124 - - [05/Jan/2025:14:36:24 -0500] "POST /wp-admin/admin-ajax.php?action=async_litespeed&nonce=wuDpsSfhNG4KtCicgLSyOTcCgvy9dRO1&litespeed_type=imgoptm HTTP/1.1" 200 21 "-" "WordPress/6.7.1; https://misswavenigeria.com"
66.29.132.124 - - [05/Jan/2025:14:37:51 -0500] "POST /wp-cron.php?doing_wp_cron=1736105871.0563900470733642578125 HTTP/1.1" 200 0 "-" "WordPress/6.7.1; https://misswavenigeria.com"
196.196.53.11 - - [05/Jan/2025:14:37:49 -0500] "GET / HTTP/1.0" 200 109053 "https://misswavenigeria.com/" "Mozilla/5.0 (Windows NT 10.0; Win64; x64) AppleWebKit/537.36 (KHTML, like Gecko) Chrome/103.0.5060.114 Safari/537.36"
66.29.132.124 - - [05/Jan/2025:14:37:51 -0500] "POST /wp-admin/admin-ajax.php?action=async_litespeed&nonce=G1ek0CWrUUHVdz7kPMUtDHjbSX7A3OGP&litespeed_type=imgoptm HTTP/1.1" 200 21 "-" "WordPress/6.7.1; https://misswavenigeria.com"
196.196.53.11 - - [05/Jan/2025:14:37:53 -0500] "GET /register/ HTTP/1.0" 200 75922 "https://misswavenigeria.com/register/" "Mozilla/5.0 (Windows NT 10.0; Win64; x64) AppleWebKit/537.36 (KHTML, like Gecko) Chrome/103.0.5060.114 Safari/537.36"
85.208.96.210 - - [05/Jan/2025:14:38:18 -0500] "GET /wp-includes/assets/script-loader-packages.php HTTP/1.1" 200 0 "-" "Mozilla/5.0 (compatible; SemrushBot/7~bl; +http://www.semrush.com/bot.html)"
196.196.53.11 - - [05/Jan/2025:14:37:54 -0500] "POST /register/ HTTP/1.0" 200 76048 "https://misswavenigeria.com/register/" "Mozilla/5.0 (Windows NT 10.0; Win64; x64) AppleWebKit/537.36 (KHTML, like Gecko) Chrome/103.0.5060.114 Safari/537.36"
66.29.132.124 - - [05/Jan/2025:14:39:20 -0500] "POST /wp-cron.php?doing_wp_cron=1736105960.3047449588775634765625 HTTP/1.1" 200 0 "-" "WordPress/6.7.1; https://misswavenigeria.com"
196.196.53.11 - - [05/Jan/2025:14:39:20 -0500] "GET /register/ HTTP/1.0" 200 75922 "https://misswavenigeria.com/" "Mozilla/5.0 (Windows NT 10.0; Win64; x64) AppleWebKit/537.36 (KHTML, like Gecko) Chrome/103.0.5060.114 Safari/537.36"
66.29.132.124 - - [05/Jan/2025:14:39:20 -0500] "POST /wp-admin/admin-ajax.php?action=async_litespeed&nonce=sJp3CfZKlGz9VY0tUEF6w2iskXswn84X&litespeed_type=imgoptm HTTP/1.1" 200 21 "-" "WordPress/6.7.1; https://misswavenigeria.com"
85.208.96.199 - - [05/Jan/2025:14:40:18 -0500] "GET /wp-includes/css/dist/nux/ HTTP/1.1" 200 854 "-" "Mozilla/5.0 (compatible; SemrushBot/7~bl; +http://www.semrush.com/bot.html)"
66.29.132.124 - - [05/Jan/2025:14:40:53 -0500] "POST /wp-cron.php?doing_wp_cron=1736106053.3646540641784667968750 HTTP/1.1" 200 0 "-" "WordPress/6.7.1; https://misswavenigeria.com"
196.196.53.11 - - [05/Jan/2025:14:40:51 -0500] "GET / HTTP/1.0" 200 109055 "https://misswavenigeria.com/" "Mozilla/5.0 (Windows NT 6.3; Win64; x64) AppleWebKit/537.36 (KHTML, like Gecko) Chrome/103.0.5060.66 Safari/537.36"
66.29.132.124 - - [05/Jan/2025:14:40:53 -0500] "POST /wp-admin/admin-ajax.php?action=async_litespeed&nonce=qa666Oar0NL6U7xQeAHlGcB2xcEdN0Lo&litespeed_type=imgoptm HTTP/1.1" 200 21 "-" "WordPress/6.7.1; https://misswavenigeria.com"
196.196.53.11 - - [05/Jan/2025:14:40:55 -0500] "GET /register/ HTTP/1.0" 200 75922 "https://misswavenigeria.com/register/" "Mozilla/5.0 (Windows NT 6.3; Win64; x64) AppleWebKit/537.36 (KHTML, like Gecko) Chrome/103.0.5060.66 Safari/537.36"
66.249.68.2 - - [05/Jan/2025:14:40:55 -0500] "GET /goods/C627018?k=product HTTP/1.1" 301 0 "-" "Mozilla/5.0 (Linux; Android 6.0.1; Nexus 5X Build/MMB29P) AppleWebKit/537.36 (KHTML, like Gecko) Chrome/131.0.6778.139 Mobile Safari/537.36 (compatible; Googlebot/2.1; +http://www.google.com/bot.html)"
66.249.79.5 - - [05/Jan/2025:14:41:18 -0500] "GET /goods/C627018?k=product HTTP/1.1" 404 15610 "-" "Mozilla/5.0 (Linux; Android 6.0.1; Nexus 5X Build/MMB29P) AppleWebKit/537.36 (KHTML, like Gecko) Chrome/131.0.6778.139 Mobile Safari/537.36 (compatible; Googlebot/2.1; +http://www.google.com/bot.html)"
66.29.132.124 - - [05/Jan/2025:14:41:31 -0500] "POST /wp-cron.php?doing_wp_cron=1736106091.7189199924468994140625 HTTP/1.1" 200 0 "-" "WordPress/6.7.1; https://misswavenigeria.com"
66.249.68.2 - - [05/Jan/2025:14:41:31 -0500] "GET /goods/Y920060?k=product HTTP/1.1" 301 0 "-" "Mozilla/5.0 (Linux; Android 6.0.1; Nexus 5X Build/MMB29P) AppleWebKit/537.36 (KHTML, like Gecko) Chrome/131.0.6778.139 Mobile Safari/537.36 (compatible; Googlebot/2.1; +http://www.google.com/bot.html)"
66.29.132.124 - - [05/Jan/2025:14:41:31 -0500] "POST /wp-admin/admin-ajax.php?action=async_litespeed&nonce=cb5dIKM223w5Fkrf7t8eVYv1Jkw1Yg3w&litespeed_type=imgoptm HTTP/1.1" 200 21 "-" "WordPress/6.7.1; https://misswavenigeria.com"
66.249.79.205 - - [05/Jan/2025:14:41:51 -0500] "GET /goods/Y920060?k=product HTTP/1.1" 404 15610 "-" "Mozilla/5.0 (Linux; Android 6.0.1; Nexus 5X Build/MMB29P) AppleWebKit/537.36 (KHTML, like Gecko) Chrome/131.0.6778.139 Mobile Safari/537.36 (compatible; Googlebot/2.1; +http://www.google.com/bot.html)"
196.196.53.11 - - [05/Jan/2025:14:40:57 -0500] "POST /register/ HTTP/1.0" 200 76048 "https://misswavenigeria.com/register/" "Mozilla/5.0 (Windows NT 6.3; Win64; x64) AppleWebKit/537.36 (KHTML, like Gecko) Chrome/103.0.5060.66 Safari/537.36"
66.29.132.124 - - [05/Jan/2025:14:42:51 -0500] "POST /wp-cron.php?doing_wp_cron=1736106171.3637890815734863281250 HTTP/1.1" 200 0 "-" "WordPress/6.7.1; https://misswavenigeria.com"
196.196.53.11 - - [05/Jan/2025:14:42:51 -0500] "GET /register/ HTTP/1.0" 200 75922 "https://misswavenigeria.com/" "Mozilla/5.0 (Windows NT 6.3; Win64; x64) AppleWebKit/537.36 (KHTML, like Gecko) Chrome/103.0.5060.66 Safari/537.36"
66.29.132.124 - - [05/Jan/2025:14:42:51 -0500] "POST /wp-admin/admin-ajax.php?action=async_litespeed&nonce=b1fqrk5PBMRnY9OyLplTk7JrrCkkZO3r&litespeed_type=imgoptm HTTP/1.1" 200 21 "-" "WordPress/6.7.1; https://misswavenigeria.com"
37.140.254.65 - - [05/Jan/2025:14:43:00 -0500] "GET /contact/ HTTP/1.1" 200 17573 "-" "Mozilla/5.0 (Windows NT 10.0; Win64; x64) AppleWebKit/537.36 (KHTML, like Gecko) Chrome/114.0.0.0 YaBrowser/22.7.0 Yowser/2.5 Safari/537.36"
66.29.132.124 - - [05/Jan/2025:14:43:57 -0500] "POST /wp-cron.php?doing_wp_cron=1736106237.2695410251617431640625 HTTP/1.1" 200 0 "-" "WordPress/6.7.1; https://misswavenigeria.com"
196.196.53.11 - - [05/Jan/2025:14:43:57 -0500] "GET / HTTP/1.0" 200 109055 "https://misswavenigeria.com/" "Mozilla/5.0 (Windows NT 10.0; Win64; x64) AppleWebKit/537.36 (KHTML, like Gecko) Chrome/103.0.5060.114 Safari/537.36"
66.29.132.124 - - [05/Jan/2025:14:43:57 -0500] "POST /wp-admin/admin-ajax.php?action=async_litespeed&nonce=eHUBMbl8lzV52IxEA0nC8yOGpOCpluPR&litespeed_type=imgoptm HTTP/1.1" 200 21 "-" "WordPress/6.7.1; https://misswavenigeria.com"
196.196.53.11 - - [05/Jan/2025:14:43:59 -0500] "GET /register/ HTTP/1.0" 200 75922 "https://misswavenigeria.com/register/" "Mozilla/5.0 (Windows NT 10.0; Win64; x64) AppleWebKit/537.36 (KHTML, like Gecko) Chrome/103.0.5060.114 Safari/537.36"
104.244.75.151 - - [05/Jan/2025:14:44:14 -0500] "GET /wp-login.php HTTP/1.1" 200 6933 "-" "Mozilla/5.0 (Windows NT 6.1; WOW64) AppleWebKit/537.36 (KHTML, like Gecko) Chrome/36.0.1985.125 Safari/537.36"
196.196.53.11 - - [05/Jan/2025:14:44:01 -0500] "POST /register/ HTTP/1.0" 200 76048 "https://misswavenigeria.com/register/" "Mozilla/5.0 (Windows NT 10.0; Win64; x64) AppleWebKit/537.36 (KHTML, like Gecko) Chrome/103.0.5060.114 Safari/537.36"
66.29.132.124 - - [05/Jan/2025:14:45:36 -0500] "POST /wp-cron.php?doing_wp_cron=1736106336.5531730651855468750000 HTTP/1.1" 200 0 "-" "WordPress/6.7.1; https://misswavenigeria.com"
196.196.53.11 - - [05/Jan/2025:14:45:36 -0500] "GET /register/ HTTP/1.0" 200 75922 "https://misswavenigeria.com/" "Mozilla/5.0 (Windows NT 10.0; Win64; x64) AppleWebKit/537.36 (KHTML, like Gecko) Chrome/103.0.5060.114 Safari/537.36"
66.29.132.124 - - [05/Jan/2025:14:45:36 -0500] "POST /wp-admin/admin-ajax.php?action=async_litespeed&nonce=nUgBGbtVLejmCiQ2hWVUDpeNJVnQN9ui&litespeed_type=imgoptm HTTP/1.1" 200 21 "-" "WordPress/6.7.1; https://misswavenigeria.com"
66.29.132.124 - - [05/Jan/2025:14:47:01 -0500] "POST /wp-cron.php?doing_wp_cron=1736106421.2274270057678222656250 HTTP/1.1" 200 0 "-" "WordPress/6.7.1; https://misswavenigeria.com"
196.196.53.11 - - [05/Jan/2025:14:46:59 -0500] "GET / HTTP/1.0" 200 109055 "https://misswavenigeria.com/" "Mozilla/5.0 (Windows NT 10.0; Win64; x64) AppleWebKit/537.36 (KHTML, like Gecko) Chrome/103.0.5060.114 Safari/537.36"
66.29.132.124 - - [05/Jan/2025:14:47:01 -0500] "POST /wp-admin/admin-ajax.php?action=async_litespeed&nonce=08yFjULI3KGLhem1mQuO0ImKLkqnflGR&litespeed_type=imgoptm HTTP/1.1" 200 21 "-" "WordPress/6.7.1; https://misswavenigeria.com"
196.196.53.11 - - [05/Jan/2025:14:47:03 -0500] "GET /register/ HTTP/1.0" 200 75922 "https://misswavenigeria.com/register/" "Mozilla/5.0 (Windows NT 10.0; Win64; x64) AppleWebKit/537.36 (KHTML, like Gecko) Chrome/103.0.5060.114 Safari/537.36"
196.196.53.11 - - [05/Jan/2025:14:47:05 -0500] "POST /register/ HTTP/1.0" 200 76048 "https://misswavenigeria.com/register/" "Mozilla/5.0 (Windows NT 10.0; Win64; x64) AppleWebKit/537.36 (KHTML, like Gecko) Chrome/103.0.5060.114 Safari/537.36"
66.29.132.124 - - [05/Jan/2025:14:48:28 -0500] "POST /wp-cron.php?doing_wp_cron=1736106508.2688829898834228515625 HTTP/1.1" 200 0 "-" "WordPress/6.7.1; https://misswavenigeria.com"
196.196.53.11 - - [05/Jan/2025:14:48:28 -0500] "GET /register/ HTTP/1.0" 200 75922 "https://misswavenigeria.com/" "Mozilla/5.0 (Windows NT 10.0; Win64; x64) AppleWebKit/537.36 (KHTML, like Gecko) Chrome/103.0.5060.114 Safari/537.36"
66.29.132.124 - - [05/Jan/2025:14:48:28 -0500] "POST /wp-admin/admin-ajax.php?action=async_litespeed&nonce=3kMkGOSWjQMM7LouQHqvzt1y1ZlRR7EH&litespeed_type=imgoptm HTTP/1.1" 200 21 "-" "WordPress/6.7.1; https://misswavenigeria.com"
66.29.132.124 - - [05/Jan/2025:14:50:06 -0500] "POST /wp-cron.php?doing_wp_cron=1736106606.7632598876953125000000 HTTP/1.1" 200 0 "-" "WordPress/6.7.1; https://misswavenigeria.com"
196.196.53.11 - - [05/Jan/2025:14:50:03 -0500] "GET / HTTP/1.0" 200 109055 "https://misswavenigeria.com/" "Mozilla/5.0 (Windows NT 10.0; Win64; x64) AppleWebKit/537.36 (KHTML, like Gecko) Chrome/103.0.5060.53 Safari/537.36"
66.29.132.124 - - [05/Jan/2025:14:50:07 -0500] "POST /wp-admin/admin-ajax.php?action=async_litespeed&nonce=tWvzmawFemWCcVJ5aI5y5oePAGX97GC0&litespeed_type=imgoptm HTTP/1.1" 200 21 "-" "WordPress/6.7.1; https://misswavenigeria.com"
196.196.53.11 - - [05/Jan/2025:14:50:09 -0500] "GET /register/ HTTP/1.0" 200 75922 "https://misswavenigeria.com/register/" "Mozilla/5.0 (Windows NT 10.0; Win64; x64) AppleWebKit/537.36 (KHTML, like Gecko) Chrome/103.0.5060.53 Safari/537.36"
196.196.53.11 - - [05/Jan/2025:14:50:11 -0500] "POST /register/ HTTP/1.0" 200 76048 "https://misswavenigeria.com/register/" "Mozilla/5.0 (Windows NT 10.0; Win64; x64) AppleWebKit/537.36 (KHTML, like Gecko) Chrome/103.0.5060.53 Safari/537.36"
66.29.132.124 - - [05/Jan/2025:14:51:46 -0500] "POST /wp-cron.php?doing_wp_cron=1736106706.3372540473937988281250 HTTP/1.1" 200 0 "-" "WordPress/6.7.1; https://misswavenigeria.com"
196.196.53.11 - - [05/Jan/2025:14:51:46 -0500] "GET /register/ HTTP/1.0" 200 75922 "https://misswavenigeria.com/" "Mozilla/5.0 (Windows NT 10.0; Win64; x64) AppleWebKit/537.36 (KHTML, like Gecko) Chrome/103.0.5060.53 Safari/537.36"
66.29.132.124 - - [05/Jan/2025:14:51:46 -0500] "POST /wp-admin/admin-ajax.php?action=async_litespeed&nonce=JlaGIpUa5C8PDrTEVevDHbC1TryriWRY&litespeed_type=imgoptm HTTP/1.1" 200 21 "-" "WordPress/6.7.1; https://misswavenigeria.com"
66.29.132.124 - - [05/Jan/2025:14:53:15 -0500] "POST /wp-cron.php?doing_wp_cron=1736106795.5188269615173339843750 HTTP/1.1" 200 0 "-" "WordPress/6.7.1; https://misswavenigeria.com"
196.196.53.11 - - [05/Jan/2025:14:53:13 -0500] "GET / HTTP/1.0" 200 109053 "https://misswavenigeria.com/" "Mozilla/5.0 (Windows NT 6.1) AppleWebKit/537.36 (KHTML, like Gecko) Chrome/103.0.0.0 Safari/537.36"
66.29.132.124 - - [05/Jan/2025:14:53:15 -0500] "POST /wp-admin/admin-ajax.php?action=async_litespeed&nonce=1rWQqtI7WbbxyLCKxNS1XyqqL6ry5aMg&litespeed_type=imgoptm HTTP/1.1" 200 21 "-" "WordPress/6.7.1; https://misswavenigeria.com"
196.196.53.11 - - [05/Jan/2025:14:53:17 -0500] "GET /register/ HTTP/1.0" 200 75922 "https://misswavenigeria.com/register/" "Mozilla/5.0 (Windows NT 6.1) AppleWebKit/537.36 (KHTML, like Gecko) Chrome/103.0.0.0 Safari/537.36"
196.196.53.11 - - [05/Jan/2025:14:53:19 -0500] "POST /register/ HTTP/1.0" 200 76048 "https://misswavenigeria.com/register/" "Mozilla/5.0 (Windows NT 6.1) AppleWebKit/537.36 (KHTML, like Gecko) Chrome/103.0.0.0 Safari/537.36"
66.29.132.124 - - [05/Jan/2025:14:55:22 -0500] "POST /wp-cron.php?doing_wp_cron=1736106922.3032510280609130859375 HTTP/1.1" 200 0 "-" "WordPress/6.7.1; https://misswavenigeria.com"
196.196.53.11 - - [05/Jan/2025:14:55:22 -0500] "GET /register/ HTTP/1.0" 200 75922 "https://misswavenigeria.com/" "Mozilla/5.0 (Windows NT 6.1) AppleWebKit/537.36 (KHTML, like Gecko) Chrome/103.0.0.0 Safari/537.36"
66.29.132.124 - - [05/Jan/2025:14:55:22 -0500] "POST /wp-admin/admin-ajax.php?action=async_litespeed&nonce=TMS1nvgUFsWfQOKaQPdXYO2vJlVhMJE3&litespeed_type=imgoptm HTTP/1.1" 200 21 "-" "WordPress/6.7.1; https://misswavenigeria.com"
66.29.132.124 - - [05/Jan/2025:14:56:24 -0500] "POST /wp-cron.php?doing_wp_cron=1736106984.5710349082946777343750 HTTP/1.1" 200 0 "-" "WordPress/6.7.1; https://misswavenigeria.com"
196.196.53.11 - - [05/Jan/2025:14:56:24 -0500] "GET / HTTP/1.0" 200 109055 "https://misswavenigeria.com/" "Mozilla/5.0 (Windows NT 10.0; Win64; x64) AppleWebKit/537.36 (KHTML, like Gecko) Chrome/103.0.0.0 Safari/537.36 Herring/95.1.8810.11"
66.29.132.124 - - [05/Jan/2025:14:56:24 -0500] "POST /wp-admin/admin-ajax.php?action=async_litespeed&nonce=XIRbIGwIL1L0HA2XmmdGrxx4J9fLobli&litespeed_type=imgoptm HTTP/1.1" 200 21 "-" "WordPress/6.7.1; https://misswavenigeria.com"
196.196.53.11 - - [05/Jan/2025:14:56:26 -0500] "GET /register/ HTTP/1.0" 200 75922 "https://misswavenigeria.com/register/" "Mozilla/5.0 (Windows NT 10.0; Win64; x64) AppleWebKit/537.36 (KHTML, like Gecko) Chrome/103.0.0.0 Safari/537.36 Herring/95.1.8810.11"
196.196.53.11 - - [05/Jan/2025:14:56:28 -0500] "POST /register/ HTTP/1.0" 200 76048 "https://misswavenigeria.com/register/" "Mozilla/5.0 (Windows NT 10.0; Win64; x64) AppleWebKit/537.36 (KHTML, like Gecko) Chrome/103.0.0.0 Safari/537.36 Herring/95.1.8810.11"
66.29.132.124 - - [05/Jan/2025:14:57:54 -0500] "POST /wp-cron.php?doing_wp_cron=1736107074.8629660606384277343750 HTTP/1.1" 200 0 "-" "WordPress/6.7.1; https://misswavenigeria.com"
196.196.53.11 - - [05/Jan/2025:14:57:54 -0500] "GET /register/ HTTP/1.0" 200 75922 "https://misswavenigeria.com/" "Mozilla/5.0 (Windows NT 10.0; Win64; x64) AppleWebKit/537.36 (KHTML, like Gecko) Chrome/103.0.0.0 Safari/537.36 Herring/95.1.8810.11"
66.29.132.124 - - [05/Jan/2025:14:57:54 -0500] "POST /wp-admin/admin-ajax.php?action=async_litespeed&nonce=QNcmbTxGrHAvAbvSV71cWtf8jApRLFUZ&litespeed_type=imgoptm HTTP/1.1" 200 21 "-" "WordPress/6.7.1; https://misswavenigeria.com"
66.29.132.124 - - [05/Jan/2025:14:59:29 -0500] "POST /wp-cron.php?doing_wp_cron=1736107169.4525389671325683593750 HTTP/1.1" 200 0 "-" "WordPress/6.7.1; https://misswavenigeria.com"
196.196.53.11 - - [05/Jan/2025:14:59:27 -0500] "GET / HTTP/1.0" 200 109055 "https://misswavenigeria.com/" "Mozilla/5.0 (Windows NT 10.0; Win64; x64) AppleWebKit/537.36 (KHTML, like Gecko) Chrome/103.0.0.0 Safari/537.36"
66.29.132.124 - - [05/Jan/2025:14:59:29 -0500] "POST /wp-admin/admin-ajax.php?action=async_litespeed&nonce=tqEJpq3cUEqE6hB2qqrCp7MdyBUWVVw2&litespeed_type=imgoptm HTTP/1.1" 200 21 "-" "WordPress/6.7.1; https://misswavenigeria.com"
196.196.53.11 - - [05/Jan/2025:14:59:31 -0500] "GET /register/ HTTP/1.0" 200 75922 "https://misswavenigeria.com/register/" "Mozilla/5.0 (Windows NT 10.0; Win64; x64) AppleWebKit/537.36 (KHTML, like Gecko) Chrome/103.0.0.0 Safari/537.36"
196.196.53.11 - - [05/Jan/2025:14:59:33 -0500] "POST /register/ HTTP/1.0" 200 76048 "https://misswavenigeria.com/register/" "Mozilla/5.0 (Windows NT 10.0; Win64; x64) AppleWebKit/537.36 (KHTML, like Gecko) Chrome/103.0.0.0 Safari/537.36"
66.29.132.124 - - [05/Jan/2025:15:00:50 -0500] "POST /wp-cron.php?doing_wp_cron=1736107250.0442249774932861328125 HTTP/1.1" 200 0 "-" "WordPress/6.7.1; https://misswavenigeria.com"
196.196.53.11 - - [05/Jan/2025:15:00:49 -0500] "GET /register/ HTTP/1.0" 200 75922 "https://misswavenigeria.com/" "Mozilla/5.0 (Windows NT 10.0; Win64; x64) AppleWebKit/537.36 (KHTML, like Gecko) Chrome/103.0.0.0 Safari/537.36"
66.29.132.124 - - [05/Jan/2025:15:00:50 -0500] "POST /wp-admin/admin-ajax.php?action=async_litespeed&nonce=NLHXEq1izloDahR1WHRd7RGmpkGTaA6w&litespeed_type=imgoptm HTTP/1.1" 200 21 "-" "WordPress/6.7.1; https://misswavenigeria.com"
66.29.132.124 - - [05/Jan/2025:15:02:35 -0500] "POST /wp-cron.php?doing_wp_cron=1736107355.7964599132537841796875 HTTP/1.1" 200 0 "-" "WordPress/6.7.1; https://misswavenigeria.com"
196.196.53.11 - - [05/Jan/2025:15:02:34 -0500] "GET / HTTP/1.0" 200 109055 "https://misswavenigeria.com/" "Mozilla/5.0 (Windows NT 10.0; WOW64) AppleWebKit/537.36 (KHTML, like Gecko) Chrome/103.0.5060.114 Safari/537.36"
66.29.132.124 - - [05/Jan/2025:15:02:35 -0500] "POST /wp-admin/admin-ajax.php?action=async_litespeed&nonce=EeJu5Lyor1HIA5e0l4Wfbh0hkwyT6oUY&litespeed_type=imgoptm HTTP/1.1" 200 21 "-" "WordPress/6.7.1; https://misswavenigeria.com"
196.196.53.11 - - [05/Jan/2025:15:02:38 -0500] "GET /register/ HTTP/1.0" 200 75922 "https://misswavenigeria.com/register/" "Mozilla/5.0 (Windows NT 10.0; WOW64) AppleWebKit/537.36 (KHTML, like Gecko) Chrome/103.0.5060.114 Safari/537.36"
196.196.53.11 - - [05/Jan/2025:15:02:39 -0500] "POST /register/ HTTP/1.0" 200 76048 "https://misswavenigeria.com/register/" "Mozilla/5.0 (Windows NT 10.0; WOW64) AppleWebKit/537.36 (KHTML, like Gecko) Chrome/103.0.5060.114 Safari/537.36"
66.29.132.124 - - [05/Jan/2025:15:03:53 -0500] "POST /wp-cron.php?doing_wp_cron=1736107433.7978360652923583984375 HTTP/1.1" 200 0 "-" "WordPress/6.7.1; https://misswavenigeria.com"
196.196.53.11 - - [05/Jan/2025:15:03:53 -0500] "GET /register/ HTTP/1.0" 200 75922 "https://misswavenigeria.com/" "Mozilla/5.0 (Windows NT 10.0; WOW64) AppleWebKit/537.36 (KHTML, like Gecko) Chrome/103.0.5060.114 Safari/537.36"
66.29.132.124 - - [05/Jan/2025:15:03:53 -0500] "POST /wp-admin/admin-ajax.php?action=async_litespeed&nonce=zYsVCxiGomOgVMTYS3FMsfPmlURsQyrb&litespeed_type=imgoptm HTTP/1.1" 200 21 "-" "WordPress/6.7.1; https://misswavenigeria.com"
66.29.132.124 - - [05/Jan/2025:15:05:40 -0500] "POST /wp-cron.php?doing_wp_cron=1736107540.2122280597686767578125 HTTP/1.1" 200 0 "-" "WordPress/6.7.1; https://misswavenigeria.com"
196.196.53.11 - - [05/Jan/2025:15:05:38 -0500] "GET / HTTP/1.0" 200 109053 "https://misswavenigeria.com/" "Mozilla/5.0 (Windows NT 6.1; WOW64) AppleWebKit/537.36 (KHTML, like Gecko) Chrome/103.0.0.0 Safari/537.36"
66.29.132.124 - - [05/Jan/2025:15:05:40 -0500] "POST /wp-admin/admin-ajax.php?action=async_litespeed&nonce=IKs5uOoLKjEHEESy9glJQJVEIEMKZhBz&litespeed_type=imgoptm HTTP/1.1" 200 21 "-" "WordPress/6.7.1; https://misswavenigeria.com"
196.196.53.11 - - [05/Jan/2025:15:05:42 -0500] "GET /register/ HTTP/1.0" 200 75922 "https://misswavenigeria.com/register/" "Mozilla/5.0 (Windows NT 6.1; WOW64) AppleWebKit/537.36 (KHTML, like Gecko) Chrome/103.0.0.0 Safari/537.36"
185.191.171.12 - - [05/Jan/2025:15:06:51 -0500] "GET /robots.txt HTTP/1.1" 200 115 "-" "Mozilla/5.0 (compatible; SemrushBot/7~bl; +http://www.semrush.com/bot.html)"
185.191.171.18 - - [05/Jan/2025:15:06:52 -0500] "GET /wp-includes/customize/class-wp-widget-area-customize-control.php HTTP/1.1" 500 0 "-" "Mozilla/5.0 (compatible; SemrushBot/7~bl; +http://www.semrush.com/bot.html)"
196.196.53.11 - - [05/Jan/2025:15:05:44 -0500] "POST /register/ HTTP/1.0" 200 76048 "https://misswavenigeria.com/register/" "Mozilla/5.0 (Windows NT 6.1; WOW64) AppleWebKit/537.36 (KHTML, like Gecko) Chrome/103.0.0.0 Safari/537.36"
66.29.132.124 - - [05/Jan/2025:15:07:10 -0500] "POST /wp-cron.php?doing_wp_cron=1736107630.8216559886932373046875 HTTP/1.1" 200 0 "-" "WordPress/6.7.1; https://misswavenigeria.com"
196.196.53.11 - - [05/Jan/2025:15:07:10 -0500] "GET /register/ HTTP/1.0" 200 75922 "https://misswavenigeria.com/" "Mozilla/5.0 (Windows NT 6.1; WOW64) AppleWebKit/537.36 (KHTML, like Gecko) Chrome/103.0.0.0 Safari/537.36"
66.29.132.124 - - [05/Jan/2025:15:07:11 -0500] "POST /wp-admin/admin-ajax.php?action=async_litespeed&nonce=zOZXgbhmvfWLIfkLUd8qCr1dFYoO2PB1&litespeed_type=imgoptm HTTP/1.1" 200 21 "-" "WordPress/6.7.1; https://misswavenigeria.com"
85.208.96.203 - - [05/Jan/2025:15:08:30 -0500] "GET /wp-includes/customize/class-wp-customize-nav-menu-setting.php HTTP/1.1" 500 0 "-" "Mozilla/5.0 (compatible; SemrushBot/7~bl; +http://www.semrush.com/bot.html)"
66.29.132.124 - - [05/Jan/2025:15:08:41 -0500] "POST /wp-cron.php?doing_wp_cron=1736107721.5069260597229003906250 HTTP/1.1" 200 0 "-" "WordPress/6.7.1; https://misswavenigeria.com"
196.196.53.11 - - [05/Jan/2025:15:08:41 -0500] "GET / HTTP/1.0" 200 109055 "https://misswavenigeria.com/" "Mozilla/5.0 (Windows NT 6.1; Win64; x64) AppleWebKit/537.36 (KHTML, like Gecko) Chrome/103.0.5060.114 Safari/537.36"
66.29.132.124 - - [05/Jan/2025:15:08:41 -0500] "POST /wp-admin/admin-ajax.php?action=async_litespeed&nonce=OcRxzr6T7AhpM4AGZn6zIwN2YgU9sbGw&litespeed_type=imgoptm HTTP/1.1" 200 21 "-" "WordPress/6.7.1; https://misswavenigeria.com"
196.196.53.11 - - [05/Jan/2025:15:08:43 -0500] "GET /register/ HTTP/1.0" 200 75922 "https://misswavenigeria.com/register/" "Mozilla/5.0 (Windows NT 6.1; Win64; x64) AppleWebKit/537.36 (KHTML, like Gecko) Chrome/103.0.5060.114 Safari/537.36"
196.196.53.11 - - [05/Jan/2025:15:08:45 -0500] "POST /register/ HTTP/1.0" 200 76048 "https://misswavenigeria.com/register/" "Mozilla/5.0 (Windows NT 6.1; Win64; x64) AppleWebKit/537.36 (KHTML, like Gecko) Chrome/103.0.5060.114 Safari/537.36"
66.29.132.124 - - [05/Jan/2025:15:10:09 -0500] "POST /wp-cron.php?doing_wp_cron=1736107809.5311980247497558593750 HTTP/1.1" 200 0 "-" "WordPress/6.7.1; https://misswavenigeria.com"
196.196.53.11 - - [05/Jan/2025:15:10:09 -0500] "GET /register/ HTTP/1.0" 200 75922 "https://misswavenigeria.com/" "Mozilla/5.0 (Windows NT 6.1; Win64; x64) AppleWebKit/537.36 (KHTML, like Gecko) Chrome/103.0.5060.114 Safari/537.36"
66.29.132.124 - - [05/Jan/2025:15:10:09 -0500] "POST /wp-admin/admin-ajax.php?action=async_litespeed&nonce=j79kw3W6rZKOR94k0I3K5hEBaMiSrBDM&litespeed_type=imgoptm HTTP/1.1" 200 21 "-" "WordPress/6.7.1; https://misswavenigeria.com"
66.29.132.124 - - [05/Jan/2025:15:11:46 -0500] "POST /wp-cron.php?doing_wp_cron=1736107906.0978760719299316406250 HTTP/1.1" 200 0 "-" "WordPress/6.7.1; https://misswavenigeria.com"
196.196.53.11 - - [05/Jan/2025:15:11:44 -0500] "GET / HTTP/1.0" 200 109055 "https://misswavenigeria.com/" "Mozilla/5.0 (Windows NT 6.1; Win64; x64) AppleWebKit/537.36 (KHTML, like Gecko) Chrome/103.0.0.0 Safari/537.36"
66.29.132.124 - - [05/Jan/2025:15:11:46 -0500] "POST /wp-admin/admin-ajax.php?action=async_litespeed&nonce=xpwuSvtiUofAypPa14JjwVa4yJpPIY3F&litespeed_type=imgoptm HTTP/1.1" 200 21 "-" "WordPress/6.7.1; https://misswavenigeria.com"
196.196.53.11 - - [05/Jan/2025:15:11:48 -0500] "GET /register/ HTTP/1.0" 200 75922 "https://misswavenigeria.com/register/" "Mozilla/5.0 (Windows NT 6.1; Win64; x64) AppleWebKit/537.36 (KHTML, like Gecko) Chrome/103.0.0.0 Safari/537.36"
196.196.53.11 - - [05/Jan/2025:15:11:50 -0500] "POST /register/ HTTP/1.0" 200 76048 "https://misswavenigeria.com/register/" "Mozilla/5.0 (Windows NT 6.1; Win64; x64) AppleWebKit/537.36 (KHTML, like Gecko) Chrome/103.0.0.0 Safari/537.36"
66.29.132.124 - - [05/Jan/2025:15:13:09 -0500] "POST /wp-cron.php?doing_wp_cron=1736107989.3153319358825683593750 HTTP/1.1" 200 0 "-" "WordPress/6.7.1; https://misswavenigeria.com"
196.196.53.11 - - [05/Jan/2025:15:13:09 -0500] "GET /register/ HTTP/1.0" 200 75922 "https://misswavenigeria.com/" "Mozilla/5.0 (Windows NT 6.1; Win64; x64) AppleWebKit/537.36 (KHTML, like Gecko) Chrome/103.0.0.0 Safari/537.36"
66.29.132.124 - - [05/Jan/2025:15:13:09 -0500] "POST /wp-admin/admin-ajax.php?action=async_litespeed&nonce=vTecj5OsH0u0KCVw8krgZiQLqv8btTHJ&litespeed_type=imgoptm HTTP/1.1" 200 21 "-" "WordPress/6.7.1; https://misswavenigeria.com"
66.29.132.124 - - [05/Jan/2025:15:14:52 -0500] "POST /wp-cron.php?doing_wp_cron=1736108092.8836939334869384765625 HTTP/1.1" 200 0 "-" "WordPress/6.7.1; https://misswavenigeria.com"
196.196.53.11 - - [05/Jan/2025:15:14:51 -0500] "GET / HTTP/1.0" 200 109053 "https://misswavenigeria.com/" "Mozilla/5.0 (Windows NT 6.1; Win64; x64) AppleWebKit/537.36 (KHTML, like Gecko) Chrome/103.0.0.0 Safari/537.36"
66.29.132.124 - - [05/Jan/2025:15:14:53 -0500] "POST /wp-admin/admin-ajax.php?action=async_litespeed&nonce=hJRokeXqTISuAqsmVw55tMNE4fcobhz7&litespeed_type=imgoptm HTTP/1.1" 200 21 "-" "WordPress/6.7.1; https://misswavenigeria.com"
196.196.53.11 - - [05/Jan/2025:15:14:55 -0500] "GET /register/ HTTP/1.0" 200 75922 "https://misswavenigeria.com/register/" "Mozilla/5.0 (Windows NT 6.1; Win64; x64) AppleWebKit/537.36 (KHTML, like Gecko) Chrome/103.0.0.0 Safari/537.36"
196.196.53.11 - - [05/Jan/2025:15:14:56 -0500] "POST /register/ HTTP/1.0" 200 76048 "https://misswavenigeria.com/register/" "Mozilla/5.0 (Windows NT 6.1; Win64; x64) AppleWebKit/537.36 (KHTML, like Gecko) Chrome/103.0.0.0 Safari/537.36"
66.29.132.124 - - [05/Jan/2025:15:16:27 -0500] "POST /wp-cron.php?doing_wp_cron=1736108187.8244519233703613281250 HTTP/1.1" 200 0 "-" "WordPress/6.7.1; https://misswavenigeria.com"
196.196.53.11 - - [05/Jan/2025:15:16:27 -0500] "GET /register/ HTTP/1.0" 200 75922 "https://misswavenigeria.com/" "Mozilla/5.0 (Windows NT 6.1; Win64; x64) AppleWebKit/537.36 (KHTML, like Gecko) Chrome/103.0.0.0 Safari/537.36"
66.29.132.124 - - [05/Jan/2025:15:16:28 -0500] "POST /wp-admin/admin-ajax.php?action=async_litespeed&nonce=17MXzvhdbXJYzg0XIdJnbhS3RdwjxiJJ&litespeed_type=imgoptm HTTP/1.1" 200 21 "-" "WordPress/6.7.1; https://misswavenigeria.com"
66.29.132.124 - - [05/Jan/2025:15:17:57 -0500] "POST /wp-cron.php?doing_wp_cron=1736108277.5175380706787109375000 HTTP/1.1" 200 0 "-" "WordPress/6.7.1; https://misswavenigeria.com"
196.196.53.11 - - [05/Jan/2025:15:17:55 -0500] "GET / HTTP/1.0" 200 109055 "https://misswavenigeria.com/" "Mozilla/5.0 (Windows NT 10.0; Win64; x64) AppleWebKit/537.36 (KHTML, like Gecko) Chrome/103.0.5060.53 Safari/537.36"
66.29.132.124 - - [05/Jan/2025:15:17:57 -0500] "POST /wp-admin/admin-ajax.php?action=async_litespeed&nonce=PHsLVGbk5g5O3VeE1VCnuddDWrgTGACx&litespeed_type=imgoptm HTTP/1.1" 200 21 "-" "WordPress/6.7.1; https://misswavenigeria.com"
196.196.53.11 - - [05/Jan/2025:15:17:59 -0500] "GET /register/ HTTP/1.0" 200 75922 "https://misswavenigeria.com/register/" "Mozilla/5.0 (Windows NT 10.0; Win64; x64) AppleWebKit/537.36 (KHTML, like Gecko) Chrome/103.0.5060.53 Safari/537.36"
196.196.53.11 - - [05/Jan/2025:15:18:01 -0500] "POST /register/ HTTP/1.0" 200 76048 "https://misswavenigeria.com/register/" "Mozilla/5.0 (Windows NT 10.0; Win64; x64) AppleWebKit/537.36 (KHTML, like Gecko) Chrome/103.0.5060.53 Safari/537.36"
66.29.132.124 - - [05/Jan/2025:15:19:24 -0500] "POST /wp-cron.php?doing_wp_cron=1736108364.6617128849029541015625 HTTP/1.1" 200 0 "-" "WordPress/6.7.1; https://misswavenigeria.com"
196.196.53.11 - - [05/Jan/2025:15:19:24 -0500] "GET /register/ HTTP/1.0" 200 75922 "https://misswavenigeria.com/" "Mozilla/5.0 (Windows NT 10.0; Win64; x64) AppleWebKit/537.36 (KHTML, like Gecko) Chrome/103.0.5060.53 Safari/537.36"
66.29.132.124 - - [05/Jan/2025:15:19:24 -0500] "POST /wp-admin/admin-ajax.php?action=async_litespeed&nonce=njsBgbLZdAfAQcLp6RYbwX6IFWLCt6qN&litespeed_type=imgoptm HTTP/1.1" 200 21 "-" "WordPress/6.7.1; https://misswavenigeria.com"
66.29.132.124 - - [05/Jan/2025:15:21:02 -0500] "POST /wp-cron.php?doing_wp_cron=1736108462.6914329528808593750000 HTTP/1.1" 200 0 "-" "WordPress/6.7.1; https://misswavenigeria.com"
196.196.53.11 - - [05/Jan/2025:15:21:00 -0500] "GET / HTTP/1.0" 200 109055 "https://misswavenigeria.com/" "Mozilla/5.0 (Windows NT 6.2; Win64; x64) AppleWebKit/537.36 (KHTML, like Gecko) Chrome/103.0.0.0 Safari/537.36"
66.29.132.124 - - [05/Jan/2025:15:21:02 -0500] "POST /wp-admin/admin-ajax.php?action=async_litespeed&nonce=ehUlCT2PHXlxEnlfkdNnr4Qxp7DsIsQH&litespeed_type=imgoptm HTTP/1.1" 200 21 "-" "WordPress/6.7.1; https://misswavenigeria.com"
