196.196.53.11 - - [05/Jan/2025:18:28:55 -0500] "POST /register/ HTTP/1.0" 200 76048 "https://misswavenigeria.com/register/" "Mozilla/5.0 (Windows NT 6.1) AppleWebKit/537.36 (KHTML, like Gecko) Chrome/103.0.5060.114 Safari/537.36"
66.29.132.124 - - [05/Jan/2025:18:30:25 -0500] "POST /wp-cron.php?doing_wp_cron=1736119825.6778249740600585937500 HTTP/1.1" 200 0 "-" "WordPress/6.7.1; https://misswavenigeria.com"
196.196.53.11 - - [05/Jan/2025:18:30:25 -0500] "GET /register/ HTTP/1.0" 200 75922 "https://misswavenigeria.com/" "Mozilla/5.0 (Windows NT 6.1) AppleWebKit/537.36 (KHTML, like Gecko) Chrome/103.0.5060.114 Safari/537.36"
66.29.132.124 - - [05/Jan/2025:18:30:25 -0500] "POST /wp-admin/admin-ajax.php?action=async_litespeed&nonce=S9ZyH4nPXZarqEMRBfMdz4M3jz8wsu9O&litespeed_type=imgoptm HTTP/1.1" 200 21 "-" "WordPress/6.7.1; https://misswavenigeria.com"
66.29.132.124 - - [05/Jan/2025:18:31:52 -0500] "POST /wp-cron.php?doing_wp_cron=1736119912.8219389915466308593750 HTTP/1.1" 200 0 "-" "WordPress/6.7.1; https://misswavenigeria.com"
196.196.53.11 - - [05/Jan/2025:18:31:51 -0500] "GET / HTTP/1.0" 200 109051 "https://misswavenigeria.com/" "Mozilla/5.0 (Windows NT 6.1; Win64; x64) AppleWebKit/537.36 (KHTML, like Gecko) Chrome/103.0.0.0 Safari/537.36"
66.29.132.124 - - [05/Jan/2025:18:31:53 -0500] "POST /wp-admin/admin-ajax.php?action=async_litespeed&nonce=TvueoTHJCaSGuBaigjUoXmWqSagD0dhl&litespeed_type=imgoptm HTTP/1.1" 200 21 "-" "WordPress/6.7.1; https://misswavenigeria.com"
196.196.53.11 - - [05/Jan/2025:18:31:55 -0500] "GET /register/ HTTP/1.0" 200 75922 "https://misswavenigeria.com/register/" "Mozilla/5.0 (Windows NT 6.1; Win64; x64) AppleWebKit/537.36 (KHTML, like Gecko) Chrome/103.0.0.0 Safari/537.36"
196.196.53.11 - - [05/Jan/2025:18:31:56 -0500] "POST /register/ HTTP/1.0" 200 76048 "https://misswavenigeria.com/register/" "Mozilla/5.0 (Windows NT 6.1; Win64; x64) AppleWebKit/537.36 (KHTML, like Gecko) Chrome/103.0.0.0 Safari/537.36"
66.29.132.124 - - [05/Jan/2025:18:33:11 -0500] "POST /wp-cron.php?doing_wp_cron=1736119991.1206510066986083984375 HTTP/1.1" 200 0 "-" "WordPress/6.7.1; https://misswavenigeria.com"
196.196.53.11 - - [05/Jan/2025:18:33:10 -0500] "GET /register/ HTTP/1.0" 200 75922 "https://misswavenigeria.com/" "Mozilla/5.0 (Windows NT 6.1; Win64; x64) AppleWebKit/537.36 (KHTML, like Gecko) Chrome/103.0.0.0 Safari/537.36"
66.29.132.124 - - [05/Jan/2025:18:33:11 -0500] "POST /wp-admin/admin-ajax.php?action=async_litespeed&nonce=uLD7SOhULbAGwKkDp0SKYhHWw5eWG4tI&litespeed_type=imgoptm HTTP/1.1" 200 21 "-" "WordPress/6.7.1; https://misswavenigeria.com"
66.29.132.124 - - [05/Jan/2025:18:34:59 -0500] "POST /wp-cron.php?doing_wp_cron=1736120099.5496330261230468750000 HTTP/1.1" 200 0 "-" "WordPress/6.7.1; https://misswavenigeria.com"
196.196.53.11 - - [05/Jan/2025:18:34:57 -0500] "GET / HTTP/1.0" 200 109051 "https://misswavenigeria.com/" "Mozilla/5.0 (Windows NT 6.3; Win64; x64) AppleWebKit/537.36 (KHTML, like Gecko) Chrome/103.0.5060.114 Safari/537.36"
66.29.132.124 - - [05/Jan/2025:18:34:59 -0500] "POST /wp-admin/admin-ajax.php?action=async_litespeed&nonce=PcBzGrdkDDzt3w1bie1kmsT09DgidDdz&litespeed_type=imgoptm HTTP/1.1" 200 21 "-" "WordPress/6.7.1; https://misswavenigeria.com"
196.196.53.11 - - [05/Jan/2025:18:35:01 -0500] "GET /register/ HTTP/1.0" 200 75922 "https://misswavenigeria.com/register/" "Mozilla/5.0 (Windows NT 6.3; Win64; x64) AppleWebKit/537.36 (KHTML, like Gecko) Chrome/103.0.5060.114 Safari/537.36"
196.196.53.11 - - [05/Jan/2025:18:35:03 -0500] "POST /register/ HTTP/1.0" 200 76048 "https://misswavenigeria.com/register/" "Mozilla/5.0 (Windows NT 6.3; Win64; x64) AppleWebKit/537.36 (KHTML, like Gecko) Chrome/103.0.5060.114 Safari/537.36"
66.29.132.124 - - [05/Jan/2025:18:36:24 -0500] "POST /wp-cron.php?doing_wp_cron=1736120184.9400010108947753906250 HTTP/1.1" 200 0 "-" "WordPress/6.7.1; https://misswavenigeria.com"
196.196.53.11 - - [05/Jan/2025:18:36:24 -0500] "GET /register/ HTTP/1.0" 200 75922 "https://misswavenigeria.com/" "Mozilla/5.0 (Windows NT 6.3; Win64; x64) AppleWebKit/537.36 (KHTML, like Gecko) Chrome/103.0.5060.114 Safari/537.36"
66.29.132.124 - - [05/Jan/2025:18:36:25 -0500] "POST /wp-admin/admin-ajax.php?action=async_litespeed&nonce=gPJUcoCYeihqj4vlRiNRxvFd7bcwAg7h&litespeed_type=imgoptm HTTP/1.1" 200 21 "-" "WordPress/6.7.1; https://misswavenigeria.com"
85.208.96.200 - - [05/Jan/2025:18:37:02 -0500] "GET /wp-includes/ID3/module.tag.id3v1.php HTTP/1.1" 200 0 "-" "Mozilla/5.0 (compatible; SemrushBot/7~bl; +http://www.semrush.com/bot.html)"
66.29.132.124 - - [05/Jan/2025:18:37:58 -0500] "POST /wp-cron.php?doing_wp_cron=1736120278.7739629745483398437500 HTTP/1.1" 200 0 "-" "WordPress/6.7.1; https://misswavenigeria.com"
196.196.53.11 - - [05/Jan/2025:18:37:58 -0500] "GET / HTTP/1.0" 200 109053 "https://misswavenigeria.com/" "Mozilla/5.0 (Windows NT 6.1) AppleWebKit/537.36 (KHTML, like Gecko) Chrome/103.0.0.0 Safari/537.36"
66.29.132.124 - - [05/Jan/2025:18:37:58 -0500] "POST /wp-admin/admin-ajax.php?action=async_litespeed&nonce=pawdkBUkgDWNKaTsBe1k79rCHSMLd20d&litespeed_type=imgoptm HTTP/1.1" 200 21 "-" "WordPress/6.7.1; https://misswavenigeria.com"
196.196.53.11 - - [05/Jan/2025:18:38:01 -0500] "GET /register/ HTTP/1.0" 200 75922 "https://misswavenigeria.com/register/" "Mozilla/5.0 (Windows NT 6.1) AppleWebKit/537.36 (KHTML, like Gecko) Chrome/103.0.0.0 Safari/537.36"
196.196.53.11 - - [05/Jan/2025:18:38:02 -0500] "POST /register/ HTTP/1.0" 200 76048 "https://misswavenigeria.com/register/" "Mozilla/5.0 (Windows NT 6.1) AppleWebKit/537.36 (KHTML, like Gecko) Chrome/103.0.0.0 Safari/537.36"
66.29.132.124 - - [05/Jan/2025:18:39:17 -0500] "POST /wp-cron.php?doing_wp_cron=1736120357.5423328876495361328125 HTTP/1.1" 200 0 "-" "WordPress/6.7.1; https://misswavenigeria.com"
196.196.53.11 - - [05/Jan/2025:18:39:17 -0500] "GET /register/ HTTP/1.0" 200 75922 "https://misswavenigeria.com/" "Mozilla/5.0 (Windows NT 6.1) AppleWebKit/537.36 (KHTML, like Gecko) Chrome/103.0.0.0 Safari/537.36"
66.29.132.124 - - [05/Jan/2025:18:39:17 -0500] "POST /wp-admin/admin-ajax.php?action=async_litespeed&nonce=FAAadA8IlKA4YsYuF9Hk6YlhPuCcZ7nv&litespeed_type=imgoptm HTTP/1.1" 200 21 "-" "WordPress/6.7.1; https://misswavenigeria.com"
66.29.132.124 - - [05/Jan/2025:18:40:59 -0500] "POST /wp-cron.php?doing_wp_cron=1736120459.5815639495849609375000 HTTP/1.1" 200 0 "-" "WordPress/6.7.1; https://misswavenigeria.com"
196.196.53.11 - - [05/Jan/2025:18:40:57 -0500] "GET / HTTP/1.0" 200 109055 "https://misswavenigeria.com/" "Mozilla/5.0 (Windows NT 10.0; Win64; x64) AppleWebKit/537.36 (KHTML, like Gecko) Chrome/103.0.0.0 Safari/537.36 Herring/95.1.8810.11"
66.29.132.124 - - [05/Jan/2025:18:40:59 -0500] "POST /wp-admin/admin-ajax.php?action=async_litespeed&nonce=XkTS3pmziP4Ua2rZ2sRsoDAO3BBPu80e&litespeed_type=imgoptm HTTP/1.1" 200 21 "-" "WordPress/6.7.1; https://misswavenigeria.com"
85.208.96.210 - - [05/Jan/2025:18:41:00 -0500] "GET /wp-includes/js/dist/development/ HTTP/1.1" 200 872 "-" "Mozilla/5.0 (compatible; SemrushBot/7~bl; +http://www.semrush.com/bot.html)"
196.196.53.11 - - [05/Jan/2025:18:41:01 -0500] "GET /register/ HTTP/1.0" 200 75922 "https://misswavenigeria.com/register/" "Mozilla/5.0 (Windows NT 10.0; Win64; x64) AppleWebKit/537.36 (KHTML, like Gecko) Chrome/103.0.0.0 Safari/537.36 Herring/95.1.8810.11"
66.29.132.124 - - [05/Jan/2025:18:42:16 -0500] "POST /wp-cron.php?doing_wp_cron=1736120536.8866989612579345703125 HTTP/1.1" 200 0 "-" "WordPress/6.7.1; https://misswavenigeria.com"
66.249.79.33 - - [05/Jan/2025:18:42:16 -0500] "GET /goods/411861.html HTTP/1.1" 404 15610 "-" "Mozilla/5.0 (Linux; Android 6.0.1; Nexus 5X Build/MMB29P) AppleWebKit/537.36 (KHTML, like Gecko) Chrome/131.0.6778.139 Mobile Safari/537.36 (compatible; Googlebot/2.1; +http://www.google.com/bot.html)"
66.29.132.124 - - [05/Jan/2025:18:42:17 -0500] "POST /wp-admin/admin-ajax.php?action=async_litespeed&nonce=CJqsBXS0erfpsUK61cCdHmmrljEfitdy&litespeed_type=imgoptm HTTP/1.1" 200 21 "-" "WordPress/6.7.1; https://misswavenigeria.com"
196.196.53.11 - - [05/Jan/2025:18:41:03 -0500] "POST /register/ HTTP/1.0" 200 76048 "https://misswavenigeria.com/register/" "Mozilla/5.0 (Windows NT 10.0; Win64; x64) AppleWebKit/537.36 (KHTML, like Gecko) Chrome/103.0.0.0 Safari/537.36 Herring/95.1.8810.11"
196.196.53.11 - - [05/Jan/2025:18:42:21 -0500] "GET /register/ HTTP/1.0" 200 75922 "https://misswavenigeria.com/" "Mozilla/5.0 (Windows NT 10.0; Win64; x64) AppleWebKit/537.36 (KHTML, like Gecko) Chrome/103.0.0.0 Safari/537.36 Herring/95.1.8810.11"
66.29.132.124 - - [05/Jan/2025:18:43:58 -0500] "POST /wp-cron.php?doing_wp_cron=1736120638.7100958824157714843750 HTTP/1.1" 200 0 "-" "WordPress/6.7.1; https://misswavenigeria.com"
196.196.53.11 - - [05/Jan/2025:18:43:57 -0500] "GET / HTTP/1.0" 200 109053 "https://misswavenigeria.com/" "Mozilla/5.0 (Windows NT 6.3; WOW64) AppleWebKit/537.36 (KHTML, like Gecko) Chrome/103.0.5060.114 Safari/537.36"
66.29.132.124 - - [05/Jan/2025:18:43:58 -0500] "POST /wp-admin/admin-ajax.php?action=async_litespeed&nonce=AqJHIQ799SweOHhhqz95fmwi17HgOsp0&litespeed_type=imgoptm HTTP/1.1" 200 21 "-" "WordPress/6.7.1; https://misswavenigeria.com"
196.196.53.11 - - [05/Jan/2025:18:44:01 -0500] "GET /register/ HTTP/1.0" 200 75922 "https://misswavenigeria.com/register/" "Mozilla/5.0 (Windows NT 6.3; WOW64) AppleWebKit/537.36 (KHTML, like Gecko) Chrome/103.0.5060.114 Safari/537.36"
209.141.36.100 - - [05/Jan/2025:18:44:51 -0500] "GET /wp-login.php HTTP/1.1" 200 6933 "-" "Mozilla/5.0 (Windows NT 6.3; WOW64; rv:31.0) Gecko/20100101 Firefox/31.0"
66.29.132.124 - - [05/Jan/2025:18:44:52 -0500] "POST /wp-cron.php?doing_wp_cron=1736120692.0713100433349609375000 HTTP/1.1" 200 0 "-" "WordPress/6.7.1; https://misswavenigeria.com"
209.141.36.100 - - [05/Jan/2025:18:44:51 -0500] "POST /wp-login.php HTTP/1.1" 200 7422 "-" "Mozilla/5.0 (Windows NT 6.3; WOW64; rv:31.0) Gecko/20100101 Firefox/31.0"
66.29.132.124 - - [05/Jan/2025:18:44:52 -0500] "POST /wp-admin/admin-ajax.php?action=async_litespeed&nonce=kUpBYd5RXRB2fYE6ukLdbVHZlTUywL0n&litespeed_type=imgoptm HTTP/1.1" 200 21 "-" "WordPress/6.7.1; https://misswavenigeria.com"
196.196.53.11 - - [05/Jan/2025:18:44:02 -0500] "POST /register/ HTTP/1.0" 200 76048 "https://misswavenigeria.com/register/" "Mozilla/5.0 (Windows NT 6.3; WOW64) AppleWebKit/537.36 (KHTML, like Gecko) Chrome/103.0.5060.114 Safari/537.36"
196.196.53.11 - - [05/Jan/2025:18:45:17 -0500] "GET /register/ HTTP/1.0" 200 75922 "https://misswavenigeria.com/" "Mozilla/5.0 (Windows NT 6.3; WOW64) AppleWebKit/537.36 (KHTML, like Gecko) Chrome/103.0.5060.114 Safari/537.36"
66.29.132.124 - - [05/Jan/2025:18:47:00 -0500] "POST /wp-cron.php?doing_wp_cron=1736120820.1037900447845458984375 HTTP/1.1" 200 0 "-" "WordPress/6.7.1; https://misswavenigeria.com"
196.196.53.11 - - [05/Jan/2025:18:46:58 -0500] "GET / HTTP/1.0" 200 109055 "https://misswavenigeria.com/" "Mozilla/5.0 (Windows NT 6.1; WOW64) AppleWebKit/537.36 (KHTML, like Gecko) Chrome/103.0.0.0 Safari/537.36"
66.29.132.124 - - [05/Jan/2025:18:47:00 -0500] "POST /wp-admin/admin-ajax.php?action=async_litespeed&nonce=Sxtwp2IroU5e3YWVVmvA63cskE6yxGhm&litespeed_type=imgoptm HTTP/1.1" 200 21 "-" "WordPress/6.7.1; https://misswavenigeria.com"
196.196.53.11 - - [05/Jan/2025:18:47:02 -0500] "GET /register/ HTTP/1.0" 200 75922 "https://misswavenigeria.com/register/" "Mozilla/5.0 (Windows NT 6.1; WOW64) AppleWebKit/537.36 (KHTML, like Gecko) Chrome/103.0.0.0 Safari/537.36"
196.196.53.11 - - [05/Jan/2025:18:47:04 -0500] "POST /register/ HTTP/1.0" 200 76048 "https://misswavenigeria.com/register/" "Mozilla/5.0 (Windows NT 6.1; WOW64) AppleWebKit/537.36 (KHTML, like Gecko) Chrome/103.0.0.0 Safari/537.36"
66.29.132.124 - - [05/Jan/2025:18:48:20 -0500] "POST /wp-cron.php?doing_wp_cron=1736120900.4854838848114013671875 HTTP/1.1" 200 0 "-" "WordPress/6.7.1; https://misswavenigeria.com"
196.196.53.11 - - [05/Jan/2025:18:48:20 -0500] "GET /register/ HTTP/1.0" 200 75922 "https://misswavenigeria.com/" "Mozilla/5.0 (Windows NT 6.1; WOW64) AppleWebKit/537.36 (KHTML, like Gecko) Chrome/103.0.0.0 Safari/537.36"
66.29.132.124 - - [05/Jan/2025:18:48:20 -0500] "POST /wp-admin/admin-ajax.php?action=async_litespeed&nonce=xGwbApDlOg6Sr7wy4w3oUYKaXWrDm3CB&litespeed_type=imgoptm HTTP/1.1" 200 21 "-" "WordPress/6.7.1; https://misswavenigeria.com"
66.29.132.124 - - [05/Jan/2025:18:50:09 -0500] "POST /wp-cron.php?doing_wp_cron=1736121009.0599730014801025390625 HTTP/1.1" 200 0 "-" "WordPress/6.7.1; https://misswavenigeria.com"
196.196.53.11 - - [05/Jan/2025:18:50:07 -0500] "GET / HTTP/1.0" 200 109055 "https://misswavenigeria.com/" "Mozilla/5.0 (Windows NT 10.0; WOW64) AppleWebKit/537.36 (KHTML, like Gecko) Chrome/103.0.0.0 Safari/537.36"
66.29.132.124 - - [05/Jan/2025:18:50:09 -0500] "POST /wp-admin/admin-ajax.php?action=async_litespeed&nonce=QtKfy3rKwvsaO2SZoE1qyQQVgUuQqkPh&litespeed_type=imgoptm HTTP/1.1" 200 21 "-" "WordPress/6.7.1; https://misswavenigeria.com"
196.196.53.11 - - [05/Jan/2025:18:50:11 -0500] "GET /register/ HTTP/1.0" 200 75922 "https://misswavenigeria.com/register/" "Mozilla/5.0 (Windows NT 10.0; WOW64) AppleWebKit/537.36 (KHTML, like Gecko) Chrome/103.0.0.0 Safari/537.36"
196.196.53.11 - - [05/Jan/2025:18:50:12 -0500] "POST /register/ HTTP/1.0" 200 76048 "https://misswavenigeria.com/register/" "Mozilla/5.0 (Windows NT 10.0; WOW64) AppleWebKit/537.36 (KHTML, like Gecko) Chrome/103.0.0.0 Safari/537.36"
66.29.132.124 - - [05/Jan/2025:18:51:32 -0500] "POST /wp-cron.php?doing_wp_cron=1736121092.5669100284576416015625 HTTP/1.1" 200 0 "-" "WordPress/6.7.1; https://misswavenigeria.com"
196.196.53.11 - - [05/Jan/2025:18:51:32 -0500] "GET /register/ HTTP/1.0" 200 75922 "https://misswavenigeria.com/" "Mozilla/5.0 (Windows NT 10.0; WOW64) AppleWebKit/537.36 (KHTML, like Gecko) Chrome/103.0.0.0 Safari/537.36"
66.29.132.124 - - [05/Jan/2025:18:51:32 -0500] "POST /wp-admin/admin-ajax.php?action=async_litespeed&nonce=gBqV8udWday0XFvRhBgFeIG1v3xnhONx&litespeed_type=imgoptm HTTP/1.1" 200 21 "-" "WordPress/6.7.1; https://misswavenigeria.com"
66.29.132.124 - - [05/Jan/2025:18:53:09 -0500] "POST /wp-cron.php?doing_wp_cron=1736121189.0605499744415283203125 HTTP/1.1" 200 0 "-" "WordPress/6.7.1; https://misswavenigeria.com"
196.196.53.11 - - [05/Jan/2025:18:53:07 -0500] "GET / HTTP/1.0" 200 109053 "https://misswavenigeria.com/" "Mozilla/5.0 (Windows NT 10.0; Win64; x64) AppleWebKit/537.36 (KHTML, like Gecko) Chrome/103.0.5060.66 Safari/537.36"
66.29.132.124 - - [05/Jan/2025:18:53:09 -0500] "POST /wp-admin/admin-ajax.php?action=async_litespeed&nonce=cN02RQlY2Kyk947PzoqTOoImU6ijgywo&litespeed_type=imgoptm HTTP/1.1" 200 21 "-" "WordPress/6.7.1; https://misswavenigeria.com"
196.196.53.11 - - [05/Jan/2025:18:53:11 -0500] "GET /register/ HTTP/1.0" 200 75922 "https://misswavenigeria.com/register/" "Mozilla/5.0 (Windows NT 10.0; Win64; x64) AppleWebKit/537.36 (KHTML, like Gecko) Chrome/103.0.5060.66 Safari/537.36"
196.196.53.11 - - [05/Jan/2025:18:53:13 -0500] "POST /register/ HTTP/1.0" 200 76048 "https://misswavenigeria.com/register/" "Mozilla/5.0 (Windows NT 10.0; Win64; x64) AppleWebKit/537.36 (KHTML, like Gecko) Chrome/103.0.5060.66 Safari/537.36"
66.29.132.124 - - [05/Jan/2025:18:54:27 -0500] "POST /wp-cron.php?doing_wp_cron=1736121267.4930760860443115234375 HTTP/1.1" 200 0 "-" "WordPress/6.7.1; https://misswavenigeria.com"
196.196.53.11 - - [05/Jan/2025:18:54:27 -0500] "GET /register/ HTTP/1.0" 200 75922 "https://misswavenigeria.com/" "Mozilla/5.0 (Windows NT 10.0; Win64; x64) AppleWebKit/537.36 (KHTML, like Gecko) Chrome/103.0.5060.66 Safari/537.36"
66.29.132.124 - - [05/Jan/2025:18:54:27 -0500] "POST /wp-admin/admin-ajax.php?action=async_litespeed&nonce=YYIeSUwxVpI3NFk0J4BtR3LL2YTCSwgx&litespeed_type=imgoptm HTTP/1.1" 200 21 "-" "WordPress/6.7.1; https://misswavenigeria.com"
66.29.132.124 - - [05/Jan/2025:18:56:09 -0500] "POST /wp-cron.php?doing_wp_cron=1736121369.5262029170989990234375 HTTP/1.1" 200 0 "-" "WordPress/6.7.1; https://misswavenigeria.com"
196.196.53.11 - - [05/Jan/2025:18:56:08 -0500] "GET / HTTP/1.0" 200 109053 "https://misswavenigeria.com/" "Mozilla/5.0 (Windows NT 6.3; WOW64) AppleWebKit/537.36 (KHTML, like Gecko) Chrome/103.0.5060.114 Safari/537.36"
66.29.132.124 - - [05/Jan/2025:18:56:09 -0500] "POST /wp-admin/admin-ajax.php?action=async_litespeed&nonce=Fo9YlazUCZvr9hxRiVFaFzWtVxZOrM8N&litespeed_type=imgoptm HTTP/1.1" 200 21 "-" "WordPress/6.7.1; https://misswavenigeria.com"
196.196.53.11 - - [05/Jan/2025:18:56:11 -0500] "GET /register/ HTTP/1.0" 200 75922 "https://misswavenigeria.com/register/" "Mozilla/5.0 (Windows NT 6.3; WOW64) AppleWebKit/537.36 (KHTML, like Gecko) Chrome/103.0.5060.114 Safari/537.36"
196.196.53.11 - - [05/Jan/2025:18:56:13 -0500] "POST /register/ HTTP/1.0" 200 76048 "https://misswavenigeria.com/register/" "Mozilla/5.0 (Windows NT 6.3; WOW64) AppleWebKit/537.36 (KHTML, like Gecko) Chrome/103.0.5060.114 Safari/537.36"
66.29.132.124 - - [05/Jan/2025:18:57:29 -0500] "POST /wp-cron.php?doing_wp_cron=1736121449.3178999423980712890625 HTTP/1.1" 200 0 "-" "WordPress/6.7.1; https://misswavenigeria.com"
196.196.53.11 - - [05/Jan/2025:18:57:29 -0500] "GET /register/ HTTP/1.0" 200 75922 "https://misswavenigeria.com/" "Mozilla/5.0 (Windows NT 6.3; WOW64) AppleWebKit/537.36 (KHTML, like Gecko) Chrome/103.0.5060.114 Safari/537.36"
66.29.132.124 - - [05/Jan/2025:18:57:29 -0500] "POST /wp-admin/admin-ajax.php?action=async_litespeed&nonce=CCmVRtO9owwUZCpOueoEb6Q5RDZQcsu4&litespeed_type=imgoptm HTTP/1.1" 200 21 "-" "WordPress/6.7.1; https://misswavenigeria.com"
66.29.132.124 - - [05/Jan/2025:18:59:07 -0500] "POST /wp-cron.php?doing_wp_cron=1736121547.0691649913787841796875 HTTP/1.1" 200 0 "-" "WordPress/6.7.1; https://misswavenigeria.com"
196.196.53.11 - - [05/Jan/2025:18:59:05 -0500] "GET / HTTP/1.0" 200 109055 "https://misswavenigeria.com/" "Mozilla/5.0 (Windows NT 6.3; WOW64) AppleWebKit/537.36 (KHTML, like Gecko) Chrome/103.0.0.0 Safari/537.36"
66.29.132.124 - - [05/Jan/2025:18:59:07 -0500] "POST /wp-admin/admin-ajax.php?action=async_litespeed&nonce=EFONDxoqE5VIctLLTr72rsZrcVhq0eik&litespeed_type=imgoptm HTTP/1.1" 200 21 "-" "WordPress/6.7.1; https://misswavenigeria.com"
196.196.53.11 - - [05/Jan/2025:18:59:09 -0500] "GET /register/ HTTP/1.0" 200 75922 "https://misswavenigeria.com/register/" "Mozilla/5.0 (Windows NT 6.3; WOW64) AppleWebKit/537.36 (KHTML, like Gecko) Chrome/103.0.0.0 Safari/537.36"
196.196.53.11 - - [05/Jan/2025:18:59:11 -0500] "POST /register/ HTTP/1.0" 200 76048 "https://misswavenigeria.com/register/" "Mozilla/5.0 (Windows NT 6.3; WOW64) AppleWebKit/537.36 (KHTML, like Gecko) Chrome/103.0.0.0 Safari/537.36"
85.208.96.195 - - [05/Jan/2025:19:00:23 -0500] "GET /wp-includes/Requests/src/Requests.php HTTP/1.1" 200 0 "-" "Mozilla/5.0 (compatible; SemrushBot/7~bl; +http://www.semrush.com/bot.html)"
66.29.132.124 - - [05/Jan/2025:19:00:23 -0500] "POST /wp-cron.php?doing_wp_cron=1736121623.7364990711212158203125 HTTP/1.1" 200 0 "-" "WordPress/6.7.1; https://misswavenigeria.com"
196.196.53.11 - - [05/Jan/2025:19:00:23 -0500] "GET /register/ HTTP/1.0" 200 75922 "https://misswavenigeria.com/" "Mozilla/5.0 (Windows NT 6.3; WOW64) AppleWebKit/537.36 (KHTML, like Gecko) Chrome/103.0.0.0 Safari/537.36"
66.29.132.124 - - [05/Jan/2025:19:00:23 -0500] "POST /wp-admin/admin-ajax.php?action=async_litespeed&nonce=8WNsYH2Yy7J9XuBWrbdS0PiZy0sgXkgR&litespeed_type=imgoptm HTTP/1.1" 200 21 "-" "WordPress/6.7.1; https://misswavenigeria.com"
66.29.132.124 - - [05/Jan/2025:19:02:14 -0500] "POST /wp-cron.php?doing_wp_cron=1736121734.3911108970642089843750 HTTP/1.1" 200 0 "-" "WordPress/6.7.1; https://misswavenigeria.com"
196.196.53.11 - - [05/Jan/2025:19:02:12 -0500] "GET / HTTP/1.0" 200 109055 "https://misswavenigeria.com/" "Mozilla/5.0 (Windows NT 6.2; Win64; x64) AppleWebKit/537.36 (KHTML, like Gecko) Chrome/103.0.0.0 Safari/537.36"
66.29.132.124 - - [05/Jan/2025:19:02:14 -0500] "POST /wp-admin/admin-ajax.php?action=async_litespeed&nonce=r0MhxuooKNmfl8EhIh3ZcJ87YEwG7CZG&litespeed_type=imgoptm HTTP/1.1" 200 21 "-" "WordPress/6.7.1; https://misswavenigeria.com"
196.196.53.11 - - [05/Jan/2025:19:02:16 -0500] "GET /register/ HTTP/1.0" 200 75922 "https://misswavenigeria.com/register/" "Mozilla/5.0 (Windows NT 6.2; Win64; x64) AppleWebKit/537.36 (KHTML, like Gecko) Chrome/103.0.0.0 Safari/537.36"
196.196.53.11 - - [05/Jan/2025:19:02:18 -0500] "POST /register/ HTTP/1.0" 200 76048 "https://misswavenigeria.com/register/" "Mozilla/5.0 (Windows NT 6.2; Win64; x64) AppleWebKit/537.36 (KHTML, like Gecko) Chrome/103.0.0.0 Safari/537.36"
66.29.132.124 - - [05/Jan/2025:19:03:41 -0500] "POST /wp-cron.php?doing_wp_cron=1736121821.4875309467315673828125 HTTP/1.1" 200 0 "-" "WordPress/6.7.1; https://misswavenigeria.com"
196.196.53.11 - - [05/Jan/2025:19:03:41 -0500] "GET /register/ HTTP/1.0" 200 75922 "https://misswavenigeria.com/" "Mozilla/5.0 (Windows NT 6.2; Win64; x64) AppleWebKit/537.36 (KHTML, like Gecko) Chrome/103.0.0.0 Safari/537.36"
66.29.132.124 - - [05/Jan/2025:19:03:41 -0500] "POST /wp-admin/admin-ajax.php?action=async_litespeed&nonce=0ccRafS9m6JA32MUbNiRzy7bciaDqpEf&litespeed_type=imgoptm HTTP/1.1" 200 21 "-" "WordPress/6.7.1; https://misswavenigeria.com"
66.29.132.124 - - [05/Jan/2025:19:05:17 -0500] "POST /wp-cron.php?doing_wp_cron=1736121917.2118399143218994140625 HTTP/1.1" 200 0 "-" "WordPress/6.7.1; https://misswavenigeria.com"
196.196.53.11 - - [05/Jan/2025:19:05:15 -0500] "GET / HTTP/1.0" 200 109053 "https://misswavenigeria.com/" "Mozilla/5.0 (Windows NT 10.0; Win64; x64) AppleWebKit/537.36 (KHTML, like Gecko) Chrome/103.0.0.0 Safari/537.36 Herring/95.1.8810.11"
66.29.132.124 - - [05/Jan/2025:19:05:17 -0500] "POST /wp-admin/admin-ajax.php?action=async_litespeed&nonce=YW7q7V8pXApcap7fiPnGeqATDcIYm5Fw&litespeed_type=imgoptm HTTP/1.1" 200 21 "-" "WordPress/6.7.1; https://misswavenigeria.com"
196.196.53.11 - - [05/Jan/2025:19:05:19 -0500] "GET /register/ HTTP/1.0" 200 75922 "https://misswavenigeria.com/register/" "Mozilla/5.0 (Windows NT 10.0; Win64; x64) AppleWebKit/537.36 (KHTML, like Gecko) Chrome/103.0.0.0 Safari/537.36 Herring/95.1.8810.11"
196.196.53.11 - - [05/Jan/2025:19:05:21 -0500] "POST /register/ HTTP/1.0" 200 76048 "https://misswavenigeria.com/register/" "Mozilla/5.0 (Windows NT 10.0; Win64; x64) AppleWebKit/537.36 (KHTML, like Gecko) Chrome/103.0.0.0 Safari/537.36 Herring/95.1.8810.11"
66.29.132.124 - - [05/Jan/2025:19:06:29 -0500] "POST /wp-cron.php?doing_wp_cron=1736121989.7190239429473876953125 HTTP/1.1" 200 0 "-" "WordPress/6.7.1; https://misswavenigeria.com"
196.196.53.11 - - [05/Jan/2025:19:06:29 -0500] "GET /register/ HTTP/1.0" 200 75922 "https://misswavenigeria.com/" "Mozilla/5.0 (Windows NT 10.0; Win64; x64) AppleWebKit/537.36 (KHTML, like Gecko) Chrome/103.0.0.0 Safari/537.36 Herring/95.1.8810.11"
66.29.132.124 - - [05/Jan/2025:19:06:29 -0500] "POST /wp-admin/admin-ajax.php?action=async_litespeed&nonce=ckeBJoMOG5rXQI1AP3ZqidGh5iOE3D9s&litespeed_type=imgoptm HTTP/1.1" 200 21 "-" "WordPress/6.7.1; https://misswavenigeria.com"
185.191.171.16 - - [05/Jan/2025:19:06:56 -0500] "GET /wp-includes/Text/Diff.php HTTP/1.1" 200 0 "-" "Mozilla/5.0 (compatible; SemrushBot/7~bl; +http://www.semrush.com/bot.html)"
66.29.132.124 - - [05/Jan/2025:19:08:21 -0500] "POST /wp-cron.php?doing_wp_cron=1736122101.3392279148101806640625 HTTP/1.1" 200 0 "-" "WordPress/6.7.1; https://misswavenigeria.com"
196.196.53.11 - - [05/Jan/2025:19:08:19 -0500] "GET / HTTP/1.0" 200 109053 "https://misswavenigeria.com/" "Mozilla/5.0 (Windows NT 10.0; Win64; x64) AppleWebKit/537.36 (KHTML, like Gecko) Chrome/103.0.5042.0 Safari/537.36"
66.29.132.124 - - [05/Jan/2025:19:08:21 -0500] "POST /wp-admin/admin-ajax.php?action=async_litespeed&nonce=aEFiPZ9ONBWQ0PhN5Z0dahbOq74BegX5&litespeed_type=imgoptm HTTP/1.1" 200 21 "-" "WordPress/6.7.1; https://misswavenigeria.com"
196.196.53.11 - - [05/Jan/2025:19:08:23 -0500] "GET /register/ HTTP/1.0" 200 75922 "https://misswavenigeria.com/register/" "Mozilla/5.0 (Windows NT 10.0; Win64; x64) AppleWebKit/537.36 (KHTML, like Gecko) Chrome/103.0.5042.0 Safari/537.36"
66.29.132.124 - - [05/Jan/2025:19:08:25 -0500] "POST /wp-cron.php?doing_wp_cron=1736122105.6188941001892089843750 HTTP/1.1" 200 0 "-" "WordPress/6.7.1; https://misswavenigeria.com"
66.29.132.124 - - [05/Jan/2025:19:08:25 -0500] "POST /wp-admin/admin-ajax.php?action=async_litespeed&nonce=JP8P9VQIIro1SPiBhQpHGWqpCbH9Nayo&litespeed_type=imgoptm HTTP/1.1" 200 21 "-" "WordPress/6.7.1; https://misswavenigeria.com"
196.196.53.11 - - [05/Jan/2025:19:08:25 -0500] "POST /register/ HTTP/1.0" 200 76048 "https://misswavenigeria.com/register/" "Mozilla/5.0 (Windows NT 10.0; Win64; x64) AppleWebKit/537.36 (KHTML, like Gecko) Chrome/103.0.5042.0 Safari/537.36"
66.29.132.124 - - [05/Jan/2025:19:09:51 -0500] "POST /wp-cron.php?doing_wp_cron=1736122191.3466908931732177734375 HTTP/1.1" 200 0 "-" "WordPress/6.7.1; https://misswavenigeria.com"
196.196.53.11 - - [05/Jan/2025:19:09:51 -0500] "GET /register/ HTTP/1.0" 200 75922 "https://misswavenigeria.com/" "Mozilla/5.0 (Windows NT 10.0; Win64; x64) AppleWebKit/537.36 (KHTML, like Gecko) Chrome/103.0.5042.0 Safari/537.36"
66.29.132.124 - - [05/Jan/2025:19:09:51 -0500] "POST /wp-admin/admin-ajax.php?action=async_litespeed&nonce=aUaUUebAwAcDOhwTeUVymGWtHNjTjBpj&litespeed_type=imgoptm HTTP/1.1" 200 21 "-" "WordPress/6.7.1; https://misswavenigeria.com"
85.208.96.196 - - [05/Jan/2025:19:10:26 -0500] "GET /wp-includes/Requests/src/Exception/ HTTP/1.1" 200 1356 "-" "Mozilla/5.0 (compatible; SemrushBot/7~bl; +http://www.semrush.com/bot.html)"
185.191.171.1 - - [05/Jan/2025:19:10:57 -0500] "GET /wp-includes/js/tinymce/skins/lightgray/ HTTP/1.1" 200 919 "-" "Mozilla/5.0 (compatible; SemrushBot/7~bl; +http://www.semrush.com/bot.html)"
66.29.132.124 - - [05/Jan/2025:19:11:24 -0500] "POST /wp-cron.php?doing_wp_cron=1736122284.2771100997924804687500 HTTP/1.1" 200 0 "-" "WordPress/6.7.1; https://misswavenigeria.com"
196.196.53.11 - - [05/Jan/2025:19:11:22 -0500] "GET / HTTP/1.0" 200 109055 "https://misswavenigeria.com/" "Mozilla/5.0 (Windows NT 10.0; Win64; x64) AppleWebKit/537.36 (KHTML, like Gecko) Chrome/103.0.5042.0 Safari/537.36"
66.29.132.124 - - [05/Jan/2025:19:11:24 -0500] "POST /wp-admin/admin-ajax.php?action=async_litespeed&nonce=Cxidz6iw7v5JpVKBtw22QkfsiNioYvC7&litespeed_type=imgoptm HTTP/1.1" 200 21 "-" "WordPress/6.7.1; https://misswavenigeria.com"
196.196.53.11 - - [05/Jan/2025:19:11:26 -0500] "GET /register/ HTTP/1.0" 200 75922 "https://misswavenigeria.com/register/" "Mozilla/5.0 (Windows NT 10.0; Win64; x64) AppleWebKit/537.36 (KHTML, like Gecko) Chrome/103.0.5042.0 Safari/537.36"
66.29.132.124 - - [05/Jan/2025:19:11:28 -0500] "POST /wp-cron.php?doing_wp_cron=1736122288.4022030830383300781250 HTTP/1.1" 200 0 "-" "WordPress/6.7.1; https://misswavenigeria.com"
66.249.79.2 - - [05/Jan/2025:19:12:13 -0500] "GET /robots.txt HTTP/1.1" 301 0 "-" "Mozilla/5.0 (compatible; Googlebot/2.1; +http://www.google.com/bot.html)"
66.249.79.5 - - [05/Jan/2025:19:12:13 -0500] "GET /robots.txt HTTP/1.1" 200 99 "-" "Mozilla/5.0 (compatible; Googlebot/2.1; +http://www.google.com/bot.html)"
66.249.79.195 - - [05/Jan/2025:19:12:13 -0500] "GET /goods/N858221?k=product HTTP/1.1" 301 0 "-" "Mozilla/5.0 (Linux; Android 6.0.1; Nexus 5X Build/MMB29P) AppleWebKit/537.36 (KHTML, like Gecko) Chrome/131.0.6778.139 Mobile Safari/537.36 (compatible; Googlebot/2.1; +http://www.google.com/bot.html)"
66.249.68.36 - - [05/Jan/2025:19:12:14 -0500] "GET /goods/N858221?k=product HTTP/1.1" 404 15610 "-" "Mozilla/5.0 (Linux; Android 6.0.1; Nexus 5X Build/MMB29P) AppleWebKit/537.36 (KHTML, like Gecko) Chrome/131.0.6778.139 Mobile Safari/537.36 (compatible; Googlebot/2.1; +http://www.google.com/bot.html)"
66.249.79.102 - - [05/Jan/2025:19:12:21 -0500] "GET /goods/717618.html HTTP/1.1" 404 15610 "-" "Mozilla/5.0 (Linux; Android 6.0.1; Nexus 5X Build/MMB29P) AppleWebKit/537.36 (KHTML, like Gecko) Chrome/131.0.6778.139 Mobile Safari/537.36 (compatible; Googlebot/2.1; +http://www.google.com/bot.html)"
185.191.171.6 - - [05/Jan/2025:19:12:37 -0500] "GET /robots.txt HTTP/1.1" 200 115 "-" "Mozilla/5.0 (compatible; SemrushBot/7~bl; +http://www.semrush.com/bot.html)"
185.191.171.17 - - [05/Jan/2025:19:12:38 -0500] "GET /wp-includes/customize/class-wp-customize-background-image-setting.php HTTP/1.1" 500 0 "-" "Mozilla/5.0 (compatible; SemrushBot/7~bl; +http://www.semrush.com/bot.html)"
196.196.53.11 - - [05/Jan/2025:19:11:28 -0500] "POST /register/ HTTP/1.0" 200 76048 "https://misswavenigeria.com/register/" "Mozilla/5.0 (Windows NT 10.0; Win64; x64) AppleWebKit/537.36 (KHTML, like Gecko) Chrome/103.0.5042.0 Safari/537.36"
66.29.132.124 - - [05/Jan/2025:19:12:50 -0500] "POST /wp-cron.php?doing_wp_cron=1736122370.1346490383148193359375 HTTP/1.1" 200 0 "-" "WordPress/6.7.1; https://misswavenigeria.com"
196.196.53.11 - - [05/Jan/2025:19:12:49 -0500] "GET /register/ HTTP/1.0" 200 75922 "https://misswavenigeria.com/" "Mozilla/5.0 (Windows NT 10.0; Win64; x64) AppleWebKit/537.36 (KHTML, like Gecko) Chrome/103.0.5042.0 Safari/537.36"
66.29.132.124 - - [05/Jan/2025:19:12:50 -0500] "POST /wp-admin/admin-ajax.php?action=async_litespeed&nonce=nk6k4VVQ885psfDy3bJsFiFvyJljXlSg&litespeed_type=imgoptm HTTP/1.1" 200 21 "-" "WordPress/6.7.1; https://misswavenigeria.com"
66.249.79.173 - - [05/Jan/2025:19:13:12 -0500] "GET /goods/U481202?k=product HTTP/1.1" 301 0 "-" "Mozilla/5.0 (Linux; Android 6.0.1; Nexus 5X Build/MMB29P) AppleWebKit/537.36 (KHTML, like Gecko) Chrome/131.0.6778.139 Mobile Safari/537.36 (compatible; Googlebot/2.1; +http://www.google.com/bot.html)"
66.249.79.34 - - [05/Jan/2025:19:13:13 -0500] "GET /goods/U481202?k=product HTTP/1.1" 404 15610 "-" "Mozilla/5.0 (Linux; Android 6.0.1; Nexus 5X Build/MMB29P) AppleWebKit/537.36 (KHTML, like Gecko) Chrome/131.0.6778.139 Mobile Safari/537.36 (compatible; Googlebot/2.1; +http://www.google.com/bot.html)"
66.29.132.124 - - [05/Jan/2025:19:14:27 -0500] "POST /wp-cron.php?doing_wp_cron=1736122467.9190459251403808593750 HTTP/1.1" 200 0 "-" "WordPress/6.7.1; https://misswavenigeria.com"
196.196.53.11 - - [05/Jan/2025:19:14:27 -0500] "GET / HTTP/1.0" 200 109055 "https://misswavenigeria.com/" "Mozilla/5.0 (Windows NT 10.0; Win64; x64) AppleWebKit/537.36 (KHTML, like Gecko) Chrome/103.0.5060.134 Safari/537.36"
66.29.132.124 - - [05/Jan/2025:19:14:28 -0500] "POST /wp-admin/admin-ajax.php?action=async_litespeed&nonce=kIMOCLgLhqJczKPifDCE3Hug6mlFvFSg&litespeed_type=imgoptm HTTP/1.1" 200 21 "-" "WordPress/6.7.1; https://misswavenigeria.com"
196.196.53.11 - - [05/Jan/2025:19:14:31 -0500] "GET /register/ HTTP/1.0" 200 75922 "https://misswavenigeria.com/register/" "Mozilla/5.0 (Windows NT 10.0; Win64; x64) AppleWebKit/537.36 (KHTML, like Gecko) Chrome/103.0.5060.134 Safari/537.36"
196.196.53.11 - - [05/Jan/2025:19:14:32 -0500] "POST /register/ HTTP/1.0" 200 76048 "https://misswavenigeria.com/register/" "Mozilla/5.0 (Windows NT 10.0; Win64; x64) AppleWebKit/537.36 (KHTML, like Gecko) Chrome/103.0.5060.134 Safari/537.36"
66.29.132.124 - - [05/Jan/2025:19:16:10 -0500] "POST /wp-cron.php?doing_wp_cron=1736122570.3737709522247314453125 HTTP/1.1" 200 0 "-" "WordPress/6.7.1; https://misswavenigeria.com"
196.196.53.11 - - [05/Jan/2025:19:16:09 -0500] "GET /register/ HTTP/1.0" 200 75922 "https://misswavenigeria.com/" "Mozilla/5.0 (Windows NT 10.0; Win64; x64) AppleWebKit/537.36 (KHTML, like Gecko) Chrome/103.0.5060.134 Safari/537.36"
66.29.132.124 - - [05/Jan/2025:19:16:10 -0500] "POST /wp-admin/admin-ajax.php?action=async_litespeed&nonce=O0oPdH8N5LrFxFpeWXXKQTWj5nqtn3xy&litespeed_type=imgoptm HTTP/1.1" 200 21 "-" "WordPress/6.7.1; https://misswavenigeria.com"
66.29.132.124 - - [05/Jan/2025:19:17:35 -0500] "POST /wp-cron.php?doing_wp_cron=1736122655.7047870159149169921875 HTTP/1.1" 200 0 "-" "WordPress/6.7.1; https://misswavenigeria.com"
196.196.53.11 - - [05/Jan/2025:19:17:32 -0500] "GET / HTTP/1.0" 200 109055 "https://misswavenigeria.com/" "Mozilla/5.0 (Windows NT 10.0; WOW64) AppleWebKit/537.36 (KHTML, like Gecko) Chrome/103.0.5060.114 Safari/537.36"
66.29.132.124 - - [05/Jan/2025:19:17:35 -0500] "POST /wp-admin/admin-ajax.php?action=async_litespeed&nonce=obZKApI1V3F6gmNIvAeF2cRcmE8mBcOo&litespeed_type=imgoptm HTTP/1.1" 200 21 "-" "WordPress/6.7.1; https://misswavenigeria.com"
196.196.53.11 - - [05/Jan/2025:19:17:38 -0500] "GET /register/ HTTP/1.0" 200 75922 "https://misswavenigeria.com/register/" "Mozilla/5.0 (Windows NT 10.0; WOW64) AppleWebKit/537.36 (KHTML, like Gecko) Chrome/103.0.5060.114 Safari/537.36"
196.196.53.11 - - [05/Jan/2025:19:17:39 -0500] "POST /register/ HTTP/1.0" 200 76048 "https://misswavenigeria.com/register/" "Mozilla/5.0 (Windows NT 10.0; WOW64) AppleWebKit/537.36 (KHTML, like Gecko) Chrome/103.0.5060.114 Safari/537.36"
66.29.132.124 - - [05/Jan/2025:19:18:57 -0500] "POST /wp-cron.php?doing_wp_cron=1736122737.1327219009399414062500 HTTP/1.1" 200 0 "-" "WordPress/6.7.1; https://misswavenigeria.com"
196.196.53.11 - - [05/Jan/2025:19:18:56 -0500] "GET /register/ HTTP/1.0" 200 75922 "https://misswavenigeria.com/" "Mozilla/5.0 (Windows NT 10.0; WOW64) AppleWebKit/537.36 (KHTML, like Gecko) Chrome/103.0.5060.114 Safari/537.36"
66.29.132.124 - - [05/Jan/2025:19:18:57 -0500] "POST /wp-admin/admin-ajax.php?action=async_litespeed&nonce=sokEYX7Bebyk71ZRFm3dqxyZbHumXivg&litespeed_type=imgoptm HTTP/1.1" 200 21 "-" "WordPress/6.7.1; https://misswavenigeria.com"
85.208.96.208 - - [05/Jan/2025:19:20:06 -0500] "GET /wp-includes/SimplePie/src/Content/ HTTP/1.1" 200 779 "-" "Mozilla/5.0 (compatible; SemrushBot/7~bl; +http://www.semrush.com/bot.html)"
66.29.132.124 - - [05/Jan/2025:19:20:38 -0500] "POST /wp-cron.php?doing_wp_cron=1736122838.0696380138397216796875 HTTP/1.1" 200 0 "-" "WordPress/6.7.1; https://misswavenigeria.com"
196.196.53.11 - - [05/Jan/2025:19:20:36 -0500] "GET / HTTP/1.0" 200 109053 "https://misswavenigeria.com/" "Mozilla/5.0 (Windows NT 10.0; Win64; x64) AppleWebKit/537.36 (KHTML, like Gecko) Chrome/103.0.5060.66 Safari/537.36"
66.29.132.124 - - [05/Jan/2025:19:20:38 -0500] "POST /wp-admin/admin-ajax.php?action=async_litespeed&nonce=SxIdkzHPyY6wpN8c4gc5htKdwGOHloO3&litespeed_type=imgoptm HTTP/1.1" 200 21 "-" "WordPress/6.7.1; https://misswavenigeria.com"
196.196.53.11 - - [05/Jan/2025:19:20:40 -0500] "GET /register/ HTTP/1.0" 200 75922 "https://misswavenigeria.com/register/" "Mozilla/5.0 (Windows NT 10.0; Win64; x64) AppleWebKit/537.36 (KHTML, like Gecko) Chrome/103.0.5060.66 Safari/537.36"
196.196.53.11 - - [05/Jan/2025:19:20:42 -0500] "POST /register/ HTTP/1.0" 200 76048 "https://misswavenigeria.com/register/" "Mozilla/5.0 (Windows NT 10.0; Win64; x64) AppleWebKit/537.36 (KHTML, like Gecko) Chrome/103.0.5060.66 Safari/537.36"
66.29.132.124 - - [05/Jan/2025:19:21:58 -0500] "POST /wp-cron.php?doing_wp_cron=1736122918.0872581005096435546875 HTTP/1.1" 200 0 "-" "WordPress/6.7.1; https://misswavenigeria.com"
196.196.53.11 - - [05/Jan/2025:19:21:57 -0500] "GET /register/ HTTP/1.0" 200 75922 "https://misswavenigeria.com/" "Mozilla/5.0 (Windows NT 10.0; Win64; x64) AppleWebKit/537.36 (KHTML, like Gecko) Chrome/103.0.5060.66 Safari/537.36"
66.29.132.124 - - [05/Jan/2025:19:21:58 -0500] "POST /wp-admin/admin-ajax.php?action=async_litespeed&nonce=ovOQ4lC6amXXSjEbXRG8t6JDlYgtc6Ct&litespeed_type=imgoptm HTTP/1.1" 200 21 "-" "WordPress/6.7.1; https://misswavenigeria.com"
66.29.132.124 - - [05/Jan/2025:19:23:38 -0500] "POST /wp-cron.php?doing_wp_cron=1736123018.5898830890655517578125 HTTP/1.1" 200 0 "-" "WordPress/6.7.1; https://misswavenigeria.com"
196.196.53.11 - - [05/Jan/2025:19:23:36 -0500] "GET / HTTP/1.0" 200 109053 "https://misswavenigeria.com/" "Mozilla/5.0 (Windows NT 10.0; Win64; x64) AppleWebKit/537.36 (KHTML, like Gecko) Chrome/103.0.5060.114 Safari/537.36"
66.29.132.124 - - [05/Jan/2025:19:23:38 -0500] "POST /wp-admin/admin-ajax.php?action=async_litespeed&nonce=i2DCi7pi7heH8AlO14gLEJXorBPEqkE2&litespeed_type=imgoptm HTTP/1.1" 200 21 "-" "WordPress/6.7.1; https://misswavenigeria.com"
196.196.53.11 - - [05/Jan/2025:19:23:40 -0500] "GET /register/ HTTP/1.0" 200 75922 "https://misswavenigeria.com/register/" "Mozilla/5.0 (Windows NT 10.0; Win64; x64) AppleWebKit/537.36 (KHTML, like Gecko) Chrome/103.0.5060.114 Safari/537.36"
85.208.96.208 - - [05/Jan/2025:19:24:42 -0500] "GET /wp-includes/ID3/module.audio-video.riff.php HTTP/1.1" 200 0 "-" "Mozilla/5.0 (compatible; SemrushBot/7~bl; +http://www.semrush.com/bot.html)"
196.196.53.11 - - [05/Jan/2025:19:23:42 -0500] "POST /register/ HTTP/1.0" 200 76048 "https://misswavenigeria.com/register/" "Mozilla/5.0 (Windows NT 10.0; Win64; x64) AppleWebKit/537.36 (KHTML, like Gecko) Chrome/103.0.5060.114 Safari/537.36"
66.29.132.124 - - [05/Jan/2025:19:25:08 -0500] "POST /wp-cron.php?doing_wp_cron=1736123108.7621090412139892578125 HTTP/1.1" 200 0 "-" "WordPress/6.7.1; https://misswavenigeria.com"
196.196.53.11 - - [05/Jan/2025:19:25:08 -0500] "GET /register/ HTTP/1.0" 200 75922 "https://misswavenigeria.com/" "Mozilla/5.0 (Windows NT 10.0; Win64; x64) AppleWebKit/537.36 (KHTML, like Gecko) Chrome/103.0.5060.114 Safari/537.36"
66.29.132.124 - - [05/Jan/2025:19:25:09 -0500] "POST /wp-admin/admin-ajax.php?action=async_litespeed&nonce=Sn7OXT8bbEI2zB5XE5q4b9T1SNr87R5c&litespeed_type=imgoptm HTTP/1.1" 200 21 "-" "WordPress/6.7.1; https://misswavenigeria.com"
66.29.132.124 - - [05/Jan/2025:19:26:42 -0500] "POST /wp-cron.php?doing_wp_cron=1736123202.0253119468688964843750 HTTP/1.1" 200 0 "-" "WordPress/6.7.1; https://misswavenigeria.com"
196.196.53.11 - - [05/Jan/2025:19:26:40 -0500] "GET / HTTP/1.0" 200 109053 "https://misswavenigeria.com/" "Mozilla/5.0 (Windows NT 6.3; Win64; x64) AppleWebKit/537.36 (KHTML, like Gecko) Chrome/103.0.5060.114 Safari/537.36"
66.29.132.124 - - [05/Jan/2025:19:26:42 -0500] "POST /wp-admin/admin-ajax.php?action=async_litespeed&nonce=37QhByVl0yFkQNtlgcP2lSxqUwtGS1W0&litespeed_type=imgoptm HTTP/1.1" 200 21 "-" "WordPress/6.7.1; https://misswavenigeria.com"
196.196.53.11 - - [05/Jan/2025:19:26:44 -0500] "GET /register/ HTTP/1.0" 200 75922 "https://misswavenigeria.com/register/" "Mozilla/5.0 (Windows NT 6.3; Win64; x64) AppleWebKit/537.36 (KHTML, like Gecko) Chrome/103.0.5060.114 Safari/537.36"
196.196.53.11 - - [05/Jan/2025:19:26:46 -0500] "POST /register/ HTTP/1.0" 200 76048 "https://misswavenigeria.com/register/" "Mozilla/5.0 (Windows NT 6.3; Win64; x64) AppleWebKit/537.36 (KHTML, like Gecko) Chrome/103.0.5060.114 Safari/537.36"
66.29.132.124 - - [05/Jan/2025:19:28:09 -0500] "POST /wp-cron.php?doing_wp_cron=1736123289.7644670009613037109375 HTTP/1.1" 200 0 "-" "WordPress/6.7.1; https://misswavenigeria.com"
196.196.53.11 - - [05/Jan/2025:19:28:09 -0500] "GET /register/ HTTP/1.0" 200 75922 "https://misswavenigeria.com/" "Mozilla/5.0 (Windows NT 6.3; Win64; x64) AppleWebKit/537.36 (KHTML, like Gecko) Chrome/103.0.5060.114 Safari/537.36"
66.29.132.124 - - [05/Jan/2025:19:28:09 -0500] "POST /wp-admin/admin-ajax.php?action=async_litespeed&nonce=438BWwhAOel4Q2sCZkb5U98QaHz2w7Ca&litespeed_type=imgoptm HTTP/1.1" 200 21 "-" "WordPress/6.7.1; https://misswavenigeria.com"
66.29.132.124 - - [05/Jan/2025:19:29:44 -0500] "POST /wp-cron.php?doing_wp_cron=1736123384.7727301120758056640625 HTTP/1.1" 200 0 "-" "WordPress/6.7.1; https://misswavenigeria.com"
196.196.53.11 - - [05/Jan/2025:19:29:43 -0500] "GET / HTTP/1.0" 200 109053 "https://misswavenigeria.com/" "Mozilla/5.0 (Windows NT 10.0) AppleWebKit/537.36 (KHTML, like Gecko) Chrome/103.0.0.0 Safari/537.36"
66.29.132.124 - - [05/Jan/2025:19:29:44 -0500] "POST /wp-admin/admin-ajax.php?action=async_litespeed&nonce=X6PFBZNH3w4tPEpgcuiaJASblSpB6AYM&litespeed_type=imgoptm HTTP/1.1" 200 21 "-" "WordPress/6.7.1; https://misswavenigeria.com"
196.196.53.11 - - [05/Jan/2025:19:29:47 -0500] "GET /register/ HTTP/1.0" 200 75922 "https://misswavenigeria.com/register/" "Mozilla/5.0 (Windows NT 10.0) AppleWebKit/537.36 (KHTML, like Gecko) Chrome/103.0.0.0 Safari/537.36"
196.196.53.11 - - [05/Jan/2025:19:29:48 -0500] "POST /register/ HTTP/1.0" 200 76048 "https://misswavenigeria.com/register/" "Mozilla/5.0 (Windows NT 10.0) AppleWebKit/537.36 (KHTML, like Gecko) Chrome/103.0.0.0 Safari/537.36"
66.29.132.124 - - [05/Jan/2025:19:31:26 -0500] "POST /wp-cron.php?doing_wp_cron=1736123486.3018350601196289062500 HTTP/1.1" 200 0 "-" "WordPress/6.7.1; https://misswavenigeria.com"
196.196.53.11 - - [05/Jan/2025:19:31:26 -0500] "GET /register/ HTTP/1.0" 200 75922 "https://misswavenigeria.com/" "Mozilla/5.0 (Windows NT 10.0) AppleWebKit/537.36 (KHTML, like Gecko) Chrome/103.0.0.0 Safari/537.36"
66.29.132.124 - - [05/Jan/2025:19:31:26 -0500] "POST /wp-admin/admin-ajax.php?action=async_litespeed&nonce=ACQPSEifLXcJCcSq6tvlj1F0ufdq2jlj&litespeed_type=imgoptm HTTP/1.1" 200 21 "-" "WordPress/6.7.1; https://misswavenigeria.com"
66.29.132.124 - - [05/Jan/2025:19:32:50 -0500] "POST /wp-cron.php?doing_wp_cron=1736123570.2999970912933349609375 HTTP/1.1" 200 0 "-" "WordPress/6.7.1; https://misswavenigeria.com"
196.196.53.11 - - [05/Jan/2025:19:32:48 -0500] "GET / HTTP/1.0" 200 109053 "https://misswavenigeria.com/" "Mozilla/5.0 (Windows NT 6.1; Win64; x64) AppleWebKit/537.36 (KHTML, like Gecko) Chrome/103.0.5060.66 Safari/537.36"
66.29.132.124 - - [05/Jan/2025:19:32:50 -0500] "POST /wp-admin/admin-ajax.php?action=async_litespeed&nonce=uEcNjYljQAmNu3eFjLIjkIKwlKiF4bAG&litespeed_type=imgoptm HTTP/1.1" 200 21 "-" "WordPress/6.7.1; https://misswavenigeria.com"
196.196.53.11 - - [05/Jan/2025:19:32:52 -0500] "GET /register/ HTTP/1.0" 200 75922 "https://misswavenigeria.com/register/" "Mozilla/5.0 (Windows NT 6.1; Win64; x64) AppleWebKit/537.36 (KHTML, like Gecko) Chrome/103.0.5060.66 Safari/537.36"
185.191.171.9 - - [05/Jan/2025:19:33:33 -0500] "GET /wp-includes/IXR/class-IXR-introspectionserver.php HTTP/1.1" 500 0 "-" "Mozilla/5.0 (compatible; SemrushBot/7~bl; +http://www.semrush.com/bot.html)"
196.196.53.11 - - [05/Jan/2025:19:32:54 -0500] "POST /register/ HTTP/1.0" 200 76048 "https://misswavenigeria.com/register/" "Mozilla/5.0 (Windows NT 6.1; Win64; x64) AppleWebKit/537.36 (KHTML, like Gecko) Chrome/103.0.5060.66 Safari/537.36"
66.29.132.124 - - [05/Jan/2025:19:34:30 -0500] "POST /wp-cron.php?doing_wp_cron=1736123670.8964738845825195312500 HTTP/1.1" 200 0 "-" "WordPress/6.7.1; https://misswavenigeria.com"
196.196.53.11 - - [05/Jan/2025:19:34:30 -0500] "GET /register/ HTTP/1.0" 200 75922 "https://misswavenigeria.com/" "Mozilla/5.0 (Windows NT 6.1; Win64; x64) AppleWebKit/537.36 (KHTML, like Gecko) Chrome/103.0.5060.66 Safari/537.36"
66.29.132.124 - - [05/Jan/2025:19:34:31 -0500] "POST /wp-admin/admin-ajax.php?action=async_litespeed&nonce=hXnB5qVSTkek30FD3fDz2QwleOGoyyQq&litespeed_type=imgoptm HTTP/1.1" 200 21 "-" "WordPress/6.7.1; https://misswavenigeria.com"
185.191.171.11 - - [05/Jan/2025:19:34:37 -0500] "GET /wp-includes/customize/class-wp-customize-upload-control.php HTTP/1.1" 500 0 "-" "Mozilla/5.0 (compatible; SemrushBot/7~bl; +http://www.semrush.com/bot.html)"
66.29.132.124 - - [05/Jan/2025:19:35:57 -0500] "POST /wp-cron.php?doing_wp_cron=1736123757.8080890178680419921875 HTTP/1.1" 200 0 "-" "WordPress/6.7.1; https://misswavenigeria.com"
196.196.53.11 - - [05/Jan/2025:19:35:57 -0500] "GET / HTTP/1.0" 200 109055 "https://misswavenigeria.com/" "Mozilla/5.0 (Windows NT 10.0; Win64; x64) AppleWebKit/537.36 (KHTML, like Gecko) Chrome/103.0.5060.66 Safari/537.36"
66.29.132.124 - - [05/Jan/2025:19:35:57 -0500] "POST /wp-admin/admin-ajax.php?action=async_litespeed&nonce=SENLSuOreRsFZhLNJVZIN8pSMe5efF32&litespeed_type=imgoptm HTTP/1.1" 200 21 "-" "WordPress/6.7.1; https://misswavenigeria.com"
196.196.53.11 - - [05/Jan/2025:19:36:00 -0500] "GET /register/ HTTP/1.0" 200 75922 "https://misswavenigeria.com/register/" "Mozilla/5.0 (Windows NT 10.0; Win64; x64) AppleWebKit/537.36 (KHTML, like Gecko) Chrome/103.0.5060.66 Safari/537.36"
196.196.53.11 - - [05/Jan/2025:19:36:02 -0500] "POST /register/ HTTP/1.0" 200 76048 "https://misswavenigeria.com/register/" "Mozilla/5.0 (Windows NT 10.0; Win64; x64) AppleWebKit/537.36 (KHTML, like Gecko) Chrome/103.0.5060.66 Safari/537.36"
66.29.132.124 - - [05/Jan/2025:19:37:36 -0500] "POST /wp-cron.php?doing_wp_cron=1736123856.4775450229644775390625 HTTP/1.1" 200 0 "-" "WordPress/6.7.1; https://misswavenigeria.com"
196.196.53.11 - - [05/Jan/2025:19:37:36 -0500] "GET /register/ HTTP/1.0" 200 75922 "https://misswavenigeria.com/" "Mozilla/5.0 (Windows NT 10.0; Win64; x64) AppleWebKit/537.36 (KHTML, like Gecko) Chrome/103.0.5060.66 Safari/537.36"
66.29.132.124 - - [05/Jan/2025:19:37:36 -0500] "POST /wp-admin/admin-ajax.php?action=async_litespeed&nonce=faM6EEG2xVanJD3ZnHSiZfEp7YGheO7e&litespeed_type=imgoptm HTTP/1.1" 200 21 "-" "WordPress/6.7.1; https://misswavenigeria.com"
66.29.132.124 - - [05/Jan/2025:19:39:09 -0500] "POST /wp-cron.php?doing_wp_cron=1736123949.2810950279235839843750 HTTP/1.1" 200 0 "-" "WordPress/6.7.1; https://misswavenigeria.com"
66.29.132.124 - - [05/Jan/2025:19:39:09 -0500] "POST /wp-admin/admin-ajax.php?action=async_litespeed&nonce=DdzFZihI3rAkfXsduJOD1Fl1yV5SlQXg&litespeed_type=imgoptm HTTP/1.1" 200 21 "-" "WordPress/6.7.1; https://misswavenigeria.com"
196.196.53.11 - - [05/Jan/2025:19:39:07 -0500] "GET / HTTP/1.0" 200 109053 "https://misswavenigeria.com/" "Mozilla/5.0 (Windows NT 6.3; WOW64) AppleWebKit/537.36 (KHTML, like Gecko) Chrome/103.0.0.0 Safari/537.36"
196.196.53.11 - - [05/Jan/2025:19:39:12 -0500] "GET /register/ HTTP/1.0" 200 75922 "https://misswavenigeria.com/register/" "Mozilla/5.0 (Windows NT 6.3; WOW64) AppleWebKit/537.36 (KHTML, like Gecko) Chrome/103.0.0.0 Safari/537.36"
185.191.171.19 - - [05/Jan/2025:19:39:55 -0500] "GET /wp-includes/php-compat/readonly.php HTTP/1.1" 200 0 "-" "Mozilla/5.0 (compatible; SemrushBot/7~bl; +http://www.semrush.com/bot.html)"
196.196.53.11 - - [05/Jan/2025:19:39:13 -0500] "POST /register/ HTTP/1.0" 200 76048 "https://misswavenigeria.com/register/" "Mozilla/5.0 (Windows NT 6.3; WOW64) AppleWebKit/537.36 (KHTML, like Gecko) Chrome/103.0.0.0 Safari/537.36"
66.29.132.124 - - [05/Jan/2025:19:40:36 -0500] "POST /wp-cron.php?doing_wp_cron=1736124036.8523509502410888671875 HTTP/1.1" 200 0 "-" "WordPress/6.7.1; https://misswavenigeria.com"
196.196.53.11 - - [05/Jan/2025:19:40:36 -0500] "GET /register/ HTTP/1.0" 200 75922 "https://misswavenigeria.com/" "Mozilla/5.0 (Windows NT 6.3; WOW64) AppleWebKit/537.36 (KHTML, like Gecko) Chrome/103.0.0.0 Safari/537.36"
66.29.132.124 - - [05/Jan/2025:19:40:37 -0500] "POST /wp-admin/admin-ajax.php?action=async_litespeed&nonce=t1sbAB99eGlJhXAbjLPJVK7ZERgQA1kG&litespeed_type=imgoptm HTTP/1.1" 200 21 "-" "WordPress/6.7.1; https://misswavenigeria.com"
66.29.132.124 - - [05/Jan/2025:19:42:15 -0500] "POST /wp-cron.php?doing_wp_cron=1736124135.1201019287109375000000 HTTP/1.1" 200 0 "-" "WordPress/6.7.1; https://misswavenigeria.com"
196.196.53.11 - - [05/Jan/2025:19:42:13 -0500] "GET / HTTP/1.0" 200 109055 "https://misswavenigeria.com/" "Mozilla/5.0 (Windows NT 6.1; Win64; x64) AppleWebKit/537.36 (KHTML, like Gecko) Chrome/103.0.5060.114 Safari/537.36"
66.29.132.124 - - [05/Jan/2025:19:42:15 -0500] "POST /wp-admin/admin-ajax.php?action=async_litespeed&nonce=PZLeJH9POVjWbB763gbcRf4dAbBkFa55&litespeed_type=imgoptm HTTP/1.1" 200 21 "-" "WordPress/6.7.1; https://misswavenigeria.com"
196.196.53.11 - - [05/Jan/2025:19:42:17 -0500] "GET /register/ HTTP/1.0" 200 75922 "https://misswavenigeria.com/register/" "Mozilla/5.0 (Windows NT 6.1; Win64; x64) AppleWebKit/537.36 (KHTML, like Gecko) Chrome/103.0.5060.114 Safari/537.36"
66.249.79.103 - - [05/Jan/2025:19:42:20 -0500] "GET /goods/273861.html HTTP/1.1" 404 15610 "-" "Mozilla/5.0 (Linux; Android 6.0.1; Nexus 5X Build/MMB29P) AppleWebKit/537.36 (KHTML, like Gecko) Chrome/131.0.6778.139 Mobile Safari/537.36 (compatible; Googlebot/2.1; +http://www.google.com/bot.html)"
66.249.79.36 - - [05/Jan/2025:19:42:21 -0500] "GET /goods/S65018?k=product HTTP/1.1" 301 0 "-" "Mozilla/5.0 (Linux; Android 6.0.1; Nexus 5X Build/MMB29P) AppleWebKit/537.36 (KHTML, like Gecko) Chrome/131.0.6778.139 Mobile Safari/537.36 (compatible; Googlebot/2.1; +http://www.google.com/bot.html)"
66.29.132.124 - - [05/Jan/2025:19:42:23 -0500] "POST /wp-cron.php?doing_wp_cron=1736124143.5265090465545654296875 HTTP/1.1" 200 0 "-" "WordPress/6.7.1; https://misswavenigeria.com"
66.249.68.3 - - [05/Jan/2025:19:42:23 -0500] "GET /goods/S65018?k=product HTTP/1.1" 404 15610 "-" "Mozilla/5.0 (Linux; Android 6.0.1; Nexus 5X Build/MMB29P) AppleWebKit/537.36 (KHTML, like Gecko) Chrome/131.0.6778.139 Mobile Safari/537.36 (compatible; Googlebot/2.1; +http://www.google.com/bot.html)"
66.29.132.124 - - [05/Jan/2025:19:42:23 -0500] "POST /wp-admin/admin-ajax.php?action=async_litespeed&nonce=PSmBLcJVE4GFk1MK5XHKBeErtEk9Lb3E&litespeed_type=imgoptm HTTP/1.1" 200 21 "-" "WordPress/6.7.1; https://misswavenigeria.com"
196.196.53.11 - - [05/Jan/2025:19:42:20 -0500] "POST /register/ HTTP/1.0" 200 76048 "https://misswavenigeria.com/register/" "Mozilla/5.0 (Windows NT 6.1; Win64; x64) AppleWebKit/537.36 (KHTML, like Gecko) Chrome/103.0.5060.114 Safari/537.36"
66.29.132.124 - - [05/Jan/2025:19:43:29 -0500] "POST /wp-cron.php?doing_wp_cron=1736124209.1347129344940185546875 HTTP/1.1" 200 0 "-" "WordPress/6.7.1; https://misswavenigeria.com"
196.196.53.11 - - [05/Jan/2025:19:43:28 -0500] "GET /register/ HTTP/1.0" 200 75922 "https://misswavenigeria.com/" "Mozilla/5.0 (Windows NT 6.1; Win64; x64) AppleWebKit/537.36 (KHTML, like Gecko) Chrome/103.0.5060.114 Safari/537.36"
66.29.132.124 - - [05/Jan/2025:19:43:29 -0500] "POST /wp-admin/admin-ajax.php?action=async_litespeed&nonce=txoiaoVUlRr827AQ9uQ4AvyOlNb6JXlZ&litespeed_type=imgoptm HTTP/1.1" 200 21 "-" "WordPress/6.7.1; https://misswavenigeria.com"
185.191.171.15 - - [05/Jan/2025:19:45:10 -0500] "GET /wp-includes/widgets/error_log HTTP/1.1" 403 1242 "-" "Mozilla/5.0 (compatible; SemrushBot/7~bl; +http://www.semrush.com/bot.html)"
