196.196.53.11 - - [05/Jan/2025:15:21:05 -0500] "GET /register/ HTTP/1.0" 200 75922 "https://misswavenigeria.com/register/" "Mozilla/5.0 (Windows NT 6.2; Win64; x64) AppleWebKit/537.36 (KHTML, like Gecko) Chrome/103.0.0.0 Safari/537.36"
196.196.53.11 - - [05/Jan/2025:15:21:06 -0500] "POST /register/ HTTP/1.0" 200 76048 "https://misswavenigeria.com/register/" "Mozilla/5.0 (Windows NT 6.2; Win64; x64) AppleWebKit/537.36 (KHTML, like Gecko) Chrome/103.0.0.0 Safari/537.36"
66.29.132.124 - - [05/Jan/2025:15:22:38 -0500] "POST /wp-cron.php?doing_wp_cron=1736108558.9408030509948730468750 HTTP/1.1" 200 0 "-" "WordPress/6.7.1; https://misswavenigeria.com"
196.196.53.11 - - [05/Jan/2025:15:22:38 -0500] "GET /register/ HTTP/1.0" 200 75922 "https://misswavenigeria.com/" "Mozilla/5.0 (Windows NT 6.2; Win64; x64) AppleWebKit/537.36 (KHTML, like Gecko) Chrome/103.0.0.0 Safari/537.36"
66.29.132.124 - - [05/Jan/2025:15:22:39 -0500] "POST /wp-admin/admin-ajax.php?action=async_litespeed&nonce=KSqCf3loz1P4DhWVD2uK6BhZsGEGDjem&litespeed_type=imgoptm HTTP/1.1" 200 21 "-" "WordPress/6.7.1; https://misswavenigeria.com"
66.29.132.124 - - [05/Jan/2025:15:24:06 -0500] "POST /wp-cron.php?doing_wp_cron=1736108646.4145898818969726562500 HTTP/1.1" 200 0 "-" "WordPress/6.7.1; https://misswavenigeria.com"
196.196.53.11 - - [05/Jan/2025:15:24:04 -0500] "GET / HTTP/1.0" 200 109055 "https://misswavenigeria.com/" "Mozilla/5.0 (Windows NT 6.1; Win64; x64) AppleWebKit/537.36 (KHTML, like Gecko) Chrome/103.0.0.0 Safari/537.36"
66.29.132.124 - - [05/Jan/2025:15:24:06 -0500] "POST /wp-admin/admin-ajax.php?action=async_litespeed&nonce=FPRNljWflqg4ARCcGtBipVMDrGZM1D2S&litespeed_type=imgoptm HTTP/1.1" 200 21 "-" "WordPress/6.7.1; https://misswavenigeria.com"
196.196.53.11 - - [05/Jan/2025:15:24:08 -0500] "GET /register/ HTTP/1.0" 200 75922 "https://misswavenigeria.com/register/" "Mozilla/5.0 (Windows NT 6.1; Win64; x64) AppleWebKit/537.36 (KHTML, like Gecko) Chrome/103.0.0.0 Safari/537.36"
185.191.171.17 - - [05/Jan/2025:15:24:28 -0500] "GET /wp-includes/Requests/src/Hooks.php HTTP/1.1" 500 0 "-" "Mozilla/5.0 (compatible; SemrushBot/7~bl; +http://www.semrush.com/bot.html)"
196.196.53.11 - - [05/Jan/2025:15:24:10 -0500] "POST /register/ HTTP/1.0" 200 76048 "https://misswavenigeria.com/register/" "Mozilla/5.0 (Windows NT 6.1; Win64; x64) AppleWebKit/537.36 (KHTML, like Gecko) Chrome/103.0.0.0 Safari/537.36"
66.29.132.124 - - [05/Jan/2025:15:26:16 -0500] "POST /wp-cron.php?doing_wp_cron=1736108775.9945039749145507812500 HTTP/1.1" 200 0 "-" "WordPress/6.7.1; https://misswavenigeria.com"
196.196.53.11 - - [05/Jan/2025:15:26:15 -0500] "GET /register/ HTTP/1.0" 200 75922 "https://misswavenigeria.com/" "Mozilla/5.0 (Windows NT 6.1; Win64; x64) AppleWebKit/537.36 (KHTML, like Gecko) Chrome/103.0.0.0 Safari/537.36"
66.29.132.124 - - [05/Jan/2025:15:26:16 -0500] "POST /wp-admin/admin-ajax.php?action=async_litespeed&nonce=WRMLfOBzql84HabedvLzj3ogmGZ842BE&litespeed_type=imgoptm HTTP/1.1" 200 21 "-" "WordPress/6.7.1; https://misswavenigeria.com"
66.29.132.124 - - [05/Jan/2025:15:27:10 -0500] "POST /wp-cron.php?doing_wp_cron=1736108830.6659879684448242187500 HTTP/1.1" 200 0 "-" "WordPress/6.7.1; https://misswavenigeria.com"
196.196.53.11 - - [05/Jan/2025:15:27:10 -0500] "GET / HTTP/1.0" 200 109053 "https://misswavenigeria.com/" "Mozilla/5.0 (Windows NT 6.1; WOW64) AppleWebKit/537.36 (KHTML, like Gecko) Chrome/103.0.0.0 Safari/537.36"
66.29.132.124 - - [05/Jan/2025:15:27:10 -0500] "POST /wp-admin/admin-ajax.php?action=async_litespeed&nonce=kGotLADgToxgys5hmBH8Gj58RLHqSQX0&litespeed_type=imgoptm HTTP/1.1" 200 21 "-" "WordPress/6.7.1; https://misswavenigeria.com"
196.196.53.11 - - [05/Jan/2025:15:27:13 -0500] "GET /register/ HTTP/1.0" 200 75922 "https://misswavenigeria.com/register/" "Mozilla/5.0 (Windows NT 6.1; WOW64) AppleWebKit/537.36 (KHTML, like Gecko) Chrome/103.0.0.0 Safari/537.36"
85.208.96.196 - - [05/Jan/2025:15:28:08 -0500] "GET /wp-includes/sitemaps/class-wp-sitemaps.php HTTP/1.1" 200 0 "-" "Mozilla/5.0 (compatible; SemrushBot/7~bl; +http://www.semrush.com/bot.html)"
85.208.96.203 - - [05/Jan/2025:15:28:23 -0500] "GET /wp-includes/assets/script-loader-packages.min.php HTTP/1.1" 200 0 "-" "Mozilla/5.0 (compatible; SemrushBot/7~bl; +http://www.semrush.com/bot.html)"
196.196.53.11 - - [05/Jan/2025:15:27:14 -0500] "POST /register/ HTTP/1.0" 200 76048 "https://misswavenigeria.com/register/" "Mozilla/5.0 (Windows NT 6.1; WOW64) AppleWebKit/537.36 (KHTML, like Gecko) Chrome/103.0.0.0 Safari/537.36"
66.29.132.124 - - [05/Jan/2025:15:28:35 -0500] "POST /wp-cron.php?doing_wp_cron=1736108915.9487159252166748046875 HTTP/1.1" 200 0 "-" "WordPress/6.7.1; https://misswavenigeria.com"
196.196.53.11 - - [05/Jan/2025:15:28:35 -0500] "GET /register/ HTTP/1.0" 200 75922 "https://misswavenigeria.com/" "Mozilla/5.0 (Windows NT 6.1; WOW64) AppleWebKit/537.36 (KHTML, like Gecko) Chrome/103.0.0.0 Safari/537.36"
66.29.132.124 - - [05/Jan/2025:15:28:36 -0500] "POST /wp-admin/admin-ajax.php?action=async_litespeed&nonce=BdDHHHBwNTKW0wnIS7BJut6VHWiLiFjf&litespeed_type=imgoptm HTTP/1.1" 200 21 "-" "WordPress/6.7.1; https://misswavenigeria.com"
185.191.171.13 - - [05/Jan/2025:15:28:38 -0500] "GET /wp-includes/Requests/src/Session.php HTTP/1.1" 200 0 "-" "Mozilla/5.0 (compatible; SemrushBot/7~bl; +http://www.semrush.com/bot.html)"
66.29.132.124 - - [05/Jan/2025:15:30:13 -0500] "POST /wp-cron.php?doing_wp_cron=1736109013.2685060501098632812500 HTTP/1.1" 200 0 "-" "WordPress/6.7.1; https://misswavenigeria.com"
196.196.53.11 - - [05/Jan/2025:15:30:11 -0500] "GET / HTTP/1.0" 200 109051 "https://misswavenigeria.com/" "Mozilla/5.0 (Windows NT 6.3; WOW64) AppleWebKit/537.36 (KHTML, like Gecko) Chrome/103.0.5060.114 Safari/537.36"
66.29.132.124 - - [05/Jan/2025:15:30:13 -0500] "POST /wp-admin/admin-ajax.php?action=async_litespeed&nonce=AoaPNjFyH8EgzJyedVUyRvRasSWWHbGf&litespeed_type=imgoptm HTTP/1.1" 200 21 "-" "WordPress/6.7.1; https://misswavenigeria.com"
196.196.53.11 - - [05/Jan/2025:15:30:15 -0500] "GET /register/ HTTP/1.0" 200 75922 "https://misswavenigeria.com/register/" "Mozilla/5.0 (Windows NT 6.3; WOW64) AppleWebKit/537.36 (KHTML, like Gecko) Chrome/103.0.5060.114 Safari/537.36"
196.196.53.11 - - [05/Jan/2025:15:30:17 -0500] "POST /register/ HTTP/1.0" 200 76048 "https://misswavenigeria.com/register/" "Mozilla/5.0 (Windows NT 6.3; WOW64) AppleWebKit/537.36 (KHTML, like Gecko) Chrome/103.0.5060.114 Safari/537.36"
66.29.132.124 - - [05/Jan/2025:15:31:53 -0500] "POST /wp-cron.php?doing_wp_cron=1736109113.4648590087890625000000 HTTP/1.1" 200 0 "-" "WordPress/6.7.1; https://misswavenigeria.com"
196.196.53.11 - - [05/Jan/2025:15:31:53 -0500] "GET /register/ HTTP/1.0" 200 75922 "https://misswavenigeria.com/" "Mozilla/5.0 (Windows NT 6.3; WOW64) AppleWebKit/537.36 (KHTML, like Gecko) Chrome/103.0.5060.114 Safari/537.36"
66.29.132.124 - - [05/Jan/2025:15:31:53 -0500] "POST /wp-admin/admin-ajax.php?action=async_litespeed&nonce=4keHpyyuMKvcH2JbXJAgw7giDjbNJAWY&litespeed_type=imgoptm HTTP/1.1" 200 21 "-" "WordPress/6.7.1; https://misswavenigeria.com"
66.29.132.124 - - [05/Jan/2025:15:36:32 -0500] "POST /wp-cron.php?doing_wp_cron=1736109391.4588520526885986328125 HTTP/1.1" 200 0 "-" "WordPress/6.7.1; https://misswavenigeria.com"
85.208.96.210 - - [05/Jan/2025:15:32:12 -0500] "GET /wp-includes/css/dist/editor/ HTTP/1.1" 200 865 "-" "Mozilla/5.0 (compatible; SemrushBot/7~bl; +http://www.semrush.com/bot.html)"
185.191.171.16 - - [05/Jan/2025:15:32:33 -0500] "GET /wp-includes/html-api/class-wp-html-attribute-token.php HTTP/1.1" 200 0 "-" "Mozilla/5.0 (compatible; SemrushBot/7~bl; +http://www.semrush.com/bot.html)"
66.29.132.124 - - [05/Jan/2025:15:33:15 -0500] "POST /wp-cron.php?doing_wp_cron=1736109195.7845389842987060546875 HTTP/1.1" 200 0 "-" "WordPress/6.7.1; https://misswavenigeria.com"
196.196.53.11 - - [05/Jan/2025:15:33:15 -0500] "GET / HTTP/1.0" 200 109055 "https://misswavenigeria.com/" "Mozilla/5.0 (Windows NT 10.0; Win64; x64) AppleWebKit/537.36 (KHTML, like Gecko) Chrome/103.0.0.0 Safari/537.36"
66.29.132.124 - - [05/Jan/2025:15:33:15 -0500] "POST /wp-admin/admin-ajax.php?action=async_litespeed&nonce=gKMyrv6yBOOMJ0xWuWlK0GazsuK5pNaH&litespeed_type=imgoptm HTTP/1.1" 200 21 "-" "WordPress/6.7.1; https://misswavenigeria.com"
196.196.53.11 - - [05/Jan/2025:15:33:18 -0500] "GET /register/ HTTP/1.0" 200 75922 "https://misswavenigeria.com/register/" "Mozilla/5.0 (Windows NT 10.0; Win64; x64) AppleWebKit/537.36 (KHTML, like Gecko) Chrome/103.0.0.0 Safari/537.36"
196.196.53.11 - - [05/Jan/2025:15:33:19 -0500] "POST /register/ HTTP/1.0" 200 0 "https://misswavenigeria.com/register/" "Mozilla/5.0 (Windows NT 10.0; Win64; x64) AppleWebKit/537.36 (KHTML, like Gecko) Chrome/103.0.0.0 Safari/537.36"
196.196.53.11 - - [05/Jan/2025:15:35:55 -0500] "GET /register/ HTTP/1.0" 200 75922 "https://misswavenigeria.com/" "Mozilla/5.0 (Windows NT 10.0; Win64; x64) AppleWebKit/537.36 (KHTML, like Gecko) Chrome/103.0.0.0 Safari/537.36"
196.196.53.11 - - [05/Jan/2025:15:36:22 -0500] "GET / HTTP/1.0" 200 109055 "https://misswavenigeria.com/" "Mozilla/5.0 (Windows NT 10.0; Win64; x64) AppleWebKit/537.36 (KHTML, like Gecko) Chrome/103.0.5060.114 Safari/537.36"
196.196.53.11 - - [05/Jan/2025:15:36:26 -0500] "GET /register/ HTTP/1.0" 200 75922 "https://misswavenigeria.com/register/" "Mozilla/5.0 (Windows NT 10.0; Win64; x64) AppleWebKit/537.36 (KHTML, like Gecko) Chrome/103.0.5060.114 Safari/537.36"
196.196.53.11 - - [05/Jan/2025:15:36:29 -0500] "POST /register/ HTTP/1.0" 200 76048 "https://misswavenigeria.com/register/" "Mozilla/5.0 (Windows NT 10.0; Win64; x64) AppleWebKit/537.36 (KHTML, like Gecko) Chrome/103.0.5060.114 Safari/537.36"
66.29.132.124 - - [05/Jan/2025:15:38:24 -0500] "POST /wp-cron.php?doing_wp_cron=1736109504.7525119781494140625000 HTTP/1.1" 200 0 "-" "WordPress/6.7.1; https://misswavenigeria.com"
196.196.53.11 - - [05/Jan/2025:15:38:24 -0500] "GET /register/ HTTP/1.0" 200 75922 "https://misswavenigeria.com/" "Mozilla/5.0 (Windows NT 10.0; Win64; x64) AppleWebKit/537.36 (KHTML, like Gecko) Chrome/103.0.5060.114 Safari/537.36"
66.29.132.124 - - [05/Jan/2025:15:38:24 -0500] "POST /wp-admin/admin-ajax.php?action=async_litespeed&nonce=xqOcPRCJxOYttFIqpTwudQDuoZYVgcdF&litespeed_type=imgoptm HTTP/1.1" 200 21 "-" "WordPress/6.7.1; https://misswavenigeria.com"
66.29.132.124 - - [05/Jan/2025:15:39:29 -0500] "POST /wp-cron.php?doing_wp_cron=1736109569.1169810295104980468750 HTTP/1.1" 200 0 "-" "WordPress/6.7.1; https://misswavenigeria.com"
196.196.53.11 - - [05/Jan/2025:15:39:28 -0500] "GET / HTTP/1.0" 200 109055 "https://misswavenigeria.com/" "Mozilla/5.0 (Windows NT 10.0; Win64; x64) AppleWebKit/537.36 (KHTML, like Gecko) Chrome/103.0.5042.0 Safari/537.36"
66.29.132.124 - - [05/Jan/2025:15:39:29 -0500] "POST /wp-admin/admin-ajax.php?action=async_litespeed&nonce=ND0spKv28jv32kSyoKgoRzXK0lp970h2&litespeed_type=imgoptm HTTP/1.1" 200 21 "-" "WordPress/6.7.1; https://misswavenigeria.com"
196.196.53.11 - - [05/Jan/2025:15:39:31 -0500] "GET /register/ HTTP/1.0" 200 75922 "https://misswavenigeria.com/register/" "Mozilla/5.0 (Windows NT 10.0; Win64; x64) AppleWebKit/537.36 (KHTML, like Gecko) Chrome/103.0.5042.0 Safari/537.36"
196.196.53.11 - - [05/Jan/2025:15:39:33 -0500] "POST /register/ HTTP/1.0" 200 76048 "https://misswavenigeria.com/register/" "Mozilla/5.0 (Windows NT 10.0; Win64; x64) AppleWebKit/537.36 (KHTML, like Gecko) Chrome/103.0.5042.0 Safari/537.36"
66.29.132.124 - - [05/Jan/2025:15:40:55 -0500] "POST /wp-cron.php?doing_wp_cron=1736109655.2992329597473144531250 HTTP/1.1" 200 0 "-" "WordPress/6.7.1; https://misswavenigeria.com"
196.196.53.11 - - [05/Jan/2025:15:40:55 -0500] "GET /register/ HTTP/1.0" 200 75922 "https://misswavenigeria.com/" "Mozilla/5.0 (Windows NT 10.0; Win64; x64) AppleWebKit/537.36 (KHTML, like Gecko) Chrome/103.0.5042.0 Safari/537.36"
66.29.132.124 - - [05/Jan/2025:15:40:55 -0500] "POST /wp-admin/admin-ajax.php?action=async_litespeed&nonce=vIGdNTJ8newi1slnPEQeAy2UFaPWsJ9D&litespeed_type=imgoptm HTTP/1.1" 200 21 "-" "WordPress/6.7.1; https://misswavenigeria.com"
66.29.132.124 - - [05/Jan/2025:15:42:36 -0500] "POST /wp-cron.php?doing_wp_cron=1736109756.7504789829254150390625 HTTP/1.1" 200 0 "-" "WordPress/6.7.1; https://misswavenigeria.com"
196.196.53.11 - - [05/Jan/2025:15:42:33 -0500] "GET / HTTP/1.0" 200 109055 "https://misswavenigeria.com/" "Mozilla/5.0 (Windows NT 10.0; WOW64) AppleWebKit/537.36 (KHTML, like Gecko) Chrome/103.0.5060.114 Safari/537.36"
66.29.132.124 - - [05/Jan/2025:15:42:37 -0500] "POST /wp-admin/admin-ajax.php?action=async_litespeed&nonce=FAxpLeRgLvLG4myNtgyBCHKN1svqhvf7&litespeed_type=imgoptm HTTP/1.1" 200 21 "-" "WordPress/6.7.1; https://misswavenigeria.com"
196.196.53.11 - - [05/Jan/2025:15:42:39 -0500] "GET /register/ HTTP/1.0" 200 75922 "https://misswavenigeria.com/register/" "Mozilla/5.0 (Windows NT 10.0; WOW64) AppleWebKit/537.36 (KHTML, like Gecko) Chrome/103.0.5060.114 Safari/537.36"
196.196.53.11 - - [05/Jan/2025:15:42:41 -0500] "POST /register/ HTTP/1.0" 200 76048 "https://misswavenigeria.com/register/" "Mozilla/5.0 (Windows NT 10.0; WOW64) AppleWebKit/537.36 (KHTML, like Gecko) Chrome/103.0.5060.114 Safari/537.36"
185.191.171.9 - - [05/Jan/2025:15:43:55 -0500] "GET /wp-includes/widgets/class-wp-widget-links.php HTTP/1.1" 500 0 "-" "Mozilla/5.0 (compatible; SemrushBot/7~bl; +http://www.semrush.com/bot.html)"
66.29.132.124 - - [05/Jan/2025:15:43:56 -0500] "POST /wp-cron.php?doing_wp_cron=1736109836.5602769851684570312500 HTTP/1.1" 200 0 "-" "WordPress/6.7.1; https://misswavenigeria.com"
196.196.53.11 - - [05/Jan/2025:15:43:56 -0500] "GET /register/ HTTP/1.0" 200 75922 "https://misswavenigeria.com/" "Mozilla/5.0 (Windows NT 10.0; WOW64) AppleWebKit/537.36 (KHTML, like Gecko) Chrome/103.0.5060.114 Safari/537.36"
66.29.132.124 - - [05/Jan/2025:15:43:56 -0500] "POST /wp-admin/admin-ajax.php?action=async_litespeed&nonce=sR5AtDON4AAqvyT8pz9QGPqREJ7bwvZb&litespeed_type=imgoptm HTTP/1.1" 200 21 "-" "WordPress/6.7.1; https://misswavenigeria.com"
66.29.132.124 - - [05/Jan/2025:15:45:35 -0500] "POST /wp-cron.php?doing_wp_cron=1736109935.4532940387725830078125 HTTP/1.1" 200 0 "-" "WordPress/6.7.1; https://misswavenigeria.com"
196.196.53.11 - - [05/Jan/2025:15:45:34 -0500] "GET / HTTP/1.0" 200 109055 "https://misswavenigeria.com/" "Mozilla/5.0 (Windows NT 6.1; Win64; x64) AppleWebKit/537.36 (KHTML, like Gecko) Chrome/103.0.5060.114 Safari/537.36"
66.29.132.124 - - [05/Jan/2025:15:45:35 -0500] "POST /wp-admin/admin-ajax.php?action=async_litespeed&nonce=MnFZzHj58TmLvIuNBIBvKz45zHsi575Q&litespeed_type=imgoptm HTTP/1.1" 200 21 "-" "WordPress/6.7.1; https://misswavenigeria.com"
196.196.53.11 - - [05/Jan/2025:15:45:37 -0500] "GET /register/ HTTP/1.0" 200 75922 "https://misswavenigeria.com/register/" "Mozilla/5.0 (Windows NT 6.1; Win64; x64) AppleWebKit/537.36 (KHTML, like Gecko) Chrome/103.0.5060.114 Safari/537.36"
196.196.53.11 - - [05/Jan/2025:15:45:39 -0500] "POST /register/ HTTP/1.0" 200 76048 "https://misswavenigeria.com/register/" "Mozilla/5.0 (Windows NT 6.1; Win64; x64) AppleWebKit/537.36 (KHTML, like Gecko) Chrome/103.0.5060.114 Safari/537.36"
66.29.132.124 - - [05/Jan/2025:15:47:17 -0500] "POST /wp-cron.php?doing_wp_cron=1736110037.9288380146026611328125 HTTP/1.1" 200 0 "-" "WordPress/6.7.1; https://misswavenigeria.com"
196.196.53.11 - - [05/Jan/2025:15:47:17 -0500] "GET /register/ HTTP/1.0" 200 75922 "https://misswavenigeria.com/" "Mozilla/5.0 (Windows NT 6.1; Win64; x64) AppleWebKit/537.36 (KHTML, like Gecko) Chrome/103.0.5060.114 Safari/537.36"
66.29.132.124 - - [05/Jan/2025:15:47:18 -0500] "POST /wp-admin/admin-ajax.php?action=async_litespeed&nonce=Ik7BfB8k67NnWW26QwLkktb4DpmtG8Hi&litespeed_type=imgoptm HTTP/1.1" 200 21 "-" "WordPress/6.7.1; https://misswavenigeria.com"
66.29.132.124 - - [05/Jan/2025:15:48:35 -0500] "POST /wp-cron.php?doing_wp_cron=1736110115.5010941028594970703125 HTTP/1.1" 200 0 "-" "WordPress/6.7.1; https://misswavenigeria.com"
196.196.53.11 - - [05/Jan/2025:15:48:35 -0500] "GET / HTTP/1.0" 200 109053 "https://misswavenigeria.com/" "Mozilla/5.0 (Windows NT 6.3) AppleWebKit/537.36 (KHTML, like Gecko) Chrome/103.0.0.0 Safari/537.36"
66.29.132.124 - - [05/Jan/2025:15:48:35 -0500] "POST /wp-admin/admin-ajax.php?action=async_litespeed&nonce=5nWdMQK4C4cLURr4wnqVuY885Puiq7pb&litespeed_type=imgoptm HTTP/1.1" 200 21 "-" "WordPress/6.7.1; https://misswavenigeria.com"
196.196.53.11 - - [05/Jan/2025:15:48:37 -0500] "GET /register/ HTTP/1.0" 200 75922 "https://misswavenigeria.com/register/" "Mozilla/5.0 (Windows NT 6.3) AppleWebKit/537.36 (KHTML, like Gecko) Chrome/103.0.0.0 Safari/537.36"
185.191.171.8 - - [05/Jan/2025:15:49:17 -0500] "GET /wp-includes/customize/class-wp-widget-form-customize-control.php HTTP/1.1" 500 0 "-" "Mozilla/5.0 (compatible; SemrushBot/7~bl; +http://www.semrush.com/bot.html)"
196.196.53.11 - - [05/Jan/2025:15:48:39 -0500] "POST /register/ HTTP/1.0" 200 76048 "https://misswavenigeria.com/register/" "Mozilla/5.0 (Windows NT 6.3) AppleWebKit/537.36 (KHTML, like Gecko) Chrome/103.0.0.0 Safari/537.36"
66.29.132.124 - - [05/Jan/2025:15:50:01 -0500] "POST /wp-cron.php?doing_wp_cron=1736110201.7193450927734375000000 HTTP/1.1" 200 0 "-" "WordPress/6.7.1; https://misswavenigeria.com"
196.196.53.11 - - [05/Jan/2025:15:50:01 -0500] "GET /register/ HTTP/1.0" 200 75922 "https://misswavenigeria.com/" "Mozilla/5.0 (Windows NT 6.3) AppleWebKit/537.36 (KHTML, like Gecko) Chrome/103.0.0.0 Safari/537.36"
66.29.132.124 - - [05/Jan/2025:15:50:02 -0500] "POST /wp-admin/admin-ajax.php?action=async_litespeed&nonce=p00Xomri1xGYboTOBOTc2IW9qjmLvwNY&litespeed_type=imgoptm HTTP/1.1" 200 21 "-" "WordPress/6.7.1; https://misswavenigeria.com"
66.249.79.173 - - [05/Jan/2025:15:50:12 -0500] "GET /goods/J500925?k=product HTTP/1.1" 301 0 "-" "Mozilla/5.0 (Linux; Android 6.0.1; Nexus 5X Build/MMB29P) AppleWebKit/537.36 (KHTML, like Gecko) Chrome/131.0.6778.139 Mobile Safari/537.36 (compatible; Googlebot/2.1; +http://www.google.com/bot.html)"
66.249.68.5 - - [05/Jan/2025:15:50:13 -0500] "GET /goods/J500925?k=product HTTP/1.1" 404 15610 "-" "Mozilla/5.0 (Linux; Android 6.0.1; Nexus 5X Build/MMB29P) AppleWebKit/537.36 (KHTML, like Gecko) Chrome/131.0.6778.139 Mobile Safari/537.36 (compatible; Googlebot/2.1; +http://www.google.com/bot.html)"
66.29.132.124 - - [05/Jan/2025:15:50:34 -0500] "POST /wp-cron.php?doing_wp_cron=1736110234.6146941184997558593750 HTTP/1.1" 200 0 "-" "WordPress/6.7.1; https://misswavenigeria.com"
94.131.9.192 - - [05/Jan/2025:15:50:34 -0500] "GET / HTTP/1.0" 200 109055 "https://misswavenigeria.com/" "Mozilla/5.0 (Windows NT 10.0.0; Win64; x64; ) AppleWebKit/537.36 (KHTML, like Gecko) Chrome/124.0.6367.93 Chrome/124.0.6367.93 Not-A.Brand/99  Safari/537.36"
66.29.132.124 - - [05/Jan/2025:15:50:34 -0500] "POST /wp-admin/admin-ajax.php?action=async_litespeed&nonce=vprpGRvfXfaLvyCsv19amPZUAWoK65c8&litespeed_type=imgoptm HTTP/1.1" 200 21 "-" "WordPress/6.7.1; https://misswavenigeria.com"
94.131.9.192 - - [05/Jan/2025:15:50:36 -0500] "GET /contact/ HTTP/1.0" 200 77721 "https://misswavenigeria.com/contact/" "Mozilla/5.0 (Windows NT 10.0.0; Win64; x64; ) AppleWebKit/537.36 (KHTML, like Gecko) Chrome/124.0.6367.93 Chrome/124.0.6367.93 Not-A.Brand/99  Safari/537.36"
94.131.9.192 - - [05/Jan/2025:15:50:37 -0500] "POST /contact/ HTTP/1.0" 200 77737 "https://misswavenigeria.com/contact/" "Mozilla/5.0 (Windows NT 10.0.0; Win64; x64; ) AppleWebKit/537.36 (KHTML, like Gecko) Chrome/124.0.6367.93 Chrome/124.0.6367.93 Not-A.Brand/99  Safari/537.36"
196.196.53.11 - - [05/Jan/2025:15:51:38 -0500] "GET / HTTP/1.0" 200 109055 "https://misswavenigeria.com/" "Mozilla/5.0 (Windows NT 10.0; Win64; x64) AppleWebKit/537.36 (KHTML, like Gecko) Chrome/103.0.5060.66 Safari/537.36"
196.196.53.11 - - [05/Jan/2025:15:51:40 -0500] "GET /register/ HTTP/1.0" 200 75922 "https://misswavenigeria.com/register/" "Mozilla/5.0 (Windows NT 10.0; Win64; x64) AppleWebKit/537.36 (KHTML, like Gecko) Chrome/103.0.5060.66 Safari/537.36"
66.29.132.124 - - [05/Jan/2025:15:51:42 -0500] "POST /wp-cron.php?doing_wp_cron=1736110302.8116390705108642578125 HTTP/1.1" 200 0 "-" "WordPress/6.7.1; https://misswavenigeria.com"
66.29.132.124 - - [05/Jan/2025:15:51:43 -0500] "POST /wp-admin/admin-ajax.php?action=async_litespeed&nonce=ck59PZJhsWxol84F0kKHIHrEF7W9mJO1&litespeed_type=imgoptm HTTP/1.1" 200 21 "-" "WordPress/6.7.1; https://misswavenigeria.com"
196.196.53.11 - - [05/Jan/2025:15:51:42 -0500] "POST /register/ HTTP/1.0" 200 76048 "https://misswavenigeria.com/register/" "Mozilla/5.0 (Windows NT 10.0; Win64; x64) AppleWebKit/537.36 (KHTML, like Gecko) Chrome/103.0.5060.66 Safari/537.36"
66.29.132.124 - - [05/Jan/2025:15:53:34 -0500] "POST /wp-cron.php?doing_wp_cron=1736110413.9749701023101806640625 HTTP/1.1" 200 0 "-" "WordPress/6.7.1; https://misswavenigeria.com"
196.196.53.11 - - [05/Jan/2025:15:53:33 -0500] "GET /register/ HTTP/1.0" 200 75922 "https://misswavenigeria.com/" "Mozilla/5.0 (Windows NT 10.0; Win64; x64) AppleWebKit/537.36 (KHTML, like Gecko) Chrome/103.0.5060.66 Safari/537.36"
66.29.132.124 - - [05/Jan/2025:15:53:34 -0500] "POST /wp-admin/admin-ajax.php?action=async_litespeed&nonce=Uch7iyOvsG5ukL4E6kizxPEVnHz3rLEw&litespeed_type=imgoptm HTTP/1.1" 200 21 "-" "WordPress/6.7.1; https://misswavenigeria.com"
66.29.132.124 - - [05/Jan/2025:15:54:42 -0500] "POST /wp-cron.php?doing_wp_cron=1736110482.0721058845520019531250 HTTP/1.1" 200 0 "-" "WordPress/6.7.1; https://misswavenigeria.com"
196.196.53.11 - - [05/Jan/2025:15:54:41 -0500] "GET / HTTP/1.0" 200 109055 "https://misswavenigeria.com/" "Mozilla/5.0 (Windows NT 6.3; Win64; x64) AppleWebKit/537.36 (KHTML, like Gecko) Chrome/103.0.5060.53 Safari/537.36"
66.29.132.124 - - [05/Jan/2025:15:54:42 -0500] "POST /wp-admin/admin-ajax.php?action=async_litespeed&nonce=YOKTflABOF3ixK9FtJGcE0963FkXkLx9&litespeed_type=imgoptm HTTP/1.1" 200 21 "-" "WordPress/6.7.1; https://misswavenigeria.com"
196.196.53.11 - - [05/Jan/2025:15:54:44 -0500] "GET /register/ HTTP/1.0" 200 75922 "https://misswavenigeria.com/register/" "Mozilla/5.0 (Windows NT 6.3; Win64; x64) AppleWebKit/537.36 (KHTML, like Gecko) Chrome/103.0.5060.53 Safari/537.36"
196.196.53.11 - - [05/Jan/2025:15:54:46 -0500] "POST /register/ HTTP/1.0" 200 76048 "https://misswavenigeria.com/register/" "Mozilla/5.0 (Windows NT 6.3; Win64; x64) AppleWebKit/537.36 (KHTML, like Gecko) Chrome/103.0.5060.53 Safari/537.36"
66.29.132.124 - - [05/Jan/2025:15:56:29 -0500] "POST /wp-cron.php?doing_wp_cron=1736110589.2978758811950683593750 HTTP/1.1" 200 0 "-" "WordPress/6.7.1; https://misswavenigeria.com"
196.196.53.11 - - [05/Jan/2025:15:56:29 -0500] "GET /register/ HTTP/1.0" 200 75922 "https://misswavenigeria.com/" "Mozilla/5.0 (Windows NT 6.3; Win64; x64) AppleWebKit/537.36 (KHTML, like Gecko) Chrome/103.0.5060.53 Safari/537.36"
66.29.132.124 - - [05/Jan/2025:15:56:29 -0500] "POST /wp-admin/admin-ajax.php?action=async_litespeed&nonce=xfFXNfePSdjz91ebvQ2KAhIe00HvhqFM&litespeed_type=imgoptm HTTP/1.1" 200 21 "-" "WordPress/6.7.1; https://misswavenigeria.com"
66.29.132.124 - - [05/Jan/2025:15:57:49 -0500] "POST /wp-cron.php?doing_wp_cron=1736110669.8100979328155517578125 HTTP/1.1" 200 0 "-" "WordPress/6.7.1; https://misswavenigeria.com"
66.249.79.169 - - [05/Jan/2025:15:57:49 -0500] "GET /goods/374682.html HTTP/1.1" 404 15610 "-" "Mozilla/5.0 (Linux; Android 6.0.1; Nexus 5X Build/MMB29P) AppleWebKit/537.36 (KHTML, like Gecko) Chrome/131.0.6778.139 Mobile Safari/537.36 (compatible; Googlebot/2.1; +http://www.google.com/bot.html)"
66.29.132.124 - - [05/Jan/2025:15:57:49 -0500] "POST /wp-admin/admin-ajax.php?action=async_litespeed&nonce=Vp2AJYSazXa9whvfyviZKHcZUq2fBHlL&litespeed_type=imgoptm HTTP/1.1" 200 21 "-" "WordPress/6.7.1; https://misswavenigeria.com"
196.196.53.11 - - [05/Jan/2025:15:58:08 -0500] "GET / HTTP/1.0" 200 109055 "https://misswavenigeria.com/" "Mozilla/5.0 (Windows NT 10.0; WOW64) AppleWebKit/537.36 (KHTML, like Gecko) Chrome/103.0.0.0 Safari/537.36"
196.196.53.11 - - [05/Jan/2025:15:58:10 -0500] "GET /register/ HTTP/1.0" 200 75922 "https://misswavenigeria.com/register/" "Mozilla/5.0 (Windows NT 10.0; WOW64) AppleWebKit/537.36 (KHTML, like Gecko) Chrome/103.0.0.0 Safari/537.36"
85.208.96.203 - - [05/Jan/2025:15:59:13 -0500] "GET /wp-includes/html-api/class-wp-html-open-elements.php HTTP/1.1" 200 0 "-" "Mozilla/5.0 (compatible; SemrushBot/7~bl; +http://www.semrush.com/bot.html)"
85.208.96.198 - - [05/Jan/2025:15:59:16 -0500] "GET /wp-includes/customize/class-wp-customize-sidebar-section.php HTTP/1.1" 500 0 "-" "Mozilla/5.0 (compatible; SemrushBot/7~bl; +http://www.semrush.com/bot.html)"
66.29.132.124 - - [05/Jan/2025:15:59:18 -0500] "POST /wp-cron.php?doing_wp_cron=1736110758.4894680976867675781250 HTTP/1.1" 200 0 "-" "WordPress/6.7.1; https://misswavenigeria.com"
66.249.79.36 - - [05/Jan/2025:15:59:18 -0500] "GET /goods/I991960?k=product HTTP/1.1" 301 0 "-" "Mozilla/5.0 (Linux; Android 6.0.1; Nexus 5X Build/MMB29P) AppleWebKit/537.36 (KHTML, like Gecko) Chrome/131.0.6778.139 Mobile Safari/537.36 (compatible; Googlebot/2.1; +http://www.google.com/bot.html)"
66.29.132.124 - - [05/Jan/2025:15:59:18 -0500] "POST /wp-admin/admin-ajax.php?action=async_litespeed&nonce=PX24quQXdgxMVxCxnRoHj7lYNrx3idZJ&litespeed_type=imgoptm HTTP/1.1" 200 21 "-" "WordPress/6.7.1; https://misswavenigeria.com"
66.249.68.66 - - [05/Jan/2025:15:59:18 -0500] "GET /goods/I991960?k=product HTTP/1.1" 404 15610 "-" "Mozilla/5.0 (Linux; Android 6.0.1; Nexus 5X Build/MMB29P) AppleWebKit/537.36 (KHTML, like Gecko) Chrome/131.0.6778.139 Mobile Safari/537.36 (compatible; Googlebot/2.1; +http://www.google.com/bot.html)"
196.196.53.11 - - [05/Jan/2025:15:58:12 -0500] "POST /register/ HTTP/1.0" 200 76048 "https://misswavenigeria.com/register/" "Mozilla/5.0 (Windows NT 10.0; WOW64) AppleWebKit/537.36 (KHTML, like Gecko) Chrome/103.0.0.0 Safari/537.36"
66.29.132.124 - - [05/Jan/2025:15:59:25 -0500] "POST /wp-cron.php?doing_wp_cron=1736110765.6735351085662841796875 HTTP/1.1" 200 0 "-" "WordPress/6.7.1; https://misswavenigeria.com"
196.196.53.11 - - [05/Jan/2025:15:59:25 -0500] "GET /register/ HTTP/1.0" 200 75922 "https://misswavenigeria.com/" "Mozilla/5.0 (Windows NT 10.0; WOW64) AppleWebKit/537.36 (KHTML, like Gecko) Chrome/103.0.0.0 Safari/537.36"
66.29.132.124 - - [05/Jan/2025:15:59:25 -0500] "POST /wp-admin/admin-ajax.php?action=async_litespeed&nonce=Oc74PK7XObBgwkfGCiul80cqqG7Uw62V&litespeed_type=imgoptm HTTP/1.1" 200 21 "-" "WordPress/6.7.1; https://misswavenigeria.com"
66.249.68.34 - - [05/Jan/2025:15:59:40 -0500] "GET /guide/25138FA15color HTTP/1.1" 404 15610 "-" "Mozilla/5.0 (Linux; Android 6.0.1; Nexus 5X Build/MMB29P) AppleWebKit/537.36 (KHTML, like Gecko) Chrome/131.0.6778.139 Mobile Safari/537.36 (compatible; Googlebot/2.1; +http://www.google.com/bot.html)"
66.249.79.3 - - [05/Jan/2025:16:00:11 -0500] "GET /goods/A387244?k=product HTTP/1.1" 301 0 "-" "Mozilla/5.0 (Linux; Android 6.0.1; Nexus 5X Build/MMB29P) AppleWebKit/537.36 (KHTML, like Gecko) Chrome/131.0.6778.139 Mobile Safari/537.36 (compatible; Googlebot/2.1; +http://www.google.com/bot.html)"
66.249.79.205 - - [05/Jan/2025:16:00:11 -0500] "GET /goods/A387244?k=product HTTP/1.1" 404 15610 "-" "Mozilla/5.0 (Linux; Android 6.0.1; Nexus 5X Build/MMB29P) AppleWebKit/537.36 (KHTML, like Gecko) Chrome/131.0.6778.139 Mobile Safari/537.36 (compatible; Googlebot/2.1; +http://www.google.com/bot.html)"
66.29.132.124 - - [05/Jan/2025:16:00:52 -0500] "POST /wp-cron.php?doing_wp_cron=1736110852.6330509185791015625000 HTTP/1.1" 200 0 "-" "WordPress/6.7.1; https://misswavenigeria.com"
66.249.79.102 - - [05/Jan/2025:16:00:52 -0500] "GET /goods/447267.html HTTP/1.1" 404 15610 "-" "Mozilla/5.0 (Linux; Android 6.0.1; Nexus 5X Build/MMB29P) AppleWebKit/537.36 (KHTML, like Gecko) Chrome/131.0.6778.139 Mobile Safari/537.36 (compatible; Googlebot/2.1; +http://www.google.com/bot.html)"
66.29.132.124 - - [05/Jan/2025:16:00:52 -0500] "POST /wp-admin/admin-ajax.php?action=async_litespeed&nonce=McG4ygCAEybJ8zvV8soUy5WrSMvavf5m&litespeed_type=imgoptm HTTP/1.1" 200 21 "-" "WordPress/6.7.1; https://misswavenigeria.com"
66.249.68.4 - - [05/Jan/2025:16:01:09 -0500] "GET /goods/L750371?k=product HTTP/1.1" 301 0 "-" "Mozilla/5.0 (Linux; Android 6.0.1; Nexus 5X Build/MMB29P) AppleWebKit/537.36 (KHTML, like Gecko) Chrome/131.0.6778.139 Mobile Safari/537.36 (compatible; Googlebot/2.1; +http://www.google.com/bot.html)"
66.249.79.168 - - [05/Jan/2025:16:01:10 -0500] "GET /goods/L750371?k=product HTTP/1.1" 404 15610 "-" "Mozilla/5.0 (Linux; Android 6.0.1; Nexus 5X Build/MMB29P) AppleWebKit/537.36 (KHTML, like Gecko) Chrome/131.0.6778.139 Mobile Safari/537.36 (compatible; Googlebot/2.1; +http://www.google.com/bot.html)"
196.196.53.11 - - [05/Jan/2025:16:01:15 -0500] "GET / HTTP/1.0" 200 109055 "https://misswavenigeria.com/" "Mozilla/5.0 (Windows NT 10.0; Win64; x64) AppleWebKit/537.36 (KHTML, like Gecko) Chrome/103.0.0.0 Safari/537.36"
196.196.53.11 - - [05/Jan/2025:16:01:18 -0500] "GET /register/ HTTP/1.0" 200 75922 "https://misswavenigeria.com/register/" "Mozilla/5.0 (Windows NT 10.0; Win64; x64) AppleWebKit/537.36 (KHTML, like Gecko) Chrome/103.0.0.0 Safari/537.36"
66.29.132.124 - - [05/Jan/2025:16:02:28 -0500] "POST /wp-cron.php?doing_wp_cron=1736110948.7286820411682128906250 HTTP/1.1" 200 0 "-" "WordPress/6.7.1; https://misswavenigeria.com"
66.249.79.196 - - [05/Jan/2025:16:02:28 -0500] "GET /goods/H337799?k=product HTTP/1.1" 301 0 "-" "Mozilla/5.0 (Linux; Android 6.0.1; Nexus 5X Build/MMB29P) AppleWebKit/537.36 (KHTML, like Gecko) Chrome/131.0.6778.139 Mobile Safari/537.36 (compatible; Googlebot/2.1; +http://www.google.com/bot.html)"
66.29.132.124 - - [05/Jan/2025:16:02:28 -0500] "POST /wp-admin/admin-ajax.php?action=async_litespeed&nonce=FgQxE5GcBxSSGWK27JwX4e1h6g5Y9LlT&litespeed_type=imgoptm HTTP/1.1" 200 21 "-" "WordPress/6.7.1; https://misswavenigeria.com"
66.249.79.169 - - [05/Jan/2025:16:02:28 -0500] "GET /goods/H337799?k=product HTTP/1.1" 404 15610 "-" "Mozilla/5.0 (Linux; Android 6.0.1; Nexus 5X Build/MMB29P) AppleWebKit/537.36 (KHTML, like Gecko) Chrome/131.0.6778.139 Mobile Safari/537.36 (compatible; Googlebot/2.1; +http://www.google.com/bot.html)"
196.196.53.11 - - [05/Jan/2025:16:01:19 -0500] "POST /register/ HTTP/1.0" 200 76048 "https://misswavenigeria.com/register/" "Mozilla/5.0 (Windows NT 10.0; Win64; x64) AppleWebKit/537.36 (KHTML, like Gecko) Chrome/103.0.0.0 Safari/537.36"
196.196.53.11 - - [05/Jan/2025:16:02:40 -0500] "GET /register/ HTTP/1.0" 200 75922 "https://misswavenigeria.com/" "Mozilla/5.0 (Windows NT 10.0; Win64; x64) AppleWebKit/537.36 (KHTML, like Gecko) Chrome/103.0.0.0 Safari/537.36"
66.249.68.67 - - [05/Jan/2025:16:02:50 -0500] "GET /goods/857351.html HTTP/1.1" 404 15610 "-" "Mozilla/5.0 (Linux; Android 6.0.1; Nexus 5X Build/MMB29P) AppleWebKit/537.36 (KHTML, like Gecko) Chrome/131.0.6778.139 Mobile Safari/537.36 (compatible; Googlebot/2.1; +http://www.google.com/bot.html)"
66.29.132.124 - - [05/Jan/2025:16:03:35 -0500] "POST /wp-cron.php?doing_wp_cron=1736111015.4894580841064453125000 HTTP/1.1" 200 0 "-" "WordPress/6.7.1; https://misswavenigeria.com"
66.249.79.35 - - [05/Jan/2025:16:03:35 -0500] "GET /goods/B916475?k=product HTTP/1.1" 301 0 "-" "Mozilla/5.0 (Linux; Android 6.0.1; Nexus 5X Build/MMB29P) AppleWebKit/537.36 (KHTML, like Gecko) Chrome/131.0.6778.139 Mobile Safari/537.36 (compatible; Googlebot/2.1; +http://www.google.com/bot.html)"
66.29.132.124 - - [05/Jan/2025:16:03:35 -0500] "POST /wp-admin/admin-ajax.php?action=async_litespeed&nonce=jahpY9gLH8r1QujvUrTpxm6v1LpRJsgl&litespeed_type=imgoptm HTTP/1.1" 200 21 "-" "WordPress/6.7.1; https://misswavenigeria.com"
66.249.68.34 - - [05/Jan/2025:16:03:35 -0500] "GET /goods/B916475?k=product HTTP/1.1" 404 15610 "-" "Mozilla/5.0 (Linux; Android 6.0.1; Nexus 5X Build/MMB29P) AppleWebKit/537.36 (KHTML, like Gecko) Chrome/131.0.6778.139 Mobile Safari/537.36 (compatible; Googlebot/2.1; +http://www.google.com/bot.html)"
66.249.79.102 - - [05/Jan/2025:16:03:59 -0500] "GET /goods/834749.html HTTP/1.1" 404 15610 "-" "Mozilla/5.0 (Linux; Android 6.0.1; Nexus 5X Build/MMB29P) AppleWebKit/537.36 (KHTML, like Gecko) Chrome/131.0.6778.139 Mobile Safari/537.36 (compatible; Googlebot/2.1; +http://www.google.com/bot.html)"
66.249.79.173 - - [05/Jan/2025:16:04:14 -0500] "GET /goods/D131277?k=product HTTP/1.1" 301 0 "-" "Mozilla/5.0 (Linux; Android 6.0.1; Nexus 5X Build/MMB29P) AppleWebKit/537.36 (KHTML, like Gecko) Chrome/131.0.6778.139 Mobile Safari/537.36 (compatible; Googlebot/2.1; +http://www.google.com/bot.html)"
66.249.79.3 - - [05/Jan/2025:16:04:15 -0500] "GET /goods/D131277?k=product HTTP/1.1" 404 15610 "-" "Mozilla/5.0 (Linux; Android 6.0.1; Nexus 5X Build/MMB29P) AppleWebKit/537.36 (KHTML, like Gecko) Chrome/131.0.6778.139 Mobile Safari/537.36 (compatible; Googlebot/2.1; +http://www.google.com/bot.html)"
196.196.53.11 - - [05/Jan/2025:16:04:18 -0500] "GET / HTTP/1.0" 200 109053 "https://misswavenigeria.com/" "Mozilla/5.0 (Windows NT 10.0; Win64; x64) AppleWebKit/537.36 (KHTML, like Gecko) Chrome/103.0.5042.0 Safari/537.36"
196.196.53.11 - - [05/Jan/2025:16:04:21 -0500] "GET /register/ HTTP/1.0" 200 75922 "https://misswavenigeria.com/register/" "Mozilla/5.0 (Windows NT 10.0; Win64; x64) AppleWebKit/537.36 (KHTML, like Gecko) Chrome/103.0.5042.0 Safari/537.36"
185.191.171.8 - - [05/Jan/2025:16:05:26 -0500] "GET /wp-includes/ID3/module.audio-video.flv.php HTTP/1.1" 200 0 "-" "Mozilla/5.0 (compatible; SemrushBot/7~bl; +http://www.semrush.com/bot.html)"
66.29.132.124 - - [05/Jan/2025:16:05:40 -0500] "POST /wp-cron.php?doing_wp_cron=1736111140.9159600734710693359375 HTTP/1.1" 200 0 "-" "WordPress/6.7.1; https://misswavenigeria.com"
66.249.79.168 - - [05/Jan/2025:16:05:40 -0500] "GET /goods/206823.html HTTP/1.1" 404 15610 "-" "Mozilla/5.0 (Linux; Android 6.0.1; Nexus 5X Build/MMB29P) AppleWebKit/537.36 (KHTML, like Gecko) Chrome/131.0.6778.139 Mobile Safari/537.36 (compatible; Googlebot/2.1; +http://www.google.com/bot.html)"
66.29.132.124 - - [05/Jan/2025:16:05:41 -0500] "POST /wp-admin/admin-ajax.php?action=async_litespeed&nonce=RSaO5BAO0sTZFKC0vTD4RZIUavZWa0lY&litespeed_type=imgoptm HTTP/1.1" 200 21 "-" "WordPress/6.7.1; https://misswavenigeria.com"
196.196.53.11 - - [05/Jan/2025:16:04:22 -0500] "POST /register/ HTTP/1.0" 200 76048 "https://misswavenigeria.com/register/" "Mozilla/5.0 (Windows NT 10.0; Win64; x64) AppleWebKit/537.36 (KHTML, like Gecko) Chrome/103.0.5042.0 Safari/537.36"
196.196.53.11 - - [05/Jan/2025:16:05:43 -0500] "GET /register/ HTTP/1.0" 200 75922 "https://misswavenigeria.com/" "Mozilla/5.0 (Windows NT 10.0; Win64; x64) AppleWebKit/537.36 (KHTML, like Gecko) Chrome/103.0.5042.0 Safari/537.36"
66.249.68.67 - - [05/Jan/2025:16:06:08 -0500] "GET /goods/L865031?k=product HTTP/1.1" 301 0 "-" "Mozilla/5.0 (Linux; Android 6.0.1; Nexus 5X Build/MMB29P) AppleWebKit/537.36 (KHTML, like Gecko) Chrome/131.0.6778.139 Mobile Safari/537.36 (compatible; Googlebot/2.1; +http://www.google.com/bot.html)"
66.249.79.169 - - [05/Jan/2025:16:06:09 -0500] "GET /goods/L865031?k=product HTTP/1.1" 404 15610 "-" "Mozilla/5.0 (Linux; Android 6.0.1; Nexus 5X Build/MMB29P) AppleWebKit/537.36 (KHTML, like Gecko) Chrome/131.0.6778.139 Mobile Safari/537.36 (compatible; Googlebot/2.1; +http://www.google.com/bot.html)"
185.191.171.11 - - [05/Jan/2025:16:06:31 -0500] "GET /wp-includes/assets/script-loader-react-refresh-runtime.min.php HTTP/1.1" 200 0 "-" "Mozilla/5.0 (compatible; SemrushBot/7~bl; +http://www.semrush.com/bot.html)"
185.191.171.18 - - [05/Jan/2025:16:07:20 -0500] "GET /robots.txt HTTP/1.1" 200 115 "-" "Mozilla/5.0 (compatible; SemrushBot/7~bl; +http://www.semrush.com/bot.html)"
85.208.96.210 - - [05/Jan/2025:16:07:21 -0500] "GET /wp-includes/js/mediaelement/ HTTP/1.1" 200 1669 "-" "Mozilla/5.0 (compatible; SemrushBot/7~bl; +http://www.semrush.com/bot.html)"
66.29.132.124 - - [05/Jan/2025:16:07:21 -0500] "POST /wp-cron.php?doing_wp_cron=1736111241.5590240955352783203125 HTTP/1.1" 200 0 "-" "WordPress/6.7.1; https://misswavenigeria.com"
196.196.53.11 - - [05/Jan/2025:16:07:21 -0500] "GET / HTTP/1.0" 200 109053 "https://misswavenigeria.com/" "Mozilla/5.0 (Windows NT 6.1; Win64; x64) AppleWebKit/537.36 (KHTML, like Gecko) Chrome/103.0.5060.114 Safari/537.36"
66.29.132.124 - - [05/Jan/2025:16:07:21 -0500] "POST /wp-admin/admin-ajax.php?action=async_litespeed&nonce=n1C1U58r3r9vQoEdeIaFJq9oJfQjxAyG&litespeed_type=imgoptm HTTP/1.1" 200 21 "-" "WordPress/6.7.1; https://misswavenigeria.com"
196.196.53.11 - - [05/Jan/2025:16:07:23 -0500] "GET /register/ HTTP/1.0" 200 75922 "https://misswavenigeria.com/register/" "Mozilla/5.0 (Windows NT 6.1; Win64; x64) AppleWebKit/537.36 (KHTML, like Gecko) Chrome/103.0.5060.114 Safari/537.36"
66.29.132.124 - - [05/Jan/2025:16:07:25 -0500] "POST /wp-cron.php?doing_wp_cron=1736111245.6595211029052734375000 HTTP/1.1" 200 0 "-" "WordPress/6.7.1; https://misswavenigeria.com"
66.29.132.124 - - [05/Jan/2025:16:07:25 -0500] "POST /wp-admin/admin-ajax.php?action=async_litespeed&nonce=46uHbmXacKAL1pLFlJ43r17SPtmPO9H5&litespeed_type=imgoptm HTTP/1.1" 200 21 "-" "WordPress/6.7.1; https://misswavenigeria.com"
66.29.132.124 - - [05/Jan/2025:16:08:38 -0500] "POST /wp-cron.php?doing_wp_cron=1736111318.3174810409545898437500 HTTP/1.1" 200 0 "-" "WordPress/6.7.1; https://misswavenigeria.com"
66.249.68.34 - - [05/Jan/2025:16:08:38 -0500] "GET /goods/L383693?k=product HTTP/1.1" 301 0 "-" "Mozilla/5.0 (Linux; Android 6.0.1; Nexus 5X Build/MMB29P) AppleWebKit/537.36 (KHTML, like Gecko) Chrome/131.0.6778.139 Mobile Safari/537.36 (compatible; Googlebot/2.1; +http://www.google.com/bot.html)"
66.29.132.124 - - [05/Jan/2025:16:08:38 -0500] "POST /wp-admin/admin-ajax.php?action=async_litespeed&nonce=Tf4kWwKfweOFshHYgRbG4EwKddIIE2lV&litespeed_type=imgoptm HTTP/1.1" 200 21 "-" "WordPress/6.7.1; https://misswavenigeria.com"
66.249.68.5 - - [05/Jan/2025:16:08:38 -0500] "GET /goods/L383693?k=product HTTP/1.1" 404 15610 "-" "Mozilla/5.0 (Linux; Android 6.0.1; Nexus 5X Build/MMB29P) AppleWebKit/537.36 (KHTML, like Gecko) Chrome/131.0.6778.139 Mobile Safari/537.36 (compatible; Googlebot/2.1; +http://www.google.com/bot.html)"
196.196.53.11 - - [05/Jan/2025:16:07:25 -0500] "POST /register/ HTTP/1.0" 200 76048 "https://misswavenigeria.com/register/" "Mozilla/5.0 (Windows NT 6.1; Win64; x64) AppleWebKit/537.36 (KHTML, like Gecko) Chrome/103.0.5060.114 Safari/537.36"
196.196.53.11 - - [05/Jan/2025:16:08:45 -0500] "GET /register/ HTTP/1.0" 200 75922 "https://misswavenigeria.com/" "Mozilla/5.0 (Windows NT 6.1; Win64; x64) AppleWebKit/537.36 (KHTML, like Gecko) Chrome/103.0.5060.114 Safari/537.36"
66.249.68.5 - - [05/Jan/2025:16:09:12 -0500] "GET /goods/356494.html HTTP/1.1" 404 15610 "-" "Mozilla/5.0 (Linux; Android 6.0.1; Nexus 5X Build/MMB29P) AppleWebKit/537.36 (KHTML, like Gecko) Chrome/131.0.6778.139 Mobile Safari/537.36 (compatible; Googlebot/2.1; +http://www.google.com/bot.html)"
85.208.96.210 - - [05/Jan/2025:16:09:25 -0500] "GET /wp-includes/html-api/class-wp-html-unsupported-exception.php HTTP/1.1" 200 0 "-" "Mozilla/5.0 (compatible; SemrushBot/7~bl; +http://www.semrush.com/bot.html)"
66.29.132.124 - - [05/Jan/2025:16:10:22 -0500] "POST /wp-cron.php?doing_wp_cron=1736111422.5695400238037109375000 HTTP/1.1" 200 0 "-" "WordPress/6.7.1; https://misswavenigeria.com"
196.196.53.11 - - [05/Jan/2025:16:10:22 -0500] "GET / HTTP/1.0" 200 109053 "https://misswavenigeria.com/" "Mozilla/5.0 (Windows NT 6.3; Win64; x64) AppleWebKit/537.36 (KHTML, like Gecko) Chrome/103.0.5060.53 Safari/537.36"
66.29.132.124 - - [05/Jan/2025:16:10:22 -0500] "POST /wp-admin/admin-ajax.php?action=async_litespeed&nonce=YxxMLFoDVBynFkioftFnjXHFhMVCIkPY&litespeed_type=imgoptm HTTP/1.1" 200 21 "-" "WordPress/6.7.1; https://misswavenigeria.com"
196.196.53.11 - - [05/Jan/2025:16:10:24 -0500] "GET /register/ HTTP/1.0" 200 75922 "https://misswavenigeria.com/register/" "Mozilla/5.0 (Windows NT 6.3; Win64; x64) AppleWebKit/537.36 (KHTML, like Gecko) Chrome/103.0.5060.53 Safari/537.36"
66.29.132.124 - - [05/Jan/2025:16:10:26 -0500] "POST /wp-cron.php?doing_wp_cron=1736111426.6140251159667968750000 HTTP/1.1" 200 0 "-" "WordPress/6.7.1; https://misswavenigeria.com"
66.29.132.124 - - [05/Jan/2025:16:10:26 -0500] "POST /wp-admin/admin-ajax.php?action=async_litespeed&nonce=XN2fEZ56jYVgdwowjkd0WYP94VOvgddL&litespeed_type=imgoptm HTTP/1.1" 200 21 "-" "WordPress/6.7.1; https://misswavenigeria.com"
85.208.96.199 - - [05/Jan/2025:16:10:59 -0500] "GET /wp-includes/html-api/class-wp-html-tag-processor.php HTTP/1.1" 200 0 "-" "Mozilla/5.0 (compatible; SemrushBot/7~bl; +http://www.semrush.com/bot.html)"
196.196.53.11 - - [05/Jan/2025:16:10:26 -0500] "POST /register/ HTTP/1.0" 200 76048 "https://misswavenigeria.com/register/" "Mozilla/5.0 (Windows NT 6.3; Win64; x64) AppleWebKit/537.36 (KHTML, like Gecko) Chrome/103.0.5060.53 Safari/537.36"
66.29.132.124 - - [05/Jan/2025:16:11:35 -0500] "POST /wp-cron.php?doing_wp_cron=1736111495.2990870475769042968750 HTTP/1.1" 200 0 "-" "WordPress/6.7.1; https://misswavenigeria.com"
196.196.53.11 - - [05/Jan/2025:16:11:35 -0500] "GET /register/ HTTP/1.0" 200 75922 "https://misswavenigeria.com/" "Mozilla/5.0 (Windows NT 6.3; Win64; x64) AppleWebKit/537.36 (KHTML, like Gecko) Chrome/103.0.5060.53 Safari/537.36"
66.29.132.124 - - [05/Jan/2025:16:11:35 -0500] "POST /wp-admin/admin-ajax.php?action=async_litespeed&nonce=YLEopsHRsfKrv90MGP6fSCFYO6QZYJuM&litespeed_type=imgoptm HTTP/1.1" 200 21 "-" "WordPress/6.7.1; https://misswavenigeria.com"
66.249.79.197 - - [05/Jan/2025:16:11:39 -0500] "GET /goods/O559300?k=product HTTP/1.1" 301 0 "-" "Mozilla/5.0 (Linux; Android 6.0.1; Nexus 5X Build/MMB29P) AppleWebKit/537.36 (KHTML, like Gecko) Chrome/131.0.6778.139 Mobile Safari/537.36 (compatible; Googlebot/2.1; +http://www.google.com/bot.html)"
66.249.79.104 - - [05/Jan/2025:16:11:40 -0500] "GET /goods/O559300?k=product HTTP/1.1" 404 15610 "-" "Mozilla/5.0 (Linux; Android 6.0.1; Nexus 5X Build/MMB29P) AppleWebKit/537.36 (KHTML, like Gecko) Chrome/131.0.6778.139 Mobile Safari/537.36 (compatible; Googlebot/2.1; +http://www.google.com/bot.html)"
66.249.79.105 - - [05/Jan/2025:16:11:42 -0500] "GET /goods/N522743?k=product HTTP/1.1" 301 0 "-" "Mozilla/5.0 (Linux; Android 6.0.1; Nexus 5X Build/MMB29P) AppleWebKit/537.36 (KHTML, like Gecko) Chrome/131.0.6778.139 Mobile Safari/537.36 (compatible; Googlebot/2.1; +http://www.google.com/bot.html)"
66.249.79.206 - - [05/Jan/2025:16:11:43 -0500] "GET /goods/N522743?k=product HTTP/1.1" 404 15610 "-" "Mozilla/5.0 (Linux; Android 6.0.1; Nexus 5X Build/MMB29P) AppleWebKit/537.36 (KHTML, like Gecko) Chrome/131.0.6778.139 Mobile Safari/537.36 (compatible; Googlebot/2.1; +http://www.google.com/bot.html)"
66.249.79.4 - - [05/Jan/2025:16:11:43 -0500] "GET /goods/H361199?k=product HTTP/1.1" 301 0 "-" "Mozilla/5.0 (Linux; Android 6.0.1; Nexus 5X Build/MMB29P) AppleWebKit/537.36 (KHTML, like Gecko) Chrome/131.0.6778.139 Mobile Safari/537.36 (compatible; Googlebot/2.1; +http://www.google.com/bot.html)"
66.249.79.5 - - [05/Jan/2025:16:11:44 -0500] "GET /goods/H361199?k=product HTTP/1.1" 404 15610 "-" "Mozilla/5.0 (Linux; Android 6.0.1; Nexus 5X Build/MMB29P) AppleWebKit/537.36 (KHTML, like Gecko) Chrome/131.0.6778.139 Mobile Safari/537.36 (compatible; Googlebot/2.1; +http://www.google.com/bot.html)"
66.249.79.2 - - [05/Jan/2025:16:11:44 -0500] "GET /goods/L832349?k=product HTTP/1.1" 301 0 "-" "Mozilla/5.0 (Linux; Android 6.0.1; Nexus 5X Build/MMB29P) AppleWebKit/537.36 (KHTML, like Gecko) Chrome/131.0.6778.139 Mobile Safari/537.36 (compatible; Googlebot/2.1; +http://www.google.com/bot.html)"
66.249.79.105 - - [05/Jan/2025:16:11:44 -0500] "GET /goods/A960492?k=product HTTP/1.1" 301 0 "-" "Mozilla/5.0 (Linux; Android 6.0.1; Nexus 5X Build/MMB29P) AppleWebKit/537.36 (KHTML, like Gecko) Chrome/131.0.6778.139 Mobile Safari/537.36 (compatible; Googlebot/2.1; +http://www.google.com/bot.html)"
66.249.79.4 - - [05/Jan/2025:16:11:44 -0500] "GET /goods/L832349?k=product HTTP/1.1" 404 15610 "-" "Mozilla/5.0 (Linux; Android 6.0.1; Nexus 5X Build/MMB29P) AppleWebKit/537.36 (KHTML, like Gecko) Chrome/131.0.6778.139 Mobile Safari/537.36 (compatible; Googlebot/2.1; +http://www.google.com/bot.html)"
66.249.79.33 - - [05/Jan/2025:16:11:44 -0500] "GET /goods/A960492?k=product HTTP/1.1" 404 15610 "-" "Mozilla/5.0 (Linux; Android 6.0.1; Nexus 5X Build/MMB29P) AppleWebKit/537.36 (KHTML, like Gecko) Chrome/131.0.6778.139 Mobile Safari/537.36 (compatible; Googlebot/2.1; +http://www.google.com/bot.html)"
66.249.68.33 - - [05/Jan/2025:16:11:56 -0500] "GET /buy/3623206.shtm?product_id=796 HTTP/1.1" 301 0 "-" "Mozilla/5.0 (Linux; Android 6.0.1; Nexus 5X Build/MMB29P) AppleWebKit/537.36 (KHTML, like Gecko) Chrome/131.0.6778.139 Mobile Safari/537.36 (compatible; Googlebot/2.1; +http://www.google.com/bot.html)"
66.249.79.168 - - [05/Jan/2025:16:11:56 -0500] "GET /buy/3623206.shtm?product_id=796 HTTP/1.1" 404 15610 "-" "Mozilla/5.0 (Linux; Android 6.0.1; Nexus 5X Build/MMB29P) AppleWebKit/537.36 (KHTML, like Gecko) Chrome/131.0.6778.139 Mobile Safari/537.36 (compatible; Googlebot/2.1; +http://www.google.com/bot.html)"
66.29.132.124 - - [05/Jan/2025:16:13:27 -0500] "POST /wp-cron.php?doing_wp_cron=1736111606.9909470081329345703125 HTTP/1.1" 200 0 "-" "WordPress/6.7.1; https://misswavenigeria.com"
196.196.53.11 - - [05/Jan/2025:16:13:24 -0500] "GET / HTTP/1.0" 200 109053 "https://misswavenigeria.com/" "Mozilla/5.0 (Windows NT 10.0; Win64; x64) AppleWebKit/537.36 (KHTML, like Gecko) Chrome/103.0.0.0 Safari/537.36 OpenWave/97.4.2043.44"
66.29.132.124 - - [05/Jan/2025:16:13:27 -0500] "POST /wp-admin/admin-ajax.php?action=async_litespeed&nonce=MvpZaczlLxJzKHb6A28XkBIx7D63QZck&litespeed_type=imgoptm HTTP/1.1" 200 21 "-" "WordPress/6.7.1; https://misswavenigeria.com"
196.196.53.11 - - [05/Jan/2025:16:13:29 -0500] "GET /register/ HTTP/1.0" 200 75922 "https://misswavenigeria.com/register/" "Mozilla/5.0 (Windows NT 10.0; Win64; x64) AppleWebKit/537.36 (KHTML, like Gecko) Chrome/103.0.0.0 Safari/537.36 OpenWave/97.4.2043.44"
196.196.53.11 - - [05/Jan/2025:16:13:31 -0500] "POST /register/ HTTP/1.0" 200 76048 "https://misswavenigeria.com/register/" "Mozilla/5.0 (Windows NT 10.0; Win64; x64) AppleWebKit/537.36 (KHTML, like Gecko) Chrome/103.0.0.0 Safari/537.36 OpenWave/97.4.2043.44"
66.29.132.124 - - [05/Jan/2025:16:14:47 -0500] "POST /wp-cron.php?doing_wp_cron=1736111687.4764499664306640625000 HTTP/1.1" 200 0 "-" "WordPress/6.7.1; https://misswavenigeria.com"
196.196.53.11 - - [05/Jan/2025:16:14:47 -0500] "GET /register/ HTTP/1.0" 200 75922 "https://misswavenigeria.com/" "Mozilla/5.0 (Windows NT 10.0; Win64; x64) AppleWebKit/537.36 (KHTML, like Gecko) Chrome/103.0.0.0 Safari/537.36 OpenWave/97.4.2043.44"
66.29.132.124 - - [05/Jan/2025:16:14:47 -0500] "POST /wp-admin/admin-ajax.php?action=async_litespeed&nonce=RaecHOMVgHryoN75spLweALIZm3Cq2t9&litespeed_type=imgoptm HTTP/1.1" 200 21 "-" "WordPress/6.7.1; https://misswavenigeria.com"
66.29.132.124 - - [05/Jan/2025:16:16:26 -0500] "POST /wp-cron.php?doing_wp_cron=1736111786.2500500679016113281250 HTTP/1.1" 200 0 "-" "WordPress/6.7.1; https://misswavenigeria.com"
196.196.53.11 - - [05/Jan/2025:16:16:24 -0500] "GET / HTTP/1.0" 200 109053 "https://misswavenigeria.com/" "Mozilla/5.0 (Windows NT 6.1; Win64; x64) AppleWebKit/537.36 (KHTML, like Gecko) Chrome/103.0.0.0 Safari/537.36"
66.29.132.124 - - [05/Jan/2025:16:16:26 -0500] "POST /wp-admin/admin-ajax.php?action=async_litespeed&nonce=sEIflY1d3Pjp2hP9QlJOG2UAdPL1u9HT&litespeed_type=imgoptm HTTP/1.1" 200 21 "-" "WordPress/6.7.1; https://misswavenigeria.com"
196.196.53.11 - - [05/Jan/2025:16:16:28 -0500] "GET /register/ HTTP/1.0" 200 75922 "https://misswavenigeria.com/register/" "Mozilla/5.0 (Windows NT 6.1; Win64; x64) AppleWebKit/537.36 (KHTML, like Gecko) Chrome/103.0.0.0 Safari/537.36"
196.196.53.11 - - [05/Jan/2025:16:16:30 -0500] "POST /register/ HTTP/1.0" 200 76048 "https://misswavenigeria.com/register/" "Mozilla/5.0 (Windows NT 6.1; Win64; x64) AppleWebKit/537.36 (KHTML, like Gecko) Chrome/103.0.0.0 Safari/537.36"
66.29.132.124 - - [05/Jan/2025:16:17:34 -0500] "POST /wp-cron.php?doing_wp_cron=1736111854.1637890338897705078125 HTTP/1.1" 200 0 "-" "WordPress/6.7.1; https://misswavenigeria.com"
196.196.53.11 - - [05/Jan/2025:16:17:34 -0500] "GET /register/ HTTP/1.0" 200 75922 "https://misswavenigeria.com/" "Mozilla/5.0 (Windows NT 6.1; Win64; x64) AppleWebKit/537.36 (KHTML, like Gecko) Chrome/103.0.0.0 Safari/537.36"
66.29.132.124 - - [05/Jan/2025:16:17:34 -0500] "POST /wp-admin/admin-ajax.php?action=async_litespeed&nonce=EdSPkPLEBMOFb1IXLlQE65B86sNhGVD9&litespeed_type=imgoptm HTTP/1.1" 200 21 "-" "WordPress/6.7.1; https://misswavenigeria.com"
85.208.96.209 - - [05/Jan/2025:16:17:37 -0500] "GET /wp-includes/Requests/src/HookManager.php HTTP/1.1" 200 0 "-" "Mozilla/5.0 (compatible; SemrushBot/7~bl; +http://www.semrush.com/bot.html)"
66.29.132.124 - - [05/Jan/2025:16:19:25 -0500] "POST /wp-cron.php?doing_wp_cron=1736111965.7095539569854736328125 HTTP/1.1" 200 0 "-" "WordPress/6.7.1; https://misswavenigeria.com"
196.196.53.11 - - [05/Jan/2025:16:19:24 -0500] "GET / HTTP/1.0" 200 109055 "https://misswavenigeria.com/" "Mozilla/5.0 (Windows NT 6.1; Win64; x64) AppleWebKit/537.36 (KHTML, like Gecko) Chrome/103.0.5060.66 Safari/537.36"
66.29.132.124 - - [05/Jan/2025:16:19:25 -0500] "POST /wp-admin/admin-ajax.php?action=async_litespeed&nonce=HjoO227Un1j25lKTAk0qgwrOPizWf0sn&litespeed_type=imgoptm HTTP/1.1" 200 21 "-" "WordPress/6.7.1; https://misswavenigeria.com"
196.196.53.11 - - [05/Jan/2025:16:19:27 -0500] "GET /register/ HTTP/1.0" 200 75922 "https://misswavenigeria.com/register/" "Mozilla/5.0 (Windows NT 6.1; Win64; x64) AppleWebKit/537.36 (KHTML, like Gecko) Chrome/103.0.5060.66 Safari/537.36"
