66.29.132.124 - - [05/Jan/2025:19:45:19 -0500] "POST /wp-cron.php?doing_wp_cron=1736124319.3192889690399169921875 HTTP/1.1" 200 0 "-" "WordPress/6.7.1; https://misswavenigeria.com"
196.196.53.11 - - [05/Jan/2025:19:45:17 -0500] "GET / HTTP/1.0" 200 109055 "https://misswavenigeria.com/" "Mozilla/5.0 (Windows NT 6.2; Win64; x64) AppleWebKit/537.36 (KHTML, like Gecko) Chrome/103.0.0.0 Safari/537.36"
66.29.132.124 - - [05/Jan/2025:19:45:19 -0500] "POST /wp-admin/admin-ajax.php?action=async_litespeed&nonce=N5n8RtlD8lYrHYifwnlF83iFdecZR3Pi&litespeed_type=imgoptm HTTP/1.1" 200 21 "-" "WordPress/6.7.1; https://misswavenigeria.com"
196.196.53.11 - - [05/Jan/2025:19:45:21 -0500] "GET /register/ HTTP/1.0" 200 75922 "https://misswavenigeria.com/register/" "Mozilla/5.0 (Windows NT 6.2; Win64; x64) AppleWebKit/537.36 (KHTML, like Gecko) Chrome/103.0.0.0 Safari/537.36"
66.29.132.124 - - [05/Jan/2025:19:45:23 -0500] "POST /wp-cron.php?doing_wp_cron=1736124323.5539278984069824218750 HTTP/1.1" 200 0 "-" "WordPress/6.7.1; https://misswavenigeria.com"
66.29.132.124 - - [05/Jan/2025:19:45:23 -0500] "POST /wp-admin/admin-ajax.php?action=async_litespeed&nonce=pAtCxTOVqTHTiBZuo0PzW4fEuoCzY4gj&litespeed_type=imgoptm HTTP/1.1" 200 21 "-" "WordPress/6.7.1; https://misswavenigeria.com"
196.196.53.11 - - [05/Jan/2025:19:45:23 -0500] "POST /register/ HTTP/1.0" 200 76048 "https://misswavenigeria.com/register/" "Mozilla/5.0 (Windows NT 6.2; Win64; x64) AppleWebKit/537.36 (KHTML, like Gecko) Chrome/103.0.0.0 Safari/537.36"
66.29.132.124 - - [05/Jan/2025:19:46:41 -0500] "POST /wp-cron.php?doing_wp_cron=1736124401.3631789684295654296875 HTTP/1.1" 200 0 "-" "WordPress/6.7.1; https://misswavenigeria.com"
196.196.53.11 - - [05/Jan/2025:19:46:41 -0500] "GET /register/ HTTP/1.0" 200 75922 "https://misswavenigeria.com/" "Mozilla/5.0 (Windows NT 6.2; Win64; x64) AppleWebKit/537.36 (KHTML, like Gecko) Chrome/103.0.0.0 Safari/537.36"
66.29.132.124 - - [05/Jan/2025:19:46:41 -0500] "POST /wp-admin/admin-ajax.php?action=async_litespeed&nonce=UWDRYRZhcGTUF62iHAX1NRvPoSbmZvGc&litespeed_type=imgoptm HTTP/1.1" 200 21 "-" "WordPress/6.7.1; https://misswavenigeria.com"
66.29.132.124 - - [05/Jan/2025:19:48:29 -0500] "POST /wp-cron.php?doing_wp_cron=1736124509.4697659015655517578125 HTTP/1.1" 200 0 "-" "WordPress/6.7.1; https://misswavenigeria.com"
196.196.53.11 - - [05/Jan/2025:19:48:27 -0500] "GET / HTTP/1.0" 200 109055 "https://misswavenigeria.com/" "Mozilla/5.0 (Windows NT 10.0; Win64; x64) AppleWebKit/537.36 (KHTML, like Gecko) Chrome/103.0.0.0 Safari/537.36 Herring/95.1.8810.11"
66.29.132.124 - - [05/Jan/2025:19:48:29 -0500] "POST /wp-admin/admin-ajax.php?action=async_litespeed&nonce=egtXvYiF3w5W0oOsa1CrfjfwZ1w4XYpf&litespeed_type=imgoptm HTTP/1.1" 200 21 "-" "WordPress/6.7.1; https://misswavenigeria.com"
196.196.53.11 - - [05/Jan/2025:19:48:32 -0500] "GET /register/ HTTP/1.0" 200 75922 "https://misswavenigeria.com/register/" "Mozilla/5.0 (Windows NT 10.0; Win64; x64) AppleWebKit/537.36 (KHTML, like Gecko) Chrome/103.0.0.0 Safari/537.36 Herring/95.1.8810.11"
196.196.53.11 - - [05/Jan/2025:19:48:33 -0500] "POST /register/ HTTP/1.0" 200 76048 "https://misswavenigeria.com/register/" "Mozilla/5.0 (Windows NT 10.0; Win64; x64) AppleWebKit/537.36 (KHTML, like Gecko) Chrome/103.0.0.0 Safari/537.36 Herring/95.1.8810.11"
66.29.132.124 - - [05/Jan/2025:19:49:46 -0500] "POST /wp-cron.php?doing_wp_cron=1736124586.7860460281372070312500 HTTP/1.1" 200 0 "-" "WordPress/6.7.1; https://misswavenigeria.com"
196.196.53.11 - - [05/Jan/2025:19:49:46 -0500] "GET /register/ HTTP/1.0" 200 75922 "https://misswavenigeria.com/" "Mozilla/5.0 (Windows NT 10.0; Win64; x64) AppleWebKit/537.36 (KHTML, like Gecko) Chrome/103.0.0.0 Safari/537.36 Herring/95.1.8810.11"
66.29.132.124 - - [05/Jan/2025:19:49:46 -0500] "POST /wp-admin/admin-ajax.php?action=async_litespeed&nonce=h1GSNdceR47uAWQ4uhJEe2ZJFfK0jMqV&litespeed_type=imgoptm HTTP/1.1" 200 21 "-" "WordPress/6.7.1; https://misswavenigeria.com"
185.191.171.3 - - [05/Jan/2025:19:50:51 -0500] "GET /wp-includes/js/plupload/ HTTP/1.1" 200 1325 "-" "Mozilla/5.0 (compatible; SemrushBot/7~bl; +http://www.semrush.com/bot.html)"
66.29.132.124 - - [05/Jan/2025:19:51:41 -0500] "POST /wp-cron.php?doing_wp_cron=1736124701.3783280849456787109375 HTTP/1.1" 200 0 "-" "WordPress/6.7.1; https://misswavenigeria.com"
196.196.53.11 - - [05/Jan/2025:19:51:40 -0500] "GET / HTTP/1.0" 200 109055 "https://misswavenigeria.com/" "Mozilla/5.0 (Windows NT 10.0; Win64; x64) AppleWebKit/537.36 (KHTML, like Gecko) Chrome/103.0.5060.53 Safari/537.36"
66.29.132.124 - - [05/Jan/2025:19:51:41 -0500] "POST /wp-admin/admin-ajax.php?action=async_litespeed&nonce=mqv3JWgjAjZ4cIzd6o7wnH5ctaQIC7hs&litespeed_type=imgoptm HTTP/1.1" 200 21 "-" "WordPress/6.7.1; https://misswavenigeria.com"
196.196.53.11 - - [05/Jan/2025:19:51:43 -0500] "GET /register/ HTTP/1.0" 200 75922 "https://misswavenigeria.com/register/" "Mozilla/5.0 (Windows NT 10.0; Win64; x64) AppleWebKit/537.36 (KHTML, like Gecko) Chrome/103.0.5060.53 Safari/537.36"
196.196.53.11 - - [05/Jan/2025:19:51:45 -0500] "POST /register/ HTTP/1.0" 200 76048 "https://misswavenigeria.com/register/" "Mozilla/5.0 (Windows NT 10.0; Win64; x64) AppleWebKit/537.36 (KHTML, like Gecko) Chrome/103.0.5060.53 Safari/537.36"
66.29.132.124 - - [05/Jan/2025:19:53:13 -0500] "POST /wp-cron.php?doing_wp_cron=1736124793.9732971191406250000000 HTTP/1.1" 200 0 "-" "WordPress/6.7.1; https://misswavenigeria.com"
196.196.53.11 - - [05/Jan/2025:19:53:13 -0500] "GET /register/ HTTP/1.0" 200 75922 "https://misswavenigeria.com/" "Mozilla/5.0 (Windows NT 10.0; Win64; x64) AppleWebKit/537.36 (KHTML, like Gecko) Chrome/103.0.5060.53 Safari/537.36"
66.29.132.124 - - [05/Jan/2025:19:53:14 -0500] "POST /wp-admin/admin-ajax.php?action=async_litespeed&nonce=uMX9zUJueKPCe1oWSbMoQOP3Vr68FSB8&litespeed_type=imgoptm HTTP/1.1" 200 21 "-" "WordPress/6.7.1; https://misswavenigeria.com"
85.208.96.205 - - [05/Jan/2025:19:54:08 -0500] "GET /wp-includes/SimplePie/library/ HTTP/1.1" 200 910 "-" "Mozilla/5.0 (compatible; SemrushBot/7~bl; +http://www.semrush.com/bot.html)"
66.29.132.124 - - [05/Jan/2025:19:54:47 -0500] "POST /wp-cron.php?doing_wp_cron=1736124887.1088519096374511718750 HTTP/1.1" 200 0 "-" "WordPress/6.7.1; https://misswavenigeria.com"
196.196.53.11 - - [05/Jan/2025:19:54:45 -0500] "GET / HTTP/1.0" 200 109055 "https://misswavenigeria.com/" "Mozilla/5.0 (Windows NT 6.1; Win64; x64) AppleWebKit/537.36 (KHTML, like Gecko) Chrome/103.0.0.0 Safari/537.36"
66.29.132.124 - - [05/Jan/2025:19:54:47 -0500] "POST /wp-admin/admin-ajax.php?action=async_litespeed&nonce=p3myVVy449UoxxNpKHdE9jr0CqPXAkbY&litespeed_type=imgoptm HTTP/1.1" 200 21 "-" "WordPress/6.7.1; https://misswavenigeria.com"
196.196.53.11 - - [05/Jan/2025:19:54:49 -0500] "GET /register/ HTTP/1.0" 200 75922 "https://misswavenigeria.com/register/" "Mozilla/5.0 (Windows NT 6.1; Win64; x64) AppleWebKit/537.36 (KHTML, like Gecko) Chrome/103.0.0.0 Safari/537.36"
196.196.53.11 - - [05/Jan/2025:19:54:51 -0500] "POST /register/ HTTP/1.0" 200 76048 "https://misswavenigeria.com/register/" "Mozilla/5.0 (Windows NT 6.1; Win64; x64) AppleWebKit/537.36 (KHTML, like Gecko) Chrome/103.0.0.0 Safari/537.36"
66.29.132.124 - - [05/Jan/2025:19:56:20 -0500] "POST /wp-cron.php?doing_wp_cron=1736124980.7617149353027343750000 HTTP/1.1" 200 0 "-" "WordPress/6.7.1; https://misswavenigeria.com"
196.196.53.11 - - [05/Jan/2025:19:56:20 -0500] "GET /register/ HTTP/1.0" 200 75922 "https://misswavenigeria.com/" "Mozilla/5.0 (Windows NT 6.1; Win64; x64) AppleWebKit/537.36 (KHTML, like Gecko) Chrome/103.0.0.0 Safari/537.36"
66.29.132.124 - - [05/Jan/2025:19:56:20 -0500] "POST /wp-admin/admin-ajax.php?action=async_litespeed&nonce=b6Biv0gEGwfbS86QLeaI81PV4sxWxI16&litespeed_type=imgoptm HTTP/1.1" 200 21 "-" "WordPress/6.7.1; https://misswavenigeria.com"
66.29.132.124 - - [05/Jan/2025:19:57:54 -0500] "POST /wp-cron.php?doing_wp_cron=1736125074.5270071029663085937500 HTTP/1.1" 200 0 "-" "WordPress/6.7.1; https://misswavenigeria.com"
196.196.53.11 - - [05/Jan/2025:19:57:52 -0500] "GET / HTTP/1.0" 200 109053 "https://misswavenigeria.com/" "Mozilla/5.0 (Windows NT 6.3; Win64; x64) AppleWebKit/537.36 (KHTML, like Gecko) Chrome/103.0.5060.53 Safari/537.36"
66.29.132.124 - - [05/Jan/2025:19:57:54 -0500] "POST /wp-admin/admin-ajax.php?action=async_litespeed&nonce=iP5zJCmHsGLZ6HoT03pJcLfQiOrAPto2&litespeed_type=imgoptm HTTP/1.1" 200 21 "-" "WordPress/6.7.1; https://misswavenigeria.com"
196.196.53.11 - - [05/Jan/2025:19:57:56 -0500] "GET /register/ HTTP/1.0" 200 75922 "https://misswavenigeria.com/register/" "Mozilla/5.0 (Windows NT 6.3; Win64; x64) AppleWebKit/537.36 (KHTML, like Gecko) Chrome/103.0.5060.53 Safari/537.36"
185.191.171.12 - - [05/Jan/2025:19:58:38 -0500] "GET /wp-includes/IXR/class-IXR-base64.php HTTP/1.1" 200 0 "-" "Mozilla/5.0 (compatible; SemrushBot/7~bl; +http://www.semrush.com/bot.html)"
196.196.53.11 - - [05/Jan/2025:19:57:58 -0500] "POST /register/ HTTP/1.0" 200 76048 "https://misswavenigeria.com/register/" "Mozilla/5.0 (Windows NT 6.3; Win64; x64) AppleWebKit/537.36 (KHTML, like Gecko) Chrome/103.0.5060.53 Safari/537.36"
66.29.132.124 - - [05/Jan/2025:19:59:15 -0500] "POST /wp-cron.php?doing_wp_cron=1736125155.1799209117889404296875 HTTP/1.1" 200 0 "-" "WordPress/6.7.1; https://misswavenigeria.com"
196.196.53.11 - - [05/Jan/2025:19:59:14 -0500] "GET /register/ HTTP/1.0" 200 75922 "https://misswavenigeria.com/" "Mozilla/5.0 (Windows NT 6.3; Win64; x64) AppleWebKit/537.36 (KHTML, like Gecko) Chrome/103.0.5060.53 Safari/537.36"
66.29.132.124 - - [05/Jan/2025:19:59:15 -0500] "POST /wp-admin/admin-ajax.php?action=async_litespeed&nonce=90kjV4S6nya1BzrLU1ea8zAKQz0NgSv5&litespeed_type=imgoptm HTTP/1.1" 200 21 "-" "WordPress/6.7.1; https://misswavenigeria.com"
66.29.132.124 - - [05/Jan/2025:20:00:59 -0500] "POST /wp-cron.php?doing_wp_cron=1736125259.2932980060577392578125 HTTP/1.1" 200 0 "-" "WordPress/6.7.1; https://misswavenigeria.com"
196.196.53.11 - - [05/Jan/2025:20:00:57 -0500] "GET / HTTP/1.0" 200 109055 "https://misswavenigeria.com/" "Mozilla/5.0 (Windows NT 6.3; Win64; x64) AppleWebKit/537.36 (KHTML, like Gecko) Chrome/103.0.5060.114 Safari/537.36"
66.29.132.124 - - [05/Jan/2025:20:00:59 -0500] "POST /wp-admin/admin-ajax.php?action=async_litespeed&nonce=LPhoUJ1ANndmx2WT2orq3aeX6cHefYIP&litespeed_type=imgoptm HTTP/1.1" 200 21 "-" "WordPress/6.7.1; https://misswavenigeria.com"
196.196.53.11 - - [05/Jan/2025:20:01:01 -0500] "GET /register/ HTTP/1.0" 200 75922 "https://misswavenigeria.com/register/" "Mozilla/5.0 (Windows NT 6.3; Win64; x64) AppleWebKit/537.36 (KHTML, like Gecko) Chrome/103.0.5060.114 Safari/537.36"
196.196.53.11 - - [05/Jan/2025:20:01:03 -0500] "POST /register/ HTTP/1.0" 200 76048 "https://misswavenigeria.com/register/" "Mozilla/5.0 (Windows NT 6.3; Win64; x64) AppleWebKit/537.36 (KHTML, like Gecko) Chrome/103.0.5060.114 Safari/537.36"
66.29.132.124 - - [05/Jan/2025:20:03:13 -0500] "POST /wp-cron.php?doing_wp_cron=1736125393.5806779861450195312500 HTTP/1.1" 200 0 "-" "WordPress/6.7.1; https://misswavenigeria.com"
196.196.53.11 - - [05/Jan/2025:20:03:13 -0500] "GET /register/ HTTP/1.0" 200 75922 "https://misswavenigeria.com/" "Mozilla/5.0 (Windows NT 6.3; Win64; x64) AppleWebKit/537.36 (KHTML, like Gecko) Chrome/103.0.5060.114 Safari/537.36"
66.29.132.124 - - [05/Jan/2025:20:03:13 -0500] "POST /wp-admin/admin-ajax.php?action=async_litespeed&nonce=ggs5iRSZ0eLrKCnjuWyga7P04mps2BU7&litespeed_type=imgoptm HTTP/1.1" 200 21 "-" "WordPress/6.7.1; https://misswavenigeria.com"
85.208.96.204 - - [05/Jan/2025:20:03:14 -0500] "GET /wp-includes/customize/class-wp-customize-date-time-control.php HTTP/1.1" 500 0 "-" "Mozilla/5.0 (compatible; SemrushBot/7~bl; +http://www.semrush.com/bot.html)"
66.29.132.124 - - [05/Jan/2025:20:04:13 -0500] "POST /wp-cron.php?doing_wp_cron=1736125453.3827888965606689453125 HTTP/1.1" 200 0 "-" "WordPress/6.7.1; https://misswavenigeria.com"
196.196.53.11 - - [05/Jan/2025:20:04:13 -0500] "GET / HTTP/1.0" 200 109055 "https://misswavenigeria.com/" "Mozilla/5.0 (Windows NT 6.1; WOW64) AppleWebKit/537.36 (KHTML, like Gecko) Chrome/103.0.0.0 Safari/537.36"
66.29.132.124 - - [05/Jan/2025:20:04:13 -0500] "POST /wp-admin/admin-ajax.php?action=async_litespeed&nonce=lukKZMF2TzlEjaghVzIoI50VbXYX058F&litespeed_type=imgoptm HTTP/1.1" 200 21 "-" "WordPress/6.7.1; https://misswavenigeria.com"
196.196.53.11 - - [05/Jan/2025:20:04:15 -0500] "GET /register/ HTTP/1.0" 200 75922 "https://misswavenigeria.com/register/" "Mozilla/5.0 (Windows NT 6.1; WOW64) AppleWebKit/537.36 (KHTML, like Gecko) Chrome/103.0.0.0 Safari/537.36"
196.196.53.11 - - [05/Jan/2025:20:04:17 -0500] "POST /register/ HTTP/1.0" 200 76048 "https://misswavenigeria.com/register/" "Mozilla/5.0 (Windows NT 6.1; WOW64) AppleWebKit/537.36 (KHTML, like Gecko) Chrome/103.0.0.0 Safari/537.36"
66.29.132.124 - - [05/Jan/2025:20:06:36 -0500] "POST /wp-cron.php?doing_wp_cron=1736125596.9090399742126464843750 HTTP/1.1" 200 0 "-" "WordPress/6.7.1; https://misswavenigeria.com"
196.196.53.11 - - [05/Jan/2025:20:06:36 -0500] "GET /register/ HTTP/1.0" 200 75922 "https://misswavenigeria.com/" "Mozilla/5.0 (Windows NT 6.1; WOW64) AppleWebKit/537.36 (KHTML, like Gecko) Chrome/103.0.0.0 Safari/537.36"
66.29.132.124 - - [05/Jan/2025:20:06:37 -0500] "POST /wp-admin/admin-ajax.php?action=async_litespeed&nonce=WKDcoK7GH4Kw2qt8KeWxsgTWsstMuyft&litespeed_type=imgoptm HTTP/1.1" 200 21 "-" "WordPress/6.7.1; https://misswavenigeria.com"
196.196.53.11 - - [05/Jan/2025:20:07:17 -0500] "GET / HTTP/1.0" 200 109053 "https://misswavenigeria.com/" "Mozilla/5.0 (Windows NT 10.0; Win64; x64) AppleWebKit/537.36 (KHTML, like Gecko) Chrome/103.0.5060.114 Safari/537.36"
196.196.53.11 - - [05/Jan/2025:20:07:20 -0500] "GET /register/ HTTP/1.0" 200 75922 "https://misswavenigeria.com/register/" "Mozilla/5.0 (Windows NT 10.0; Win64; x64) AppleWebKit/537.36 (KHTML, like Gecko) Chrome/103.0.5060.114 Safari/537.36"
196.196.53.11 - - [05/Jan/2025:20:07:22 -0500] "POST /register/ HTTP/1.0" 200 76048 "https://misswavenigeria.com/register/" "Mozilla/5.0 (Windows NT 10.0; Win64; x64) AppleWebKit/537.36 (KHTML, like Gecko) Chrome/103.0.5060.114 Safari/537.36"
66.29.132.124 - - [05/Jan/2025:20:09:14 -0500] "POST /wp-cron.php?doing_wp_cron=1736125754.6650209426879882812500 HTTP/1.1" 200 0 "-" "WordPress/6.7.1; https://misswavenigeria.com"
196.196.53.11 - - [05/Jan/2025:20:09:14 -0500] "GET /register/ HTTP/1.0" 200 75922 "https://misswavenigeria.com/" "Mozilla/5.0 (Windows NT 10.0; Win64; x64) AppleWebKit/537.36 (KHTML, like Gecko) Chrome/103.0.5060.114 Safari/537.36"
66.29.132.124 - - [05/Jan/2025:20:09:14 -0500] "POST /wp-admin/admin-ajax.php?action=async_litespeed&nonce=4brgc6au0uw5Wth4Wb5D7wsJ572wSZUI&litespeed_type=imgoptm HTTP/1.1" 200 21 "-" "WordPress/6.7.1; https://misswavenigeria.com"
85.208.96.206 - - [05/Jan/2025:20:09:38 -0500] "GET /wp-includes/widgets/class-wp-widget-rss.php HTTP/1.1" 500 0 "-" "Mozilla/5.0 (compatible; SemrushBot/7~bl; +http://www.semrush.com/bot.html)"
66.29.132.124 - - [05/Jan/2025:20:10:31 -0500] "POST /wp-cron.php?doing_wp_cron=1736125831.6173079013824462890625 HTTP/1.1" 200 0 "-" "WordPress/6.7.1; https://misswavenigeria.com"
196.196.53.11 - - [05/Jan/2025:20:10:31 -0500] "GET / HTTP/1.0" 200 109053 "https://misswavenigeria.com/" "Mozilla/5.0 (Windows NT 6.3; Win64; x64) AppleWebKit/537.36 (KHTML, like Gecko) Chrome/103.0.5060.66 Safari/537.36"
66.29.132.124 - - [05/Jan/2025:20:10:31 -0500] "POST /wp-admin/admin-ajax.php?action=async_litespeed&nonce=FeHME6LSY4kAChTZkVvp8pGgCReBwjaX&litespeed_type=imgoptm HTTP/1.1" 200 21 "-" "WordPress/6.7.1; https://misswavenigeria.com"
196.196.53.11 - - [05/Jan/2025:20:10:34 -0500] "GET /register/ HTTP/1.0" 200 75922 "https://misswavenigeria.com/register/" "Mozilla/5.0 (Windows NT 6.3; Win64; x64) AppleWebKit/537.36 (KHTML, like Gecko) Chrome/103.0.5060.66 Safari/537.36"
196.196.53.11 - - [05/Jan/2025:20:10:35 -0500] "POST /register/ HTTP/1.0" 200 76048 "https://misswavenigeria.com/register/" "Mozilla/5.0 (Windows NT 6.3; Win64; x64) AppleWebKit/537.36 (KHTML, like Gecko) Chrome/103.0.5060.66 Safari/537.36"
66.29.132.124 - - [05/Jan/2025:20:12:26 -0500] "POST /wp-cron.php?doing_wp_cron=1736125945.9674749374389648437500 HTTP/1.1" 200 0 "-" "WordPress/6.7.1; https://misswavenigeria.com"
196.196.53.11 - - [05/Jan/2025:20:12:25 -0500] "GET /register/ HTTP/1.0" 200 75922 "https://misswavenigeria.com/" "Mozilla/5.0 (Windows NT 6.3; Win64; x64) AppleWebKit/537.36 (KHTML, like Gecko) Chrome/103.0.5060.66 Safari/537.36"
66.29.132.124 - - [05/Jan/2025:20:12:26 -0500] "POST /wp-admin/admin-ajax.php?action=async_litespeed&nonce=4xQIzep5mjMiyeE3dIIrby7c6Oy6c0PH&litespeed_type=imgoptm HTTP/1.1" 200 21 "-" "WordPress/6.7.1; https://misswavenigeria.com"
66.29.132.124 - - [05/Jan/2025:20:13:38 -0500] "POST /wp-cron.php?doing_wp_cron=1736126018.6692359447479248046875 HTTP/1.1" 200 0 "-" "WordPress/6.7.1; https://misswavenigeria.com"
196.196.53.11 - - [05/Jan/2025:20:13:38 -0500] "GET / HTTP/1.0" 200 109055 "https://misswavenigeria.com/" "Mozilla/5.0 (Windows NT 6.1; Win64; x64) AppleWebKit/537.36 (KHTML, like Gecko) Chrome/103.0.0.0 Safari/537.36"
66.29.132.124 - - [05/Jan/2025:20:13:38 -0500] "POST /wp-admin/admin-ajax.php?action=async_litespeed&nonce=rBu8WgRN3eU1GOIkpk1gCijatAPDNwwp&litespeed_type=imgoptm HTTP/1.1" 200 21 "-" "WordPress/6.7.1; https://misswavenigeria.com"
196.196.53.11 - - [05/Jan/2025:20:13:40 -0500] "GET /register/ HTTP/1.0" 200 75922 "https://misswavenigeria.com/register/" "Mozilla/5.0 (Windows NT 6.1; Win64; x64) AppleWebKit/537.36 (KHTML, like Gecko) Chrome/103.0.0.0 Safari/537.36"
196.196.53.11 - - [05/Jan/2025:20:13:42 -0500] "POST /register/ HTTP/1.0" 200 76048 "https://misswavenigeria.com/register/" "Mozilla/5.0 (Windows NT 6.1; Win64; x64) AppleWebKit/537.36 (KHTML, like Gecko) Chrome/103.0.0.0 Safari/537.36"
66.29.132.124 - - [05/Jan/2025:20:14:54 -0500] "POST /wp-cron.php?doing_wp_cron=1736126094.3786640167236328125000 HTTP/1.1" 200 0 "-" "WordPress/6.7.1; https://misswavenigeria.com"
196.196.53.11 - - [05/Jan/2025:20:14:54 -0500] "GET /register/ HTTP/1.0" 200 75922 "https://misswavenigeria.com/" "Mozilla/5.0 (Windows NT 6.1; Win64; x64) AppleWebKit/537.36 (KHTML, like Gecko) Chrome/103.0.0.0 Safari/537.36"
66.29.132.124 - - [05/Jan/2025:20:14:54 -0500] "POST /wp-admin/admin-ajax.php?action=async_litespeed&nonce=H2nBQmKfRLPlM9uLoC69NZ4DY0FLqdMQ&litespeed_type=imgoptm HTTP/1.1" 200 21 "-" "WordPress/6.7.1; https://misswavenigeria.com"
85.208.96.201 - - [05/Jan/2025:20:15:16 -0500] "GET /wp-includes/js/dist/script-modules/ HTTP/1.1" 200 848 "-" "Mozilla/5.0 (compatible; SemrushBot/7~bl; +http://www.semrush.com/bot.html)"
66.29.132.124 - - [05/Jan/2025:20:16:43 -0500] "POST /wp-cron.php?doing_wp_cron=1736126203.0435440540313720703125 HTTP/1.1" 200 0 "-" "WordPress/6.7.1; https://misswavenigeria.com"
196.196.53.11 - - [05/Jan/2025:20:16:40 -0500] "GET / HTTP/1.0" 200 109055 "https://misswavenigeria.com/" "Mozilla/5.0 (Windows NT 10.0; Win64; x64) AppleWebKit/537.36 (KHTML, like Gecko) Chrome/103.0.5060.66 Safari/537.36"
66.29.132.124 - - [05/Jan/2025:20:16:43 -0500] "POST /wp-admin/admin-ajax.php?action=async_litespeed&nonce=iIdiilq0V3nNTnBRkw7TXci7BVsMjv8l&litespeed_type=imgoptm HTTP/1.1" 200 21 "-" "WordPress/6.7.1; https://misswavenigeria.com"
196.196.53.11 - - [05/Jan/2025:20:16:45 -0500] "GET /register/ HTTP/1.0" 200 75922 "https://misswavenigeria.com/register/" "Mozilla/5.0 (Windows NT 10.0; Win64; x64) AppleWebKit/537.36 (KHTML, like Gecko) Chrome/103.0.5060.66 Safari/537.36"
196.196.53.11 - - [05/Jan/2025:20:16:47 -0500] "POST /register/ HTTP/1.0" 200 76048 "https://misswavenigeria.com/register/" "Mozilla/5.0 (Windows NT 10.0; Win64; x64) AppleWebKit/537.36 (KHTML, like Gecko) Chrome/103.0.5060.66 Safari/537.36"
66.29.132.124 - - [05/Jan/2025:20:17:54 -0500] "POST /wp-cron.php?doing_wp_cron=1736126274.3246729373931884765625 HTTP/1.1" 200 0 "-" "WordPress/6.7.1; https://misswavenigeria.com"
196.196.53.11 - - [05/Jan/2025:20:17:54 -0500] "GET /register/ HTTP/1.0" 200 75922 "https://misswavenigeria.com/" "Mozilla/5.0 (Windows NT 10.0; Win64; x64) AppleWebKit/537.36 (KHTML, like Gecko) Chrome/103.0.5060.66 Safari/537.36"
66.29.132.124 - - [05/Jan/2025:20:17:54 -0500] "POST /wp-admin/admin-ajax.php?action=async_litespeed&nonce=CKXqYpliGmRhvgUqn8CCvbYxktX4SXJE&litespeed_type=imgoptm HTTP/1.1" 200 21 "-" "WordPress/6.7.1; https://misswavenigeria.com"
185.191.171.18 - - [05/Jan/2025:20:18:33 -0500] "GET /wp-includes/Text/Diff/Renderer/ HTTP/1.1" 200 792 "-" "Mozilla/5.0 (compatible; SemrushBot/7~bl; +http://www.semrush.com/bot.html)"
66.29.132.124 - - [05/Jan/2025:20:18:53 -0500] "POST /wp-cron.php?doing_wp_cron=1736126333.0394918918609619140625 HTTP/1.1" 200 0 "-" "WordPress/6.7.1; https://misswavenigeria.com"
66.249.79.204 - - [05/Jan/2025:20:18:52 -0500] "GET /goods/87975.html HTTP/1.1" 404 15610 "-" "Mozilla/5.0 (Linux; Android 6.0.1; Nexus 5X Build/MMB29P) AppleWebKit/537.36 (KHTML, like Gecko) Chrome/131.0.6778.139 Mobile Safari/537.36 (compatible; Googlebot/2.1; +http://www.google.com/bot.html)"
66.29.132.124 - - [05/Jan/2025:20:18:53 -0500] "POST /wp-admin/admin-ajax.php?action=async_litespeed&nonce=aFLHA5n9qWB5w8UMstnxQlIVMog8B5kn&litespeed_type=imgoptm HTTP/1.1" 200 21 "-" "WordPress/6.7.1; https://misswavenigeria.com"
85.208.96.193 - - [05/Jan/2025:20:19:03 -0500] "GET /wp-includes/PHPMailer/SMTP.php HTTP/1.1" 200 0 "-" "Mozilla/5.0 (compatible; SemrushBot/7~bl; +http://www.semrush.com/bot.html)"
66.29.132.124 - - [05/Jan/2025:20:19:41 -0500] "POST /wp-cron.php?doing_wp_cron=1736126381.3606810569763183593750 HTTP/1.1" 200 0 "-" "WordPress/6.7.1; https://misswavenigeria.com"
196.196.53.11 - - [05/Jan/2025:20:19:41 -0500] "GET / HTTP/1.0" 200 109055 "https://misswavenigeria.com/" "Mozilla/5.0 (Windows NT 10.0; Win64; x64) AppleWebKit/537.36 (KHTML, like Gecko) Chrome/103.0.0.0 Safari/537.36"
66.29.132.124 - - [05/Jan/2025:20:19:41 -0500] "POST /wp-admin/admin-ajax.php?action=async_litespeed&nonce=XuBO7bl09Fw5DabRaeI5qIrY9shexwl0&litespeed_type=imgoptm HTTP/1.1" 200 21 "-" "WordPress/6.7.1; https://misswavenigeria.com"
196.196.53.11 - - [05/Jan/2025:20:19:43 -0500] "GET /register/ HTTP/1.0" 200 75922 "https://misswavenigeria.com/register/" "Mozilla/5.0 (Windows NT 10.0; Win64; x64) AppleWebKit/537.36 (KHTML, like Gecko) Chrome/103.0.0.0 Safari/537.36"
66.29.132.124 - - [05/Jan/2025:20:20:23 -0500] "POST /wp-cron.php?doing_wp_cron=1736126423.8109769821166992187500 HTTP/1.1" 200 0 "-" "WordPress/6.7.1; https://misswavenigeria.com"
66.249.68.4 - - [05/Jan/2025:20:20:23 -0500] "GET /item/A185848DS?c=485&keyword=rejuvenate HTTP/1.1" 404 15612 "-" "Mozilla/5.0 (Linux; Android 6.0.1; Nexus 5X Build/MMB29P) AppleWebKit/537.36 (KHTML, like Gecko) Chrome/131.0.6778.139 Mobile Safari/537.36 (compatible; Googlebot/2.1; +http://www.google.com/bot.html)"
66.29.132.124 - - [05/Jan/2025:20:20:23 -0500] "POST /wp-admin/admin-ajax.php?action=async_litespeed&nonce=dZtQ0svjG2cP9owPjuN7WF05s7S9uzJz&litespeed_type=imgoptm HTTP/1.1" 200 21 "-" "WordPress/6.7.1; https://misswavenigeria.com"
196.196.53.11 - - [05/Jan/2025:20:19:45 -0500] "POST /register/ HTTP/1.0" 200 76048 "https://misswavenigeria.com/register/" "Mozilla/5.0 (Windows NT 10.0; Win64; x64) AppleWebKit/537.36 (KHTML, like Gecko) Chrome/103.0.0.0 Safari/537.36"
66.29.132.124 - - [05/Jan/2025:20:21:11 -0500] "POST /wp-cron.php?doing_wp_cron=1736126471.3863120079040527343750 HTTP/1.1" 200 0 "-" "WordPress/6.7.1; https://misswavenigeria.com"
196.196.53.11 - - [05/Jan/2025:20:21:11 -0500] "GET /register/ HTTP/1.0" 200 75922 "https://misswavenigeria.com/" "Mozilla/5.0 (Windows NT 10.0; Win64; x64) AppleWebKit/537.36 (KHTML, like Gecko) Chrome/103.0.0.0 Safari/537.36"
185.191.171.2 - - [05/Jan/2025:20:22:40 -0500] "GET /wp-includes/js/swfupload/ HTTP/1.1" 200 869 "-" "Mozilla/5.0 (compatible; SemrushBot/7~bl; +http://www.semrush.com/bot.html)"
66.29.132.124 - - [05/Jan/2025:20:22:50 -0500] "POST /wp-cron.php?doing_wp_cron=1736126570.7995491027832031250000 HTTP/1.1" 200 0 "-" "WordPress/6.7.1; https://misswavenigeria.com"
196.196.53.11 - - [05/Jan/2025:20:22:48 -0500] "GET / HTTP/1.0" 200 109053 "https://misswavenigeria.com/" "Mozilla/5.0 (Windows NT 10.0; WOW64) AppleWebKit/537.36 (KHTML, like Gecko) Chrome/103.0.5060.114 Safari/537.36"
66.29.132.124 - - [05/Jan/2025:20:22:51 -0500] "POST /wp-admin/admin-ajax.php?action=async_litespeed&nonce=2mEFfuMYPjqVToSxVAHMUzuiPohNDzdv&litespeed_type=imgoptm HTTP/1.1" 200 21 "-" "WordPress/6.7.1; https://misswavenigeria.com"
196.196.53.11 - - [05/Jan/2025:20:22:53 -0500] "GET /register/ HTTP/1.0" 200 75922 "https://misswavenigeria.com/register/" "Mozilla/5.0 (Windows NT 10.0; WOW64) AppleWebKit/537.36 (KHTML, like Gecko) Chrome/103.0.5060.114 Safari/537.36"
85.208.96.211 - - [05/Jan/2025:20:23:32 -0500] "GET /wp-includes/ID3/module.audio.mp3.php HTTP/1.1" 200 0 "-" "Mozilla/5.0 (compatible; SemrushBot/7~bl; +http://www.semrush.com/bot.html)"
196.196.53.11 - - [05/Jan/2025:20:22:54 -0500] "POST /register/ HTTP/1.0" 200 76048 "https://misswavenigeria.com/register/" "Mozilla/5.0 (Windows NT 10.0; WOW64) AppleWebKit/537.36 (KHTML, like Gecko) Chrome/103.0.5060.114 Safari/537.36"
66.29.132.124 - - [05/Jan/2025:20:24:52 -0500] "POST /wp-cron.php?doing_wp_cron=1736126692.3440001010894775390625 HTTP/1.1" 200 0 "-" "WordPress/6.7.1; https://misswavenigeria.com"
196.196.53.11 - - [05/Jan/2025:20:24:52 -0500] "GET /register/ HTTP/1.0" 200 75922 "https://misswavenigeria.com/" "Mozilla/5.0 (Windows NT 10.0; WOW64) AppleWebKit/537.36 (KHTML, like Gecko) Chrome/103.0.5060.114 Safari/537.36"
66.29.132.124 - - [05/Jan/2025:20:24:52 -0500] "POST /wp-admin/admin-ajax.php?action=async_litespeed&nonce=TJs5va2t0f1HnD0J0T78GgO52IHvSvOl&litespeed_type=imgoptm HTTP/1.1" 200 21 "-" "WordPress/6.7.1; https://misswavenigeria.com"
66.29.132.124 - - [05/Jan/2025:20:25:50 -0500] "POST /wp-cron.php?doing_wp_cron=1736126750.7632739543914794921875 HTTP/1.1" 200 0 "-" "WordPress/6.7.1; https://misswavenigeria.com"
196.196.53.11 - - [05/Jan/2025:20:25:50 -0500] "GET / HTTP/1.0" 200 109055 "https://misswavenigeria.com/" "Mozilla/5.0 (Windows NT 6.1) AppleWebKit/537.36 (KHTML, like Gecko) Chrome/103.0.0.0 Safari/537.36"
66.29.132.124 - - [05/Jan/2025:20:25:50 -0500] "POST /wp-admin/admin-ajax.php?action=async_litespeed&nonce=U5Jt2jPRPX045JOObMFMEOMuEAfA1Ndu&litespeed_type=imgoptm HTTP/1.1" 200 21 "-" "WordPress/6.7.1; https://misswavenigeria.com"
196.196.53.11 - - [05/Jan/2025:20:25:52 -0500] "GET /register/ HTTP/1.0" 200 75922 "https://misswavenigeria.com/register/" "Mozilla/5.0 (Windows NT 6.1) AppleWebKit/537.36 (KHTML, like Gecko) Chrome/103.0.0.0 Safari/537.36"
196.196.53.11 - - [05/Jan/2025:20:25:55 -0500] "POST /register/ HTTP/1.0" 200 76048 "https://misswavenigeria.com/register/" "Mozilla/5.0 (Windows NT 6.1) AppleWebKit/537.36 (KHTML, like Gecko) Chrome/103.0.0.0 Safari/537.36"
66.29.132.124 - - [05/Jan/2025:20:27:12 -0500] "POST /wp-cron.php?doing_wp_cron=1736126832.5709140300750732421875 HTTP/1.1" 200 0 "-" "WordPress/6.7.1; https://misswavenigeria.com"
196.196.53.11 - - [05/Jan/2025:20:27:12 -0500] "GET /register/ HTTP/1.0" 200 75922 "https://misswavenigeria.com/" "Mozilla/5.0 (Windows NT 6.1) AppleWebKit/537.36 (KHTML, like Gecko) Chrome/103.0.0.0 Safari/537.36"
66.29.132.124 - - [05/Jan/2025:20:27:12 -0500] "POST /wp-admin/admin-ajax.php?action=async_litespeed&nonce=OkIMZAoKCy9F8xq8zTYjxJznmaEOgdjL&litespeed_type=imgoptm HTTP/1.1" 200 21 "-" "WordPress/6.7.1; https://misswavenigeria.com"
66.29.132.124 - - [05/Jan/2025:20:28:54 -0500] "POST /wp-cron.php?doing_wp_cron=1736126934.7844009399414062500000 HTTP/1.1" 200 0 "-" "WordPress/6.7.1; https://misswavenigeria.com"
196.196.53.11 - - [05/Jan/2025:20:28:53 -0500] "GET / HTTP/1.0" 200 109053 "https://misswavenigeria.com/" "Mozilla/5.0 (Windows NT 6.1; Win64; x64) AppleWebKit/537.36 (KHTML, like Gecko) Chrome/103.0.0.0 Safari/537.36"
66.29.132.124 - - [05/Jan/2025:20:28:54 -0500] "POST /wp-admin/admin-ajax.php?action=async_litespeed&nonce=EhBX3b1OcLxnvYDB4CgSqhbXlGkTjVXs&litespeed_type=imgoptm HTTP/1.1" 200 21 "-" "WordPress/6.7.1; https://misswavenigeria.com"
196.196.53.11 - - [05/Jan/2025:20:28:57 -0500] "GET /register/ HTTP/1.0" 200 75922 "https://misswavenigeria.com/register/" "Mozilla/5.0 (Windows NT 6.1; Win64; x64) AppleWebKit/537.36 (KHTML, like Gecko) Chrome/103.0.0.0 Safari/537.36"
196.196.53.11 - - [05/Jan/2025:20:28:58 -0500] "POST /register/ HTTP/1.0" 200 76048 "https://misswavenigeria.com/register/" "Mozilla/5.0 (Windows NT 6.1; Win64; x64) AppleWebKit/537.36 (KHTML, like Gecko) Chrome/103.0.0.0 Safari/537.36"
66.29.132.124 - - [05/Jan/2025:20:30:23 -0500] "POST /wp-cron.php?doing_wp_cron=1736127023.9593429565429687500000 HTTP/1.1" 200 0 "-" "WordPress/6.7.1; https://misswavenigeria.com"
196.196.53.11 - - [05/Jan/2025:20:30:23 -0500] "GET /register/ HTTP/1.0" 200 75922 "https://misswavenigeria.com/" "Mozilla/5.0 (Windows NT 6.1; Win64; x64) AppleWebKit/537.36 (KHTML, like Gecko) Chrome/103.0.0.0 Safari/537.36"
66.29.132.124 - - [05/Jan/2025:20:30:24 -0500] "POST /wp-admin/admin-ajax.php?action=async_litespeed&nonce=niDbjhGveqbjY5AbcRlihiZXNhSXyZFa&litespeed_type=imgoptm HTTP/1.1" 200 21 "-" "WordPress/6.7.1; https://misswavenigeria.com"
66.29.132.124 - - [05/Jan/2025:20:31:08 -0500] "POST /wp-cron.php?doing_wp_cron=1736127068.4909710884094238281250 HTTP/1.1" 200 0 "-" "WordPress/6.7.1; https://misswavenigeria.com"
205.210.31.143 - - [05/Jan/2025:20:31:08 -0500] "GET / HTTP/1.1" 301 0 "-" "-"
205.210.31.143 - - [05/Jan/2025:20:31:09 -0500] "GET / HTTP/1.1" 200 109055 "-" "-"
196.196.53.11 - - [05/Jan/2025:20:31:56 -0500] "GET / HTTP/1.0" 200 109055 "https://misswavenigeria.com/" "Mozilla/5.0 (Windows NT 6.3; WOW64) AppleWebKit/537.36 (KHTML, like Gecko) Chrome/103.0.5060.114 Safari/537.36"
196.196.53.11 - - [05/Jan/2025:20:31:58 -0500] "GET /register/ HTTP/1.0" 200 75922 "https://misswavenigeria.com/register/" "Mozilla/5.0 (Windows NT 6.3; WOW64) AppleWebKit/537.36 (KHTML, like Gecko) Chrome/103.0.5060.114 Safari/537.36"
66.29.132.124 - - [05/Jan/2025:20:32:00 -0500] "POST /wp-cron.php?doing_wp_cron=1736127120.4744400978088378906250 HTTP/1.1" 200 0 "-" "WordPress/6.7.1; https://misswavenigeria.com"
66.29.132.124 - - [05/Jan/2025:20:32:00 -0500] "POST /wp-admin/admin-ajax.php?action=async_litespeed&nonce=zhDjK7GRHLzRpK3NhVqyphfxwPSRpjKt&litespeed_type=imgoptm HTTP/1.1" 200 21 "-" "WordPress/6.7.1; https://misswavenigeria.com"
196.196.53.11 - - [05/Jan/2025:20:32:00 -0500] "POST /register/ HTTP/1.0" 200 76048 "https://misswavenigeria.com/register/" "Mozilla/5.0 (Windows NT 6.3; WOW64) AppleWebKit/537.36 (KHTML, like Gecko) Chrome/103.0.5060.114 Safari/537.36"
66.29.132.124 - - [05/Jan/2025:20:33:48 -0500] "POST /wp-cron.php?doing_wp_cron=1736127228.6780591011047363281250 HTTP/1.1" 200 0 "-" "WordPress/6.7.1; https://misswavenigeria.com"
196.196.53.11 - - [05/Jan/2025:20:33:48 -0500] "GET /register/ HTTP/1.0" 200 75922 "https://misswavenigeria.com/" "Mozilla/5.0 (Windows NT 6.3; WOW64) AppleWebKit/537.36 (KHTML, like Gecko) Chrome/103.0.5060.114 Safari/537.36"
66.29.132.124 - - [05/Jan/2025:20:33:48 -0500] "POST /wp-admin/admin-ajax.php?action=async_litespeed&nonce=CwSgcbSBnrqNZzhmCy1yvwDXHFnElhHp&litespeed_type=imgoptm HTTP/1.1" 200 21 "-" "WordPress/6.7.1; https://misswavenigeria.com"
66.29.132.124 - - [05/Jan/2025:20:34:58 -0500] "POST /wp-cron.php?doing_wp_cron=1736127298.3809130191802978515625 HTTP/1.1" 200 0 "-" "WordPress/6.7.1; https://misswavenigeria.com"
196.196.53.11 - - [05/Jan/2025:20:34:58 -0500] "GET / HTTP/1.0" 200 109053 "https://misswavenigeria.com/" "Mozilla/5.0 (Windows NT 6.1) AppleWebKit/537.36 (KHTML, like Gecko) Chrome/103.0.5060.114 Safari/537.36"
66.29.132.124 - - [05/Jan/2025:20:34:58 -0500] "POST /wp-admin/admin-ajax.php?action=async_litespeed&nonce=5g1n8OG5t2ll5wJeYEHs3PkdZ0LlQ9zx&litespeed_type=imgoptm HTTP/1.1" 200 21 "-" "WordPress/6.7.1; https://misswavenigeria.com"
196.196.53.11 - - [05/Jan/2025:20:35:00 -0500] "GET /register/ HTTP/1.0" 200 75922 "https://misswavenigeria.com/register/" "Mozilla/5.0 (Windows NT 6.1) AppleWebKit/537.36 (KHTML, like Gecko) Chrome/103.0.5060.114 Safari/537.36"
196.196.53.11 - - [05/Jan/2025:20:35:02 -0500] "POST /register/ HTTP/1.0" 200 76048 "https://misswavenigeria.com/register/" "Mozilla/5.0 (Windows NT 6.1) AppleWebKit/537.36 (KHTML, like Gecko) Chrome/103.0.5060.114 Safari/537.36"
66.29.132.124 - - [05/Jan/2025:20:36:13 -0500] "POST /wp-cron.php?doing_wp_cron=1736127373.0106720924377441406250 HTTP/1.1" 200 0 "-" "WordPress/6.7.1; https://misswavenigeria.com"
196.196.53.11 - - [05/Jan/2025:20:36:12 -0500] "GET /register/ HTTP/1.0" 200 75922 "https://misswavenigeria.com/" "Mozilla/5.0 (Windows NT 6.1) AppleWebKit/537.36 (KHTML, like Gecko) Chrome/103.0.5060.114 Safari/537.36"
66.29.132.124 - - [05/Jan/2025:20:36:13 -0500] "POST /wp-admin/admin-ajax.php?action=async_litespeed&nonce=AybaUY5bkDzIJzUDEcBJDgSIKnvbIU83&litespeed_type=imgoptm HTTP/1.1" 200 21 "-" "WordPress/6.7.1; https://misswavenigeria.com"
66.29.132.124 - - [05/Jan/2025:20:38:02 -0500] "POST /wp-cron.php?doing_wp_cron=1736127482.4708299636840820312500 HTTP/1.1" 200 0 "-" "WordPress/6.7.1; https://misswavenigeria.com"
196.196.53.11 - - [05/Jan/2025:20:38:00 -0500] "GET / HTTP/1.0" 200 109055 "https://misswavenigeria.com/" "Mozilla/5.0 (Windows NT 6.3; Win64; x64) AppleWebKit/537.36 (KHTML, like Gecko) Chrome/103.0.5060.114 Safari/537.36"
66.29.132.124 - - [05/Jan/2025:20:38:02 -0500] "POST /wp-admin/admin-ajax.php?action=async_litespeed&nonce=kliqmrXFR2VrxpAfpFq0ig7iYHGl9nm9&litespeed_type=imgoptm HTTP/1.1" 200 21 "-" "WordPress/6.7.1; https://misswavenigeria.com"
196.196.53.11 - - [05/Jan/2025:20:38:04 -0500] "GET /register/ HTTP/1.0" 200 75922 "https://misswavenigeria.com/register/" "Mozilla/5.0 (Windows NT 6.3; Win64; x64) AppleWebKit/537.36 (KHTML, like Gecko) Chrome/103.0.5060.114 Safari/537.36"
196.196.53.11 - - [05/Jan/2025:20:38:06 -0500] "POST /register/ HTTP/1.0" 200 76048 "https://misswavenigeria.com/register/" "Mozilla/5.0 (Windows NT 6.3; Win64; x64) AppleWebKit/537.36 (KHTML, like Gecko) Chrome/103.0.5060.114 Safari/537.36"
66.29.132.124 - - [05/Jan/2025:20:39:18 -0500] "POST /wp-cron.php?doing_wp_cron=1736127558.1828050613403320312500 HTTP/1.1" 200 0 "-" "WordPress/6.7.1; https://misswavenigeria.com"
196.196.53.11 - - [05/Jan/2025:20:39:17 -0500] "GET /register/ HTTP/1.0" 200 75922 "https://misswavenigeria.com/" "Mozilla/5.0 (Windows NT 6.3; Win64; x64) AppleWebKit/537.36 (KHTML, like Gecko) Chrome/103.0.5060.114 Safari/537.36"
66.29.132.124 - - [05/Jan/2025:20:39:18 -0500] "POST /wp-admin/admin-ajax.php?action=async_litespeed&nonce=95paanExd2luXA7F1a1SejrI7HCGYq4E&litespeed_type=imgoptm HTTP/1.1" 200 21 "-" "WordPress/6.7.1; https://misswavenigeria.com"
185.191.171.1 - - [05/Jan/2025:20:40:08 -0500] "GET /wp-includes/fonts/class-wp-font-collection.php HTTP/1.1" 200 0 "-" "Mozilla/5.0 (compatible; SemrushBot/7~bl; +http://www.semrush.com/bot.html)"
66.29.132.124 - - [05/Jan/2025:20:41:04 -0500] "POST /wp-cron.php?doing_wp_cron=1736127664.4825289249420166015625 HTTP/1.1" 200 0 "-" "WordPress/6.7.1; https://misswavenigeria.com"
196.196.53.11 - - [05/Jan/2025:20:41:04 -0500] "GET / HTTP/1.0" 200 109053 "https://misswavenigeria.com/" "Mozilla/5.0 (Windows NT 6.3; Win64; x64) AppleWebKit/537.36 (KHTML, like Gecko) Chrome/103.0.0.0 Safari/537.36"
66.29.132.124 - - [05/Jan/2025:20:41:04 -0500] "POST /wp-admin/admin-ajax.php?action=async_litespeed&nonce=lx8wKrk1unyBNJuLbZRfdsDhz04fd8l0&litespeed_type=imgoptm HTTP/1.1" 200 21 "-" "WordPress/6.7.1; https://misswavenigeria.com"
196.196.53.11 - - [05/Jan/2025:20:41:06 -0500] "GET /register/ HTTP/1.0" 200 75922 "https://misswavenigeria.com/register/" "Mozilla/5.0 (Windows NT 6.3; Win64; x64) AppleWebKit/537.36 (KHTML, like Gecko) Chrome/103.0.0.0 Safari/537.36"
196.196.53.11 - - [05/Jan/2025:20:41:08 -0500] "POST /register/ HTTP/1.0" 200 76048 "https://misswavenigeria.com/register/" "Mozilla/5.0 (Windows NT 6.3; Win64; x64) AppleWebKit/537.36 (KHTML, like Gecko) Chrome/103.0.0.0 Safari/537.36"
66.29.132.124 - - [05/Jan/2025:20:42:16 -0500] "POST /wp-cron.php?doing_wp_cron=1736127736.4417469501495361328125 HTTP/1.1" 200 0 "-" "WordPress/6.7.1; https://misswavenigeria.com"
196.196.53.11 - - [05/Jan/2025:20:42:16 -0500] "GET /register/ HTTP/1.0" 200 75922 "https://misswavenigeria.com/" "Mozilla/5.0 (Windows NT 6.3; Win64; x64) AppleWebKit/537.36 (KHTML, like Gecko) Chrome/103.0.0.0 Safari/537.36"
66.29.132.124 - - [05/Jan/2025:20:42:16 -0500] "POST /wp-admin/admin-ajax.php?action=async_litespeed&nonce=I1X459lgYRtho8S0VbpMbIEPXtKZaAfP&litespeed_type=imgoptm HTTP/1.1" 200 21 "-" "WordPress/6.7.1; https://misswavenigeria.com"
205.185.117.96 - - [05/Jan/2025:20:42:33 -0500] "GET /wp-login.php HTTP/1.1" 200 6933 "-" "Mozilla/5.0 (Windows NT 6.1; WOW64) AppleWebKit/537.36 (KHTML, like Gecko) Chrome/36.0.1985.143 Safari/537.36"
85.208.96.211 - - [05/Jan/2025:20:43:44 -0500] "GET /wp-includes/sitemaps/class-wp-sitemaps-registry.php HTTP/1.1" 200 0 "-" "Mozilla/5.0 (compatible; SemrushBot/7~bl; +http://www.semrush.com/bot.html)"
66.29.132.124 - - [05/Jan/2025:20:44:07 -0500] "POST /wp-cron.php?doing_wp_cron=1736127847.1662030220031738281250 HTTP/1.1" 200 0 "-" "WordPress/6.7.1; https://misswavenigeria.com"
196.196.53.11 - - [05/Jan/2025:20:44:05 -0500] "GET / HTTP/1.0" 200 109055 "https://misswavenigeria.com/" "Mozilla/5.0 (Windows NT 10.0; Win64; x64) AppleWebKit/537.36 (KHTML, like Gecko) Chrome/103.0.0.0 Safari/537.36 OpenWave/97.4.2043.44"
66.29.132.124 - - [05/Jan/2025:20:44:07 -0500] "POST /wp-admin/admin-ajax.php?action=async_litespeed&nonce=OxZqj43w2LXtD7fRfdmirLCHdn8bBiE9&litespeed_type=imgoptm HTTP/1.1" 200 21 "-" "WordPress/6.7.1; https://misswavenigeria.com"
196.196.53.11 - - [05/Jan/2025:20:44:09 -0500] "GET /register/ HTTP/1.0" 200 75922 "https://misswavenigeria.com/register/" "Mozilla/5.0 (Windows NT 10.0; Win64; x64) AppleWebKit/537.36 (KHTML, like Gecko) Chrome/103.0.0.0 Safari/537.36 OpenWave/97.4.2043.44"
185.191.171.17 - - [05/Jan/2025:20:44:10 -0500] "GET /wp-includes/ID3/module.audio.ac3.php HTTP/1.1" 200 0 "-" "Mozilla/5.0 (compatible; SemrushBot/7~bl; +http://www.semrush.com/bot.html)"
196.196.53.11 - - [05/Jan/2025:20:44:11 -0500] "POST /register/ HTTP/1.0" 200 76048 "https://misswavenigeria.com/register/" "Mozilla/5.0 (Windows NT 10.0; Win64; x64) AppleWebKit/537.36 (KHTML, like Gecko) Chrome/103.0.0.0 Safari/537.36 OpenWave/97.4.2043.44"
66.29.132.124 - - [05/Jan/2025:20:45:23 -0500] "POST /wp-cron.php?doing_wp_cron=1736127923.1426229476928710937500 HTTP/1.1" 200 0 "-" "WordPress/6.7.1; https://misswavenigeria.com"
196.196.53.11 - - [05/Jan/2025:20:45:23 -0500] "GET /register/ HTTP/1.0" 200 75922 "https://misswavenigeria.com/" "Mozilla/5.0 (Windows NT 10.0; Win64; x64) AppleWebKit/537.36 (KHTML, like Gecko) Chrome/103.0.0.0 Safari/537.36 OpenWave/97.4.2043.44"
66.29.132.124 - - [05/Jan/2025:20:45:23 -0500] "POST /wp-admin/admin-ajax.php?action=async_litespeed&nonce=tMUtE2hYBO4KY3qILYnNtTZz1CI0ri8q&litespeed_type=imgoptm HTTP/1.1" 200 21 "-" "WordPress/6.7.1; https://misswavenigeria.com"
66.29.132.124 - - [05/Jan/2025:20:47:06 -0500] "POST /wp-cron.php?doing_wp_cron=1736128026.8318529129028320312500 HTTP/1.1" 200 0 "-" "WordPress/6.7.1; https://misswavenigeria.com"
196.196.53.11 - - [05/Jan/2025:20:47:05 -0500] "GET / HTTP/1.0" 200 109053 "https://misswavenigeria.com/" "Mozilla/5.0 (Windows NT 6.3; Win64; x64) AppleWebKit/537.36 (KHTML, like Gecko) Chrome/103.0.5060.53 Safari/537.36"
66.29.132.124 - - [05/Jan/2025:20:47:07 -0500] "POST /wp-admin/admin-ajax.php?action=async_litespeed&nonce=6aFUqjQaCifLR7XWN7BFUeNLsWDxgSFt&litespeed_type=imgoptm HTTP/1.1" 200 21 "-" "WordPress/6.7.1; https://misswavenigeria.com"
196.196.53.11 - - [05/Jan/2025:20:47:09 -0500] "GET /register/ HTTP/1.0" 200 75922 "https://misswavenigeria.com/register/" "Mozilla/5.0 (Windows NT 6.3; Win64; x64) AppleWebKit/537.36 (KHTML, like Gecko) Chrome/103.0.5060.53 Safari/537.36"
196.196.53.11 - - [05/Jan/2025:20:47:10 -0500] "POST /register/ HTTP/1.0" 200 76048 "https://misswavenigeria.com/register/" "Mozilla/5.0 (Windows NT 6.3; Win64; x64) AppleWebKit/537.36 (KHTML, like Gecko) Chrome/103.0.5060.53 Safari/537.36"
185.191.171.15 - - [05/Jan/2025:20:48:24 -0500] "GET /wp-includes/js/jcrop/ HTTP/1.1" 200 869 "-" "Mozilla/5.0 (compatible; SemrushBot/7~bl; +http://www.semrush.com/bot.html)"
66.29.132.124 - - [05/Jan/2025:20:48:26 -0500] "POST /wp-cron.php?doing_wp_cron=1736128106.0331149101257324218750 HTTP/1.1" 200 0 "-" "WordPress/6.7.1; https://misswavenigeria.com"
196.196.53.11 - - [05/Jan/2025:20:48:25 -0500] "GET /register/ HTTP/1.0" 200 75922 "https://misswavenigeria.com/" "Mozilla/5.0 (Windows NT 6.3; Win64; x64) AppleWebKit/537.36 (KHTML, like Gecko) Chrome/103.0.5060.53 Safari/537.36"
66.29.132.124 - - [05/Jan/2025:20:48:26 -0500] "POST /wp-admin/admin-ajax.php?action=async_litespeed&nonce=QcQ4dgU1UOHhyohtMMzUzurXDYOPe1Mc&litespeed_type=imgoptm HTTP/1.1" 200 21 "-" "WordPress/6.7.1; https://misswavenigeria.com"
66.29.132.124 - - [05/Jan/2025:20:50:09 -0500] "POST /wp-cron.php?doing_wp_cron=1736128209.0403430461883544921875 HTTP/1.1" 200 0 "-" "WordPress/6.7.1; https://misswavenigeria.com"
196.196.53.11 - - [05/Jan/2025:20:50:05 -0500] "GET / HTTP/1.0" 200 109051 "https://misswavenigeria.com/" "Mozilla/5.0 (Windows NT 6.3; Win64; x64) AppleWebKit/537.36 (KHTML, like Gecko) Chrome/103.0.0.0 Safari/537.36"
66.29.132.124 - - [05/Jan/2025:20:50:10 -0500] "POST /wp-admin/admin-ajax.php?action=async_litespeed&nonce=9p6JxFqvMRGROKKaUGULnyaIADNIml4T&litespeed_type=imgoptm HTTP/1.1" 200 21 "-" "WordPress/6.7.1; https://misswavenigeria.com"
196.196.53.11 - - [05/Jan/2025:20:50:12 -0500] "GET /register/ HTTP/1.0" 200 75922 "https://misswavenigeria.com/register/" "Mozilla/5.0 (Windows NT 6.3; Win64; x64) AppleWebKit/537.36 (KHTML, like Gecko) Chrome/103.0.0.0 Safari/537.36"
196.196.53.11 - - [05/Jan/2025:20:50:13 -0500] "POST /register/ HTTP/1.0" 200 76048 "https://misswavenigeria.com/register/" "Mozilla/5.0 (Windows NT 6.3; Win64; x64) AppleWebKit/537.36 (KHTML, like Gecko) Chrome/103.0.0.0 Safari/537.36"
66.29.132.124 - - [05/Jan/2025:20:52:21 -0500] "POST /wp-cron.php?doing_wp_cron=1736128341.7605509757995605468750 HTTP/1.1" 200 0 "-" "WordPress/6.7.1; https://misswavenigeria.com"
196.196.53.11 - - [05/Jan/2025:20:52:21 -0500] "GET /register/ HTTP/1.0" 200 75922 "https://misswavenigeria.com/" "Mozilla/5.0 (Windows NT 6.3; Win64; x64) AppleWebKit/537.36 (KHTML, like Gecko) Chrome/103.0.0.0 Safari/537.36"
66.29.132.124 - - [05/Jan/2025:20:52:22 -0500] "POST /wp-admin/admin-ajax.php?action=async_litespeed&nonce=MVl8Le2V8NNHvjGHB38w4bBpGhCcmnqL&litespeed_type=imgoptm HTTP/1.1" 200 21 "-" "WordPress/6.7.1; https://misswavenigeria.com"
66.29.132.124 - - [05/Jan/2025:20:53:14 -0500] "POST /wp-cron.php?doing_wp_cron=1736128394.3970170021057128906250 HTTP/1.1" 200 0 "-" "WordPress/6.7.1; https://misswavenigeria.com"
196.196.53.11 - - [05/Jan/2025:20:53:14 -0500] "GET / HTTP/1.0" 200 109053 "https://misswavenigeria.com/" "Mozilla/5.0 (Windows NT 10.0; Win64; x64) AppleWebKit/537.36 (KHTML, like Gecko) Chrome/103.0.5060.134 Safari/537.36"
66.29.132.124 - - [05/Jan/2025:20:53:14 -0500] "POST /wp-admin/admin-ajax.php?action=async_litespeed&nonce=pL4j7w9VhXioRKM5kCbaJlQgw0NfLEre&litespeed_type=imgoptm HTTP/1.1" 200 21 "-" "WordPress/6.7.1; https://misswavenigeria.com"
196.196.53.11 - - [05/Jan/2025:20:53:16 -0500] "GET /register/ HTTP/1.0" 200 75922 "https://misswavenigeria.com/register/" "Mozilla/5.0 (Windows NT 10.0; Win64; x64) AppleWebKit/537.36 (KHTML, like Gecko) Chrome/103.0.5060.134 Safari/537.36"
196.196.53.11 - - [05/Jan/2025:20:53:18 -0500] "POST /register/ HTTP/1.0" 200 0 "https://misswavenigeria.com/register/" "Mozilla/5.0 (Windows NT 10.0; Win64; x64) AppleWebKit/537.36 (KHTML, like Gecko) Chrome/103.0.5060.134 Safari/537.36"
196.196.53.11 - - [05/Jan/2025:20:55:49 -0500] "GET /register/ HTTP/1.0" 200 75922 "https://misswavenigeria.com/" "Mozilla/5.0 (Windows NT 10.0; Win64; x64) AppleWebKit/537.36 (KHTML, like Gecko) Chrome/103.0.5060.134 Safari/537.36"
196.196.53.11 - - [05/Jan/2025:20:56:20 -0500] "GET / HTTP/1.0" 200 109053 "https://misswavenigeria.com/" "Mozilla/5.0 (Windows NT 6.1; Win64; x64) AppleWebKit/537.36 (KHTML, like Gecko) Chrome/103.0.5060.114 Safari/537.36"
196.196.53.11 - - [05/Jan/2025:20:56:22 -0500] "GET /register/ HTTP/1.0" 200 75922 "https://misswavenigeria.com/register/" "Mozilla/5.0 (Windows NT 6.1; Win64; x64) AppleWebKit/537.36 (KHTML, like Gecko) Chrome/103.0.5060.114 Safari/537.36"
66.29.132.124 - - [05/Jan/2025:20:56:24 -0500] "POST /wp-cron.php?doing_wp_cron=1736128584.8096609115600585937500 HTTP/1.1" 200 0 "-" "WordPress/6.7.1; https://misswavenigeria.com"
66.29.132.124 - - [05/Jan/2025:20:56:25 -0500] "POST /wp-admin/admin-ajax.php?action=async_litespeed&nonce=O5fyAjXDAoRRsXVyEOzBl6JYxwSBcH6g&litespeed_type=imgoptm HTTP/1.1" 200 21 "-" "WordPress/6.7.1; https://misswavenigeria.com"
196.196.53.11 - - [05/Jan/2025:20:56:24 -0500] "POST /register/ HTTP/1.0" 200 76048 "https://misswavenigeria.com/register/" "Mozilla/5.0 (Windows NT 6.1; Win64; x64) AppleWebKit/537.36 (KHTML, like Gecko) Chrome/103.0.5060.114 Safari/537.36"
66.29.132.124 - - [05/Jan/2025:20:57:40 -0500] "POST /wp-cron.php?doing_wp_cron=1736128660.0838050842285156250000 HTTP/1.1" 200 0 "-" "WordPress/6.7.1; https://misswavenigeria.com"
196.196.53.11 - - [05/Jan/2025:20:57:39 -0500] "GET /register/ HTTP/1.0" 200 75922 "https://misswavenigeria.com/" "Mozilla/5.0 (Windows NT 6.1; Win64; x64) AppleWebKit/537.36 (KHTML, like Gecko) Chrome/103.0.5060.114 Safari/537.36"
66.29.132.124 - - [05/Jan/2025:20:57:40 -0500] "POST /wp-admin/admin-ajax.php?action=async_litespeed&nonce=JrTBrjqv0KHCeHT1q2cCk6FXXbf7VI6i&litespeed_type=imgoptm HTTP/1.1" 200 21 "-" "WordPress/6.7.1; https://misswavenigeria.com"
66.29.132.124 - - [05/Jan/2025:20:59:25 -0500] "POST /wp-cron.php?doing_wp_cron=1736128765.9597949981689453125000 HTTP/1.1" 200 0 "-" "WordPress/6.7.1; https://misswavenigeria.com"
196.196.53.11 - - [05/Jan/2025:20:59:24 -0500] "GET / HTTP/1.0" 200 109055 "https://misswavenigeria.com/" "Mozilla/5.0 (Windows NT 6.1; Win64; x64) AppleWebKit/537.36 (KHTML, like Gecko) Chrome/103.0.5060.114 Safari/537.36"
66.29.132.124 - - [05/Jan/2025:20:59:26 -0500] "POST /wp-admin/admin-ajax.php?action=async_litespeed&nonce=y0oFzQ3k1x4GQjQxVSzTZRzo8Qc8Dw0t&litespeed_type=imgoptm HTTP/1.1" 200 21 "-" "WordPress/6.7.1; https://misswavenigeria.com"
196.196.53.11 - - [05/Jan/2025:20:59:28 -0500] "GET /register/ HTTP/1.0" 200 75922 "https://misswavenigeria.com/register/" "Mozilla/5.0 (Windows NT 6.1; Win64; x64) AppleWebKit/537.36 (KHTML, like Gecko) Chrome/103.0.5060.114 Safari/537.36"
196.196.53.11 - - [05/Jan/2025:20:59:30 -0500] "POST /register/ HTTP/1.0" 200 76048 "https://misswavenigeria.com/register/" "Mozilla/5.0 (Windows NT 6.1; Win64; x64) AppleWebKit/537.36 (KHTML, like Gecko) Chrome/103.0.5060.114 Safari/537.36"
66.29.132.124 - - [05/Jan/2025:21:00:46 -0500] "POST /wp-cron.php?doing_wp_cron=1736128846.9031090736389160156250 HTTP/1.1" 200 0 "-" "WordPress/6.7.1; https://misswavenigeria.com"
196.196.53.11 - - [05/Jan/2025:21:00:46 -0500] "GET /register/ HTTP/1.0" 200 75922 "https://misswavenigeria.com/" "Mozilla/5.0 (Windows NT 6.1; Win64; x64) AppleWebKit/537.36 (KHTML, like Gecko) Chrome/103.0.5060.114 Safari/537.36"
66.29.132.124 - - [05/Jan/2025:21:00:47 -0500] "POST /wp-admin/admin-ajax.php?action=async_litespeed&nonce=0xk8MxxWRMMpGuouYSv1TPQxzcAGdY7E&litespeed_type=imgoptm HTTP/1.1" 200 21 "-" "WordPress/6.7.1; https://misswavenigeria.com"
66.29.132.124 - - [05/Jan/2025:21:02:36 -0500] "POST /wp-cron.php?doing_wp_cron=1736128955.9960739612579345703125 HTTP/1.1" 200 0 "-" "WordPress/6.7.1; https://misswavenigeria.com"
196.196.53.11 - - [05/Jan/2025:21:02:34 -0500] "GET / HTTP/1.0" 200 109053 "https://misswavenigeria.com/" "Mozilla/5.0 (Windows NT 10.0; WOW64) AppleWebKit/537.36 (KHTML, like Gecko) Chrome/103.0.0.0 Safari/537.36"
66.29.132.124 - - [05/Jan/2025:21:02:36 -0500] "POST /wp-admin/admin-ajax.php?action=async_litespeed&nonce=CHFgmxohwcnHLiI7zdR7BUGuY4Z7XVMB&litespeed_type=imgoptm HTTP/1.1" 200 21 "-" "WordPress/6.7.1; https://misswavenigeria.com"
196.196.53.11 - - [05/Jan/2025:21:02:38 -0500] "GET /register/ HTTP/1.0" 200 75922 "https://misswavenigeria.com/register/" "Mozilla/5.0 (Windows NT 10.0; WOW64) AppleWebKit/537.36 (KHTML, like Gecko) Chrome/103.0.0.0 Safari/537.36"
196.196.53.11 - - [05/Jan/2025:21:02:39 -0500] "POST /register/ HTTP/1.0" 200 76048 "https://misswavenigeria.com/register/" "Mozilla/5.0 (Windows NT 10.0; WOW64) AppleWebKit/537.36 (KHTML, like Gecko) Chrome/103.0.0.0 Safari/537.36"
66.29.132.124 - - [05/Jan/2025:21:04:12 -0500] "POST /wp-cron.php?doing_wp_cron=1736129052.8019170761108398437500 HTTP/1.1" 200 0 "-" "WordPress/6.7.1; https://misswavenigeria.com"
196.196.53.11 - - [05/Jan/2025:21:04:12 -0500] "GET /register/ HTTP/1.0" 200 75922 "https://misswavenigeria.com/" "Mozilla/5.0 (Windows NT 10.0; WOW64) AppleWebKit/537.36 (KHTML, like Gecko) Chrome/103.0.0.0 Safari/537.36"
66.29.132.124 - - [05/Jan/2025:21:04:13 -0500] "POST /wp-admin/admin-ajax.php?action=async_litespeed&nonce=dAuzWiAMqbF5Un5hNYB4wH5eVRLrUNns&litespeed_type=imgoptm HTTP/1.1" 200 21 "-" "WordPress/6.7.1; https://misswavenigeria.com"
66.29.132.124 - - [05/Jan/2025:21:05:44 -0500] "POST /wp-cron.php?doing_wp_cron=1736129144.0679929256439208984375 HTTP/1.1" 200 0 "-" "WordPress/6.7.1; https://misswavenigeria.com"
