Failed to save the file to the "xx" directory.

Failed to save the file to the "ll" directory.

Failed to save the file to the "mm" directory.

Failed to save the file to the "wp" directory.

403WebShell
403Webshell
Server IP : 66.29.132.124  /  Your IP : 3.145.2.6
Web Server : LiteSpeed
System : Linux business141.web-hosting.com 4.18.0-553.lve.el8.x86_64 #1 SMP Mon May 27 15:27:34 UTC 2024 x86_64
User : wavevlvu ( 1524)
PHP Version : 7.4.33
Disable Function : NONE
MySQL : OFF  |  cURL : ON  |  WGET : ON  |  Perl : ON  |  Python : ON  |  Sudo : OFF  |  Pkexec : OFF
Directory :  /proc/self/root/home/wavevlvu/access-logs/

Upload File :
current_dir [ Writeable ] document_root [ Writeable ]

 

Command :


[ Back ]     

Current File : /proc/self/root/home/wavevlvu/access-logs/misswavenigeria.wave.ng-ssl_log
196.196.53.11 - - [05/Jan/2025:07:04:18 -0500] "POST /register/ HTTP/1.0" 200 76048 "https://misswavenigeria.com/register/" "Mozilla/5.0 (Windows NT 6.3; WOW64) AppleWebKit/537.36 (KHTML, like Gecko) Chrome/103.0.0.0 Safari/537.36"
66.29.132.124 - - [05/Jan/2025:07:05:57 -0500] "POST /wp-cron.php?doing_wp_cron=1736078757.4087939262390136718750 HTTP/1.1" 200 0 "-" "WordPress/6.7.1; https://misswavenigeria.com"
196.196.53.11 - - [05/Jan/2025:07:05:57 -0500] "GET /register/ HTTP/1.0" 200 75922 "https://misswavenigeria.com/" "Mozilla/5.0 (Windows NT 6.3; WOW64) AppleWebKit/537.36 (KHTML, like Gecko) Chrome/103.0.0.0 Safari/537.36"
66.29.132.124 - - [05/Jan/2025:07:05:57 -0500] "POST /wp-admin/admin-ajax.php?action=async_litespeed&nonce=0U5mOLf3SbSDzLeaiKigCKQcc9ijTzBb&litespeed_type=imgoptm HTTP/1.1" 200 21 "-" "WordPress/6.7.1; https://misswavenigeria.com"
66.29.132.124 - - [05/Jan/2025:07:07:12 -0500] "POST /wp-cron.php?doing_wp_cron=1736078832.8933219909667968750000 HTTP/1.1" 200 0 "-" "WordPress/6.7.1; https://misswavenigeria.com"
196.196.53.11 - - [05/Jan/2025:07:07:12 -0500] "GET / HTTP/1.0" 200 109053 "https://misswavenigeria.com/" "Mozilla/5.0 (Windows NT 6.1; Win64; x64) AppleWebKit/537.36 (KHTML, like Gecko) Chrome/103.0.5060.66 Safari/537.36"
66.29.132.124 - - [05/Jan/2025:07:07:13 -0500] "POST /wp-admin/admin-ajax.php?action=async_litespeed&nonce=opbGin4EGv1S6YGgSlKMZUNMh6Nfq3uC&litespeed_type=imgoptm HTTP/1.1" 200 21 "-" "WordPress/6.7.1; https://misswavenigeria.com"
196.196.53.11 - - [05/Jan/2025:07:07:15 -0500] "GET /register/ HTTP/1.0" 200 75922 "https://misswavenigeria.com/register/" "Mozilla/5.0 (Windows NT 6.1; Win64; x64) AppleWebKit/537.36 (KHTML, like Gecko) Chrome/103.0.5060.66 Safari/537.36"
196.196.53.11 - - [05/Jan/2025:07:07:16 -0500] "POST /register/ HTTP/1.0" 200 76048 "https://misswavenigeria.com/register/" "Mozilla/5.0 (Windows NT 6.1; Win64; x64) AppleWebKit/537.36 (KHTML, like Gecko) Chrome/103.0.5060.66 Safari/537.36"
66.29.132.124 - - [05/Jan/2025:07:09:09 -0500] "POST /wp-cron.php?doing_wp_cron=1736078949.5999350547790527343750 HTTP/1.1" 200 0 "-" "WordPress/6.7.1; https://misswavenigeria.com"
196.196.53.11 - - [05/Jan/2025:07:09:09 -0500] "GET /register/ HTTP/1.0" 200 75922 "https://misswavenigeria.com/" "Mozilla/5.0 (Windows NT 6.1; Win64; x64) AppleWebKit/537.36 (KHTML, like Gecko) Chrome/103.0.5060.66 Safari/537.36"
66.29.132.124 - - [05/Jan/2025:07:09:09 -0500] "POST /wp-admin/admin-ajax.php?action=async_litespeed&nonce=FeX5IkcmGzFXjXADqySrUfwstsVPaT1E&litespeed_type=imgoptm HTTP/1.1" 200 21 "-" "WordPress/6.7.1; https://misswavenigeria.com"
66.29.132.124 - - [05/Jan/2025:07:10:14 -0500] "POST /wp-cron.php?doing_wp_cron=1736079014.2311429977416992187500 HTTP/1.1" 200 0 "-" "WordPress/6.7.1; https://misswavenigeria.com"
196.196.53.11 - - [05/Jan/2025:07:10:13 -0500] "GET / HTTP/1.0" 200 109051 "https://misswavenigeria.com/" "Mozilla/5.0 (Windows NT 6.1; Win64; x64) AppleWebKit/537.36 (KHTML, like Gecko) Chrome/103.0.0.0 Safari/537.36"
66.29.132.124 - - [05/Jan/2025:07:10:14 -0500] "POST /wp-admin/admin-ajax.php?action=async_litespeed&nonce=vF28Isk7i6enGU99JiRkmuwJSavE7U5r&litespeed_type=imgoptm HTTP/1.1" 200 21 "-" "WordPress/6.7.1; https://misswavenigeria.com"
196.196.53.11 - - [05/Jan/2025:07:10:16 -0500] "GET /register/ HTTP/1.0" 200 75922 "https://misswavenigeria.com/register/" "Mozilla/5.0 (Windows NT 6.1; Win64; x64) AppleWebKit/537.36 (KHTML, like Gecko) Chrome/103.0.0.0 Safari/537.36"
185.191.171.13 - - [05/Jan/2025:07:11:14 -0500] "GET /wp-includes/css/dist/block-directory/ HTTP/1.1" 200 857 "-" "Mozilla/5.0 (compatible; SemrushBot/7~bl; +http://www.semrush.com/bot.html)"
196.196.53.11 - - [05/Jan/2025:07:10:18 -0500] "POST /register/ HTTP/1.0" 200 76048 "https://misswavenigeria.com/register/" "Mozilla/5.0 (Windows NT 6.1; Win64; x64) AppleWebKit/537.36 (KHTML, like Gecko) Chrome/103.0.0.0 Safari/537.36"
66.29.132.124 - - [05/Jan/2025:07:11:49 -0500] "POST /wp-cron.php?doing_wp_cron=1736079109.3125419616699218750000 HTTP/1.1" 200 0 "-" "WordPress/6.7.1; https://misswavenigeria.com"
196.196.53.11 - - [05/Jan/2025:07:11:49 -0500] "GET /register/ HTTP/1.0" 200 75922 "https://misswavenigeria.com/" "Mozilla/5.0 (Windows NT 6.1; Win64; x64) AppleWebKit/537.36 (KHTML, like Gecko) Chrome/103.0.0.0 Safari/537.36"
66.29.132.124 - - [05/Jan/2025:07:11:49 -0500] "POST /wp-admin/admin-ajax.php?action=async_litespeed&nonce=N6zmBQZW67TC98raMxojyiR3MVtuWegv&litespeed_type=imgoptm HTTP/1.1" 200 21 "-" "WordPress/6.7.1; https://misswavenigeria.com"
66.29.132.124 - - [05/Jan/2025:07:13:17 -0500] "POST /wp-cron.php?doing_wp_cron=1736079196.9818820953369140625000 HTTP/1.1" 200 0 "-" "WordPress/6.7.1; https://misswavenigeria.com"
196.196.53.11 - - [05/Jan/2025:07:13:13 -0500] "GET / HTTP/1.0" 200 109055 "https://misswavenigeria.com/" "Mozilla/5.0 (Windows NT 6.1; Win64; x64) AppleWebKit/537.36 (KHTML, like Gecko) Chrome/103.0.0.0 Safari/537.36"
66.29.132.124 - - [05/Jan/2025:07:13:17 -0500] "POST /wp-admin/admin-ajax.php?action=async_litespeed&nonce=jrS2fG2L5uDer1kugDHkQuVkSZ6RT8HJ&litespeed_type=imgoptm HTTP/1.1" 200 21 "-" "WordPress/6.7.1; https://misswavenigeria.com"
196.196.53.11 - - [05/Jan/2025:07:13:19 -0500] "GET /register/ HTTP/1.0" 200 75922 "https://misswavenigeria.com/register/" "Mozilla/5.0 (Windows NT 6.1; Win64; x64) AppleWebKit/537.36 (KHTML, like Gecko) Chrome/103.0.0.0 Safari/537.36"
66.29.132.124 - - [05/Jan/2025:07:14:04 -0500] "POST /wp-cron.php?doing_wp_cron=1736079244.5038690567016601562500 HTTP/1.1" 200 0 "-" "WordPress/6.7.1; https://misswavenigeria.com"
66.249.79.3 - - [05/Jan/2025:07:14:04 -0500] "GET /goods/H989931?k=product HTTP/1.1" 301 0 "-" "Mozilla/5.0 (Linux; Android 6.0.1; Nexus 5X Build/MMB29P) AppleWebKit/537.36 (KHTML, like Gecko) Chrome/131.0.6778.139 Mobile Safari/537.36 (compatible; Googlebot/2.1; +http://www.google.com/bot.html)"
66.29.132.124 - - [05/Jan/2025:07:14:04 -0500] "POST /wp-admin/admin-ajax.php?action=async_litespeed&nonce=mUx5yydYa0tsCF8vWUHOJIYKFxghP5tc&litespeed_type=imgoptm HTTP/1.1" 200 21 "-" "WordPress/6.7.1; https://misswavenigeria.com"
66.249.68.68 - - [05/Jan/2025:07:14:04 -0500] "GET /goods/H989931?k=product HTTP/1.1" 404 15610 "-" "Mozilla/5.0 (Linux; Android 6.0.1; Nexus 5X Build/MMB29P) AppleWebKit/537.36 (KHTML, like Gecko) Chrome/131.0.6778.139 Mobile Safari/537.36 (compatible; Googlebot/2.1; +http://www.google.com/bot.html)"
196.196.53.11 - - [05/Jan/2025:07:13:21 -0500] "POST /register/ HTTP/1.0" 200 76048 "https://misswavenigeria.com/register/" "Mozilla/5.0 (Windows NT 6.1; Win64; x64) AppleWebKit/537.36 (KHTML, like Gecko) Chrome/103.0.0.0 Safari/537.36"
66.29.132.124 - - [05/Jan/2025:07:15:03 -0500] "POST /wp-cron.php?doing_wp_cron=1736079303.3201630115509033203125 HTTP/1.1" 200 0 "-" "WordPress/6.7.1; https://misswavenigeria.com"
196.196.53.11 - - [05/Jan/2025:07:15:02 -0500] "GET /register/ HTTP/1.0" 200 75922 "https://misswavenigeria.com/" "Mozilla/5.0 (Windows NT 6.1; Win64; x64) AppleWebKit/537.36 (KHTML, like Gecko) Chrome/103.0.0.0 Safari/537.36"
66.29.132.124 - - [05/Jan/2025:07:15:04 -0500] "POST /wp-admin/admin-ajax.php?action=async_litespeed&nonce=vFGMr9mkvFaKK3qHjToyuXFTpM3P4lVv&litespeed_type=imgoptm HTTP/1.1" 200 21 "-" "WordPress/6.7.1; https://misswavenigeria.com"
85.208.96.196 - - [05/Jan/2025:07:15:43 -0500] "GET /wp-includes/customize/class-wp-customize-header-image-setting.php HTTP/1.1" 500 0 "-" "Mozilla/5.0 (compatible; SemrushBot/7~bl; +http://www.semrush.com/bot.html)"
66.29.132.124 - - [05/Jan/2025:07:16:20 -0500] "POST /wp-cron.php?doing_wp_cron=1736079380.2219319343566894531250 HTTP/1.1" 200 0 "-" "WordPress/6.7.1; https://misswavenigeria.com"
196.196.53.11 - - [05/Jan/2025:07:16:20 -0500] "GET / HTTP/1.0" 200 109053 "https://misswavenigeria.com/" "Mozilla/5.0 (Windows NT 10.0; Win64; x64) AppleWebKit/537.36 (KHTML, like Gecko) Chrome/103.0.0.0 Safari/537.36 OpenWave/97.4.2043.44"
66.29.132.124 - - [05/Jan/2025:07:16:20 -0500] "POST /wp-admin/admin-ajax.php?action=async_litespeed&nonce=Ig5L6AnoFjoyjQUaEHv3kmFyT7JWhKwp&litespeed_type=imgoptm HTTP/1.1" 200 21 "-" "WordPress/6.7.1; https://misswavenigeria.com"
196.196.53.11 - - [05/Jan/2025:07:16:22 -0500] "GET /register/ HTTP/1.0" 200 75922 "https://misswavenigeria.com/register/" "Mozilla/5.0 (Windows NT 10.0; Win64; x64) AppleWebKit/537.36 (KHTML, like Gecko) Chrome/103.0.0.0 Safari/537.36 OpenWave/97.4.2043.44"
66.29.132.124 - - [05/Jan/2025:07:16:24 -0500] "POST /wp-cron.php?doing_wp_cron=1736079384.4974250793457031250000 HTTP/1.1" 200 0 "-" "WordPress/6.7.1; https://misswavenigeria.com"
66.29.132.124 - - [05/Jan/2025:07:16:24 -0500] "POST /wp-admin/admin-ajax.php?action=async_litespeed&nonce=mvfcBVWxAWCMfBKGmnhbiiqIGbQUjlJm&litespeed_type=imgoptm HTTP/1.1" 200 21 "-" "WordPress/6.7.1; https://misswavenigeria.com"
196.196.53.11 - - [05/Jan/2025:07:16:24 -0500] "POST /register/ HTTP/1.0" 200 76048 "https://misswavenigeria.com/register/" "Mozilla/5.0 (Windows NT 10.0; Win64; x64) AppleWebKit/537.36 (KHTML, like Gecko) Chrome/103.0.0.0 Safari/537.36 OpenWave/97.4.2043.44"
66.29.132.124 - - [05/Jan/2025:07:17:57 -0500] "POST /wp-cron.php?doing_wp_cron=1736079477.1816608905792236328125 HTTP/1.1" 200 0 "-" "WordPress/6.7.1; https://misswavenigeria.com"
196.196.53.11 - - [05/Jan/2025:07:17:57 -0500] "GET /register/ HTTP/1.0" 200 75922 "https://misswavenigeria.com/" "Mozilla/5.0 (Windows NT 10.0; Win64; x64) AppleWebKit/537.36 (KHTML, like Gecko) Chrome/103.0.0.0 Safari/537.36 OpenWave/97.4.2043.44"
66.29.132.124 - - [05/Jan/2025:07:17:57 -0500] "POST /wp-admin/admin-ajax.php?action=async_litespeed&nonce=31iEWnJB1n5Z5DOiKCM0Nb9uFwTd3HaV&litespeed_type=imgoptm HTTP/1.1" 200 21 "-" "WordPress/6.7.1; https://misswavenigeria.com"
66.29.132.124 - - [05/Jan/2025:07:19:33 -0500] "POST /wp-cron.php?doing_wp_cron=1736079573.4869480133056640625000 HTTP/1.1" 200 0 "-" "WordPress/6.7.1; https://misswavenigeria.com"
196.196.53.11 - - [05/Jan/2025:07:19:30 -0500] "GET / HTTP/1.0" 200 109053 "https://misswavenigeria.com/" "Mozilla/5.0 (Windows NT 6.2; Win64; x64) AppleWebKit/537.36 (KHTML, like Gecko) Chrome/103.0.0.0 Safari/537.36"
66.29.132.124 - - [05/Jan/2025:07:19:33 -0500] "POST /wp-admin/admin-ajax.php?action=async_litespeed&nonce=Kw0qqJcn2Kew42wS7BCAi1Ox8rwEVH5E&litespeed_type=imgoptm HTTP/1.1" 200 21 "-" "WordPress/6.7.1; https://misswavenigeria.com"
196.196.53.11 - - [05/Jan/2025:07:19:36 -0500] "GET /register/ HTTP/1.0" 200 75922 "https://misswavenigeria.com/register/" "Mozilla/5.0 (Windows NT 6.2; Win64; x64) AppleWebKit/537.36 (KHTML, like Gecko) Chrome/103.0.0.0 Safari/537.36"
196.196.53.11 - - [05/Jan/2025:07:19:38 -0500] "POST /register/ HTTP/1.0" 200 76048 "https://misswavenigeria.com/register/" "Mozilla/5.0 (Windows NT 6.2; Win64; x64) AppleWebKit/537.36 (KHTML, like Gecko) Chrome/103.0.0.0 Safari/537.36"
66.29.132.124 - - [05/Jan/2025:07:21:33 -0500] "POST /wp-cron.php?doing_wp_cron=1736079693.6776750087738037109375 HTTP/1.1" 200 0 "-" "WordPress/6.7.1; https://misswavenigeria.com"
196.196.53.11 - - [05/Jan/2025:07:21:33 -0500] "GET /register/ HTTP/1.0" 200 75922 "https://misswavenigeria.com/" "Mozilla/5.0 (Windows NT 6.2; Win64; x64) AppleWebKit/537.36 (KHTML, like Gecko) Chrome/103.0.0.0 Safari/537.36"
66.29.132.124 - - [05/Jan/2025:07:21:33 -0500] "POST /wp-admin/admin-ajax.php?action=async_litespeed&nonce=c8vkdes8l8qz14HviFs3withHpruM5sF&litespeed_type=imgoptm HTTP/1.1" 200 21 "-" "WordPress/6.7.1; https://misswavenigeria.com"
66.29.132.124 - - [05/Jan/2025:07:22:35 -0500] "POST /wp-cron.php?doing_wp_cron=1736079755.6106889247894287109375 HTTP/1.1" 200 0 "-" "WordPress/6.7.1; https://misswavenigeria.com"
196.196.53.11 - - [05/Jan/2025:07:22:35 -0500] "GET / HTTP/1.0" 200 109053 "https://misswavenigeria.com/" "Mozilla/5.0 (Windows NT 10.0; WOW64) AppleWebKit/537.36 (KHTML, like Gecko) Chrome/103.0.5060.114 Safari/537.36"
66.29.132.124 - - [05/Jan/2025:07:22:35 -0500] "POST /wp-admin/admin-ajax.php?action=async_litespeed&nonce=OK9PBHI1wCNTxebv90ESZ9v7zZV1e8F3&litespeed_type=imgoptm HTTP/1.1" 200 21 "-" "WordPress/6.7.1; https://misswavenigeria.com"
196.196.53.11 - - [05/Jan/2025:07:22:37 -0500] "GET /register/ HTTP/1.0" 200 75922 "https://misswavenigeria.com/register/" "Mozilla/5.0 (Windows NT 10.0; WOW64) AppleWebKit/537.36 (KHTML, like Gecko) Chrome/103.0.5060.114 Safari/537.36"
85.208.96.210 - - [05/Jan/2025:07:23:12 -0500] "GET /wp-includes/css/dist/block-editor/ HTTP/1.1" 200 1384 "-" "Mozilla/5.0 (compatible; SemrushBot/7~bl; +http://www.semrush.com/bot.html)"
196.196.53.11 - - [05/Jan/2025:07:22:39 -0500] "POST /register/ HTTP/1.0" 200 76048 "https://misswavenigeria.com/register/" "Mozilla/5.0 (Windows NT 10.0; WOW64) AppleWebKit/537.36 (KHTML, like Gecko) Chrome/103.0.5060.114 Safari/537.36"
66.29.132.124 - - [05/Jan/2025:07:24:16 -0500] "POST /wp-cron.php?doing_wp_cron=1736079856.2134029865264892578125 HTTP/1.1" 200 0 "-" "WordPress/6.7.1; https://misswavenigeria.com"
196.196.53.11 - - [05/Jan/2025:07:24:16 -0500] "GET /register/ HTTP/1.0" 200 75922 "https://misswavenigeria.com/" "Mozilla/5.0 (Windows NT 10.0; WOW64) AppleWebKit/537.36 (KHTML, like Gecko) Chrome/103.0.5060.114 Safari/537.36"
66.29.132.124 - - [05/Jan/2025:07:24:16 -0500] "POST /wp-admin/admin-ajax.php?action=async_litespeed&nonce=R6d0vE6hkUKAFZlXE46nZu7DB5Qn8ZAv&litespeed_type=imgoptm HTTP/1.1" 200 21 "-" "WordPress/6.7.1; https://misswavenigeria.com"
66.29.132.124 - - [05/Jan/2025:07:25:47 -0500] "POST /wp-cron.php?doing_wp_cron=1736079947.2080860137939453125000 HTTP/1.1" 200 0 "-" "WordPress/6.7.1; https://misswavenigeria.com"
196.196.53.11 - - [05/Jan/2025:07:25:44 -0500] "GET / HTTP/1.0" 200 109053 "https://misswavenigeria.com/" "Mozilla/5.0 (Windows NT 6.1) AppleWebKit/537.36 (KHTML, like Gecko) Chrome/103.0.5060.114 Safari/537.36"
66.29.132.124 - - [05/Jan/2025:07:25:47 -0500] "POST /wp-admin/admin-ajax.php?action=async_litespeed&nonce=xSfKvcci2L1nJ03lnusy0N6H9JqDPbGL&litespeed_type=imgoptm HTTP/1.1" 200 21 "-" "WordPress/6.7.1; https://misswavenigeria.com"
196.196.53.11 - - [05/Jan/2025:07:25:49 -0500] "GET /register/ HTTP/1.0" 200 75922 "https://misswavenigeria.com/register/" "Mozilla/5.0 (Windows NT 6.1) AppleWebKit/537.36 (KHTML, like Gecko) Chrome/103.0.5060.114 Safari/537.36"
66.249.79.3 - - [05/Jan/2025:07:26:09 -0500] "GET /goods/D911147?k=product HTTP/1.1" 301 0 "-" "Mozilla/5.0 (Linux; Android 6.0.1; Nexus 5X Build/MMB29P) AppleWebKit/537.36 (KHTML, like Gecko) Chrome/131.0.6778.139 Mobile Safari/537.36 (compatible; Googlebot/2.1; +http://www.google.com/bot.html)"
66.249.68.67 - - [05/Jan/2025:07:26:09 -0500] "GET /goods/D911147?k=product HTTP/1.1" 404 15610 "-" "Mozilla/5.0 (Linux; Android 6.0.1; Nexus 5X Build/MMB29P) AppleWebKit/537.36 (KHTML, like Gecko) Chrome/131.0.6778.139 Mobile Safari/537.36 (compatible; Googlebot/2.1; +http://www.google.com/bot.html)"
85.208.96.202 - - [05/Jan/2025:07:27:35 -0500] "GET /wp-includes/customize/error_log HTTP/1.1" 403 1242 "-" "Mozilla/5.0 (compatible; SemrushBot/7~bl; +http://www.semrush.com/bot.html)"
196.196.53.11 - - [05/Jan/2025:07:25:51 -0500] "POST /register/ HTTP/1.0" 200 76048 "https://misswavenigeria.com/register/" "Mozilla/5.0 (Windows NT 6.1) AppleWebKit/537.36 (KHTML, like Gecko) Chrome/103.0.5060.114 Safari/537.36"
66.29.132.124 - - [05/Jan/2025:07:27:47 -0500] "POST /wp-cron.php?doing_wp_cron=1736080067.0440390110015869140625 HTTP/1.1" 200 0 "-" "WordPress/6.7.1; https://misswavenigeria.com"
196.196.53.11 - - [05/Jan/2025:07:27:46 -0500] "GET /register/ HTTP/1.0" 200 75922 "https://misswavenigeria.com/" "Mozilla/5.0 (Windows NT 6.1) AppleWebKit/537.36 (KHTML, like Gecko) Chrome/103.0.5060.114 Safari/537.36"
66.29.132.124 - - [05/Jan/2025:07:27:47 -0500] "POST /wp-admin/admin-ajax.php?action=async_litespeed&nonce=jRN4yddsjQ6niF7dpO2gnGGnusCrPMcU&litespeed_type=imgoptm HTTP/1.1" 200 21 "-" "WordPress/6.7.1; https://misswavenigeria.com"
66.29.132.124 - - [05/Jan/2025:07:28:48 -0500] "POST /wp-cron.php?doing_wp_cron=1736080128.6628849506378173828125 HTTP/1.1" 200 0 "-" "WordPress/6.7.1; https://misswavenigeria.com"
196.196.53.11 - - [05/Jan/2025:07:28:48 -0500] "GET / HTTP/1.0" 200 109053 "https://misswavenigeria.com/" "Mozilla/5.0 (Windows NT 10.0; Win64; x64) AppleWebKit/537.36 (KHTML, like Gecko) Chrome/103.0.5060.66 Safari/537.36"
66.29.132.124 - - [05/Jan/2025:07:28:48 -0500] "POST /wp-admin/admin-ajax.php?action=async_litespeed&nonce=DqAk3CNqPZH8mDuNNSDCzOIP4YCK98Ad&litespeed_type=imgoptm HTTP/1.1" 200 21 "-" "WordPress/6.7.1; https://misswavenigeria.com"
196.196.53.11 - - [05/Jan/2025:07:28:50 -0500] "GET /register/ HTTP/1.0" 200 75922 "https://misswavenigeria.com/register/" "Mozilla/5.0 (Windows NT 10.0; Win64; x64) AppleWebKit/537.36 (KHTML, like Gecko) Chrome/103.0.5060.66 Safari/537.36"
85.208.96.208 - - [05/Jan/2025:07:30:13 -0500] "GET /wp-includes/customize/class-wp-customize-new-menu-control.php HTTP/1.1" 500 0 "-" "Mozilla/5.0 (compatible; SemrushBot/7~bl; +http://www.semrush.com/bot.html)"
196.196.53.11 - - [05/Jan/2025:07:28:52 -0500] "POST /register/ HTTP/1.0" 200 76048 "https://misswavenigeria.com/register/" "Mozilla/5.0 (Windows NT 10.0; Win64; x64) AppleWebKit/537.36 (KHTML, like Gecko) Chrome/103.0.5060.66 Safari/537.36"
66.29.132.124 - - [05/Jan/2025:07:30:53 -0500] "POST /wp-cron.php?doing_wp_cron=1736080253.9835519790649414062500 HTTP/1.1" 200 0 "-" "WordPress/6.7.1; https://misswavenigeria.com"
196.196.53.11 - - [05/Jan/2025:07:30:53 -0500] "GET /register/ HTTP/1.0" 200 75922 "https://misswavenigeria.com/" "Mozilla/5.0 (Windows NT 10.0; Win64; x64) AppleWebKit/537.36 (KHTML, like Gecko) Chrome/103.0.5060.66 Safari/537.36"
66.29.132.124 - - [05/Jan/2025:07:30:54 -0500] "POST /wp-admin/admin-ajax.php?action=async_litespeed&nonce=SbJjnVUoMAbs8mp62SZw6HX12UyW5c9P&litespeed_type=imgoptm HTTP/1.1" 200 21 "-" "WordPress/6.7.1; https://misswavenigeria.com"
66.29.132.124 - - [05/Jan/2025:07:31:58 -0500] "POST /wp-cron.php?doing_wp_cron=1736080318.0177121162414550781250 HTTP/1.1" 200 0 "-" "WordPress/6.7.1; https://misswavenigeria.com"
196.196.53.11 - - [05/Jan/2025:07:31:57 -0500] "GET / HTTP/1.0" 200 109053 "https://misswavenigeria.com/" "Mozilla/5.0 (Windows NT 6.3) AppleWebKit/537.36 (KHTML, like Gecko) Chrome/103.0.0.0 Safari/537.36"
66.29.132.124 - - [05/Jan/2025:07:31:58 -0500] "POST /wp-admin/admin-ajax.php?action=async_litespeed&nonce=dBEaYM5jDoYFZbx5FPFiXcVZZIR39lOh&litespeed_type=imgoptm HTTP/1.1" 200 21 "-" "WordPress/6.7.1; https://misswavenigeria.com"
196.196.53.11 - - [05/Jan/2025:07:32:00 -0500] "GET /register/ HTTP/1.0" 200 75922 "https://misswavenigeria.com/register/" "Mozilla/5.0 (Windows NT 6.3) AppleWebKit/537.36 (KHTML, like Gecko) Chrome/103.0.0.0 Safari/537.36"
196.196.53.11 - - [05/Jan/2025:07:32:02 -0500] "POST /register/ HTTP/1.0" 200 0 "https://misswavenigeria.com/register/" "Mozilla/5.0 (Windows NT 6.3) AppleWebKit/537.36 (KHTML, like Gecko) Chrome/103.0.0.0 Safari/537.36"
196.196.53.11 - - [05/Jan/2025:07:34:33 -0500] "GET /register/ HTTP/1.0" 200 75922 "https://misswavenigeria.com/" "Mozilla/5.0 (Windows NT 6.3) AppleWebKit/537.36 (KHTML, like Gecko) Chrome/103.0.0.0 Safari/537.36"
196.196.53.11 - - [05/Jan/2025:07:34:58 -0500] "GET / HTTP/1.0" 200 109053 "https://misswavenigeria.com/" "Mozilla/5.0 (Windows NT 10.0; Win64; x64) AppleWebKit/537.36 (KHTML, like Gecko) Chrome/103.0.5060.134 Safari/537.36"
196.196.53.11 - - [05/Jan/2025:07:35:01 -0500] "GET /register/ HTTP/1.0" 200 75922 "https://misswavenigeria.com/register/" "Mozilla/5.0 (Windows NT 10.0; Win64; x64) AppleWebKit/537.36 (KHTML, like Gecko) Chrome/103.0.5060.134 Safari/537.36"
66.29.132.124 - - [05/Jan/2025:07:35:09 -0500] "POST /wp-cron.php?doing_wp_cron=1736080506.9941420555114746093750 HTTP/1.1" 200 0 "-" "WordPress/6.7.1; https://misswavenigeria.com"
85.208.96.208 - - [05/Jan/2025:07:35:15 -0500] "GET /robots.txt HTTP/1.1" 200 115 "-" "Mozilla/5.0 (compatible; SemrushBot/7~bl; +http://www.semrush.com/bot.html)"
185.191.171.19 - - [05/Jan/2025:07:35:19 -0500] "GET /wp-includes/widgets/class-wp-widget-tag-cloud.php HTTP/1.1" 500 0 "-" "Mozilla/5.0 (compatible; SemrushBot/7~bl; +http://www.semrush.com/bot.html)"
85.208.96.211 - - [05/Jan/2025:07:35:42 -0500] "GET /wp-includes/js/tinymce/themes/ HTTP/1.1" 200 797 "-" "Mozilla/5.0 (compatible; SemrushBot/7~bl; +http://www.semrush.com/bot.html)"
196.196.53.11 - - [05/Jan/2025:07:35:05 -0500] "POST /register/ HTTP/1.0" 200 0 "https://misswavenigeria.com/register/" "Mozilla/5.0 (Windows NT 10.0; Win64; x64) AppleWebKit/537.36 (KHTML, like Gecko) Chrome/103.0.5060.134 Safari/537.36"
196.196.53.11 - - [05/Jan/2025:07:37:34 -0500] "GET /register/ HTTP/1.0" 200 75922 "https://misswavenigeria.com/" "Mozilla/5.0 (Windows NT 10.0; Win64; x64) AppleWebKit/537.36 (KHTML, like Gecko) Chrome/103.0.5060.134 Safari/537.36"
185.191.171.16 - - [05/Jan/2025:07:38:00 -0500] "GET /wp-includes/Requests/src/Transport.php HTTP/1.1" 200 0 "-" "Mozilla/5.0 (compatible; SemrushBot/7~bl; +http://www.semrush.com/bot.html)"
85.208.96.205 - - [05/Jan/2025:07:38:03 -0500] "GET /wp-includes/SimplePie/src/Decode/ HTTP/1.1" 200 781 "-" "Mozilla/5.0 (compatible; SemrushBot/7~bl; +http://www.semrush.com/bot.html)"
196.196.53.11 - - [05/Jan/2025:07:38:07 -0500] "GET / HTTP/1.0" 200 109053 "https://misswavenigeria.com/" "Mozilla/5.0 (Windows NT 6.1; WOW64) AppleWebKit/537.36 (KHTML, like Gecko) Chrome/103.0.0.0 Safari/537.36"
196.196.53.11 - - [05/Jan/2025:07:38:10 -0500] "GET /register/ HTTP/1.0" 200 75922 "https://misswavenigeria.com/register/" "Mozilla/5.0 (Windows NT 6.1; WOW64) AppleWebKit/537.36 (KHTML, like Gecko) Chrome/103.0.0.0 Safari/537.36"
66.29.132.124 - - [05/Jan/2025:07:38:14 -0500] "POST /wp-cron.php?doing_wp_cron=1736080693.7750239372253417968750 HTTP/1.1" 200 0 "-" "WordPress/6.7.1; https://misswavenigeria.com"
66.29.132.124 - - [05/Jan/2025:07:38:15 -0500] "POST /wp-admin/admin-ajax.php?action=async_litespeed&nonce=EHdKx817L8RmugajySt6vYIjMC1eRpyU&litespeed_type=imgoptm HTTP/1.1" 200 0 "-" "WordPress/6.7.1; https://misswavenigeria.com"
66.29.132.124 - - [05/Jan/2025:07:39:14 -0500] "POST /wp-cron.php?doing_wp_cron=1736080754.8849880695343017578125 HTTP/1.1" 200 0 "-" "WordPress/6.7.1; https://misswavenigeria.com"
66.249.68.67 - - [05/Jan/2025:07:39:14 -0500] "GET /goods/272679.html HTTP/1.1" 404 15610 "-" "Mozilla/5.0 (Linux; Android 6.0.1; Nexus 5X Build/MMB29P) AppleWebKit/537.36 (KHTML, like Gecko) Chrome/131.0.6778.139 Mobile Safari/537.36 (compatible; Googlebot/2.1; +http://www.google.com/bot.html)"
66.29.132.124 - - [05/Jan/2025:07:39:15 -0500] "POST /wp-admin/admin-ajax.php?action=async_litespeed&nonce=Zo2ODk0rvzXJnIINmhY43vtjYpo16WYI&litespeed_type=imgoptm HTTP/1.1" 200 21 "-" "WordPress/6.7.1; https://misswavenigeria.com"
196.196.53.11 - - [05/Jan/2025:07:38:12 -0500] "POST /register/ HTTP/1.0" 200 0 "https://misswavenigeria.com/register/" "Mozilla/5.0 (Windows NT 6.1; WOW64) AppleWebKit/537.36 (KHTML, like Gecko) Chrome/103.0.0.0 Safari/537.36"
196.196.53.11 - - [05/Jan/2025:07:40:42 -0500] "GET /register/ HTTP/1.0" 200 75922 "https://misswavenigeria.com/" "Mozilla/5.0 (Windows NT 6.1; WOW64) AppleWebKit/537.36 (KHTML, like Gecko) Chrome/103.0.0.0 Safari/537.36"
196.196.53.11 - - [05/Jan/2025:07:41:05 -0500] "GET / HTTP/1.0" 200 109053 "https://misswavenigeria.com/" "Mozilla/5.0 (Windows NT 10.0; Win64; x64) AppleWebKit/537.36 (KHTML, like Gecko) Chrome/103.0.5060.66 Safari/537.36"
196.196.53.11 - - [05/Jan/2025:07:41:07 -0500] "GET /register/ HTTP/1.0" 200 75922 "https://misswavenigeria.com/register/" "Mozilla/5.0 (Windows NT 10.0; Win64; x64) AppleWebKit/537.36 (KHTML, like Gecko) Chrome/103.0.5060.66 Safari/537.36"
66.29.132.124 - - [05/Jan/2025:07:41:09 -0500] "POST /wp-cron.php?doing_wp_cron=1736080869.9703218936920166015625 HTTP/1.1" 200 0 "-" "WordPress/6.7.1; https://misswavenigeria.com"
66.29.132.124 - - [05/Jan/2025:07:41:10 -0500] "POST /wp-admin/admin-ajax.php?action=async_litespeed&nonce=MqghsNHL3jjLUSgCBy70cWKHiEOnYUGR&litespeed_type=imgoptm HTTP/1.1" 200 21 "-" "WordPress/6.7.1; https://misswavenigeria.com"
185.191.171.1 - - [05/Jan/2025:07:41:30 -0500] "GET /wp-includes/images/smilies/ HTTP/1.1" 200 1633 "-" "Mozilla/5.0 (compatible; SemrushBot/7~bl; +http://www.semrush.com/bot.html)"
196.196.53.11 - - [05/Jan/2025:07:41:09 -0500] "POST /register/ HTTP/1.0" 200 76048 "https://misswavenigeria.com/register/" "Mozilla/5.0 (Windows NT 10.0; Win64; x64) AppleWebKit/537.36 (KHTML, like Gecko) Chrome/103.0.5060.66 Safari/537.36"
66.29.132.124 - - [05/Jan/2025:07:43:38 -0500] "POST /wp-cron.php?doing_wp_cron=1736081018.3578588962554931640625 HTTP/1.1" 200 0 "-" "WordPress/6.7.1; https://misswavenigeria.com"
196.196.53.11 - - [05/Jan/2025:07:43:37 -0500] "GET /register/ HTTP/1.0" 200 75922 "https://misswavenigeria.com/" "Mozilla/5.0 (Windows NT 10.0; Win64; x64) AppleWebKit/537.36 (KHTML, like Gecko) Chrome/103.0.5060.66 Safari/537.36"
66.29.132.124 - - [05/Jan/2025:07:43:38 -0500] "POST /wp-admin/admin-ajax.php?action=async_litespeed&nonce=V0sfy1T7rNgrv9PI06pl80XRLghhoBNZ&litespeed_type=imgoptm HTTP/1.1" 200 21 "-" "WordPress/6.7.1; https://misswavenigeria.com"
196.196.53.11 - - [05/Jan/2025:07:44:10 -0500] "GET / HTTP/1.0" 200 109053 "https://misswavenigeria.com/" "Mozilla/5.0 (Windows NT 6.1; Win64; x64) AppleWebKit/537.36 (KHTML, like Gecko) Chrome/103.0.5060.66 Safari/537.36"
196.196.53.11 - - [05/Jan/2025:07:44:13 -0500] "GET /register/ HTTP/1.0" 200 75922 "https://misswavenigeria.com/register/" "Mozilla/5.0 (Windows NT 6.1; Win64; x64) AppleWebKit/537.36 (KHTML, like Gecko) Chrome/103.0.5060.66 Safari/537.36"
196.196.53.11 - - [05/Jan/2025:07:44:15 -0500] "POST /register/ HTTP/1.0" 200 76048 "https://misswavenigeria.com/register/" "Mozilla/5.0 (Windows NT 6.1; Win64; x64) AppleWebKit/537.36 (KHTML, like Gecko) Chrome/103.0.5060.66 Safari/537.36"
66.29.132.124 - - [05/Jan/2025:07:46:29 -0500] "POST /wp-cron.php?doing_wp_cron=1736081189.2281930446624755859375 HTTP/1.1" 200 0 "-" "WordPress/6.7.1; https://misswavenigeria.com"
196.196.53.11 - - [05/Jan/2025:07:46:29 -0500] "GET /register/ HTTP/1.0" 200 75922 "https://misswavenigeria.com/" "Mozilla/5.0 (Windows NT 6.1; Win64; x64) AppleWebKit/537.36 (KHTML, like Gecko) Chrome/103.0.5060.66 Safari/537.36"
66.29.132.124 - - [05/Jan/2025:07:46:29 -0500] "POST /wp-admin/admin-ajax.php?action=async_litespeed&nonce=DSIVHazJcEaUVTsQXBEoBNPUcVRWL8qt&litespeed_type=imgoptm HTTP/1.1" 200 21 "-" "WordPress/6.7.1; https://misswavenigeria.com"
196.196.53.11 - - [05/Jan/2025:07:47:17 -0500] "GET / HTTP/1.0" 200 109055 "https://misswavenigeria.com/" "Mozilla/5.0 (Windows NT 6.1; WOW64) AppleWebKit/537.36 (KHTML, like Gecko) Chrome/103.0.0.0 Safari/537.36"
196.196.53.11 - - [05/Jan/2025:07:47:20 -0500] "GET /register/ HTTP/1.0" 200 75922 "https://misswavenigeria.com/register/" "Mozilla/5.0 (Windows NT 6.1; WOW64) AppleWebKit/537.36 (KHTML, like Gecko) Chrome/103.0.0.0 Safari/537.36"
196.196.53.11 - - [05/Jan/2025:07:47:21 -0500] "POST /register/ HTTP/1.0" 200 76048 "https://misswavenigeria.com/register/" "Mozilla/5.0 (Windows NT 6.1; WOW64) AppleWebKit/537.36 (KHTML, like Gecko) Chrome/103.0.0.0 Safari/537.36"
66.29.132.124 - - [05/Jan/2025:07:49:22 -0500] "POST /wp-cron.php?doing_wp_cron=1736081362.5595269203186035156250 HTTP/1.1" 200 0 "-" "WordPress/6.7.1; https://misswavenigeria.com"
196.196.53.11 - - [05/Jan/2025:07:49:22 -0500] "GET /register/ HTTP/1.0" 200 75922 "https://misswavenigeria.com/" "Mozilla/5.0 (Windows NT 6.1; WOW64) AppleWebKit/537.36 (KHTML, like Gecko) Chrome/103.0.0.0 Safari/537.36"
66.29.132.124 - - [05/Jan/2025:07:49:22 -0500] "POST /wp-admin/admin-ajax.php?action=async_litespeed&nonce=jgabzv8ykWb17zyTcfuTZTaK0Vl8oOQX&litespeed_type=imgoptm HTTP/1.1" 200 21 "-" "WordPress/6.7.1; https://misswavenigeria.com"
66.29.132.124 - - [05/Jan/2025:07:50:22 -0500] "POST /wp-cron.php?doing_wp_cron=1736081422.3288049697875976562500 HTTP/1.1" 200 0 "-" "WordPress/6.7.1; https://misswavenigeria.com"
196.196.53.11 - - [05/Jan/2025:07:50:22 -0500] "GET / HTTP/1.0" 200 109055 "https://misswavenigeria.com/" "Mozilla/5.0 (Windows NT 10.0; Win64; x64) AppleWebKit/537.36 (KHTML, like Gecko) Chrome/103.0.5042.0 Safari/537.36"
66.29.132.124 - - [05/Jan/2025:07:50:22 -0500] "POST /wp-admin/admin-ajax.php?action=async_litespeed&nonce=2G2hTQapHptzyaycNJJaYWe8BkUATAkK&litespeed_type=imgoptm HTTP/1.1" 200 21 "-" "WordPress/6.7.1; https://misswavenigeria.com"
196.196.53.11 - - [05/Jan/2025:07:50:24 -0500] "GET /register/ HTTP/1.0" 200 75922 "https://misswavenigeria.com/register/" "Mozilla/5.0 (Windows NT 10.0; Win64; x64) AppleWebKit/537.36 (KHTML, like Gecko) Chrome/103.0.5042.0 Safari/537.36"
66.29.132.124 - - [05/Jan/2025:07:50:26 -0500] "POST /wp-cron.php?doing_wp_cron=1736081426.8626070022583007812500 HTTP/1.1" 200 0 "-" "WordPress/6.7.1; https://misswavenigeria.com"
66.29.132.124 - - [05/Jan/2025:07:50:27 -0500] "POST /wp-admin/admin-ajax.php?action=async_litespeed&nonce=kB1sPe8a8i4g3ZVPa68M2Kk5ZvnYnf2a&litespeed_type=imgoptm HTTP/1.1" 200 21 "-" "WordPress/6.7.1; https://misswavenigeria.com"
85.208.96.208 - - [05/Jan/2025:07:51:14 -0500] "GET /wp-includes/css/dist/widgets/ HTTP/1.1" 200 849 "-" "Mozilla/5.0 (compatible; SemrushBot/7~bl; +http://www.semrush.com/bot.html)"
196.196.53.11 - - [05/Jan/2025:07:50:26 -0500] "POST /register/ HTTP/1.0" 200 76048 "https://misswavenigeria.com/register/" "Mozilla/5.0 (Windows NT 10.0; Win64; x64) AppleWebKit/537.36 (KHTML, like Gecko) Chrome/103.0.5042.0 Safari/537.36"
66.29.132.124 - - [05/Jan/2025:07:52:03 -0500] "POST /wp-cron.php?doing_wp_cron=1736081523.6804370880126953125000 HTTP/1.1" 200 0 "-" "WordPress/6.7.1; https://misswavenigeria.com"
196.196.53.11 - - [05/Jan/2025:07:52:03 -0500] "GET /register/ HTTP/1.0" 200 75922 "https://misswavenigeria.com/" "Mozilla/5.0 (Windows NT 10.0; Win64; x64) AppleWebKit/537.36 (KHTML, like Gecko) Chrome/103.0.5042.0 Safari/537.36"
66.29.132.124 - - [05/Jan/2025:07:52:03 -0500] "POST /wp-admin/admin-ajax.php?action=async_litespeed&nonce=wbHHUpUr9qebskAr6pcNIE2TM4f4esGh&litespeed_type=imgoptm HTTP/1.1" 200 21 "-" "WordPress/6.7.1; https://misswavenigeria.com"
66.29.132.124 - - [05/Jan/2025:07:53:24 -0500] "POST /wp-cron.php?doing_wp_cron=1736081604.8871231079101562500000 HTTP/1.1" 200 0 "-" "WordPress/6.7.1; https://misswavenigeria.com"
196.196.53.11 - - [05/Jan/2025:07:53:24 -0500] "GET / HTTP/1.0" 200 109055 "https://misswavenigeria.com/" "Mozilla/5.0 (Windows NT 10.0; Win64; x64) AppleWebKit/537.36 (KHTML, like Gecko) Chrome/103.0.5042.0 Safari/537.36"
66.29.132.124 - - [05/Jan/2025:07:53:25 -0500] "POST /wp-admin/admin-ajax.php?action=async_litespeed&nonce=zuAHsFIFjKmaCfKf8BiDF7j7Uj68HAr3&litespeed_type=imgoptm HTTP/1.1" 200 21 "-" "WordPress/6.7.1; https://misswavenigeria.com"
196.196.53.11 - - [05/Jan/2025:07:53:27 -0500] "GET /register/ HTTP/1.0" 200 75922 "https://misswavenigeria.com/register/" "Mozilla/5.0 (Windows NT 10.0; Win64; x64) AppleWebKit/537.36 (KHTML, like Gecko) Chrome/103.0.5042.0 Safari/537.36"
196.196.53.11 - - [05/Jan/2025:07:53:29 -0500] "POST /register/ HTTP/1.0" 200 76048 "https://misswavenigeria.com/register/" "Mozilla/5.0 (Windows NT 10.0; Win64; x64) AppleWebKit/537.36 (KHTML, like Gecko) Chrome/103.0.5042.0 Safari/537.36"
66.29.132.124 - - [05/Jan/2025:07:55:31 -0500] "POST /wp-cron.php?doing_wp_cron=1736081731.3346669673919677734375 HTTP/1.1" 200 0 "-" "WordPress/6.7.1; https://misswavenigeria.com"
196.196.53.11 - - [05/Jan/2025:07:55:31 -0500] "GET /register/ HTTP/1.0" 200 75922 "https://misswavenigeria.com/" "Mozilla/5.0 (Windows NT 10.0; Win64; x64) AppleWebKit/537.36 (KHTML, like Gecko) Chrome/103.0.5042.0 Safari/537.36"
66.29.132.124 - - [05/Jan/2025:07:55:31 -0500] "POST /wp-admin/admin-ajax.php?action=async_litespeed&nonce=6q11WFQI74wwHfvoLVIkl31mrgsAOfTS&litespeed_type=imgoptm HTTP/1.1" 200 21 "-" "WordPress/6.7.1; https://misswavenigeria.com"
66.29.132.124 - - [05/Jan/2025:07:56:31 -0500] "POST /wp-cron.php?doing_wp_cron=1736081791.6501159667968750000000 HTTP/1.1" 200 0 "-" "WordPress/6.7.1; https://misswavenigeria.com"
196.196.53.11 - - [05/Jan/2025:07:56:31 -0500] "GET / HTTP/1.0" 200 109053 "https://misswavenigeria.com/" "Mozilla/5.0 (Windows NT 10.0; Win64; x64) AppleWebKit/537.36 (KHTML, like Gecko) Chrome/103.0.5060.66 Safari/537.36"
66.29.132.124 - - [05/Jan/2025:07:56:31 -0500] "POST /wp-admin/admin-ajax.php?action=async_litespeed&nonce=FUV9CCYObIXT7KPCeQ6OuaZEmEGh5Yld&litespeed_type=imgoptm HTTP/1.1" 200 21 "-" "WordPress/6.7.1; https://misswavenigeria.com"
196.196.53.11 - - [05/Jan/2025:07:56:33 -0500] "GET /register/ HTTP/1.0" 200 75922 "https://misswavenigeria.com/register/" "Mozilla/5.0 (Windows NT 10.0; Win64; x64) AppleWebKit/537.36 (KHTML, like Gecko) Chrome/103.0.5060.66 Safari/537.36"
185.191.171.13 - - [05/Jan/2025:07:57:01 -0500] "GET /wp-includes/customize/class-wp-customize-nav-menu-control.php HTTP/1.1" 500 0 "-" "Mozilla/5.0 (compatible; SemrushBot/7~bl; +http://www.semrush.com/bot.html)"
196.196.53.11 - - [05/Jan/2025:07:56:35 -0500] "POST /register/ HTTP/1.0" 200 76048 "https://misswavenigeria.com/register/" "Mozilla/5.0 (Windows NT 10.0; Win64; x64) AppleWebKit/537.36 (KHTML, like Gecko) Chrome/103.0.5060.66 Safari/537.36"
66.29.132.124 - - [05/Jan/2025:07:58:01 -0500] "POST /wp-cron.php?doing_wp_cron=1736081881.4270501136779785156250 HTTP/1.1" 200 0 "-" "WordPress/6.7.1; https://misswavenigeria.com"
196.196.53.11 - - [05/Jan/2025:07:58:01 -0500] "GET /register/ HTTP/1.0" 200 75922 "https://misswavenigeria.com/" "Mozilla/5.0 (Windows NT 10.0; Win64; x64) AppleWebKit/537.36 (KHTML, like Gecko) Chrome/103.0.5060.66 Safari/537.36"
66.29.132.124 - - [05/Jan/2025:07:58:01 -0500] "POST /wp-admin/admin-ajax.php?action=async_litespeed&nonce=dF4uazwIPjRg8zyqvJftnWpXz6nFtpVl&litespeed_type=imgoptm HTTP/1.1" 200 21 "-" "WordPress/6.7.1; https://misswavenigeria.com"
66.29.132.124 - - [05/Jan/2025:07:59:41 -0500] "POST /wp-cron.php?doing_wp_cron=1736081981.6739389896392822265625 HTTP/1.1" 200 0 "-" "WordPress/6.7.1; https://misswavenigeria.com"
196.196.53.11 - - [05/Jan/2025:07:59:39 -0500] "GET / HTTP/1.0" 200 109055 "https://misswavenigeria.com/" "Mozilla/5.0 (Windows NT 6.3; Win64; x64) AppleWebKit/537.36 (KHTML, like Gecko) Chrome/103.0.0.0 Safari/537.36"
66.29.132.124 - - [05/Jan/2025:07:59:41 -0500] "POST /wp-admin/admin-ajax.php?action=async_litespeed&nonce=HlM2EouHzKxJr6mmNNzhKJHyKv5ySpNf&litespeed_type=imgoptm HTTP/1.1" 200 21 "-" "WordPress/6.7.1; https://misswavenigeria.com"
196.196.53.11 - - [05/Jan/2025:07:59:44 -0500] "GET /register/ HTTP/1.0" 200 75922 "https://misswavenigeria.com/register/" "Mozilla/5.0 (Windows NT 6.3; Win64; x64) AppleWebKit/537.36 (KHTML, like Gecko) Chrome/103.0.0.0 Safari/537.36"
196.196.53.11 - - [05/Jan/2025:07:59:45 -0500] "POST /register/ HTTP/1.0" 200 76048 "https://misswavenigeria.com/register/" "Mozilla/5.0 (Windows NT 6.3; Win64; x64) AppleWebKit/537.36 (KHTML, like Gecko) Chrome/103.0.0.0 Safari/537.36"
66.29.132.124 - - [05/Jan/2025:08:01:32 -0500] "POST /wp-cron.php?doing_wp_cron=1736082092.7499690055847167968750 HTTP/1.1" 200 0 "-" "WordPress/6.7.1; https://misswavenigeria.com"
196.196.53.11 - - [05/Jan/2025:08:01:32 -0500] "GET /register/ HTTP/1.0" 200 75922 "https://misswavenigeria.com/" "Mozilla/5.0 (Windows NT 6.3; Win64; x64) AppleWebKit/537.36 (KHTML, like Gecko) Chrome/103.0.0.0 Safari/537.36"
66.29.132.124 - - [05/Jan/2025:08:01:32 -0500] "POST /wp-admin/admin-ajax.php?action=async_litespeed&nonce=55qVuI1Zf8L7bOnYegfrmJ3wPDlkcZB3&litespeed_type=imgoptm HTTP/1.1" 200 21 "-" "WordPress/6.7.1; https://misswavenigeria.com"
185.191.171.8 - - [05/Jan/2025:08:02:46 -0500] "GET /wp-includes/PHPMailer/PHPMailer.php HTTP/1.1" 200 0 "-" "Mozilla/5.0 (compatible; SemrushBot/7~bl; +http://www.semrush.com/bot.html)"
66.29.132.124 - - [05/Jan/2025:08:02:49 -0500] "POST /wp-cron.php?doing_wp_cron=1736082169.7555060386657714843750 HTTP/1.1" 200 0 "-" "WordPress/6.7.1; https://misswavenigeria.com"
196.196.53.11 - - [05/Jan/2025:08:02:49 -0500] "GET / HTTP/1.0" 200 109055 "https://misswavenigeria.com/" "Mozilla/5.0 (Windows NT 6.3; Win64; x64) AppleWebKit/537.36 (KHTML, like Gecko) Chrome/103.0.5060.114 Safari/537.36"
66.29.132.124 - - [05/Jan/2025:08:02:49 -0500] "POST /wp-admin/admin-ajax.php?action=async_litespeed&nonce=gjF7H7oK7zQeBi0FMzWhhhdo4iS8W4Vg&litespeed_type=imgoptm HTTP/1.1" 200 21 "-" "WordPress/6.7.1; https://misswavenigeria.com"
196.196.53.11 - - [05/Jan/2025:08:02:52 -0500] "GET /register/ HTTP/1.0" 200 75922 "https://misswavenigeria.com/register/" "Mozilla/5.0 (Windows NT 6.3; Win64; x64) AppleWebKit/537.36 (KHTML, like Gecko) Chrome/103.0.5060.114 Safari/537.36"
196.196.53.11 - - [05/Jan/2025:08:02:53 -0500] "POST /register/ HTTP/1.0" 200 76048 "https://misswavenigeria.com/register/" "Mozilla/5.0 (Windows NT 6.3; Win64; x64) AppleWebKit/537.36 (KHTML, like Gecko) Chrome/103.0.5060.114 Safari/537.36"
66.29.132.124 - - [05/Jan/2025:08:04:27 -0500] "POST /wp-cron.php?doing_wp_cron=1736082267.2099380493164062500000 HTTP/1.1" 200 0 "-" "WordPress/6.7.1; https://misswavenigeria.com"
196.196.53.11 - - [05/Jan/2025:08:04:27 -0500] "GET /register/ HTTP/1.0" 200 75922 "https://misswavenigeria.com/" "Mozilla/5.0 (Windows NT 6.3; Win64; x64) AppleWebKit/537.36 (KHTML, like Gecko) Chrome/103.0.5060.114 Safari/537.36"
66.29.132.124 - - [05/Jan/2025:08:04:27 -0500] "POST /wp-admin/admin-ajax.php?action=async_litespeed&nonce=irxvq65RBFTXopD1pOGmDV6bWVj1sbIx&litespeed_type=imgoptm HTTP/1.1" 200 21 "-" "WordPress/6.7.1; https://misswavenigeria.com"
66.29.132.124 - - [05/Jan/2025:08:05:58 -0500] "POST /wp-cron.php?doing_wp_cron=1736082358.3651490211486816406250 HTTP/1.1" 200 0 "-" "WordPress/6.7.1; https://misswavenigeria.com"
196.196.53.11 - - [05/Jan/2025:08:05:56 -0500] "GET / HTTP/1.0" 200 109051 "https://misswavenigeria.com/" "Mozilla/5.0 (Windows NT 6.1; Win64; x64) AppleWebKit/537.36 (KHTML, like Gecko) Chrome/103.0.0.0 Safari/537.36"
66.29.132.124 - - [05/Jan/2025:08:05:58 -0500] "POST /wp-admin/admin-ajax.php?action=async_litespeed&nonce=Yl1ub1WNHlO7ci1xS9BVsvbQaDxcn6Hf&litespeed_type=imgoptm HTTP/1.1" 200 21 "-" "WordPress/6.7.1; https://misswavenigeria.com"
196.196.53.11 - - [05/Jan/2025:08:06:00 -0500] "GET /register/ HTTP/1.0" 200 75922 "https://misswavenigeria.com/register/" "Mozilla/5.0 (Windows NT 6.1; Win64; x64) AppleWebKit/537.36 (KHTML, like Gecko) Chrome/103.0.0.0 Safari/537.36"
85.208.96.204 - - [05/Jan/2025:08:06:44 -0500] "GET /wp-includes/css/dist/patterns/ HTTP/1.1" 200 849 "-" "Mozilla/5.0 (compatible; SemrushBot/7~bl; +http://www.semrush.com/bot.html)"
196.196.53.11 - - [05/Jan/2025:08:06:02 -0500] "POST /register/ HTTP/1.0" 200 76048 "https://misswavenigeria.com/register/" "Mozilla/5.0 (Windows NT 6.1; Win64; x64) AppleWebKit/537.36 (KHTML, like Gecko) Chrome/103.0.0.0 Safari/537.36"
66.29.132.124 - - [05/Jan/2025:08:07:44 -0500] "POST /wp-cron.php?doing_wp_cron=1736082464.0099880695343017578125 HTTP/1.1" 200 0 "-" "WordPress/6.7.1; https://misswavenigeria.com"
196.196.53.11 - - [05/Jan/2025:08:07:43 -0500] "GET /register/ HTTP/1.0" 200 75922 "https://misswavenigeria.com/" "Mozilla/5.0 (Windows NT 6.1; Win64; x64) AppleWebKit/537.36 (KHTML, like Gecko) Chrome/103.0.0.0 Safari/537.36"
66.29.132.124 - - [05/Jan/2025:08:07:44 -0500] "POST /wp-admin/admin-ajax.php?action=async_litespeed&nonce=ti4wFCzu4BbtzjGIbtOohV39J1lvpHTC&litespeed_type=imgoptm HTTP/1.1" 200 21 "-" "WordPress/6.7.1; https://misswavenigeria.com"
66.29.132.124 - - [05/Jan/2025:08:09:02 -0500] "POST /wp-cron.php?doing_wp_cron=1736082542.7213809490203857421875 HTTP/1.1" 200 0 "-" "WordPress/6.7.1; https://misswavenigeria.com"
196.196.53.11 - - [05/Jan/2025:08:09:02 -0500] "GET / HTTP/1.0" 200 109053 "https://misswavenigeria.com/" "Mozilla/5.0 (Windows NT 10.0; Win64; x64) AppleWebKit/537.36 (KHTML, like Gecko) Chrome/103.0.5060.114 Safari/537.36"
66.29.132.124 - - [05/Jan/2025:08:09:02 -0500] "POST /wp-admin/admin-ajax.php?action=async_litespeed&nonce=0EonSS2DYEVgQT4yxzmo4zpBwsFmUOBs&litespeed_type=imgoptm HTTP/1.1" 200 21 "-" "WordPress/6.7.1; https://misswavenigeria.com"
196.196.53.11 - - [05/Jan/2025:08:09:04 -0500] "GET /register/ HTTP/1.0" 200 75922 "https://misswavenigeria.com/register/" "Mozilla/5.0 (Windows NT 10.0; Win64; x64) AppleWebKit/537.36 (KHTML, like Gecko) Chrome/103.0.5060.114 Safari/537.36"
159.203.85.226 - - [05/Jan/2025:08:09:57 -0500] "GET /wp-admin/css/ HTTP/1.1" 200 3372 "binance.com" "Mozilla/5.0 (Windows NT 10.0; Win64; x64) AppleWebKit/537.36 (KHTML, like Gecko) Chrome/90.0.4430.85 Safari/537.36"
159.203.85.226 - - [05/Jan/2025:08:10:02 -0500] "GET /wp-content/uploads/2025/01/ HTTP/1.1" 200 697 "binance.com" "Mozilla/5.0 (Windows NT 10.0; Win64; x64) AppleWebKit/537.36 (KHTML, like Gecko) Chrome/90.0.4430.85 Safari/537.36"
66.29.132.124 - - [05/Jan/2025:08:10:12 -0500] "POST /wp-cron.php?doing_wp_cron=1736082612.5567920207977294921875 HTTP/1.1" 200 0 "-" "WordPress/6.7.1; https://misswavenigeria.com"
159.203.85.226 - - [05/Jan/2025:08:10:12 -0500] "GET /wp-content/uploads/2025/00/ HTTP/1.1" 404 18011 "binance.com" "Mozilla/5.0 (Windows NT 10.0; Win64; x64) AppleWebKit/537.36 (KHTML, like Gecko) Chrome/90.0.4430.85 Safari/537.36"
66.29.132.124 - - [05/Jan/2025:08:10:12 -0500] "POST /wp-admin/admin-ajax.php?action=async_litespeed&nonce=MQyMXA8zxHCoR4ouxAo26lOxmFEPvD89&litespeed_type=imgoptm HTTP/1.1" 200 21 "-" "WordPress/6.7.1; https://misswavenigeria.com"
159.203.85.226 - - [05/Jan/2025:08:10:19 -0500] "GET /wp-content/uploads/ HTTP/1.1" 200 1688 "binance.com" "Mozilla/5.0 (Windows NT 10.0; Win64; x64) AppleWebKit/537.36 (KHTML, like Gecko) Chrome/90.0.4430.85 Safari/537.36"
159.203.85.226 - - [05/Jan/2025:08:10:28 -0500] "GET /wp-content/uploads/ HTTP/1.1" 200 1688 "binance.com" "Mozilla/5.0 (Windows NT 10.0; Win64; x64) AppleWebKit/537.36 (KHTML, like Gecko) Chrome/90.0.4430.85 Safari/537.36"
159.203.85.226 - - [05/Jan/2025:08:10:32 -0500] "GET /wp-content/uploads/hxvgzgvgae.php HTTP/1.1" 403 1242 "binance.com" "Mozilla/5.0 (Windows NT 10.0; Win64; x64) AppleWebKit/537.36 (KHTML, like Gecko) Chrome/90.0.4430.85 Safari/537.36"
159.203.85.226 - - [05/Jan/2025:08:10:36 -0500] "GET /wp-content/uploads/igxxfctiaj.php HTTP/1.1" 403 1242 "binance.com" "Mozilla/5.0 (Windows NT 10.0; Win64; x64) AppleWebKit/537.36 (KHTML, like Gecko) Chrome/90.0.4430.85 Safari/537.36"
159.203.85.226 - - [05/Jan/2025:08:10:39 -0500] "GET /wp-content/uploads/kfhzpwknrt.php HTTP/1.1" 403 1242 "binance.com" "Mozilla/5.0 (Windows NT 10.0; Win64; x64) AppleWebKit/537.36 (KHTML, like Gecko) Chrome/90.0.4430.85 Safari/537.36"
159.203.85.226 - - [05/Jan/2025:08:10:41 -0500] "GET /wp-content/uploads/nnkvqxtxej.php HTTP/1.1" 403 1242 "binance.com" "Mozilla/5.0 (Windows NT 10.0; Win64; x64) AppleWebKit/537.36 (KHTML, like Gecko) Chrome/90.0.4430.85 Safari/537.36"
196.196.53.11 - - [05/Jan/2025:08:09:06 -0500] "POST /register/ HTTP/1.0" 200 76048 "https://misswavenigeria.com/register/" "Mozilla/5.0 (Windows NT 10.0; Win64; x64) AppleWebKit/537.36 (KHTML, like Gecko) Chrome/103.0.5060.114 Safari/537.36"
159.203.85.226 - - [05/Jan/2025:08:10:42 -0500] "GET /wp-content/uploads/rvmburmnyn.php HTTP/1.1" 403 1242 "binance.com" "Mozilla/5.0 (Windows NT 10.0; Win64; x64) AppleWebKit/537.36 (KHTML, like Gecko) Chrome/90.0.4430.85 Safari/537.36"
66.29.132.124 - - [05/Jan/2025:08:10:43 -0500] "POST /wp-cron.php?doing_wp_cron=1736082643.8109788894653320312500 HTTP/1.1" 200 0 "-" "WordPress/6.7.1; https://misswavenigeria.com"
196.196.53.11 - - [05/Jan/2025:08:10:43 -0500] "GET /register/ HTTP/1.0" 200 75922 "https://misswavenigeria.com/" "Mozilla/5.0 (Windows NT 10.0; Win64; x64) AppleWebKit/537.36 (KHTML, like Gecko) Chrome/103.0.5060.114 Safari/537.36"
66.29.132.124 - - [05/Jan/2025:08:10:43 -0500] "POST /wp-admin/admin-ajax.php?action=async_litespeed&nonce=cFLj5iUduuTccjOGt8R1Rv5dITCFRGVt&litespeed_type=imgoptm HTTP/1.1" 200 21 "-" "WordPress/6.7.1; https://misswavenigeria.com"
159.203.85.226 - - [05/Jan/2025:08:10:44 -0500] "GET /wp-content/uploads/sqaoankrhp.php HTTP/1.1" 403 1242 "binance.com" "Mozilla/5.0 (Windows NT 10.0; Win64; x64) AppleWebKit/537.36 (KHTML, like Gecko) Chrome/90.0.4430.85 Safari/537.36"
159.203.85.226 - - [05/Jan/2025:08:10:45 -0500] "GET /wp-content/uploads/svbiqchvov.php HTTP/1.1" 403 1242 "binance.com" "Mozilla/5.0 (Windows NT 10.0; Win64; x64) AppleWebKit/537.36 (KHTML, like Gecko) Chrome/90.0.4430.85 Safari/537.36"
159.203.85.226 - - [05/Jan/2025:08:10:46 -0500] "GET /wp-content/uploads/x8.php HTTP/1.1" 403 1242 "binance.com" "Mozilla/5.0 (Windows NT 10.0; Win64; x64) AppleWebKit/537.36 (KHTML, like Gecko) Chrome/90.0.4430.85 Safari/537.36"
159.203.85.226 - - [05/Jan/2025:08:10:47 -0500] "GET /wp-content/uploads/yrdihqixlv.php HTTP/1.1" 403 1242 "binance.com" "Mozilla/5.0 (Windows NT 10.0; Win64; x64) AppleWebKit/537.36 (KHTML, like Gecko) Chrome/90.0.4430.85 Safari/537.36"
159.203.85.226 - - [05/Jan/2025:08:10:48 -0500] "GET /wp-content/upgrade/ HTTP/1.1" 200 689 "binance.com" "Mozilla/5.0 (Windows NT 10.0; Win64; x64) AppleWebKit/537.36 (KHTML, like Gecko) Chrome/90.0.4430.85 Safari/537.36"
159.203.85.226 - - [05/Jan/2025:08:10:50 -0500] "GET /wp-content/languages/ HTTP/1.1" 404 18011 "binance.com" "Mozilla/5.0 (Windows NT 10.0; Win64; x64) AppleWebKit/537.36 (KHTML, like Gecko) Chrome/90.0.4430.85 Safari/537.36"
159.203.85.226 - - [05/Jan/2025:08:10:52 -0500] "GET /wp-admin/includes/ HTTP/1.1" 200 3914 "binance.com" "Mozilla/5.0 (Windows NT 10.0; Win64; x64) AppleWebKit/537.36 (KHTML, like Gecko) Chrome/90.0.4430.85 Safari/537.36"
159.203.85.226 - - [05/Jan/2025:08:10:53 -0500] "GET /wp-admin/includes/ HTTP/1.1" 200 3914 "binance.com" "Mozilla/5.0 (Windows NT 10.0; Win64; x64) AppleWebKit/537.36 (KHTML, like Gecko) Chrome/90.0.4430.85 Safari/537.36"
159.203.85.226 - - [05/Jan/2025:08:10:54 -0500] "GET /wp-admin/maint/ HTTP/1.1" 200 778 "binance.com" "Mozilla/5.0 (Windows NT 10.0; Win64; x64) AppleWebKit/537.36 (KHTML, like Gecko) Chrome/90.0.4430.85 Safari/537.36"
159.203.85.226 - - [05/Jan/2025:08:10:56 -0500] "GET /wp-admin/maint/ HTTP/1.1" 200 778 "binance.com" "Mozilla/5.0 (Windows NT 10.0; Win64; x64) AppleWebKit/537.36 (KHTML, like Gecko) Chrome/90.0.4430.85 Safari/537.36"
159.203.85.226 - - [05/Jan/2025:08:10:57 -0500] "GET /wp-admin/network/ HTTP/1.1" 302 0 "binance.com" "Mozilla/5.0 (Windows NT 10.0; Win64; x64) AppleWebKit/537.36 (KHTML, like Gecko) Chrome/90.0.4430.85 Safari/537.36"
159.203.85.226 - - [05/Jan/2025:08:10:57 -0500] "GET /wp-admin/upgrade.php?_wp_http_referer=%2Fwp-admin%2Fnetwork%2F HTTP/1.1" 200 635 "binance.com" "Mozilla/5.0 (Windows NT 10.0; Win64; x64) AppleWebKit/537.36 (KHTML, like Gecko) Chrome/90.0.4430.85 Safari/537.36"
159.203.85.226 - - [05/Jan/2025:08:11:00 -0500] "GET /wp-admin/user/ HTTP/1.1" 302 0 "binance.com" "Mozilla/5.0 (Windows NT 10.0; Win64; x64) AppleWebKit/537.36 (KHTML, like Gecko) Chrome/90.0.4430.85 Safari/537.36"
159.203.85.226 - - [05/Jan/2025:08:11:00 -0500] "GET /wp-admin/upgrade.php?_wp_http_referer=%2Fwp-admin%2Fuser%2F HTTP/1.1" 200 633 "binance.com" "Mozilla/5.0 (Windows NT 10.0; Win64; x64) AppleWebKit/537.36 (KHTML, like Gecko) Chrome/90.0.4430.85 Safari/537.36"
159.203.85.226 - - [05/Jan/2025:08:11:01 -0500] "GET /wp-admin/css/ HTTP/1.1" 200 3372 "binance.com" "Mozilla/5.0 (Windows NT 10.0; Win64; x64) AppleWebKit/537.36 (KHTML, like Gecko) Chrome/90.0.4430.85 Safari/537.36"
159.203.85.226 - - [05/Jan/2025:08:11:03 -0500] "GET /wp-admin/css/colors/ HTTP/1.1" 200 1317 "binance.com" "Mozilla/5.0 (Windows NT 10.0; Win64; x64) AppleWebKit/537.36 (KHTML, like Gecko) Chrome/90.0.4430.85 Safari/537.36"
159.203.85.226 - - [05/Jan/2025:08:11:04 -0500] "GET /wp-admin/css/colors/blue/ HTTP/1.1" 200 894 "binance.com" "Mozilla/5.0 (Windows NT 10.0; Win64; x64) AppleWebKit/537.36 (KHTML, like Gecko) Chrome/90.0.4430.85 Safari/537.36"
159.203.85.226 - - [05/Jan/2025:08:11:05 -0500] "GET /wp-admin/css/colors/coffee/ HTTP/1.1" 200 893 "binance.com" "Mozilla/5.0 (Windows NT 10.0; Win64; x64) AppleWebKit/537.36 (KHTML, like Gecko) Chrome/90.0.4430.85 Safari/537.36"
159.203.85.226 - - [05/Jan/2025:08:11:06 -0500] "GET /wp-admin/css/colors/ectoplasm/ HTTP/1.1" 200 894 "binance.com" "Mozilla/5.0 (Windows NT 10.0; Win64; x64) AppleWebKit/537.36 (KHTML, like Gecko) Chrome/90.0.4430.85 Safari/537.36"
159.203.85.226 - - [05/Jan/2025:08:11:12 -0500] "GET /wp-admin/css/colors/light/ HTTP/1.1" 200 895 "binance.com" "Mozilla/5.0 (Windows NT 10.0; Win64; x64) AppleWebKit/537.36 (KHTML, like Gecko) Chrome/90.0.4430.85 Safari/537.36"
185.191.171.13 - - [05/Jan/2025:08:11:15 -0500] "GET /wp-includes/customize/class-wp-customize-code-editor-control.php HTTP/1.1" 500 0 "-" "Mozilla/5.0 (compatible; SemrushBot/7~bl; +http://www.semrush.com/bot.html)"
159.203.85.226 - - [05/Jan/2025:08:11:21 -0500] "GET /wp-admin/css/colors/midnight/ HTTP/1.1" 200 896 "binance.com" "Mozilla/5.0 (Windows NT 10.0; Win64; x64) AppleWebKit/537.36 (KHTML, like Gecko) Chrome/90.0.4430.85 Safari/537.36"
