196.196.53.11 - - [05/Jan/2025:21:05:42 -0500] "GET / HTTP/1.0" 200 109055 "https://misswavenigeria.com/" "Mozilla/5.0 (Windows NT 6.1; Win64; x64) AppleWebKit/537.36 (KHTML, like Gecko) Chrome/103.0.5060.114 Safari/537.36"
66.29.132.124 - - [05/Jan/2025:21:05:44 -0500] "POST /wp-admin/admin-ajax.php?action=async_litespeed&nonce=UNmm7hVL2rM7dBmiv8Fzs38ibocZfCkh&litespeed_type=imgoptm HTTP/1.1" 200 21 "-" "WordPress/6.7.1; https://misswavenigeria.com"
196.196.53.11 - - [05/Jan/2025:21:05:46 -0500] "GET /register/ HTTP/1.0" 200 75922 "https://misswavenigeria.com/register/" "Mozilla/5.0 (Windows NT 6.1; Win64; x64) AppleWebKit/537.36 (KHTML, like Gecko) Chrome/103.0.5060.114 Safari/537.36"
196.196.53.11 - - [05/Jan/2025:21:05:48 -0500] "POST /register/ HTTP/1.0" 200 76048 "https://misswavenigeria.com/register/" "Mozilla/5.0 (Windows NT 6.1; Win64; x64) AppleWebKit/537.36 (KHTML, like Gecko) Chrome/103.0.5060.114 Safari/537.36"
66.29.132.124 - - [05/Jan/2025:21:07:49 -0500] "POST /wp-cron.php?doing_wp_cron=1736129269.8202989101409912109375 HTTP/1.1" 200 0 "-" "WordPress/6.7.1; https://misswavenigeria.com"
196.196.53.11 - - [05/Jan/2025:21:07:49 -0500] "GET /register/ HTTP/1.0" 200 75922 "https://misswavenigeria.com/" "Mozilla/5.0 (Windows NT 6.1; Win64; x64) AppleWebKit/537.36 (KHTML, like Gecko) Chrome/103.0.5060.114 Safari/537.36"
66.29.132.124 - - [05/Jan/2025:21:07:50 -0500] "POST /wp-admin/admin-ajax.php?action=async_litespeed&nonce=bw2bOEdAEmtCN7JKtkPpcDELw0Og8f0P&litespeed_type=imgoptm HTTP/1.1" 200 21 "-" "WordPress/6.7.1; https://misswavenigeria.com"
66.29.132.124 - - [05/Jan/2025:21:08:50 -0500] "POST /wp-cron.php?doing_wp_cron=1736129330.8308439254760742187500 HTTP/1.1" 200 0 "-" "WordPress/6.7.1; https://misswavenigeria.com"
196.196.53.11 - - [05/Jan/2025:21:08:50 -0500] "GET / HTTP/1.0" 200 109055 "https://misswavenigeria.com/" "Mozilla/5.0 (Windows NT 6.1; Win64; x64) AppleWebKit/537.36 (KHTML, like Gecko) Chrome/103.0.5060.66 Safari/537.36"
66.29.132.124 - - [05/Jan/2025:21:08:51 -0500] "POST /wp-admin/admin-ajax.php?action=async_litespeed&nonce=GQkSWdn7DkqRplwjMdOaYM22EEmDLDqA&litespeed_type=imgoptm HTTP/1.1" 200 21 "-" "WordPress/6.7.1; https://misswavenigeria.com"
196.196.53.11 - - [05/Jan/2025:21:08:53 -0500] "GET /register/ HTTP/1.0" 200 75922 "https://misswavenigeria.com/register/" "Mozilla/5.0 (Windows NT 6.1; Win64; x64) AppleWebKit/537.36 (KHTML, like Gecko) Chrome/103.0.5060.66 Safari/537.36"
196.196.53.11 - - [05/Jan/2025:21:08:54 -0500] "POST /register/ HTTP/1.0" 200 76048 "https://misswavenigeria.com/register/" "Mozilla/5.0 (Windows NT 6.1; Win64; x64) AppleWebKit/537.36 (KHTML, like Gecko) Chrome/103.0.5060.66 Safari/537.36"
66.29.132.124 - - [05/Jan/2025:21:10:21 -0500] "POST /wp-cron.php?doing_wp_cron=1736129421.3217570781707763671875 HTTP/1.1" 200 0 "-" "WordPress/6.7.1; https://misswavenigeria.com"
196.196.53.11 - - [05/Jan/2025:21:10:21 -0500] "GET /register/ HTTP/1.0" 200 75922 "https://misswavenigeria.com/" "Mozilla/5.0 (Windows NT 6.1; Win64; x64) AppleWebKit/537.36 (KHTML, like Gecko) Chrome/103.0.5060.66 Safari/537.36"
66.29.132.124 - - [05/Jan/2025:21:10:21 -0500] "POST /wp-admin/admin-ajax.php?action=async_litespeed&nonce=i1LcOf7EVHV2iBynx1E8M6ZjwurDYMjv&litespeed_type=imgoptm HTTP/1.1" 200 21 "-" "WordPress/6.7.1; https://misswavenigeria.com"
66.29.132.124 - - [05/Jan/2025:21:12:15 -0500] "POST /wp-cron.php?doing_wp_cron=1736129535.3848600387573242187500 HTTP/1.1" 200 0 "-" "WordPress/6.7.1; https://misswavenigeria.com"
196.196.53.11 - - [05/Jan/2025:21:12:12 -0500] "GET / HTTP/1.0" 200 109055 "https://misswavenigeria.com/" "Mozilla/5.0 (Windows NT 10.0; Win64; x64) AppleWebKit/537.36 (KHTML, like Gecko) Chrome/103.0.5060.134 Safari/537.36"
66.29.132.124 - - [05/Jan/2025:21:12:15 -0500] "POST /wp-admin/admin-ajax.php?action=async_litespeed&nonce=DtdeWxEOmh83ChdL52ursilyfISZ6RFR&litespeed_type=imgoptm HTTP/1.1" 200 21 "-" "WordPress/6.7.1; https://misswavenigeria.com"
196.196.53.11 - - [05/Jan/2025:21:12:17 -0500] "GET /register/ HTTP/1.0" 200 75922 "https://misswavenigeria.com/register/" "Mozilla/5.0 (Windows NT 10.0; Win64; x64) AppleWebKit/537.36 (KHTML, like Gecko) Chrome/103.0.5060.134 Safari/537.36"
85.208.96.211 - - [05/Jan/2025:21:13:25 -0500] "GET /wp-includes/widgets/class-wp-widget-categories.php HTTP/1.1" 500 0 "-" "Mozilla/5.0 (compatible; SemrushBot/7~bl; +http://www.semrush.com/bot.html)"
196.196.53.11 - - [05/Jan/2025:21:12:19 -0500] "POST /register/ HTTP/1.0" 200 76048 "https://misswavenigeria.com/register/" "Mozilla/5.0 (Windows NT 10.0; Win64; x64) AppleWebKit/537.36 (KHTML, like Gecko) Chrome/103.0.5060.134 Safari/537.36"
66.29.132.124 - - [05/Jan/2025:21:13:47 -0500] "POST /wp-cron.php?doing_wp_cron=1736129627.3176150321960449218750 HTTP/1.1" 200 0 "-" "WordPress/6.7.1; https://misswavenigeria.com"
196.196.53.11 - - [05/Jan/2025:21:13:47 -0500] "GET /register/ HTTP/1.0" 200 75922 "https://misswavenigeria.com/" "Mozilla/5.0 (Windows NT 10.0; Win64; x64) AppleWebKit/537.36 (KHTML, like Gecko) Chrome/103.0.5060.134 Safari/537.36"
66.29.132.124 - - [05/Jan/2025:21:13:47 -0500] "POST /wp-admin/admin-ajax.php?action=async_litespeed&nonce=OtCEtLdgwC2VWI8ZruhAbjIA7talAhcK&litespeed_type=imgoptm HTTP/1.1" 200 21 "-" "WordPress/6.7.1; https://misswavenigeria.com"
66.29.132.124 - - [05/Jan/2025:21:15:27 -0500] "POST /wp-cron.php?doing_wp_cron=1736129727.3134489059448242187500 HTTP/1.1" 200 0 "-" "WordPress/6.7.1; https://misswavenigeria.com"
196.196.53.11 - - [05/Jan/2025:21:15:25 -0500] "GET / HTTP/1.0" 200 109053 "https://misswavenigeria.com/" "Mozilla/5.0 (Windows NT 6.3; Win64; x64) AppleWebKit/537.36 (KHTML, like Gecko) Chrome/103.0.5060.114 Safari/537.36"
66.29.132.124 - - [05/Jan/2025:21:15:27 -0500] "POST /wp-admin/admin-ajax.php?action=async_litespeed&nonce=Ds74MYNCYYt6whuglf29VsIdomrfsn2F&litespeed_type=imgoptm HTTP/1.1" 200 21 "-" "WordPress/6.7.1; https://misswavenigeria.com"
196.196.53.11 - - [05/Jan/2025:21:15:29 -0500] "GET /register/ HTTP/1.0" 200 75922 "https://misswavenigeria.com/register/" "Mozilla/5.0 (Windows NT 6.3; Win64; x64) AppleWebKit/537.36 (KHTML, like Gecko) Chrome/103.0.5060.114 Safari/537.36"
196.196.53.11 - - [05/Jan/2025:21:15:31 -0500] "POST /register/ HTTP/1.0" 200 76048 "https://misswavenigeria.com/register/" "Mozilla/5.0 (Windows NT 6.3; Win64; x64) AppleWebKit/537.36 (KHTML, like Gecko) Chrome/103.0.5060.114 Safari/537.36"
66.29.132.124 - - [05/Jan/2025:21:16:46 -0500] "POST /wp-cron.php?doing_wp_cron=1736129806.3799309730529785156250 HTTP/1.1" 200 0 "-" "WordPress/6.7.1; https://misswavenigeria.com"
196.196.53.11 - - [05/Jan/2025:21:16:46 -0500] "GET /register/ HTTP/1.0" 200 75922 "https://misswavenigeria.com/" "Mozilla/5.0 (Windows NT 6.3; Win64; x64) AppleWebKit/537.36 (KHTML, like Gecko) Chrome/103.0.5060.114 Safari/537.36"
66.29.132.124 - - [05/Jan/2025:21:16:46 -0500] "POST /wp-admin/admin-ajax.php?action=async_litespeed&nonce=6UiEZBmv2416vLwdyJAGFpfx9XdFpRAb&litespeed_type=imgoptm HTTP/1.1" 200 21 "-" "WordPress/6.7.1; https://misswavenigeria.com"
185.191.171.15 - - [05/Jan/2025:21:17:47 -0500] "GET /robots.txt HTTP/1.1" 200 115 "-" "Mozilla/5.0 (compatible; SemrushBot/7~bl; +http://www.semrush.com/bot.html)"
85.208.96.201 - - [05/Jan/2025:21:17:48 -0500] "GET /wp-includes/IXR/error_log HTTP/1.1" 403 1242 "-" "Mozilla/5.0 (compatible; SemrushBot/7~bl; +http://www.semrush.com/bot.html)"
66.29.132.124 - - [05/Jan/2025:21:19:12 -0500] "POST /wp-cron.php?doing_wp_cron=1736129952.7371981143951416015625 HTTP/1.1" 200 0 "-" "WordPress/6.7.1; https://misswavenigeria.com"
194.32.122.76 - - [05/Jan/2025:21:19:10 -0500] "GET / HTTP/1.0" 200 109053 "https://misswavenigeria.com/" "Mozilla/5.0 (Windows NT 6.2; Win64; x64) AppleWebKit/537.36 (KHTML, like Gecko) Chrome/103.0.0.0 Safari/537.36"
66.29.132.124 - - [05/Jan/2025:21:19:12 -0500] "POST /wp-admin/admin-ajax.php?action=async_litespeed&nonce=g8GPXUz5vce05nFJzVDngzvVjRbZ43uw&litespeed_type=imgoptm HTTP/1.1" 200 21 "-" "WordPress/6.7.1; https://misswavenigeria.com"
194.32.122.76 - - [05/Jan/2025:21:19:15 -0500] "GET /register/ HTTP/1.0" 200 75922 "https://misswavenigeria.com/register/" "Mozilla/5.0 (Windows NT 6.2; Win64; x64) AppleWebKit/537.36 (KHTML, like Gecko) Chrome/103.0.0.0 Safari/537.36"
194.32.122.76 - - [05/Jan/2025:21:19:17 -0500] "POST /register/ HTTP/1.0" 200 76048 "https://misswavenigeria.com/register/" "Mozilla/5.0 (Windows NT 6.2; Win64; x64) AppleWebKit/537.36 (KHTML, like Gecko) Chrome/103.0.0.0 Safari/537.36"
66.29.132.124 - - [05/Jan/2025:21:21:05 -0500] "POST /wp-cron.php?doing_wp_cron=1736130065.1457939147949218750000 HTTP/1.1" 200 0 "-" "WordPress/6.7.1; https://misswavenigeria.com"
194.32.122.76 - - [05/Jan/2025:21:21:04 -0500] "GET /register/ HTTP/1.0" 200 75922 "https://misswavenigeria.com/" "Mozilla/5.0 (Windows NT 6.2; Win64; x64) AppleWebKit/537.36 (KHTML, like Gecko) Chrome/103.0.0.0 Safari/537.36"
66.29.132.124 - - [05/Jan/2025:21:21:05 -0500] "POST /wp-admin/admin-ajax.php?action=async_litespeed&nonce=YutJ58nbz25bTH6S0RLIeiyLeySZ0RCD&litespeed_type=imgoptm HTTP/1.1" 200 21 "-" "WordPress/6.7.1; https://misswavenigeria.com"
85.208.96.203 - - [05/Jan/2025:21:21:50 -0500] "GET /wp-includes/Requests/src/Exception.php HTTP/1.1" 200 0 "-" "Mozilla/5.0 (compatible; SemrushBot/7~bl; +http://www.semrush.com/bot.html)"
66.29.132.124 - - [05/Jan/2025:21:22:36 -0500] "POST /wp-cron.php?doing_wp_cron=1736130156.8741650581359863281250 HTTP/1.1" 200 0 "-" "WordPress/6.7.1; https://misswavenigeria.com"
66.29.132.124 - - [05/Jan/2025:21:22:37 -0500] "POST /wp-admin/admin-ajax.php?action=async_litespeed&nonce=Zb9kWf1Kjn36W47YwrEeik23m11jpGKI&litespeed_type=imgoptm HTTP/1.1" 200 21 "-" "WordPress/6.7.1; https://misswavenigeria.com"
194.32.122.76 - - [05/Jan/2025:21:22:36 -0500] "GET / HTTP/1.0" 200 109055 "https://misswavenigeria.com/" "Mozilla/5.0 (Windows NT 6.3; Win64; x64) AppleWebKit/537.36 (KHTML, like Gecko) Chrome/103.0.5060.66 Safari/537.36"
194.32.122.76 - - [05/Jan/2025:21:22:39 -0500] "GET /register/ HTTP/1.0" 200 75922 "https://misswavenigeria.com/register/" "Mozilla/5.0 (Windows NT 6.3; Win64; x64) AppleWebKit/537.36 (KHTML, like Gecko) Chrome/103.0.5060.66 Safari/537.36"
194.32.122.76 - - [05/Jan/2025:21:22:41 -0500] "POST /register/ HTTP/1.0" 200 76048 "https://misswavenigeria.com/register/" "Mozilla/5.0 (Windows NT 6.3; Win64; x64) AppleWebKit/537.36 (KHTML, like Gecko) Chrome/103.0.5060.66 Safari/537.36"
66.29.132.124 - - [05/Jan/2025:21:24:38 -0500] "POST /wp-cron.php?doing_wp_cron=1736130278.6504230499267578125000 HTTP/1.1" 200 0 "-" "WordPress/6.7.1; https://misswavenigeria.com"
194.32.122.76 - - [05/Jan/2025:21:24:38 -0500] "GET /register/ HTTP/1.0" 200 75922 "https://misswavenigeria.com/" "Mozilla/5.0 (Windows NT 6.3; Win64; x64) AppleWebKit/537.36 (KHTML, like Gecko) Chrome/103.0.5060.66 Safari/537.36"
66.29.132.124 - - [05/Jan/2025:21:24:38 -0500] "POST /wp-admin/admin-ajax.php?action=async_litespeed&nonce=Y80dL1AUk1cXD78Xr1h7vEG1JU4KAC6t&litespeed_type=imgoptm HTTP/1.1" 200 21 "-" "WordPress/6.7.1; https://misswavenigeria.com"
66.29.132.124 - - [05/Jan/2025:21:25:53 -0500] "POST /wp-cron.php?doing_wp_cron=1736130353.6253190040588378906250 HTTP/1.1" 200 0 "-" "WordPress/6.7.1; https://misswavenigeria.com"
194.32.122.76 - - [05/Jan/2025:21:25:53 -0500] "GET / HTTP/1.0" 200 109053 "https://misswavenigeria.com/" "Mozilla/5.0 (Windows NT 6.3; Win64; x64) AppleWebKit/537.36 (KHTML, like Gecko) Chrome/103.0.5060.53 Safari/537.36"
66.29.132.124 - - [05/Jan/2025:21:25:53 -0500] "POST /wp-admin/admin-ajax.php?action=async_litespeed&nonce=hkbMhcSyzawGMBbDFyp2dssRLtbSmxUW&litespeed_type=imgoptm HTTP/1.1" 200 21 "-" "WordPress/6.7.1; https://misswavenigeria.com"
194.32.122.76 - - [05/Jan/2025:21:25:55 -0500] "GET /register/ HTTP/1.0" 200 75922 "https://misswavenigeria.com/register/" "Mozilla/5.0 (Windows NT 6.3; Win64; x64) AppleWebKit/537.36 (KHTML, like Gecko) Chrome/103.0.5060.53 Safari/537.36"
194.32.122.76 - - [05/Jan/2025:21:25:57 -0500] "POST /register/ HTTP/1.0" 200 76048 "https://misswavenigeria.com/register/" "Mozilla/5.0 (Windows NT 6.3; Win64; x64) AppleWebKit/537.36 (KHTML, like Gecko) Chrome/103.0.5060.53 Safari/537.36"
66.29.132.124 - - [05/Jan/2025:21:28:07 -0500] "POST /wp-cron.php?doing_wp_cron=1736130487.1294870376586914062500 HTTP/1.1" 200 0 "-" "WordPress/6.7.1; https://misswavenigeria.com"
194.32.122.76 - - [05/Jan/2025:21:28:06 -0500] "GET /register/ HTTP/1.0" 200 75922 "https://misswavenigeria.com/" "Mozilla/5.0 (Windows NT 6.3; Win64; x64) AppleWebKit/537.36 (KHTML, like Gecko) Chrome/103.0.5060.53 Safari/537.36"
66.29.132.124 - - [05/Jan/2025:21:28:07 -0500] "POST /wp-admin/admin-ajax.php?action=async_litespeed&nonce=A7d9GZ1Cf7o60lwhv5dCPuAp24rUd1fi&litespeed_type=imgoptm HTTP/1.1" 200 21 "-" "WordPress/6.7.1; https://misswavenigeria.com"
66.29.132.124 - - [05/Jan/2025:21:29:09 -0500] "POST /wp-cron.php?doing_wp_cron=1736130549.3822610378265380859375 HTTP/1.1" 200 0 "-" "WordPress/6.7.1; https://misswavenigeria.com"
194.32.122.76 - - [05/Jan/2025:21:29:09 -0500] "GET / HTTP/1.0" 200 109055 "https://misswavenigeria.com/" "Mozilla/5.0 (Windows NT 10.0; Win64; x64) AppleWebKit/537.36 (KHTML, like Gecko) Chrome/103.0.5060.134 Safari/537.36"
66.29.132.124 - - [05/Jan/2025:21:29:09 -0500] "POST /wp-admin/admin-ajax.php?action=async_litespeed&nonce=iGUaSwZZaN55eTr9oV9z2a7eCgQymVmq&litespeed_type=imgoptm HTTP/1.1" 200 21 "-" "WordPress/6.7.1; https://misswavenigeria.com"
194.32.122.76 - - [05/Jan/2025:21:29:11 -0500] "GET /register/ HTTP/1.0" 200 75922 "https://misswavenigeria.com/register/" "Mozilla/5.0 (Windows NT 10.0; Win64; x64) AppleWebKit/537.36 (KHTML, like Gecko) Chrome/103.0.5060.134 Safari/537.36"
194.32.122.76 - - [05/Jan/2025:21:29:13 -0500] "POST /register/ HTTP/1.0" 200 76048 "https://misswavenigeria.com/register/" "Mozilla/5.0 (Windows NT 10.0; Win64; x64) AppleWebKit/537.36 (KHTML, like Gecko) Chrome/103.0.5060.134 Safari/537.36"
66.29.132.124 - - [05/Jan/2025:21:31:15 -0500] "POST /wp-cron.php?doing_wp_cron=1736130675.3519508838653564453125 HTTP/1.1" 200 0 "-" "WordPress/6.7.1; https://misswavenigeria.com"
194.32.122.76 - - [05/Jan/2025:21:31:14 -0500] "GET /register/ HTTP/1.0" 200 75922 "https://misswavenigeria.com/" "Mozilla/5.0 (Windows NT 10.0; Win64; x64) AppleWebKit/537.36 (KHTML, like Gecko) Chrome/103.0.5060.134 Safari/537.36"
66.29.132.124 - - [05/Jan/2025:21:31:16 -0500] "POST /wp-admin/admin-ajax.php?action=async_litespeed&nonce=ShfYrwhGaW6IFnppgspJcee18UZ9PrNy&litespeed_type=imgoptm HTTP/1.1" 200 0 "-" "WordPress/6.7.1; https://misswavenigeria.com"
66.29.132.124 - - [05/Jan/2025:21:32:05 -0500] "POST /wp-cron.php?doing_wp_cron=1736130725.0995988845825195312500 HTTP/1.1" 200 0 "-" "WordPress/6.7.1; https://misswavenigeria.com"
43.163.0.99 - - [05/Jan/2025:21:32:04 -0500] "GET / HTTP/1.1" 200 24486 "http://misswavenigeria.com" "Mozilla/5.0 (iPhone; CPU iPhone OS 13_2_3 like Mac OS X) AppleWebKit/605.1.15 (KHTML, like Gecko) Version/13.0.3 Mobile/15E148 Safari/604.1"
66.29.132.124 - - [05/Jan/2025:21:32:05 -0500] "POST /wp-admin/admin-ajax.php?action=async_litespeed&nonce=yjcYDjIPCrxdlct7zzgIPzDN3xT5AkrC&litespeed_type=imgoptm HTTP/1.1" 200 21 "-" "WordPress/6.7.1; https://misswavenigeria.com"
194.32.122.76 - - [05/Jan/2025:21:32:29 -0500] "GET / HTTP/1.0" 200 109053 "https://misswavenigeria.com/" "Mozilla/5.0 (Windows NT 6.3) AppleWebKit/537.36 (KHTML, like Gecko) Chrome/103.0.0.0 Safari/537.36"
194.32.122.76 - - [05/Jan/2025:21:32:32 -0500] "GET /register/ HTTP/1.0" 200 75922 "https://misswavenigeria.com/register/" "Mozilla/5.0 (Windows NT 6.3) AppleWebKit/537.36 (KHTML, like Gecko) Chrome/103.0.0.0 Safari/537.36"
66.29.132.124 - - [05/Jan/2025:21:32:34 -0500] "POST /wp-cron.php?doing_wp_cron=1736130754.4915609359741210937500 HTTP/1.1" 200 0 "-" "WordPress/6.7.1; https://misswavenigeria.com"
66.29.132.124 - - [05/Jan/2025:21:32:34 -0500] "POST /wp-admin/admin-ajax.php?action=async_litespeed&nonce=vF9smlMcpnWBWNEb1FA9cPnsWZglALui&litespeed_type=imgoptm HTTP/1.1" 200 21 "-" "WordPress/6.7.1; https://misswavenigeria.com"
194.32.122.76 - - [05/Jan/2025:21:32:34 -0500] "POST /register/ HTTP/1.0" 200 76048 "https://misswavenigeria.com/register/" "Mozilla/5.0 (Windows NT 6.3) AppleWebKit/537.36 (KHTML, like Gecko) Chrome/103.0.0.0 Safari/537.36"
66.29.132.124 - - [05/Jan/2025:21:34:22 -0500] "POST /wp-cron.php?doing_wp_cron=1736130862.7243509292602539062500 HTTP/1.1" 200 0 "-" "WordPress/6.7.1; https://misswavenigeria.com"
194.32.122.76 - - [05/Jan/2025:21:34:22 -0500] "GET /register/ HTTP/1.0" 200 75922 "https://misswavenigeria.com/" "Mozilla/5.0 (Windows NT 6.3) AppleWebKit/537.36 (KHTML, like Gecko) Chrome/103.0.0.0 Safari/537.36"
66.29.132.124 - - [05/Jan/2025:21:34:23 -0500] "POST /wp-admin/admin-ajax.php?action=async_litespeed&nonce=qT4ydPiRepiOMa34dv8uWuiLrLkKejDL&litespeed_type=imgoptm HTTP/1.1" 200 21 "-" "WordPress/6.7.1; https://misswavenigeria.com"
66.29.132.124 - - [05/Jan/2025:21:35:53 -0500] "POST /wp-cron.php?doing_wp_cron=1736130953.2801411151885986328125 HTTP/1.1" 200 0 "-" "WordPress/6.7.1; https://misswavenigeria.com"
194.32.122.76 - - [05/Jan/2025:21:35:50 -0500] "GET / HTTP/1.0" 200 109055 "https://misswavenigeria.com/" "Mozilla/5.0 (Windows NT 10.0; Win64; x64) AppleWebKit/537.36 (KHTML, like Gecko) Chrome/103.0.5060.114 Safari/537.36"
66.29.132.124 - - [05/Jan/2025:21:35:53 -0500] "POST /wp-admin/admin-ajax.php?action=async_litespeed&nonce=JbDaUedBkLvzOc9gH9cpHzSuQCBFLHoa&litespeed_type=imgoptm HTTP/1.1" 200 21 "-" "WordPress/6.7.1; https://misswavenigeria.com"
194.32.122.76 - - [05/Jan/2025:21:35:55 -0500] "GET /register/ HTTP/1.0" 200 75922 "https://misswavenigeria.com/register/" "Mozilla/5.0 (Windows NT 10.0; Win64; x64) AppleWebKit/537.36 (KHTML, like Gecko) Chrome/103.0.5060.114 Safari/537.36"
194.32.122.76 - - [05/Jan/2025:21:35:57 -0500] "POST /register/ HTTP/1.0" 200 76048 "https://misswavenigeria.com/register/" "Mozilla/5.0 (Windows NT 10.0; Win64; x64) AppleWebKit/537.36 (KHTML, like Gecko) Chrome/103.0.5060.114 Safari/537.36"
66.29.132.124 - - [05/Jan/2025:21:37:46 -0500] "POST /wp-cron.php?doing_wp_cron=1736131066.0165359973907470703125 HTTP/1.1" 200 0 "-" "WordPress/6.7.1; https://misswavenigeria.com"
194.32.122.76 - - [05/Jan/2025:21:37:45 -0500] "GET /register/ HTTP/1.0" 200 75922 "https://misswavenigeria.com/" "Mozilla/5.0 (Windows NT 10.0; Win64; x64) AppleWebKit/537.36 (KHTML, like Gecko) Chrome/103.0.5060.114 Safari/537.36"
66.29.132.124 - - [05/Jan/2025:21:37:46 -0500] "POST /wp-admin/admin-ajax.php?action=async_litespeed&nonce=dMz1DMbh4SLaplUUMi2rtZGhRnm0ezxh&litespeed_type=imgoptm HTTP/1.1" 200 21 "-" "WordPress/6.7.1; https://misswavenigeria.com"
66.29.132.124 - - [05/Jan/2025:21:39:07 -0500] "POST /wp-cron.php?doing_wp_cron=1736131147.4586560726165771484375 HTTP/1.1" 200 0 "-" "WordPress/6.7.1; https://misswavenigeria.com"
194.32.122.76 - - [05/Jan/2025:21:39:07 -0500] "GET / HTTP/1.0" 200 109055 "https://misswavenigeria.com/" "Mozilla/5.0 (Windows NT 6.3; Win64; x64) AppleWebKit/537.36 (KHTML, like Gecko) Chrome/103.0.5060.114 Safari/537.36"
66.29.132.124 - - [05/Jan/2025:21:39:07 -0500] "POST /wp-admin/admin-ajax.php?action=async_litespeed&nonce=i68eat3q6DYMrQEgsX0z829acdfGnL4E&litespeed_type=imgoptm HTTP/1.1" 200 21 "-" "WordPress/6.7.1; https://misswavenigeria.com"
194.32.122.76 - - [05/Jan/2025:21:39:09 -0500] "GET /register/ HTTP/1.0" 200 75922 "https://misswavenigeria.com/register/" "Mozilla/5.0 (Windows NT 6.3; Win64; x64) AppleWebKit/537.36 (KHTML, like Gecko) Chrome/103.0.5060.114 Safari/537.36"
194.32.122.76 - - [05/Jan/2025:21:39:12 -0500] "POST /register/ HTTP/1.0" 200 76048 "https://misswavenigeria.com/register/" "Mozilla/5.0 (Windows NT 6.3; Win64; x64) AppleWebKit/537.36 (KHTML, like Gecko) Chrome/103.0.5060.114 Safari/537.36"
66.29.132.124 - - [05/Jan/2025:21:41:40 -0500] "POST /wp-cron.php?doing_wp_cron=1736131300.0084860324859619140625 HTTP/1.1" 200 0 "-" "WordPress/6.7.1; https://misswavenigeria.com"
194.32.122.76 - - [05/Jan/2025:21:41:39 -0500] "GET /register/ HTTP/1.0" 200 75922 "https://misswavenigeria.com/" "Mozilla/5.0 (Windows NT 6.3; Win64; x64) AppleWebKit/537.36 (KHTML, like Gecko) Chrome/103.0.5060.114 Safari/537.36"
66.29.132.124 - - [05/Jan/2025:21:41:40 -0500] "POST /wp-admin/admin-ajax.php?action=async_litespeed&nonce=s4ohiXGERKJSKaH9PNe0vWmKvOEXlk0v&litespeed_type=imgoptm HTTP/1.1" 200 21 "-" "WordPress/6.7.1; https://misswavenigeria.com"
66.29.132.124 - - [05/Jan/2025:21:42:28 -0500] "POST /wp-cron.php?doing_wp_cron=1736131348.8408429622650146484375 HTTP/1.1" 200 0 "-" "WordPress/6.7.1; https://misswavenigeria.com"
194.32.122.76 - - [05/Jan/2025:21:42:28 -0500] "GET / HTTP/1.0" 200 109055 "https://misswavenigeria.com/" "Mozilla/5.0 (Windows NT 10.0; Win64; x64) AppleWebKit/537.36 (KHTML, like Gecko) Chrome/103.0.5042.0 Safari/537.36"
66.29.132.124 - - [05/Jan/2025:21:42:29 -0500] "POST /wp-admin/admin-ajax.php?action=async_litespeed&nonce=Bb4KBdnSKpHvhkvORww9llufLZurWjGN&litespeed_type=imgoptm HTTP/1.1" 200 21 "-" "WordPress/6.7.1; https://misswavenigeria.com"
194.32.122.76 - - [05/Jan/2025:21:42:31 -0500] "GET /register/ HTTP/1.0" 200 75922 "https://misswavenigeria.com/register/" "Mozilla/5.0 (Windows NT 10.0; Win64; x64) AppleWebKit/537.36 (KHTML, like Gecko) Chrome/103.0.5042.0 Safari/537.36"
66.29.132.124 - - [05/Jan/2025:21:43:36 -0500] "POST /wp-cron.php?doing_wp_cron=1736131416.7745599746704101562500 HTTP/1.1" 200 0 "-" "WordPress/6.7.1; https://misswavenigeria.com"
185.233.3.42 - - [05/Jan/2025:21:43:36 -0500] "GET /wp-content/uploads/wp.php HTTP/1.1" 404 15610 "-" "Mozilla/4.0 (compatible; MSIE 6.0; Windows NT 5.1; SV1)"
66.29.132.124 - - [05/Jan/2025:21:43:36 -0500] "POST /wp-admin/admin-ajax.php?action=async_litespeed&nonce=Yxmth1wfWFn3BDvFCKPD7UMBirUZbPSB&litespeed_type=imgoptm HTTP/1.1" 200 21 "-" "WordPress/6.7.1; https://misswavenigeria.com"
194.32.122.76 - - [05/Jan/2025:21:42:32 -0500] "POST /register/ HTTP/1.0" 200 76048 "https://misswavenigeria.com/register/" "Mozilla/5.0 (Windows NT 10.0; Win64; x64) AppleWebKit/537.36 (KHTML, like Gecko) Chrome/103.0.5042.0 Safari/537.36"
194.32.122.76 - - [05/Jan/2025:21:44:05 -0500] "GET /register/ HTTP/1.0" 200 75922 "https://misswavenigeria.com/" "Mozilla/5.0 (Windows NT 10.0; Win64; x64) AppleWebKit/537.36 (KHTML, like Gecko) Chrome/103.0.5042.0 Safari/537.36"
185.191.171.3 - - [05/Jan/2025:21:45:30 -0500] "GET /wp-includes/images/media/ HTTP/1.1" 200 1431 "-" "Mozilla/5.0 (compatible; SemrushBot/7~bl; +http://www.semrush.com/bot.html)"
66.29.132.124 - - [05/Jan/2025:21:45:53 -0500] "POST /wp-cron.php?doing_wp_cron=1736131553.9290919303894042968750 HTTP/1.1" 200 0 "-" "WordPress/6.7.1; https://misswavenigeria.com"
66.29.132.124 - - [05/Jan/2025:21:45:54 -0500] "POST /wp-admin/admin-ajax.php?action=async_litespeed&nonce=3yPXUCdAXhgefHYKpiHkm4qDye0hupxv&litespeed_type=imgoptm HTTP/1.1" 200 21 "-" "WordPress/6.7.1; https://misswavenigeria.com"
194.32.122.76 - - [05/Jan/2025:21:45:49 -0500] "GET / HTTP/1.0" 200 109053 "https://misswavenigeria.com/" "Mozilla/5.0 (Windows NT 6.3; Win64; x64) AppleWebKit/537.36 (KHTML, like Gecko) Chrome/103.0.5060.53 Safari/537.36"
194.32.122.76 - - [05/Jan/2025:21:45:56 -0500] "GET /register/ HTTP/1.0" 200 75922 "https://misswavenigeria.com/register/" "Mozilla/5.0 (Windows NT 6.3; Win64; x64) AppleWebKit/537.36 (KHTML, like Gecko) Chrome/103.0.5060.53 Safari/537.36"
194.32.122.76 - - [05/Jan/2025:21:45:58 -0500] "POST /register/ HTTP/1.0" 200 76048 "https://misswavenigeria.com/register/" "Mozilla/5.0 (Windows NT 6.3; Win64; x64) AppleWebKit/537.36 (KHTML, like Gecko) Chrome/103.0.5060.53 Safari/537.36"
85.208.96.205 - - [05/Jan/2025:21:47:26 -0500] "GET /wp-includes/customize/class-wp-customize-nav-menu-item-setting.php HTTP/1.1" 500 0 "-" "Mozilla/5.0 (compatible; SemrushBot/7~bl; +http://www.semrush.com/bot.html)"
66.29.132.124 - - [05/Jan/2025:21:47:48 -0500] "POST /wp-cron.php?doing_wp_cron=1736131668.0851318836212158203125 HTTP/1.1" 200 0 "-" "WordPress/6.7.1; https://misswavenigeria.com"
194.32.122.76 - - [05/Jan/2025:21:47:47 -0500] "GET /register/ HTTP/1.0" 200 75922 "https://misswavenigeria.com/" "Mozilla/5.0 (Windows NT 6.3; Win64; x64) AppleWebKit/537.36 (KHTML, like Gecko) Chrome/103.0.5060.53 Safari/537.36"
66.29.132.124 - - [05/Jan/2025:21:47:48 -0500] "POST /wp-admin/admin-ajax.php?action=async_litespeed&nonce=UnBWl9bWBTyqcXjbxQactqtUIl3rKnxz&litespeed_type=imgoptm HTTP/1.1" 200 21 "-" "WordPress/6.7.1; https://misswavenigeria.com"
66.29.132.124 - - [05/Jan/2025:21:49:09 -0500] "POST /wp-cron.php?doing_wp_cron=1736131749.9125599861145019531250 HTTP/1.1" 200 0 "-" "WordPress/6.7.1; https://misswavenigeria.com"
194.32.122.76 - - [05/Jan/2025:21:49:09 -0500] "GET / HTTP/1.0" 200 109053 "https://misswavenigeria.com/" "Mozilla/5.0 (Windows NT 10.0; Win64; x64) AppleWebKit/537.36 (KHTML, like Gecko) Chrome/103.0.0.0 Safari/537.36 OpenWave/97.4.2043.44"
66.29.132.124 - - [05/Jan/2025:21:49:10 -0500] "POST /wp-admin/admin-ajax.php?action=async_litespeed&nonce=G7fxZU6trjHy1oldK6AaIGmEBadptUli&litespeed_type=imgoptm HTTP/1.1" 200 21 "-" "WordPress/6.7.1; https://misswavenigeria.com"
194.32.122.76 - - [05/Jan/2025:21:49:12 -0500] "GET /register/ HTTP/1.0" 200 75922 "https://misswavenigeria.com/register/" "Mozilla/5.0 (Windows NT 10.0; Win64; x64) AppleWebKit/537.36 (KHTML, like Gecko) Chrome/103.0.0.0 Safari/537.36 OpenWave/97.4.2043.44"
194.32.122.76 - - [05/Jan/2025:21:49:14 -0500] "POST /register/ HTTP/1.0" 200 76048 "https://misswavenigeria.com/register/" "Mozilla/5.0 (Windows NT 10.0; Win64; x64) AppleWebKit/537.36 (KHTML, like Gecko) Chrome/103.0.0.0 Safari/537.36 OpenWave/97.4.2043.44"
66.29.132.124 - - [05/Jan/2025:21:51:19 -0500] "POST /wp-cron.php?doing_wp_cron=1736131879.6367909908294677734375 HTTP/1.1" 200 0 "-" "WordPress/6.7.1; https://misswavenigeria.com"
194.32.122.76 - - [05/Jan/2025:21:51:19 -0500] "GET /register/ HTTP/1.0" 200 75922 "https://misswavenigeria.com/" "Mozilla/5.0 (Windows NT 10.0; Win64; x64) AppleWebKit/537.36 (KHTML, like Gecko) Chrome/103.0.0.0 Safari/537.36 OpenWave/97.4.2043.44"
66.29.132.124 - - [05/Jan/2025:21:51:19 -0500] "POST /wp-admin/admin-ajax.php?action=async_litespeed&nonce=9AUsytQdZzXAN95I7Aw7VR3rOrutGlNA&litespeed_type=imgoptm HTTP/1.1" 200 21 "-" "WordPress/6.7.1; https://misswavenigeria.com"
185.191.171.2 - - [05/Jan/2025:21:51:35 -0500] "GET /wp-includes/fonts/class-wp-font-utils.php HTTP/1.1" 200 0 "-" "Mozilla/5.0 (compatible; SemrushBot/7~bl; +http://www.semrush.com/bot.html)"
66.29.132.124 - - [05/Jan/2025:21:52:26 -0500] "POST /wp-cron.php?doing_wp_cron=1736131946.4708020687103271484375 HTTP/1.1" 200 0 "-" "WordPress/6.7.1; https://misswavenigeria.com"
194.32.122.76 - - [05/Jan/2025:21:52:26 -0500] "GET / HTTP/1.0" 200 109055 "https://misswavenigeria.com/" "Mozilla/5.0 (Windows NT 6.3; WOW64) AppleWebKit/537.36 (KHTML, like Gecko) Chrome/103.0.5060.114 Safari/537.36"
66.29.132.124 - - [05/Jan/2025:21:52:26 -0500] "POST /wp-admin/admin-ajax.php?action=async_litespeed&nonce=3t71DkUWcWtKYKdhqbWDYRl7OUeXQqZQ&litespeed_type=imgoptm HTTP/1.1" 200 21 "-" "WordPress/6.7.1; https://misswavenigeria.com"
194.32.122.76 - - [05/Jan/2025:21:52:28 -0500] "GET /register/ HTTP/1.0" 200 75922 "https://misswavenigeria.com/register/" "Mozilla/5.0 (Windows NT 6.3; WOW64) AppleWebKit/537.36 (KHTML, like Gecko) Chrome/103.0.5060.114 Safari/537.36"
194.32.122.76 - - [05/Jan/2025:21:52:30 -0500] "POST /register/ HTTP/1.0" 200 76048 "https://misswavenigeria.com/register/" "Mozilla/5.0 (Windows NT 6.3; WOW64) AppleWebKit/537.36 (KHTML, like Gecko) Chrome/103.0.5060.114 Safari/537.36"
66.29.132.124 - - [05/Jan/2025:21:54:22 -0500] "POST /wp-cron.php?doing_wp_cron=1736132062.2691709995269775390625 HTTP/1.1" 200 0 "-" "WordPress/6.7.1; https://misswavenigeria.com"
194.32.122.76 - - [05/Jan/2025:21:54:22 -0500] "GET /register/ HTTP/1.0" 200 75922 "https://misswavenigeria.com/" "Mozilla/5.0 (Windows NT 6.3; WOW64) AppleWebKit/537.36 (KHTML, like Gecko) Chrome/103.0.5060.114 Safari/537.36"
66.29.132.124 - - [05/Jan/2025:21:54:22 -0500] "POST /wp-admin/admin-ajax.php?action=async_litespeed&nonce=ub6o61wjVuNNHNAsaUmkTDL1T1AC2KNV&litespeed_type=imgoptm HTTP/1.1" 200 21 "-" "WordPress/6.7.1; https://misswavenigeria.com"
85.208.96.198 - - [05/Jan/2025:21:55:33 -0500] "GET /wp-includes/ID3/getid3.php HTTP/1.1" 200 0 "-" "Mozilla/5.0 (compatible; SemrushBot/7~bl; +http://www.semrush.com/bot.html)"
66.29.132.124 - - [05/Jan/2025:21:55:47 -0500] "POST /wp-cron.php?doing_wp_cron=1736132147.2827479839324951171875 HTTP/1.1" 200 0 "-" "WordPress/6.7.1; https://misswavenigeria.com"
194.32.122.76 - - [05/Jan/2025:21:55:47 -0500] "GET / HTTP/1.0" 200 109053 "https://misswavenigeria.com/" "Mozilla/5.0 (Windows NT 10.0; WOW64) AppleWebKit/537.36 (KHTML, like Gecko) Chrome/103.0.5060.114 Safari/537.36"
66.29.132.124 - - [05/Jan/2025:21:55:47 -0500] "POST /wp-admin/admin-ajax.php?action=async_litespeed&nonce=eqw4RGV4K7qz2FUHNbW4dS1bWXGVL5wL&litespeed_type=imgoptm HTTP/1.1" 200 21 "-" "WordPress/6.7.1; https://misswavenigeria.com"
194.32.122.76 - - [05/Jan/2025:21:55:49 -0500] "GET /register/ HTTP/1.0" 200 75922 "https://misswavenigeria.com/register/" "Mozilla/5.0 (Windows NT 10.0; WOW64) AppleWebKit/537.36 (KHTML, like Gecko) Chrome/103.0.5060.114 Safari/537.36"
185.191.171.18 - - [05/Jan/2025:21:56:34 -0500] "GET /wp-includes/customize/class-wp-customize-filter-setting.php HTTP/1.1" 500 0 "-" "Mozilla/5.0 (compatible; SemrushBot/7~bl; +http://www.semrush.com/bot.html)"
194.32.122.76 - - [05/Jan/2025:21:55:51 -0500] "POST /register/ HTTP/1.0" 200 76048 "https://misswavenigeria.com/register/" "Mozilla/5.0 (Windows NT 10.0; WOW64) AppleWebKit/537.36 (KHTML, like Gecko) Chrome/103.0.5060.114 Safari/537.36"
66.29.132.124 - - [05/Jan/2025:21:58:03 -0500] "POST /wp-cron.php?doing_wp_cron=1736132283.2370069026947021484375 HTTP/1.1" 200 0 "-" "WordPress/6.7.1; https://misswavenigeria.com"
194.32.122.76 - - [05/Jan/2025:21:58:03 -0500] "GET /register/ HTTP/1.0" 200 75922 "https://misswavenigeria.com/" "Mozilla/5.0 (Windows NT 10.0; WOW64) AppleWebKit/537.36 (KHTML, like Gecko) Chrome/103.0.5060.114 Safari/537.36"
66.29.132.124 - - [05/Jan/2025:21:58:03 -0500] "POST /wp-admin/admin-ajax.php?action=async_litespeed&nonce=aqcZPvH18jPCgq7ZVXRO6CIaZY74gBmn&litespeed_type=imgoptm HTTP/1.1" 200 21 "-" "WordPress/6.7.1; https://misswavenigeria.com"
66.29.132.124 - - [05/Jan/2025:21:59:05 -0500] "POST /wp-cron.php?doing_wp_cron=1736132345.5126209259033203125000 HTTP/1.1" 200 0 "-" "WordPress/6.7.1; https://misswavenigeria.com"
194.32.122.76 - - [05/Jan/2025:21:59:05 -0500] "GET / HTTP/1.0" 200 109055 "https://misswavenigeria.com/" "Mozilla/5.0 (Windows NT 10.0; Win64; x64) AppleWebKit/537.36 (KHTML, like Gecko) Chrome/103.0.5060.66 Safari/537.36"
66.29.132.124 - - [05/Jan/2025:21:59:05 -0500] "POST /wp-admin/admin-ajax.php?action=async_litespeed&nonce=DtaWcnwyohrwfPS5lsGQ26NHgXIkgcUt&litespeed_type=imgoptm HTTP/1.1" 200 21 "-" "WordPress/6.7.1; https://misswavenigeria.com"
194.32.122.76 - - [05/Jan/2025:21:59:09 -0500] "GET /register/ HTTP/1.0" 200 75922 "https://misswavenigeria.com/register/" "Mozilla/5.0 (Windows NT 10.0; Win64; x64) AppleWebKit/537.36 (KHTML, like Gecko) Chrome/103.0.5060.66 Safari/537.36"
194.32.122.76 - - [05/Jan/2025:21:59:10 -0500] "POST /register/ HTTP/1.0" 200 76048 "https://misswavenigeria.com/register/" "Mozilla/5.0 (Windows NT 10.0; Win64; x64) AppleWebKit/537.36 (KHTML, like Gecko) Chrome/103.0.5060.66 Safari/537.36"
66.29.132.124 - - [05/Jan/2025:22:00:39 -0500] "POST /wp-cron.php?doing_wp_cron=1736132439.3199510574340820312500 HTTP/1.1" 200 0 "-" "WordPress/6.7.1; https://misswavenigeria.com"
194.32.122.76 - - [05/Jan/2025:22:00:39 -0500] "GET /register/ HTTP/1.0" 200 75922 "https://misswavenigeria.com/" "Mozilla/5.0 (Windows NT 10.0; Win64; x64) AppleWebKit/537.36 (KHTML, like Gecko) Chrome/103.0.5060.66 Safari/537.36"
66.29.132.124 - - [05/Jan/2025:22:00:39 -0500] "POST /wp-admin/admin-ajax.php?action=async_litespeed&nonce=SixqL6oOE9xvNHCJMadYjhLr3lwj1TYa&litespeed_type=imgoptm HTTP/1.1" 200 21 "-" "WordPress/6.7.1; https://misswavenigeria.com"
54.36.148.104 - - [05/Jan/2025:22:01:14 -0500] "GET /robots.txt HTTP/1.1" 200 99 "-" "Mozilla/5.0 (compatible; AhrefsBot/7.0; +http://ahrefs.com/robot/)"
51.222.253.8 - - [05/Jan/2025:22:01:15 -0500] "GET /register/ HTTP/1.1" 200 17347 "-" "Mozilla/5.0 (compatible; AhrefsBot/7.0; +http://ahrefs.com/robot/)"
66.29.132.124 - - [05/Jan/2025:22:02:35 -0500] "POST /wp-cron.php?doing_wp_cron=1736132555.3224380016326904296875 HTTP/1.1" 200 0 "-" "WordPress/6.7.1; https://misswavenigeria.com"
194.32.122.76 - - [05/Jan/2025:22:02:32 -0500] "GET / HTTP/1.0" 200 109053 "https://misswavenigeria.com/" "Mozilla/5.0 (Windows NT 6.3; Win64; x64) AppleWebKit/537.36 (KHTML, like Gecko) Chrome/103.0.0.0 Safari/537.36"
66.29.132.124 - - [05/Jan/2025:22:02:35 -0500] "POST /wp-admin/admin-ajax.php?action=async_litespeed&nonce=2rYBaDOqe75mj8HGHdbvhf6IzIWF1X7K&litespeed_type=imgoptm HTTP/1.1" 200 21 "-" "WordPress/6.7.1; https://misswavenigeria.com"
194.32.122.76 - - [05/Jan/2025:22:02:37 -0500] "GET /register/ HTTP/1.0" 200 75922 "https://misswavenigeria.com/register/" "Mozilla/5.0 (Windows NT 6.3; Win64; x64) AppleWebKit/537.36 (KHTML, like Gecko) Chrome/103.0.0.0 Safari/537.36"
194.32.122.76 - - [05/Jan/2025:22:02:39 -0500] "POST /register/ HTTP/1.0" 200 76048 "https://misswavenigeria.com/register/" "Mozilla/5.0 (Windows NT 6.3; Win64; x64) AppleWebKit/537.36 (KHTML, like Gecko) Chrome/103.0.0.0 Safari/537.36"
66.29.132.124 - - [05/Jan/2025:22:04:05 -0500] "POST /wp-cron.php?doing_wp_cron=1736132645.9057679176330566406250 HTTP/1.1" 200 0 "-" "WordPress/6.7.1; https://misswavenigeria.com"
194.32.122.76 - - [05/Jan/2025:22:04:05 -0500] "GET /register/ HTTP/1.0" 200 75922 "https://misswavenigeria.com/" "Mozilla/5.0 (Windows NT 6.3; Win64; x64) AppleWebKit/537.36 (KHTML, like Gecko) Chrome/103.0.0.0 Safari/537.36"
66.29.132.124 - - [05/Jan/2025:22:04:06 -0500] "POST /wp-admin/admin-ajax.php?action=async_litespeed&nonce=g6jl0YrUYxB9DT8dIg5vf90KzURxfHb4&litespeed_type=imgoptm HTTP/1.1" 200 21 "-" "WordPress/6.7.1; https://misswavenigeria.com"
66.29.132.124 - - [05/Jan/2025:22:05:44 -0500] "POST /wp-cron.php?doing_wp_cron=1736132744.6670279502868652343750 HTTP/1.1" 200 0 "-" "WordPress/6.7.1; https://misswavenigeria.com"
52.147.161.156 - - [05/Jan/2025:22:05:43 -0500] "GET /autoload_classmap.php HTTP/1.1" 404 67231 "-" "-"
66.29.132.124 - - [05/Jan/2025:22:05:44 -0500] "POST /wp-admin/admin-ajax.php?action=async_litespeed&nonce=TEg0e6xVvubTeZHqdwWunE0SdRaQjET0&litespeed_type=imgoptm HTTP/1.1" 200 21 "-" "WordPress/6.7.1; https://misswavenigeria.com"
52.147.161.156 - - [05/Jan/2025:22:05:45 -0500] "GET /post.php HTTP/1.1" 404 67231 "-" "-"
52.147.161.156 - - [05/Jan/2025:22:05:45 -0500] "GET /1.php HTTP/1.1" 404 67231 "-" "-"
52.147.161.156 - - [05/Jan/2025:22:05:46 -0500] "GET /flower.php HTTP/1.1" 404 67231 "-" "-"
52.147.161.156 - - [05/Jan/2025:22:05:46 -0500] "GET /admin.php HTTP/1.1" 404 67231 "-" "-"
52.147.161.156 - - [05/Jan/2025:22:05:46 -0500] "GET /file.php HTTP/1.1" 404 67231 "-" "-"
52.147.161.156 - - [05/Jan/2025:22:05:47 -0500] "GET /meta.php HTTP/1.1" 404 67231 "-" "-"
52.147.161.156 - - [05/Jan/2025:22:05:47 -0500] "GET /index.php HTTP/1.1" 301 0 "-" "-"
52.147.161.156 - - [05/Jan/2025:22:05:47 -0500] "GET / HTTP/1.1" 200 109055 "-" "-"
52.147.161.156 - - [05/Jan/2025:22:05:48 -0500] "GET /about.php HTTP/1.1" 404 67231 "-" "-"
52.147.161.156 - - [05/Jan/2025:22:05:48 -0500] "GET /randkeyword.php HTTP/1.1" 404 67231 "-" "-"
52.147.161.156 - - [05/Jan/2025:22:05:49 -0500] "GET /goods.php HTTP/1.1" 404 67231 "-" "-"
52.147.161.156 - - [05/Jan/2025:22:05:49 -0500] "GET /hehe.php HTTP/1.1" 404 67231 "-" "-"
52.147.161.156 - - [05/Jan/2025:22:05:50 -0500] "GET /user.php HTTP/1.1" 404 67231 "-" "-"
52.147.161.156 - - [05/Jan/2025:22:05:50 -0500] "GET /wp-2019.php HTTP/1.1" 404 67231 "-" "-"
52.147.161.156 - - [05/Jan/2025:22:05:51 -0500] "GET /chosen.php HTTP/1.1" 404 67231 "-" "-"
52.147.161.156 - - [05/Jan/2025:22:05:51 -0500] "GET /functions.php HTTP/1.1" 404 67231 "-" "-"
52.147.161.156 - - [05/Jan/2025:22:05:52 -0500] "GET /cron.php HTTP/1.1" 404 67231 "-" "-"
52.147.161.156 - - [05/Jan/2025:22:05:52 -0500] "GET /edit.php HTTP/1.1" 404 67231 "-" "-"
52.147.161.156 - - [05/Jan/2025:22:05:52 -0500] "GET /gecko-new.php HTTP/1.1" 404 67231 "-" "-"
52.147.161.156 - - [05/Jan/2025:22:05:53 -0500] "GET /cookie.php HTTP/1.1" 404 67231 "-" "-"
194.32.122.76 - - [05/Jan/2025:22:05:53 -0500] "GET / HTTP/1.0" 200 109055 "https://misswavenigeria.com/" "Mozilla/5.0 (Windows NT 6.1; Win64; x64) AppleWebKit/537.36 (KHTML, like Gecko) Chrome/103.0.0.0 Safari/537.36"
52.147.161.156 - - [05/Jan/2025:22:05:53 -0500] "GET /xleet.php HTTP/1.1" 404 67231 "-" "-"
52.147.161.156 - - [05/Jan/2025:22:05:54 -0500] "GET /spip.php HTTP/1.1" 404 67231 "-" "-"
52.147.161.156 - - [05/Jan/2025:22:05:54 -0500] "GET /22.php HTTP/1.1" 404 67231 "-" "-"
52.147.161.156 - - [05/Jan/2025:22:05:55 -0500] "GET /room.php HTTP/1.1" 404 67231 "-" "-"
52.147.161.156 - - [05/Jan/2025:22:05:55 -0500] "GET /disagreed.php HTTP/1.1" 404 67231 "-" "-"
194.32.122.76 - - [05/Jan/2025:22:05:55 -0500] "GET /register/ HTTP/1.0" 200 75922 "https://misswavenigeria.com/register/" "Mozilla/5.0 (Windows NT 6.1; Win64; x64) AppleWebKit/537.36 (KHTML, like Gecko) Chrome/103.0.0.0 Safari/537.36"
52.147.161.156 - - [05/Jan/2025:22:05:56 -0500] "GET /404.php HTTP/1.1" 404 67231 "-" "-"
52.147.161.156 - - [05/Jan/2025:22:05:56 -0500] "GET /text.php HTTP/1.1" 404 67231 "-" "-"
52.147.161.156 - - [05/Jan/2025:22:05:57 -0500] "GET /alfa-rex.php HTTP/1.1" 404 67231 "-" "-"
52.147.161.156 - - [05/Jan/2025:22:05:57 -0500] "GET /alfa-rex.php7 HTTP/1.1" 404 67231 "-" "-"
52.147.161.156 - - [05/Jan/2025:22:05:58 -0500] "GET /feeds.php HTTP/1.1" 404 67231 "-" "-"
52.147.161.156 - - [05/Jan/2025:22:05:58 -0500] "GET /radio.php HTTP/1.1" 404 67231 "-" "-"
52.147.161.156 - - [05/Jan/2025:22:05:59 -0500] "GET /dropdown.php HTTP/1.1" 404 67231 "-" "-"
52.147.161.156 - - [05/Jan/2025:22:06:00 -0500] "GET /defaults.php HTTP/1.1" 404 67231 "-" "-"
52.147.161.156 - - [05/Jan/2025:22:06:01 -0500] "GET /system.php HTTP/1.1" 404 67231 "-" "-"
52.147.161.156 - - [05/Jan/2025:22:06:02 -0500] "GET /colors.php HTTP/1.1" 404 67231 "-" "-"
52.147.161.156 - - [05/Jan/2025:22:06:02 -0500] "GET /updates.php HTTP/1.1" 404 67231 "-" "-"
52.147.161.156 - - [05/Jan/2025:22:06:03 -0500] "GET /alfa-rex1.php HTTP/1.1" 404 67231 "-" "-"
52.147.161.156 - - [05/Jan/2025:22:06:04 -0500] "GET /wp-index.php HTTP/1.1" 404 67231 "-" "-"
52.147.161.156 - - [05/Jan/2025:22:06:04 -0500] "GET /wp-admin.php HTTP/1.1" 404 67231 "-" "-"
52.147.161.156 - - [05/Jan/2025:22:06:05 -0500] "GET /alfa.php HTTP/1.1" 404 67231 "-" "-"
52.147.161.156 - - [05/Jan/2025:22:06:05 -0500] "GET /alfanew.php7 HTTP/1.1" 404 67231 "-" "-"
52.147.161.156 - - [05/Jan/2025:22:06:06 -0500] "GET /locale.php HTTP/1.1" 404 67231 "-" "-"
52.147.161.156 - - [05/Jan/2025:22:06:07 -0500] "GET /wxo.php HTTP/1.1" 404 67231 "-" "-"
52.147.161.156 - - [05/Jan/2025:22:06:08 -0500] "GET /colour.php HTTP/1.1" 404 67231 "-" "-"
52.147.161.156 - - [05/Jan/2025:22:06:08 -0500] "GET /files.php HTTP/1.1" 404 67231 "-" "-"
52.147.161.156 - - [05/Jan/2025:22:06:09 -0500] "GET /install.php HTTP/1.1" 404 67231 "-" "-"
52.147.161.156 - - [05/Jan/2025:22:06:09 -0500] "GET /wp-contentt.php HTTP/1.1" 404 67231 "-" "-"
52.147.161.156 - - [05/Jan/2025:22:06:10 -0500] "GET /config.php7 HTTP/1.1" 404 67231 "-" "-"
52.147.161.156 - - [05/Jan/2025:22:06:10 -0500] "GET /config.php HTTP/1.1" 404 67231 "-" "-"
52.147.161.156 - - [05/Jan/2025:22:06:11 -0500] "GET /theme.php HTTP/1.1" 404 67231 "-" "-"
52.147.161.156 - - [05/Jan/2025:22:06:11 -0500] "GET /block-bindings.php HTTP/1.1" 404 67231 "-" "-"
52.147.161.156 - - [05/Jan/2025:22:06:11 -0500] "GET /class_api.php HTTP/1.1" 404 67231 "-" "-"
52.147.161.156 - - [05/Jan/2025:22:06:12 -0500] "GET /inputs.php HTTP/1.1" 404 67231 "-" "-"
52.147.161.156 - - [05/Jan/2025:22:06:12 -0500] "GET /root.php HTTP/1.1" 404 67231 "-" "-"
52.147.161.156 - - [05/Jan/2025:22:06:13 -0500] "GET /menu.php HTTP/1.1" 404 67231 "-" "-"
52.147.161.156 - - [05/Jan/2025:22:06:13 -0500] "GET /plugin.php HTTP/1.1" 404 67231 "-" "-"
52.147.161.156 - - [05/Jan/2025:22:06:14 -0500] "GET /cloud.php HTTP/1.1" 404 67231 "-" "-"
52.147.161.156 - - [05/Jan/2025:22:06:14 -0500] "GET /configs.php HTTP/1.1" 404 67231 "-" "-"
52.147.161.156 - - [05/Jan/2025:22:06:15 -0500] "GET /wp-configs.php HTTP/1.1" 404 67231 "-" "-"
52.147.161.156 - - [05/Jan/2025:22:06:15 -0500] "GET /update.php HTTP/1.1" 404 67231 "-" "-"
52.147.161.156 - - [05/Jan/2025:22:06:16 -0500] "GET /2.php HTTP/1.1" 404 67231 "-" "-"
52.147.161.156 - - [05/Jan/2025:22:06:16 -0500] "GET /input.php HTTP/1.1" 404 67231 "-" "-"
52.147.161.156 - - [05/Jan/2025:22:06:16 -0500] "GET /aaa.php HTTP/1.1" 404 67231 "-" "-"
194.32.122.76 - - [05/Jan/2025:22:05:57 -0500] "POST /register/ HTTP/1.0" 200 76048 "https://misswavenigeria.com/register/" "Mozilla/5.0 (Windows NT 6.1; Win64; x64) AppleWebKit/537.36 (KHTML, like Gecko) Chrome/103.0.0.0 Safari/537.36"
66.29.132.124 - - [05/Jan/2025:22:07:42 -0500] "POST /wp-cron.php?doing_wp_cron=1736132862.7881829738616943359375 HTTP/1.1" 200 0 "-" "WordPress/6.7.1; https://misswavenigeria.com"
194.32.122.76 - - [05/Jan/2025:22:07:42 -0500] "GET /register/ HTTP/1.0" 200 75922 "https://misswavenigeria.com/" "Mozilla/5.0 (Windows NT 6.1; Win64; x64) AppleWebKit/537.36 (KHTML, like Gecko) Chrome/103.0.0.0 Safari/537.36"
66.29.132.124 - - [05/Jan/2025:22:07:43 -0500] "POST /wp-admin/admin-ajax.php?action=async_litespeed&nonce=sJrgpYuLXetedJ26a3coNp1mNh6egwtl&litespeed_type=imgoptm HTTP/1.1" 200 21 "-" "WordPress/6.7.1; https://misswavenigeria.com"
66.29.132.124 - - [05/Jan/2025:22:09:19 -0500] "POST /wp-cron.php?doing_wp_cron=1736132959.1861360073089599609375 HTTP/1.1" 200 0 "-" "WordPress/6.7.1; https://misswavenigeria.com"
194.32.122.76 - - [05/Jan/2025:22:09:17 -0500] "GET / HTTP/1.0" 200 109053 "https://misswavenigeria.com/" "Mozilla/5.0 (Windows NT 6.3; Win64; x64) AppleWebKit/537.36 (KHTML, like Gecko) Chrome/103.0.5060.114 Safari/537.36"
66.29.132.124 - - [05/Jan/2025:22:09:19 -0500] "POST /wp-admin/admin-ajax.php?action=async_litespeed&nonce=uh0Zm8x4zjGjKFORBZcO59dGnIRrOvUZ&litespeed_type=imgoptm HTTP/1.1" 200 21 "-" "WordPress/6.7.1; https://misswavenigeria.com"
194.32.122.76 - - [05/Jan/2025:22:09:22 -0500] "GET /register/ HTTP/1.0" 200 75922 "https://misswavenigeria.com/register/" "Mozilla/5.0 (Windows NT 6.3; Win64; x64) AppleWebKit/537.36 (KHTML, like Gecko) Chrome/103.0.5060.114 Safari/537.36"
66.29.132.124 - - [05/Jan/2025:22:09:24 -0500] "POST /wp-cron.php?doing_wp_cron=1736132964.0058989524841308593750 HTTP/1.1" 200 0 "-" "WordPress/6.7.1; https://misswavenigeria.com"
66.29.132.124 - - [05/Jan/2025:22:09:24 -0500] "POST /wp-admin/admin-ajax.php?action=async_litespeed&nonce=MqVo5w808GXTyhTgmnXYJ2x3gk0ikV4A&litespeed_type=imgoptm HTTP/1.1" 200 21 "-" "WordPress/6.7.1; https://misswavenigeria.com"
185.191.171.10 - - [05/Jan/2025:22:10:02 -0500] "GET /wp-includes/ID3/module.audio-video.quicktime.php HTTP/1.1" 200 0 "-" "Mozilla/5.0 (compatible; SemrushBot/7~bl; +http://www.semrush.com/bot.html)"
194.32.122.76 - - [05/Jan/2025:22:09:23 -0500] "POST /register/ HTTP/1.0" 200 76048 "https://misswavenigeria.com/register/" "Mozilla/5.0 (Windows NT 6.3; Win64; x64) AppleWebKit/537.36 (KHTML, like Gecko) Chrome/103.0.5060.114 Safari/537.36"
66.29.132.124 - - [05/Jan/2025:22:11:02 -0500] "POST /wp-cron.php?doing_wp_cron=1736133062.9734148979187011718750 HTTP/1.1" 200 0 "-" "WordPress/6.7.1; https://misswavenigeria.com"
194.32.122.76 - - [05/Jan/2025:22:11:02 -0500] "GET /register/ HTTP/1.0" 200 75922 "https://misswavenigeria.com/" "Mozilla/5.0 (Windows NT 6.3; Win64; x64) AppleWebKit/537.36 (KHTML, like Gecko) Chrome/103.0.5060.114 Safari/537.36"
66.29.132.124 - - [05/Jan/2025:22:11:03 -0500] "POST /wp-admin/admin-ajax.php?action=async_litespeed&nonce=ycT78oGV1QoFnw2G0JuLfHmyRYKd8oUa&litespeed_type=imgoptm HTTP/1.1" 200 21 "-" "WordPress/6.7.1; https://misswavenigeria.com"
185.191.171.11 - - [05/Jan/2025:22:11:48 -0500] "GET /wp-includes/fonts/class-wp-font-face.php HTTP/1.1" 200 0 "-" "Mozilla/5.0 (compatible; SemrushBot/7~bl; +http://www.semrush.com/bot.html)"
66.29.132.124 - - [05/Jan/2025:22:12:41 -0500] "POST /wp-cron.php?doing_wp_cron=1736133161.1240038871765136718750 HTTP/1.1" 200 0 "-" "WordPress/6.7.1; https://misswavenigeria.com"
194.32.122.76 - - [05/Jan/2025:22:12:40 -0500] "GET / HTTP/1.0" 200 109055 "https://misswavenigeria.com/" "Mozilla/5.0 (Windows NT 6.1; Win64; x64) AppleWebKit/537.36 (KHTML, like Gecko) Chrome/103.0.5060.114 Safari/537.36"
66.29.132.124 - - [05/Jan/2025:22:12:41 -0500] "POST /wp-admin/admin-ajax.php?action=async_litespeed&nonce=B63VoJJHnM8ofGWuoIqRbtdmHLyU2IJD&litespeed_type=imgoptm HTTP/1.1" 200 21 "-" "WordPress/6.7.1; https://misswavenigeria.com"
194.32.122.76 - - [05/Jan/2025:22:12:43 -0500] "GET /register/ HTTP/1.0" 200 75922 "https://misswavenigeria.com/register/" "Mozilla/5.0 (Windows NT 6.1; Win64; x64) AppleWebKit/537.36 (KHTML, like Gecko) Chrome/103.0.5060.114 Safari/537.36"
194.32.122.76 - - [05/Jan/2025:22:12:45 -0500] "POST /register/ HTTP/1.0" 200 76048 "https://misswavenigeria.com/register/" "Mozilla/5.0 (Windows NT 6.1; Win64; x64) AppleWebKit/537.36 (KHTML, like Gecko) Chrome/103.0.5060.114 Safari/537.36"
66.29.132.124 - - [05/Jan/2025:22:14:11 -0500] "POST /wp-cron.php?doing_wp_cron=1736133251.7563428878784179687500 HTTP/1.1" 200 0 "-" "WordPress/6.7.1; https://misswavenigeria.com"
194.32.122.76 - - [05/Jan/2025:22:14:11 -0500] "GET /register/ HTTP/1.0" 200 75922 "https://misswavenigeria.com/" "Mozilla/5.0 (Windows NT 6.1; Win64; x64) AppleWebKit/537.36 (KHTML, like Gecko) Chrome/103.0.5060.114 Safari/537.36"
66.29.132.124 - - [05/Jan/2025:22:14:11 -0500] "POST /wp-admin/admin-ajax.php?action=async_litespeed&nonce=hTPvypaWYtZACs2mFu5OYpXAm0LC84M1&litespeed_type=imgoptm HTTP/1.1" 200 21 "-" "WordPress/6.7.1; https://misswavenigeria.com"
66.29.132.124 - - [05/Jan/2025:22:16:03 -0500] "POST /wp-cron.php?doing_wp_cron=1736133363.7228119373321533203125 HTTP/1.1" 200 0 "-" "WordPress/6.7.1; https://misswavenigeria.com"
194.32.122.76 - - [05/Jan/2025:22:16:02 -0500] "GET / HTTP/1.0" 200 109055 "https://misswavenigeria.com/" "Mozilla/5.0 (Windows NT 10.0; WOW64) AppleWebKit/537.36 (KHTML, like Gecko) Chrome/103.0.0.0 Safari/537.36"
66.29.132.124 - - [05/Jan/2025:22:16:03 -0500] "POST /wp-admin/admin-ajax.php?action=async_litespeed&nonce=7oiWOZPydYUWjfZuFRNxLTQbxjVPOVSG&litespeed_type=imgoptm HTTP/1.1" 200 21 "-" "WordPress/6.7.1; https://misswavenigeria.com"
194.32.122.76 - - [05/Jan/2025:22:16:07 -0500] "GET /register/ HTTP/1.0" 200 75922 "https://misswavenigeria.com/register/" "Mozilla/5.0 (Windows NT 10.0; WOW64) AppleWebKit/537.36 (KHTML, like Gecko) Chrome/103.0.0.0 Safari/537.36"
194.32.122.76 - - [05/Jan/2025:22:16:09 -0500] "POST /register/ HTTP/1.0" 200 76048 "https://misswavenigeria.com/register/" "Mozilla/5.0 (Windows NT 10.0; WOW64) AppleWebKit/537.36 (KHTML, like Gecko) Chrome/103.0.0.0 Safari/537.36"
66.29.132.124 - - [05/Jan/2025:22:17:39 -0500] "POST /wp-cron.php?doing_wp_cron=1736133459.9812500476837158203125 HTTP/1.1" 200 0 "-" "WordPress/6.7.1; https://misswavenigeria.com"
194.32.122.76 - - [05/Jan/2025:22:17:39 -0500] "GET /register/ HTTP/1.0" 200 75922 "https://misswavenigeria.com/" "Mozilla/5.0 (Windows NT 10.0; WOW64) AppleWebKit/537.36 (KHTML, like Gecko) Chrome/103.0.0.0 Safari/537.36"
66.29.132.124 - - [05/Jan/2025:22:17:40 -0500] "POST /wp-admin/admin-ajax.php?action=async_litespeed&nonce=n8h5AXaEbcfQR9kBrXFeRCrQPmWEt6ut&litespeed_type=imgoptm HTTP/1.1" 200 21 "-" "WordPress/6.7.1; https://misswavenigeria.com"
66.29.132.124 - - [05/Jan/2025:22:19:23 -0500] "POST /wp-cron.php?doing_wp_cron=1736133563.2191040515899658203125 HTTP/1.1" 200 0 "-" "WordPress/6.7.1; https://misswavenigeria.com"
194.32.122.76 - - [05/Jan/2025:22:19:21 -0500] "GET / HTTP/1.0" 200 109055 "https://misswavenigeria.com/" "Mozilla/5.0 (Windows NT 6.1) AppleWebKit/537.36 (KHTML, like Gecko) Chrome/103.0.0.0 Safari/537.36"
66.29.132.124 - - [05/Jan/2025:22:19:23 -0500] "POST /wp-admin/admin-ajax.php?action=async_litespeed&nonce=HaDjvl9vTn8nJyS9shl2elREfjut7O7H&litespeed_type=imgoptm HTTP/1.1" 200 21 "-" "WordPress/6.7.1; https://misswavenigeria.com"
194.32.122.76 - - [05/Jan/2025:22:19:25 -0500] "GET /register/ HTTP/1.0" 200 75922 "https://misswavenigeria.com/register/" "Mozilla/5.0 (Windows NT 6.1) AppleWebKit/537.36 (KHTML, like Gecko) Chrome/103.0.0.0 Safari/537.36"
66.29.132.124 - - [05/Jan/2025:22:19:27 -0500] "POST /wp-cron.php?doing_wp_cron=1736133567.4546699523925781250000 HTTP/1.1" 200 0 "-" "WordPress/6.7.1; https://misswavenigeria.com"
194.32.122.76 - - [05/Jan/2025:22:19:27 -0500] "POST /register/ HTTP/1.0" 200 76048 "https://misswavenigeria.com/register/" "Mozilla/5.0 (Windows NT 6.1) AppleWebKit/537.36 (KHTML, like Gecko) Chrome/103.0.0.0 Safari/537.36"
66.29.132.124 - - [05/Jan/2025:22:20:59 -0500] "POST /wp-cron.php?doing_wp_cron=1736133659.5113539695739746093750 HTTP/1.1" 200 0 "-" "WordPress/6.7.1; https://misswavenigeria.com"
194.32.122.76 - - [05/Jan/2025:22:20:59 -0500] "GET /register/ HTTP/1.0" 200 75922 "https://misswavenigeria.com/" "Mozilla/5.0 (Windows NT 6.1) AppleWebKit/537.36 (KHTML, like Gecko) Chrome/103.0.0.0 Safari/537.36"
66.29.132.124 - - [05/Jan/2025:22:20:59 -0500] "POST /wp-admin/admin-ajax.php?action=async_litespeed&nonce=r1F7PZN8FNayyIkcBDc2AhXbWatbhfYF&litespeed_type=imgoptm HTTP/1.1" 200 21 "-" "WordPress/6.7.1; https://misswavenigeria.com"
