66.29.132.124 - - [27/Dec/2024:20:23:43 -0500] "POST /wp-admin/admin-ajax.php?action=async_litespeed&nonce=Jux0zgPJ6cmzWwp43evc2ohzc6br7tM4&litespeed_type=imgoptm HTTP/1.1" 200 21 "-" "WordPress/6.7.1; https://misswavenigeria.com"
185.183.159.40 - - [27/Dec/2024:20:23:43 -0500] "GET /about-mwn/ HTTP/1.1" 200 95271 "https://misswavenigeria.com/about-mwn" "Mozilla/5.0 (Linux armv6l; Maemo; Opera Mobi/8; U; en-GB; rv:1.9.1.6) Gecko/20091201 Firefox/3.5.6 Opera 11.00"
185.183.159.40 - - [27/Dec/2024:20:23:45 -0500] "GET /comments/feed HTTP/1.1" 301 0 "https://misswavenigeria.com/comments/feed" "Mozilla/5.0 (Linux armv6l; Maemo; Opera Mobi/8; U; en-GB; rv:1.9.1.6) Gecko/20091201 Firefox/3.5.6 Opera 11.00"
185.183.159.40 - - [27/Dec/2024:20:23:45 -0500] "GET /comments/feed/ HTTP/1.1" 200 789 "https://misswavenigeria.com/comments/feed" "Mozilla/5.0 (Linux armv6l; Maemo; Opera Mobi/8; U; en-GB; rv:1.9.1.6) Gecko/20091201 Firefox/3.5.6 Opera 11.00"
185.183.159.40 - - [27/Dec/2024:20:23:46 -0500] "GET /contact HTTP/1.1" 301 0 "https://misswavenigeria.com/contact" "Mozilla/5.0 (Linux armv6l; Maemo; Opera Mobi/8; U; en-GB; rv:1.9.1.6) Gecko/20091201 Firefox/3.5.6 Opera 11.00"
185.183.159.40 - - [27/Dec/2024:20:23:47 -0500] "GET /contact/ HTTP/1.1" 200 77712 "https://misswavenigeria.com/contact" "Mozilla/5.0 (Linux armv6l; Maemo; Opera Mobi/8; U; en-GB; rv:1.9.1.6) Gecko/20091201 Firefox/3.5.6 Opera 11.00"
185.183.159.40 - - [27/Dec/2024:20:23:48 -0500] "POST /contact/ HTTP/1.1" 200 77728 "https://misswavenigeria.com/contact/#wpcf7-f249-p433-o1" "Mozilla/5.0 (Linux armv6l; Maemo; Opera Mobi/8; U; en-GB; rv:1.9.1.6) Gecko/20091201 Firefox/3.5.6 Opera 11.00"
185.183.159.40 - - [27/Dec/2024:20:23:50 -0500] "GET /contestants HTTP/1.1" 301 0 "https://misswavenigeria.com/contestants" "Mozilla/5.0 (Linux armv6l; Maemo; Opera Mobi/8; U; en-GB; rv:1.9.1.6) Gecko/20091201 Firefox/3.5.6 Opera 11.00"
185.183.159.40 - - [27/Dec/2024:20:23:50 -0500] "GET /contestants/ HTTP/1.1" 200 84072 "https://misswavenigeria.com/contestants" "Mozilla/5.0 (Linux armv6l; Maemo; Opera Mobi/8; U; en-GB; rv:1.9.1.6) Gecko/20091201 Firefox/3.5.6 Opera 11.00"
185.183.159.40 - - [27/Dec/2024:20:23:52 -0500] "GET /feed HTTP/1.1" 301 0 "https://misswavenigeria.com/feed" "Mozilla/5.0 (Linux armv6l; Maemo; Opera Mobi/8; U; en-GB; rv:1.9.1.6) Gecko/20091201 Firefox/3.5.6 Opera 11.00"
185.183.159.40 - - [27/Dec/2024:20:23:52 -0500] "GET /feed/ HTTP/1.1" 200 1150 "https://misswavenigeria.com/feed" "Mozilla/5.0 (Linux armv6l; Maemo; Opera Mobi/8; U; en-GB; rv:1.9.1.6) Gecko/20091201 Firefox/3.5.6 Opera 11.00"
66.29.132.124 - - [27/Dec/2024:20:23:53 -0500] "POST /wp-cron.php?doing_wp_cron=1735349033.7005798816680908203125 HTTP/1.1" 200 0 "-" "WordPress/6.7.1; https://misswavenigeria.com"
185.183.159.40 - - [27/Dec/2024:20:23:53 -0500] "GET /o_models/abigail-miss-kwara HTTP/1.1" 301 0 "https://misswavenigeria.com/o_models/abigail-miss-kwara" "Mozilla/5.0 (Linux armv6l; Maemo; Opera Mobi/8; U; en-GB; rv:1.9.1.6) Gecko/20091201 Firefox/3.5.6 Opera 11.00"
185.183.159.40 - - [27/Dec/2024:20:23:54 -0500] "GET /o_models/abigail-miss-kwara/ HTTP/1.1" 200 68754 "https://misswavenigeria.com/o_models/abigail-miss-kwara" "Mozilla/5.0 (Linux armv6l; Maemo; Opera Mobi/8; U; en-GB; rv:1.9.1.6) Gecko/20091201 Firefox/3.5.6 Opera 11.00"
185.183.159.40 - - [27/Dec/2024:20:23:55 -0500] "GET /o_models/blessing-miss-abia HTTP/1.1" 301 0 "https://misswavenigeria.com/o_models/blessing-miss-abia" "Mozilla/5.0 (Linux armv6l; Maemo; Opera Mobi/8; U; en-GB; rv:1.9.1.6) Gecko/20091201 Firefox/3.5.6 Opera 11.00"
185.183.159.40 - - [27/Dec/2024:20:23:56 -0500] "GET /o_models/blessing-miss-abia/ HTTP/1.1" 200 67454 "https://misswavenigeria.com/o_models/blessing-miss-abia" "Mozilla/5.0 (Linux armv6l; Maemo; Opera Mobi/8; U; en-GB; rv:1.9.1.6) Gecko/20091201 Firefox/3.5.6 Opera 11.00"
185.183.159.40 - - [27/Dec/2024:20:23:57 -0500] "GET /o_models/blessing-miss-benue HTTP/1.1" 301 0 "https://misswavenigeria.com/o_models/blessing-miss-benue" "Mozilla/5.0 (Linux armv6l; Maemo; Opera Mobi/8; U; en-GB; rv:1.9.1.6) Gecko/20091201 Firefox/3.5.6 Opera 11.00"
185.183.159.40 - - [27/Dec/2024:20:23:57 -0500] "GET /o_models/blessing-miss-benue/ HTTP/1.1" 200 68758 "https://misswavenigeria.com/o_models/blessing-miss-benue" "Mozilla/5.0 (Linux armv6l; Maemo; Opera Mobi/8; U; en-GB; rv:1.9.1.6) Gecko/20091201 Firefox/3.5.6 Opera 11.00"
185.183.159.40 - - [27/Dec/2024:20:23:59 -0500] "GET /o_models/boluwatife-miss-osun HTTP/1.1" 301 0 "https://misswavenigeria.com/o_models/boluwatife-miss-osun" "Mozilla/5.0 (Linux armv6l; Maemo; Opera Mobi/8; U; en-GB; rv:1.9.1.6) Gecko/20091201 Firefox/3.5.6 Opera 11.00"
185.183.159.40 - - [27/Dec/2024:20:23:59 -0500] "GET /o_models/boluwatife-miss-osun/ HTTP/1.1" 200 67464 "https://misswavenigeria.com/o_models/boluwatife-miss-osun" "Mozilla/5.0 (Linux armv6l; Maemo; Opera Mobi/8; U; en-GB; rv:1.9.1.6) Gecko/20091201 Firefox/3.5.6 Opera 11.00"
185.183.159.40 - - [27/Dec/2024:20:24:00 -0500] "GET /o_models/chinecherem-miss-ebonyi HTTP/1.1" 301 0 "https://misswavenigeria.com/o_models/chinecherem-miss-ebonyi" "Mozilla/5.0 (Linux armv6l; Maemo; Opera Mobi/8; U; en-GB; rv:1.9.1.6) Gecko/20091201 Firefox/3.5.6 Opera 11.00"
185.183.159.40 - - [27/Dec/2024:20:24:01 -0500] "GET /o_models/chinecherem-miss-ebonyi/ HTTP/1.1" 200 68779 "https://misswavenigeria.com/o_models/chinecherem-miss-ebonyi" "Mozilla/5.0 (Linux armv6l; Maemo; Opera Mobi/8; U; en-GB; rv:1.9.1.6) Gecko/20091201 Firefox/3.5.6 Opera 11.00"
185.183.159.40 - - [27/Dec/2024:20:24:02 -0500] "GET /o_models/deborah-miss-bayelsa HTTP/1.1" 301 0 "https://misswavenigeria.com/o_models/deborah-miss-bayelsa" "Mozilla/5.0 (Linux armv6l; Maemo; Opera Mobi/8; U; en-GB; rv:1.9.1.6) Gecko/20091201 Firefox/3.5.6 Opera 11.00"
185.183.159.40 - - [27/Dec/2024:20:24:03 -0500] "GET /o_models/deborah-miss-bayelsa/ HTTP/1.1" 200 68763 "https://misswavenigeria.com/o_models/deborah-miss-bayelsa" "Mozilla/5.0 (Linux armv6l; Maemo; Opera Mobi/8; U; en-GB; rv:1.9.1.6) Gecko/20091201 Firefox/3.5.6 Opera 11.00"
185.183.159.40 - - [27/Dec/2024:20:24:06 -0500] "GET /o_models/divine-miss-crossriver HTTP/1.1" 301 0 "https://misswavenigeria.com/o_models/divine-miss-crossriver" "Mozilla/5.0 (Linux armv6l; Maemo; Opera Mobi/8; U; en-GB; rv:1.9.1.6) Gecko/20091201 Firefox/3.5.6 Opera 11.00"
185.183.159.40 - - [27/Dec/2024:20:24:06 -0500] "GET /o_models/divine-miss-crossriver/ HTTP/1.1" 200 68759 "https://misswavenigeria.com/o_models/divine-miss-crossriver" "Mozilla/5.0 (Linux armv6l; Maemo; Opera Mobi/8; U; en-GB; rv:1.9.1.6) Gecko/20091201 Firefox/3.5.6 Opera 11.00"
185.183.159.40 - - [27/Dec/2024:20:24:08 -0500] "GET /o_models/emmanuela-miss-rivers HTTP/1.1" 301 0 "https://misswavenigeria.com/o_models/emmanuela-miss-rivers" "Mozilla/5.0 (Linux armv6l; Maemo; Opera Mobi/8; U; en-GB; rv:1.9.1.6) Gecko/20091201 Firefox/3.5.6 Opera 11.00"
185.183.159.40 - - [27/Dec/2024:20:24:09 -0500] "GET /o_models/emmanuela-miss-rivers/ HTTP/1.1" 200 68769 "https://misswavenigeria.com/o_models/emmanuela-miss-rivers" "Mozilla/5.0 (Linux armv6l; Maemo; Opera Mobi/8; U; en-GB; rv:1.9.1.6) Gecko/20091201 Firefox/3.5.6 Opera 11.00"
185.183.159.40 - - [27/Dec/2024:20:24:10 -0500] "GET /o_models/faith-miss-imo HTTP/1.1" 301 0 "https://misswavenigeria.com/o_models/faith-miss-imo" "Mozilla/5.0 (Linux armv6l; Maemo; Opera Mobi/8; U; en-GB; rv:1.9.1.6) Gecko/20091201 Firefox/3.5.6 Opera 11.00"
185.183.159.40 - - [27/Dec/2024:20:24:11 -0500] "GET /o_models/faith-miss-imo/ HTTP/1.1" 200 68733 "https://misswavenigeria.com/o_models/faith-miss-imo" "Mozilla/5.0 (Linux armv6l; Maemo; Opera Mobi/8; U; en-GB; rv:1.9.1.6) Gecko/20091201 Firefox/3.5.6 Opera 11.00"
185.183.159.40 - - [27/Dec/2024:20:24:12 -0500] "GET /o_models/funmilayo-miss-lagos HTTP/1.1" 301 0 "https://misswavenigeria.com/o_models/funmilayo-miss-lagos" "Mozilla/5.0 (Linux armv6l; Maemo; Opera Mobi/8; U; en-GB; rv:1.9.1.6) Gecko/20091201 Firefox/3.5.6 Opera 11.00"
185.183.159.40 - - [27/Dec/2024:20:24:12 -0500] "GET /o_models/funmilayo-miss-lagos/ HTTP/1.1" 200 68764 "https://misswavenigeria.com/o_models/funmilayo-miss-lagos" "Mozilla/5.0 (Linux armv6l; Maemo; Opera Mobi/8; U; en-GB; rv:1.9.1.6) Gecko/20091201 Firefox/3.5.6 Opera 11.00"
185.183.159.40 - - [27/Dec/2024:20:24:14 -0500] "GET /o_models/genevieve-miss-kaduna HTTP/1.1" 301 0 "https://misswavenigeria.com/o_models/genevieve-miss-kaduna" "Mozilla/5.0 (Linux armv6l; Maemo; Opera Mobi/8; U; en-GB; rv:1.9.1.6) Gecko/20091201 Firefox/3.5.6 Opera 11.00"
185.183.159.40 - - [27/Dec/2024:20:24:14 -0500] "GET /o_models/genevieve-miss-kaduna/ HTTP/1.1" 200 67469 "https://misswavenigeria.com/o_models/genevieve-miss-kaduna" "Mozilla/5.0 (Linux armv6l; Maemo; Opera Mobi/8; U; en-GB; rv:1.9.1.6) Gecko/20091201 Firefox/3.5.6 Opera 11.00"
185.183.159.40 - - [27/Dec/2024:20:24:16 -0500] "GET /o_models/helen-miss-delta HTTP/1.1" 301 0 "https://misswavenigeria.com/o_models/helen-miss-delta" "Mozilla/5.0 (Linux armv6l; Maemo; Opera Mobi/8; U; en-GB; rv:1.9.1.6) Gecko/20091201 Firefox/3.5.6 Opera 11.00"
185.183.159.40 - - [27/Dec/2024:20:24:16 -0500] "GET /o_models/helen-miss-delta/ HTTP/1.1" 200 67444 "https://misswavenigeria.com/o_models/helen-miss-delta" "Mozilla/5.0 (Linux armv6l; Maemo; Opera Mobi/8; U; en-GB; rv:1.9.1.6) Gecko/20091201 Firefox/3.5.6 Opera 11.00"
185.183.159.40 - - [27/Dec/2024:20:24:18 -0500] "GET /o_models/jennifer-miss-enugu HTTP/1.1" 301 0 "https://misswavenigeria.com/o_models/jennifer-miss-enugu" "Mozilla/5.0 (Linux armv6l; Maemo; Opera Mobi/8; U; en-GB; rv:1.9.1.6) Gecko/20091201 Firefox/3.5.6 Opera 11.00"
45.88.97.56 - - [27/Dec/2024:20:24:18 -0500] "GET / HTTP/1.0" 200 109092 "https://misswavenigeria.com/" "Mozilla/5.0 (Windows NT 6.1; Win64; x64) AppleWebKit/537.36 (KHTML, like Gecko) Chrome/103.0.0.0 Safari/537.36"
185.183.159.40 - - [27/Dec/2024:20:24:18 -0500] "GET /o_models/jennifer-miss-enugu/ HTTP/1.1" 200 68758 "https://misswavenigeria.com/o_models/jennifer-miss-enugu" "Mozilla/5.0 (Linux armv6l; Maemo; Opera Mobi/8; U; en-GB; rv:1.9.1.6) Gecko/20091201 Firefox/3.5.6 Opera 11.00"
185.183.159.40 - - [27/Dec/2024:20:24:19 -0500] "GET /o_models/lilian-miss-katsina HTTP/1.1" 301 0 "https://misswavenigeria.com/o_models/lilian-miss-katsina" "Mozilla/5.0 (Linux armv6l; Maemo; Opera Mobi/8; U; en-GB; rv:1.9.1.6) Gecko/20091201 Firefox/3.5.6 Opera 11.00"
185.183.159.40 - - [27/Dec/2024:20:24:20 -0500] "GET /o_models/lilian-miss-katsina/ HTTP/1.1" 200 68759 "https://misswavenigeria.com/o_models/lilian-miss-katsina" "Mozilla/5.0 (Linux armv6l; Maemo; Opera Mobi/8; U; en-GB; rv:1.9.1.6) Gecko/20091201 Firefox/3.5.6 Opera 11.00"
45.88.97.56 - - [27/Dec/2024:20:24:20 -0500] "GET /register/ HTTP/1.0" 200 75922 "https://misswavenigeria.com/register/" "Mozilla/5.0 (Windows NT 6.1; Win64; x64) AppleWebKit/537.36 (KHTML, like Gecko) Chrome/103.0.0.0 Safari/537.36"
185.183.159.40 - - [27/Dec/2024:20:24:21 -0500] "GET /o_models/mary-miss-anambra HTTP/1.1" 301 0 "https://misswavenigeria.com/o_models/mary-miss-anambra" "Mozilla/5.0 (Linux armv6l; Maemo; Opera Mobi/8; U; en-GB; rv:1.9.1.6) Gecko/20091201 Firefox/3.5.6 Opera 11.00"
185.183.159.40 - - [27/Dec/2024:20:24:21 -0500] "GET /o_models/mary-miss-anambra/ HTTP/1.1" 200 68748 "https://misswavenigeria.com/o_models/mary-miss-anambra" "Mozilla/5.0 (Linux armv6l; Maemo; Opera Mobi/8; U; en-GB; rv:1.9.1.6) Gecko/20091201 Firefox/3.5.6 Opera 11.00"
185.183.159.40 - - [27/Dec/2024:20:24:23 -0500] "GET /o_models/maryann-miss-akwa-ibom HTTP/1.1" 301 0 "https://misswavenigeria.com/o_models/maryann-miss-akwa-ibom" "Mozilla/5.0 (Linux armv6l; Maemo; Opera Mobi/8; U; en-GB; rv:1.9.1.6) Gecko/20091201 Firefox/3.5.6 Opera 11.00"
185.183.159.40 - - [27/Dec/2024:20:24:23 -0500] "GET /o_models/maryann-miss-akwa-ibom/ HTTP/1.1" 200 67474 "https://misswavenigeria.com/o_models/maryann-miss-akwa-ibom" "Mozilla/5.0 (Linux armv6l; Maemo; Opera Mobi/8; U; en-GB; rv:1.9.1.6) Gecko/20091201 Firefox/3.5.6 Opera 11.00"
66.29.132.124 - - [27/Dec/2024:20:24:25 -0500] "POST /wp-cron.php?doing_wp_cron=1735349065.7966580390930175781250 HTTP/1.1" 200 0 "-" "WordPress/6.7.1; https://misswavenigeria.com"
185.183.159.40 - - [27/Dec/2024:20:24:25 -0500] "GET /o_models/oluwatoyin-miss-kogi HTTP/1.1" 301 0 "https://misswavenigeria.com/o_models/oluwatoyin-miss-kogi" "Mozilla/5.0 (Linux armv6l; Maemo; Opera Mobi/8; U; en-GB; rv:1.9.1.6) Gecko/20091201 Firefox/3.5.6 Opera 11.00"
185.183.159.40 - - [27/Dec/2024:20:24:26 -0500] "GET /o_models/oluwatoyin-miss-kogi/ HTTP/1.1" 200 67464 "https://misswavenigeria.com/o_models/oluwatoyin-miss-kogi" "Mozilla/5.0 (Linux armv6l; Maemo; Opera Mobi/8; U; en-GB; rv:1.9.1.6) Gecko/20091201 Firefox/3.5.6 Opera 11.00"
185.183.159.40 - - [27/Dec/2024:20:24:27 -0500] "GET /o_models/omololu-miss-oyo HTTP/1.1" 301 0 "https://misswavenigeria.com/o_models/omololu-miss-oyo" "Mozilla/5.0 (Linux armv6l; Maemo; Opera Mobi/8; U; en-GB; rv:1.9.1.6) Gecko/20091201 Firefox/3.5.6 Opera 11.00"
185.183.159.40 - - [27/Dec/2024:20:24:27 -0500] "GET /o_models/omololu-miss-oyo/ HTTP/1.1" 200 68743 "https://misswavenigeria.com/o_models/omololu-miss-oyo" "Mozilla/5.0 (Linux armv6l; Maemo; Opera Mobi/8; U; en-GB; rv:1.9.1.6) Gecko/20091201 Firefox/3.5.6 Opera 11.00"
185.183.159.40 - - [27/Dec/2024:20:24:29 -0500] "GET /o_models/oyindamola-miss-abuja HTTP/1.1" 301 0 "https://misswavenigeria.com/o_models/oyindamola-miss-abuja" "Mozilla/5.0 (Linux armv6l; Maemo; Opera Mobi/8; U; en-GB; rv:1.9.1.6) Gecko/20091201 Firefox/3.5.6 Opera 11.00"
185.183.159.40 - - [27/Dec/2024:20:24:29 -0500] "GET /o_models/oyindamola-miss-abuja/ HTTP/1.1" 200 67469 "https://misswavenigeria.com/o_models/oyindamola-miss-abuja" "Mozilla/5.0 (Linux armv6l; Maemo; Opera Mobi/8; U; en-GB; rv:1.9.1.6) Gecko/20091201 Firefox/3.5.6 Opera 11.00"
185.183.159.40 - - [27/Dec/2024:20:24:31 -0500] "GET /o_models/vivian-miss-kano HTTP/1.1" 301 0 "https://misswavenigeria.com/o_models/vivian-miss-kano" "Mozilla/5.0 (Linux armv6l; Maemo; Opera Mobi/8; U; en-GB; rv:1.9.1.6) Gecko/20091201 Firefox/3.5.6 Opera 11.00"
185.183.159.40 - - [27/Dec/2024:20:24:31 -0500] "GET /o_models/vivian-miss-kano/ HTTP/1.1" 200 67444 "https://misswavenigeria.com/o_models/vivian-miss-kano" "Mozilla/5.0 (Linux armv6l; Maemo; Opera Mobi/8; U; en-GB; rv:1.9.1.6) Gecko/20091201 Firefox/3.5.6 Opera 11.00"
185.183.159.40 - - [27/Dec/2024:20:24:33 -0500] "GET /register HTTP/1.1" 301 0 "https://misswavenigeria.com/register" "Mozilla/5.0 (Linux armv6l; Maemo; Opera Mobi/8; U; en-GB; rv:1.9.1.6) Gecko/20091201 Firefox/3.5.6 Opera 11.00"
185.183.159.40 - - [27/Dec/2024:20:24:33 -0500] "GET /register/ HTTP/1.1" 200 75922 "https://misswavenigeria.com/register" "Mozilla/5.0 (Linux armv6l; Maemo; Opera Mobi/8; U; en-GB; rv:1.9.1.6) Gecko/20091201 Firefox/3.5.6 Opera 11.00"
185.183.159.40 - - [27/Dec/2024:20:24:34 -0500] "POST /register/ HTTP/1.1" 200 0 "https://misswavenigeria.com/register/#wpcf7-f250-p370-o1" "Mozilla/5.0 (Linux armv6l; Maemo; Opera Mobi/8; U; en-GB; rv:1.9.1.6) Gecko/20091201 Firefox/3.5.6 Opera 11.00"
66.29.132.124 - - [27/Dec/2024:20:24:55 -0500] "POST /wp-cron.php?doing_wp_cron=1735349095.8048150539398193359375 HTTP/1.1" 200 0 "-" "WordPress/6.7.1; https://misswavenigeria.com"
185.183.159.40 - - [27/Dec/2024:20:24:55 -0500] "GET /sponsors HTTP/1.1" 404 67231 "https://misswavenigeria.com/sponsors" "Mozilla/5.0 (Linux armv6l; Maemo; Opera Mobi/8; U; en-GB; rv:1.9.1.6) Gecko/20091201 Firefox/3.5.6 Opera 11.00"
66.29.132.124 - - [27/Dec/2024:20:24:56 -0500] "POST /wp-admin/admin-ajax.php?action=async_litespeed&nonce=UNakvnUunBRMmorpSFqqOMLZ8xOjDw2o&litespeed_type=imgoptm HTTP/1.1" 200 21 "-" "WordPress/6.7.1; https://misswavenigeria.com"
185.183.159.40 - - [27/Dec/2024:20:24:57 -0500] "GET /wp-json HTTP/1.1" 200 248797 "https://misswavenigeria.com/wp-json" "Mozilla/5.0 (Linux armv6l; Maemo; Opera Mobi/8; U; en-GB; rv:1.9.1.6) Gecko/20091201 Firefox/3.5.6 Opera 11.00"
185.183.159.40 - - [27/Dec/2024:20:24:58 -0500] "GET /wp-json/oembed/1.0/embed?url=https%3A%2F%2Fmisswavenigeria.com%2F HTTP/1.1" 200 2229 "https://misswavenigeria.com/wp-json/oembed/1.0/embed?url=https%3A%2F%2Fmisswavenigeria.com%2F" "Mozilla/5.0 (Linux armv6l; Maemo; Opera Mobi/8; U; en-GB; rv:1.9.1.6) Gecko/20091201 Firefox/3.5.6 Opera 11.00"
185.183.159.40 - - [27/Dec/2024:20:24:59 -0500] "GET /wp-json/oembed/1.0/embed?url=https%3A%2F%2Fmisswavenigeria.com%2F&format=xml HTTP/1.1" 200 2388 "https://misswavenigeria.com/wp-json/oembed/1.0/embed?url=https%3A%2F%2Fmisswavenigeria.com%2F&format=xml" "Mozilla/5.0 (Linux armv6l; Maemo; Opera Mobi/8; U; en-GB; rv:1.9.1.6) Gecko/20091201 Firefox/3.5.6 Opera 11.00"
185.183.159.40 - - [27/Dec/2024:20:25:01 -0500] "GET /wp-json/tribe/tickets/v1 HTTP/1.1" 200 13297 "https://misswavenigeria.com/wp-json/tribe/tickets/v1" "Mozilla/5.0 (Linux armv6l; Maemo; Opera Mobi/8; U; en-GB; rv:1.9.1.6) Gecko/20091201 Firefox/3.5.6 Opera 11.00"
185.183.159.40 - - [27/Dec/2024:20:25:02 -0500] "GET /wp-json/wp/v2/pages/318 HTTP/1.1" 200 31277 "https://misswavenigeria.com/wp-json/wp/v2/pages/318" "Mozilla/5.0 (Linux armv6l; Maemo; Opera Mobi/8; U; en-GB; rv:1.9.1.6) Gecko/20091201 Firefox/3.5.6 Opera 11.00"
185.183.159.40 - - [27/Dec/2024:20:25:08 -0500] "GET /xmlrpc.php?rsd HTTP/1.1" 200 828 "https://misswavenigeria.com/xmlrpc.php?rsd" "Mozilla/5.0 (Linux armv6l; Maemo; Opera Mobi/8; U; en-GB; rv:1.9.1.6) Gecko/20091201 Firefox/3.5.6 Opera 11.00"
66.29.132.124 - - [27/Dec/2024:20:25:48 -0500] "POST /wp-cron.php?doing_wp_cron=1735349148.0138950347900390625000 HTTP/1.1" 200 0 "-" "WordPress/6.7.1; https://misswavenigeria.com"
66.249.79.4 - - [27/Dec/2024:20:25:47 -0500] "GET /goods/O756666?k=product HTTP/1.1" 301 0 "-" "Mozilla/5.0 (Linux; Android 6.0.1; Nexus 5X Build/MMB29P) AppleWebKit/537.36 (KHTML, like Gecko) Chrome/131.0.6778.139 Mobile Safari/537.36 (compatible; Googlebot/2.1; +http://www.google.com/bot.html)"
66.29.132.124 - - [27/Dec/2024:20:25:48 -0500] "POST /wp-admin/admin-ajax.php?action=async_litespeed&nonce=ywkYpmREWSIUaV66BjavkzBUogaFj5TA&litespeed_type=imgoptm HTTP/1.1" 200 21 "-" "WordPress/6.7.1; https://misswavenigeria.com"
66.249.79.2 - - [27/Dec/2024:20:25:50 -0500] "GET /goods/D911147?k=product HTTP/1.1" 301 0 "-" "Mozilla/5.0 (Linux; Android 6.0.1; Nexus 5X Build/MMB29P) AppleWebKit/537.36 (KHTML, like Gecko) Chrome/131.0.6778.139 Mobile Safari/537.36 (compatible; Googlebot/2.1; +http://www.google.com/bot.html)"
45.88.97.56 - - [27/Dec/2024:20:24:22 -0500] "POST /register/ HTTP/1.0" 200 76048 "https://misswavenigeria.com/register/" "Mozilla/5.0 (Windows NT 6.1; Win64; x64) AppleWebKit/537.36 (KHTML, like Gecko) Chrome/103.0.0.0 Safari/537.36"
45.88.97.56 - - [27/Dec/2024:20:25:54 -0500] "GET /register/ HTTP/1.0" 200 75922 "https://misswavenigeria.com/" "Mozilla/5.0 (Windows NT 6.1; Win64; x64) AppleWebKit/537.36 (KHTML, like Gecko) Chrome/103.0.0.0 Safari/537.36"
66.249.68.66 - - [27/Dec/2024:20:25:54 -0500] "GET /goods/O756666?k=product HTTP/1.1" 404 15611 "-" "Mozilla/5.0 (Linux; Android 6.0.1; Nexus 5X Build/MMB29P) AppleWebKit/537.36 (KHTML, like Gecko) Chrome/131.0.6778.139 Mobile Safari/537.36 (compatible; Googlebot/2.1; +http://www.google.com/bot.html)"
66.249.68.68 - - [27/Dec/2024:20:25:57 -0500] "GET /goods/D911147?k=product HTTP/1.1" 404 15611 "-" "Mozilla/5.0 (Linux; Android 6.0.1; Nexus 5X Build/MMB29P) AppleWebKit/537.36 (KHTML, like Gecko) Chrome/131.0.6778.139 Mobile Safari/537.36 (compatible; Googlebot/2.1; +http://www.google.com/bot.html)"
66.29.132.124 - - [27/Dec/2024:20:27:29 -0500] "POST /wp-cron.php?doing_wp_cron=1735349248.9893870353698730468750 HTTP/1.1" 200 0 "-" "WordPress/6.7.1; https://misswavenigeria.com"
45.88.97.56 - - [27/Dec/2024:20:27:27 -0500] "GET / HTTP/1.0" 200 109053 "https://misswavenigeria.com/" "Mozilla/5.0 (Windows NT 6.1; Win64; x64) AppleWebKit/537.36 (KHTML, like Gecko) Chrome/103.0.0.0 Safari/537.36"
66.29.132.124 - - [27/Dec/2024:20:27:29 -0500] "POST /wp-admin/admin-ajax.php?action=async_litespeed&nonce=moPBUC271pz0CMoU5q8z3gQ2m0PTGYmK&litespeed_type=imgoptm HTTP/1.1" 200 21 "-" "WordPress/6.7.1; https://misswavenigeria.com"
45.88.97.56 - - [27/Dec/2024:20:27:31 -0500] "GET /register/ HTTP/1.0" 200 75922 "https://misswavenigeria.com/register/" "Mozilla/5.0 (Windows NT 6.1; Win64; x64) AppleWebKit/537.36 (KHTML, like Gecko) Chrome/103.0.0.0 Safari/537.36"
66.29.132.124 - - [27/Dec/2024:20:28:25 -0500] "POST /wp-cron.php?doing_wp_cron=1735349305.4213099479675292968750 HTTP/1.1" 200 0 "-" "WordPress/6.7.1; https://misswavenigeria.com"
66.249.79.2 - - [27/Dec/2024:20:28:25 -0500] "GET /goods/Y363426?k=product HTTP/1.1" 301 0 "-" "Mozilla/5.0 (Linux; Android 6.0.1; Nexus 5X Build/MMB29P) AppleWebKit/537.36 (KHTML, like Gecko) Chrome/131.0.6778.139 Mobile Safari/537.36 (compatible; Googlebot/2.1; +http://www.google.com/bot.html)"
66.29.132.124 - - [27/Dec/2024:20:28:25 -0500] "POST /wp-admin/admin-ajax.php?action=async_litespeed&nonce=7saLPfCYF7CKsyLccPAWxfUT8NwSoxjy&litespeed_type=imgoptm HTTP/1.1" 200 21 "-" "WordPress/6.7.1; https://misswavenigeria.com"
45.88.97.56 - - [27/Dec/2024:20:27:33 -0500] "POST /register/ HTTP/1.0" 200 76048 "https://misswavenigeria.com/register/" "Mozilla/5.0 (Windows NT 6.1; Win64; x64) AppleWebKit/537.36 (KHTML, like Gecko) Chrome/103.0.0.0 Safari/537.36"
66.249.68.68 - - [27/Dec/2024:20:28:35 -0500] "GET /goods/Y363426?k=product HTTP/1.1" 404 15610 "-" "Mozilla/5.0 (Linux; Android 6.0.1; Nexus 5X Build/MMB29P) AppleWebKit/537.36 (KHTML, like Gecko) Chrome/131.0.6778.139 Mobile Safari/537.36 (compatible; Googlebot/2.1; +http://www.google.com/bot.html)"
45.88.97.56 - - [27/Dec/2024:20:28:36 -0500] "GET /register/ HTTP/1.0" 200 75922 "https://misswavenigeria.com/" "Mozilla/5.0 (Windows NT 6.1; Win64; x64) AppleWebKit/537.36 (KHTML, like Gecko) Chrome/103.0.0.0 Safari/537.36"
185.162.119.79 - - [27/Dec/2024:20:29:03 -0500] "GET /o_models/oluwatoyin-miss-kogi/ HTTP/1.1" 200 18054 "-" "Mozilla/5.0 (Macintosh; Intel Mac OS X 10_15_7) AppleWebKit/537.36 (KHTML, like Gecko) Chrome/127.0.0 Safari/537.36"
66.29.132.124 - - [27/Dec/2024:20:29:06 -0500] "POST /wp-cron.php?doing_wp_cron=1735349346.5510990619659423828125 HTTP/1.1" 200 0 "-" "WordPress/6.7.1; https://misswavenigeria.com"
66.249.79.3 - - [27/Dec/2024:20:29:06 -0500] "GET /goods/R572875?k=product HTTP/1.1" 301 0 "-" "Mozilla/5.0 (Linux; Android 6.0.1; Nexus 5X Build/MMB29P) AppleWebKit/537.36 (KHTML, like Gecko) Chrome/131.0.6778.139 Mobile Safari/537.36 (compatible; Googlebot/2.1; +http://www.google.com/bot.html)"
66.29.132.124 - - [27/Dec/2024:20:29:06 -0500] "POST /wp-admin/admin-ajax.php?action=async_litespeed&nonce=9aQCqFCsAWqZeoGL29bhVg9lm1e1VlXH&litespeed_type=imgoptm HTTP/1.1" 200 21 "-" "WordPress/6.7.1; https://misswavenigeria.com"
103.221.57.197 - - [27/Dec/2024:20:29:09 -0500] "GET /o_models/blessing-miss-benue/ HTTP/1.1" 200 18439 "-" "Mozilla/5.0 (Macintosh; Intel Mac OS X 10_15_7) AppleWebKit/537.36 (KHTML, like Gecko) Chrome/127.0.0 Safari/537.36"
66.249.68.66 - - [27/Dec/2024:20:29:11 -0500] "GET /goods/R572875?k=product HTTP/1.1" 404 15610 "-" "Mozilla/5.0 (Linux; Android 6.0.1; Nexus 5X Build/MMB29P) AppleWebKit/537.36 (KHTML, like Gecko) Chrome/131.0.6778.139 Mobile Safari/537.36 (compatible; Googlebot/2.1; +http://www.google.com/bot.html)"
66.29.132.124 - - [27/Dec/2024:20:30:30 -0500] "POST /wp-cron.php?doing_wp_cron=1735349430.2006371021270751953125 HTTP/1.1" 200 0 "-" "WordPress/6.7.1; https://misswavenigeria.com"
66.249.79.3 - - [27/Dec/2024:20:30:30 -0500] "GET /goods/Q133344?k=product HTTP/1.1" 301 0 "-" "Mozilla/5.0 (Linux; Android 6.0.1; Nexus 5X Build/MMB29P) AppleWebKit/537.36 (KHTML, like Gecko) Chrome/131.0.6778.139 Mobile Safari/537.36 (compatible; Googlebot/2.1; +http://www.google.com/bot.html)"
66.29.132.124 - - [27/Dec/2024:20:30:30 -0500] "POST /wp-admin/admin-ajax.php?action=async_litespeed&nonce=0KLT43uKUBxiekylPZmU4nyrolliH48H&litespeed_type=imgoptm HTTP/1.1" 200 21 "-" "WordPress/6.7.1; https://misswavenigeria.com"
45.88.97.56 - - [27/Dec/2024:20:30:32 -0500] "GET / HTTP/1.0" 200 109055 "https://misswavenigeria.com/" "Mozilla/5.0 (Windows NT 10.0; Win64; x64) AppleWebKit/537.36 (KHTML, like Gecko) Chrome/103.0.5060.53 Safari/537.36"
45.88.97.56 - - [27/Dec/2024:20:30:34 -0500] "GET /register/ HTTP/1.0" 200 75922 "https://misswavenigeria.com/register/" "Mozilla/5.0 (Windows NT 10.0; Win64; x64) AppleWebKit/537.36 (KHTML, like Gecko) Chrome/103.0.5060.53 Safari/537.36"
66.249.68.66 - - [27/Dec/2024:20:30:37 -0500] "GET /goods/Q133344?k=product HTTP/1.1" 404 15610 "-" "Mozilla/5.0 (Linux; Android 6.0.1; Nexus 5X Build/MMB29P) AppleWebKit/537.36 (KHTML, like Gecko) Chrome/131.0.6778.139 Mobile Safari/537.36 (compatible; Googlebot/2.1; +http://www.google.com/bot.html)"
66.29.132.124 - - [27/Dec/2024:20:30:47 -0500] "POST /wp-cron.php?doing_wp_cron=1735349447.1032769680023193359375 HTTP/1.1" 200 0 "-" "WordPress/6.7.1; https://misswavenigeria.com"
66.249.68.66 - - [27/Dec/2024:20:30:46 -0500] "GET /goods/925347.html HTTP/1.1" 404 15610 "-" "Mozilla/5.0 (Linux; Android 6.0.1; Nexus 5X Build/MMB29P) AppleWebKit/537.36 (KHTML, like Gecko) Chrome/131.0.6778.139 Mobile Safari/537.36 (compatible; Googlebot/2.1; +http://www.google.com/bot.html)"
66.29.132.124 - - [27/Dec/2024:20:30:47 -0500] "POST /wp-admin/admin-ajax.php?action=async_litespeed&nonce=Wvj2LdspYlDcnRgWgZqLkqfDMLafisk3&litespeed_type=imgoptm HTTP/1.1" 200 21 "-" "WordPress/6.7.1; https://misswavenigeria.com"
45.88.97.56 - - [27/Dec/2024:20:30:36 -0500] "POST /register/ HTTP/1.0" 200 76048 "https://misswavenigeria.com/register/" "Mozilla/5.0 (Windows NT 10.0; Win64; x64) AppleWebKit/537.36 (KHTML, like Gecko) Chrome/103.0.5060.53 Safari/537.36"
66.29.132.124 - - [27/Dec/2024:20:31:38 -0500] "POST /wp-cron.php?doing_wp_cron=1735349498.8598830699920654296875 HTTP/1.1" 200 0 "-" "WordPress/6.7.1; https://misswavenigeria.com"
45.88.97.56 - - [27/Dec/2024:20:31:38 -0500] "GET /register/ HTTP/1.0" 200 75922 "https://misswavenigeria.com/" "Mozilla/5.0 (Windows NT 10.0; Win64; x64) AppleWebKit/537.36 (KHTML, like Gecko) Chrome/103.0.5060.53 Safari/537.36"
66.29.132.124 - - [27/Dec/2024:20:33:39 -0500] "POST /wp-cron.php?doing_wp_cron=1735349619.1055591106414794921875 HTTP/1.1" 200 0 "-" "WordPress/6.7.1; https://misswavenigeria.com"
45.88.97.56 - - [27/Dec/2024:20:33:37 -0500] "GET / HTTP/1.0" 200 109053 "https://misswavenigeria.com/" "Mozilla/5.0 (Windows NT 6.3; WOW64) AppleWebKit/537.36 (KHTML, like Gecko) Chrome/103.0.0.0 Safari/537.36"
66.29.132.124 - - [27/Dec/2024:20:33:39 -0500] "POST /wp-admin/admin-ajax.php?action=async_litespeed&nonce=En7OQp9OJmei7kkfYxtgNP4H8qfVA6o9&litespeed_type=imgoptm HTTP/1.1" 200 21 "-" "WordPress/6.7.1; https://misswavenigeria.com"
45.88.97.56 - - [27/Dec/2024:20:33:41 -0500] "GET /register/ HTTP/1.0" 200 75922 "https://misswavenigeria.com/register/" "Mozilla/5.0 (Windows NT 6.3; WOW64) AppleWebKit/537.36 (KHTML, like Gecko) Chrome/103.0.0.0 Safari/537.36"
66.29.132.124 - - [27/Dec/2024:20:33:43 -0500] "POST /wp-cron.php?doing_wp_cron=1735349623.2108469009399414062500 HTTP/1.1" 200 0 "-" "WordPress/6.7.1; https://misswavenigeria.com"
66.29.132.124 - - [27/Dec/2024:20:33:43 -0500] "POST /wp-admin/admin-ajax.php?action=async_litespeed&nonce=0uLC9XSWVwRtRXKpTlve4Mkb87iccLkf&litespeed_type=imgoptm HTTP/1.1" 200 21 "-" "WordPress/6.7.1; https://misswavenigeria.com"
45.88.97.56 - - [27/Dec/2024:20:33:43 -0500] "POST /register/ HTTP/1.0" 200 76048 "https://misswavenigeria.com/register/" "Mozilla/5.0 (Windows NT 6.3; WOW64) AppleWebKit/537.36 (KHTML, like Gecko) Chrome/103.0.0.0 Safari/537.36"
66.29.132.124 - - [27/Dec/2024:20:34:40 -0500] "POST /wp-cron.php?doing_wp_cron=1735349680.1959569454193115234375 HTTP/1.1" 200 0 "-" "WordPress/6.7.1; https://misswavenigeria.com"
45.88.97.56 - - [27/Dec/2024:20:34:40 -0500] "GET /register/ HTTP/1.0" 200 75922 "https://misswavenigeria.com/" "Mozilla/5.0 (Windows NT 6.3; WOW64) AppleWebKit/537.36 (KHTML, like Gecko) Chrome/103.0.0.0 Safari/537.36"
66.29.132.124 - - [27/Dec/2024:20:34:40 -0500] "POST /wp-admin/admin-ajax.php?action=async_litespeed&nonce=1uIc8Tw29p73cg5thtqn6ZcgT7AVXt1i&litespeed_type=imgoptm HTTP/1.1" 200 21 "-" "WordPress/6.7.1; https://misswavenigeria.com"
66.29.132.124 - - [27/Dec/2024:20:36:50 -0500] "POST /wp-cron.php?doing_wp_cron=1735349810.9562840461730957031250 HTTP/1.1" 200 0 "-" "WordPress/6.7.1; https://misswavenigeria.com"
45.88.97.56 - - [27/Dec/2024:20:36:49 -0500] "GET / HTTP/1.0" 200 109053 "https://misswavenigeria.com/" "Mozilla/5.0 (Windows NT 10.0; Win64; x64) AppleWebKit/537.36 (KHTML, like Gecko) Chrome/103.0.5060.66 Safari/537.36"
66.29.132.124 - - [27/Dec/2024:20:36:51 -0500] "POST /wp-admin/admin-ajax.php?action=async_litespeed&nonce=cebrCCwg4nd9oAUG1HGhRWpN8strfbEO&litespeed_type=imgoptm HTTP/1.1" 200 21 "-" "WordPress/6.7.1; https://misswavenigeria.com"
45.88.97.56 - - [27/Dec/2024:20:36:53 -0500] "GET /register/ HTTP/1.0" 200 75922 "https://misswavenigeria.com/register/" "Mozilla/5.0 (Windows NT 10.0; Win64; x64) AppleWebKit/537.36 (KHTML, like Gecko) Chrome/103.0.5060.66 Safari/537.36"
45.88.97.56 - - [27/Dec/2024:20:36:55 -0500] "POST /register/ HTTP/1.0" 200 76048 "https://misswavenigeria.com/register/" "Mozilla/5.0 (Windows NT 10.0; Win64; x64) AppleWebKit/537.36 (KHTML, like Gecko) Chrome/103.0.5060.66 Safari/537.36"
66.29.132.124 - - [27/Dec/2024:20:37:57 -0500] "POST /wp-cron.php?doing_wp_cron=1735349877.7506630420684814453125 HTTP/1.1" 200 0 "-" "WordPress/6.7.1; https://misswavenigeria.com"
45.88.97.56 - - [27/Dec/2024:20:37:57 -0500] "GET /register/ HTTP/1.0" 200 75922 "https://misswavenigeria.com/" "Mozilla/5.0 (Windows NT 10.0; Win64; x64) AppleWebKit/537.36 (KHTML, like Gecko) Chrome/103.0.5060.66 Safari/537.36"
66.29.132.124 - - [27/Dec/2024:20:37:57 -0500] "POST /wp-admin/admin-ajax.php?action=async_litespeed&nonce=A1pf2hImcdUiG03Hem7CZnQThdezdiiA&litespeed_type=imgoptm HTTP/1.1" 200 21 "-" "WordPress/6.7.1; https://misswavenigeria.com"
66.29.132.124 - - [27/Dec/2024:20:39:56 -0500] "POST /wp-cron.php?doing_wp_cron=1735349996.7682440280914306640625 HTTP/1.1" 200 0 "-" "WordPress/6.7.1; https://misswavenigeria.com"
45.88.97.56 - - [27/Dec/2024:20:39:55 -0500] "GET / HTTP/1.0" 200 109055 "https://misswavenigeria.com/" "Mozilla/5.0 (Windows NT 6.3; WOW64) AppleWebKit/537.36 (KHTML, like Gecko) Chrome/103.0.0.0 Safari/537.36"
66.29.132.124 - - [27/Dec/2024:20:39:57 -0500] "POST /wp-admin/admin-ajax.php?action=async_litespeed&nonce=yjw4Oqs8RxxG9bfbFfxYgbdBzN4Yx4i5&litespeed_type=imgoptm HTTP/1.1" 200 21 "-" "WordPress/6.7.1; https://misswavenigeria.com"
45.88.97.56 - - [27/Dec/2024:20:39:59 -0500] "GET /register/ HTTP/1.0" 200 75922 "https://misswavenigeria.com/register/" "Mozilla/5.0 (Windows NT 6.3; WOW64) AppleWebKit/537.36 (KHTML, like Gecko) Chrome/103.0.0.0 Safari/537.36"
173.244.35.12 - - [27/Dec/2024:20:40:26 -0500] "GET /o_models/funmilayo-miss-lagos/ HTTP/1.1" 200 18444 "-" "Mozilla/5.0 (Macintosh; Intel Mac OS X 10_15_7) AppleWebKit/537.36 (KHTML, like Gecko) Chrome/127.0.0 Safari/537.36"
185.210.207.179 - - [27/Dec/2024:20:40:27 -0500] "GET /o_models/deborah-miss-bayelsa/ HTTP/1.1" 200 18437 "-" "Mozilla/5.0 (Macintosh; Intel Mac OS X 10_15_7) AppleWebKit/537.36 (KHTML, like Gecko) Chrome/127.0.0 Safari/537.36"
185.122.141.203 - - [27/Dec/2024:20:40:36 -0500] "GET /o_models/funmilayo-miss-lagos/ HTTP/1.1" 200 18444 "-" "Mozilla/5.0 (Macintosh; Intel Mac OS X 10_15_7) AppleWebKit/537.36 (KHTML, like Gecko) Chrome/127.0.0 Safari/537.36"
45.88.97.56 - - [27/Dec/2024:20:40:00 -0500] "POST /register/ HTTP/1.0" 200 76048 "https://misswavenigeria.com/register/" "Mozilla/5.0 (Windows NT 6.3; WOW64) AppleWebKit/537.36 (KHTML, like Gecko) Chrome/103.0.0.0 Safari/537.36"
66.29.132.124 - - [27/Dec/2024:20:41:10 -0500] "POST /wp-cron.php?doing_wp_cron=1735350070.7517030239105224609375 HTTP/1.1" 200 0 "-" "WordPress/6.7.1; https://misswavenigeria.com"
45.88.97.56 - - [27/Dec/2024:20:41:10 -0500] "GET /register/ HTTP/1.0" 200 75922 "https://misswavenigeria.com/" "Mozilla/5.0 (Windows NT 6.3; WOW64) AppleWebKit/537.36 (KHTML, like Gecko) Chrome/103.0.0.0 Safari/537.36"
66.29.132.124 - - [27/Dec/2024:20:41:10 -0500] "POST /wp-admin/admin-ajax.php?action=async_litespeed&nonce=qmmSnHfc9LGYpmsqHNe9f54KtLBh2w8V&litespeed_type=imgoptm HTTP/1.1" 200 21 "-" "WordPress/6.7.1; https://misswavenigeria.com"
66.249.79.2 - - [27/Dec/2024:20:41:20 -0500] "GET /goods/R717773?k=product HTTP/1.1" 301 0 "-" "Mozilla/5.0 (Linux; Android 6.0.1; Nexus 5X Build/MMB29P) AppleWebKit/537.36 (KHTML, like Gecko) Chrome/131.0.6778.139 Mobile Safari/537.36 (compatible; Googlebot/2.1; +http://www.google.com/bot.html)"
66.249.68.66 - - [27/Dec/2024:20:41:21 -0500] "GET /goods/R717773?k=product HTTP/1.1" 404 15611 "-" "Mozilla/5.0 (Linux; Android 6.0.1; Nexus 5X Build/MMB29P) AppleWebKit/537.36 (KHTML, like Gecko) Chrome/131.0.6778.139 Mobile Safari/537.36 (compatible; Googlebot/2.1; +http://www.google.com/bot.html)"
66.29.132.124 - - [27/Dec/2024:20:43:05 -0500] "POST /wp-cron.php?doing_wp_cron=1735350185.8028099536895751953125 HTTP/1.1" 200 0 "-" "WordPress/6.7.1; https://misswavenigeria.com"
45.88.97.56 - - [27/Dec/2024:20:43:04 -0500] "GET / HTTP/1.0" 200 109053 "https://misswavenigeria.com/" "Mozilla/5.0 (Windows NT 6.1; Win64; x64) AppleWebKit/537.36 (KHTML, like Gecko) Chrome/103.0.0.0 Safari/537.36"
66.29.132.124 - - [27/Dec/2024:20:43:06 -0500] "POST /wp-admin/admin-ajax.php?action=async_litespeed&nonce=uDHMpooa8cOlQ8fQNCnSmAZ0HEUT95fZ&litespeed_type=imgoptm HTTP/1.1" 200 21 "-" "WordPress/6.7.1; https://misswavenigeria.com"
45.88.97.56 - - [27/Dec/2024:20:43:08 -0500] "GET /register/ HTTP/1.0" 200 75922 "https://misswavenigeria.com/register/" "Mozilla/5.0 (Windows NT 6.1; Win64; x64) AppleWebKit/537.36 (KHTML, like Gecko) Chrome/103.0.0.0 Safari/537.36"
45.88.97.56 - - [27/Dec/2024:20:43:09 -0500] "POST /register/ HTTP/1.0" 200 76048 "https://misswavenigeria.com/register/" "Mozilla/5.0 (Windows NT 6.1; Win64; x64) AppleWebKit/537.36 (KHTML, like Gecko) Chrome/103.0.0.0 Safari/537.36"
66.29.132.124 - - [27/Dec/2024:20:44:20 -0500] "POST /wp-cron.php?doing_wp_cron=1735350260.7276620864868164062500 HTTP/1.1" 200 0 "-" "WordPress/6.7.1; https://misswavenigeria.com"
45.88.97.56 - - [27/Dec/2024:20:44:20 -0500] "GET /register/ HTTP/1.0" 200 75922 "https://misswavenigeria.com/" "Mozilla/5.0 (Windows NT 6.1; Win64; x64) AppleWebKit/537.36 (KHTML, like Gecko) Chrome/103.0.0.0 Safari/537.36"
66.29.132.124 - - [27/Dec/2024:20:44:20 -0500] "POST /wp-admin/admin-ajax.php?action=async_litespeed&nonce=4Ls5LZFq2DlX7LQX8nChrKKcljwoquIb&litespeed_type=imgoptm HTTP/1.1" 200 21 "-" "WordPress/6.7.1; https://misswavenigeria.com"
66.29.132.124 - - [27/Dec/2024:20:46:14 -0500] "POST /wp-cron.php?doing_wp_cron=1735350374.9608860015869140625000 HTTP/1.1" 200 0 "-" "WordPress/6.7.1; https://misswavenigeria.com"
45.88.97.56 - - [27/Dec/2024:20:46:13 -0500] "GET / HTTP/1.0" 200 109055 "https://misswavenigeria.com/" "Mozilla/5.0 (Windows NT 10.0; WOW64) AppleWebKit/537.36 (KHTML, like Gecko) Chrome/103.0.0.0 Safari/537.36"
66.29.132.124 - - [27/Dec/2024:20:46:15 -0500] "POST /wp-admin/admin-ajax.php?action=async_litespeed&nonce=17reCp2wt3vjxo0hNxtsgVVvrqiyhoxW&litespeed_type=imgoptm HTTP/1.1" 200 21 "-" "WordPress/6.7.1; https://misswavenigeria.com"
45.88.97.56 - - [27/Dec/2024:20:46:17 -0500] "GET /register/ HTTP/1.0" 200 75922 "https://misswavenigeria.com/register/" "Mozilla/5.0 (Windows NT 10.0; WOW64) AppleWebKit/537.36 (KHTML, like Gecko) Chrome/103.0.0.0 Safari/537.36"
45.88.97.56 - - [27/Dec/2024:20:46:18 -0500] "POST /register/ HTTP/1.0" 200 76048 "https://misswavenigeria.com/register/" "Mozilla/5.0 (Windows NT 10.0; WOW64) AppleWebKit/537.36 (KHTML, like Gecko) Chrome/103.0.0.0 Safari/537.36"
66.29.132.124 - - [27/Dec/2024:20:47:31 -0500] "POST /wp-cron.php?doing_wp_cron=1735350451.7183868885040283203125 HTTP/1.1" 200 0 "-" "WordPress/6.7.1; https://misswavenigeria.com"
45.88.97.56 - - [27/Dec/2024:20:47:31 -0500] "GET /register/ HTTP/1.0" 200 75922 "https://misswavenigeria.com/" "Mozilla/5.0 (Windows NT 10.0; WOW64) AppleWebKit/537.36 (KHTML, like Gecko) Chrome/103.0.0.0 Safari/537.36"
66.29.132.124 - - [27/Dec/2024:20:47:31 -0500] "POST /wp-admin/admin-ajax.php?action=async_litespeed&nonce=7yzbnMVsDwR3D4mezoBnb80UHJu7JCxc&litespeed_type=imgoptm HTTP/1.1" 200 21 "-" "WordPress/6.7.1; https://misswavenigeria.com"
66.29.132.124 - - [27/Dec/2024:20:49:21 -0500] "POST /wp-cron.php?doing_wp_cron=1735350561.8514730930328369140625 HTTP/1.1" 200 0 "-" "WordPress/6.7.1; https://misswavenigeria.com"
45.88.97.56 - - [27/Dec/2024:20:49:20 -0500] "GET / HTTP/1.0" 200 109053 "https://misswavenigeria.com/" "Mozilla/5.0 (Windows NT 10.0; Win64; x64) AppleWebKit/537.36 (KHTML, like Gecko) Chrome/103.0.5060.134 Safari/537.36"
66.29.132.124 - - [27/Dec/2024:20:49:22 -0500] "POST /wp-admin/admin-ajax.php?action=async_litespeed&nonce=nb573O2VRPALBlA0n227oJQR28kIjiWZ&litespeed_type=imgoptm HTTP/1.1" 200 21 "-" "WordPress/6.7.1; https://misswavenigeria.com"
45.88.97.56 - - [27/Dec/2024:20:49:24 -0500] "GET /register/ HTTP/1.0" 200 75922 "https://misswavenigeria.com/register/" "Mozilla/5.0 (Windows NT 10.0; Win64; x64) AppleWebKit/537.36 (KHTML, like Gecko) Chrome/103.0.5060.134 Safari/537.36"
66.29.132.124 - - [27/Dec/2024:20:49:26 -0500] "POST /wp-cron.php?doing_wp_cron=1735350566.1658649444580078125000 HTTP/1.1" 200 0 "-" "WordPress/6.7.1; https://misswavenigeria.com"
45.88.97.56 - - [27/Dec/2024:20:49:25 -0500] "POST /register/ HTTP/1.0" 200 76048 "https://misswavenigeria.com/register/" "Mozilla/5.0 (Windows NT 10.0; Win64; x64) AppleWebKit/537.36 (KHTML, like Gecko) Chrome/103.0.5060.134 Safari/537.36"
66.29.132.124 - - [27/Dec/2024:20:51:00 -0500] "POST /wp-cron.php?doing_wp_cron=1735350660.2866709232330322265625 HTTP/1.1" 200 0 "-" "WordPress/6.7.1; https://misswavenigeria.com"
45.88.97.56 - - [27/Dec/2024:20:51:00 -0500] "GET /register/ HTTP/1.0" 200 75922 "https://misswavenigeria.com/" "Mozilla/5.0 (Windows NT 10.0; Win64; x64) AppleWebKit/537.36 (KHTML, like Gecko) Chrome/103.0.5060.134 Safari/537.36"
66.29.132.124 - - [27/Dec/2024:20:51:00 -0500] "POST /wp-admin/admin-ajax.php?action=async_litespeed&nonce=KEDG3mW6yvooPoOsAzVxO8y5QE68zTjX&litespeed_type=imgoptm HTTP/1.1" 200 21 "-" "WordPress/6.7.1; https://misswavenigeria.com"
66.29.132.124 - - [27/Dec/2024:20:52:32 -0500] "POST /wp-cron.php?doing_wp_cron=1735350752.4086449146270751953125 HTTP/1.1" 200 0 "-" "WordPress/6.7.1; https://misswavenigeria.com"
45.88.97.56 - - [27/Dec/2024:20:52:31 -0500] "GET / HTTP/1.0" 200 109055 "https://misswavenigeria.com/" "Mozilla/5.0 (Windows NT 6.1) AppleWebKit/537.36 (KHTML, like Gecko) Chrome/103.0.5060.114 Safari/537.36"
66.29.132.124 - - [27/Dec/2024:20:52:32 -0500] "POST /wp-admin/admin-ajax.php?action=async_litespeed&nonce=tSCmopiPAHu5ee4XBVNXMdfKeUUSZshR&litespeed_type=imgoptm HTTP/1.1" 200 21 "-" "WordPress/6.7.1; https://misswavenigeria.com"
45.88.97.56 - - [27/Dec/2024:20:52:34 -0500] "GET /register/ HTTP/1.0" 200 75922 "https://misswavenigeria.com/register/" "Mozilla/5.0 (Windows NT 6.1) AppleWebKit/537.36 (KHTML, like Gecko) Chrome/103.0.5060.114 Safari/537.36"
66.29.132.124 - - [27/Dec/2024:20:52:57 -0500] "POST /wp-cron.php?doing_wp_cron=1735350777.8555541038513183593750 HTTP/1.1" 200 0 "-" "WordPress/6.7.1; https://misswavenigeria.com"
66.249.79.3 - - [27/Dec/2024:20:52:57 -0500] "GET /goods/N802555?k=product HTTP/1.1" 301 0 "-" "Mozilla/5.0 (Linux; Android 6.0.1; Nexus 5X Build/MMB29P) AppleWebKit/537.36 (KHTML, like Gecko) Chrome/131.0.6778.139 Mobile Safari/537.36 (compatible; Googlebot/2.1; +http://www.google.com/bot.html)"
66.249.79.4 - - [27/Dec/2024:20:52:57 -0500] "GET /goods/S384428?k=product HTTP/1.1" 301 0 "-" "Mozilla/5.0 (Linux; Android 6.0.1; Nexus 5X Build/MMB29P) AppleWebKit/537.36 (KHTML, like Gecko) Chrome/131.0.6778.139 Mobile Safari/537.36 (compatible; Googlebot/2.1; +http://www.google.com/bot.html)"
66.249.68.66 - - [27/Dec/2024:20:52:57 -0500] "GET /goods/939233.html HTTP/1.1" 404 15611 "-" "Mozilla/5.0 (Linux; Android 6.0.1; Nexus 5X Build/MMB29P) AppleWebKit/537.36 (KHTML, like Gecko) Chrome/131.0.6778.139 Mobile Safari/537.36 (compatible; Googlebot/2.1; +http://www.google.com/bot.html)"
66.29.132.124 - - [27/Dec/2024:20:52:58 -0500] "POST /wp-admin/admin-ajax.php?action=async_litespeed&nonce=Ct48ZbhIrFCvQRrcgLEEail9aTH9CBbP&litespeed_type=imgoptm HTTP/1.1" 200 21 "-" "WordPress/6.7.1; https://misswavenigeria.com"
66.249.68.66 - - [27/Dec/2024:20:53:06 -0500] "GET /goods/N802555?k=product HTTP/1.1" 404 15610 "-" "Mozilla/5.0 (Linux; Android 6.0.1; Nexus 5X Build/MMB29P) AppleWebKit/537.36 (KHTML, like Gecko) Chrome/131.0.6778.139 Mobile Safari/537.36 (compatible; Googlebot/2.1; +http://www.google.com/bot.html)"
66.249.68.68 - - [27/Dec/2024:20:53:06 -0500] "GET /goods/S384428?k=product HTTP/1.1" 404 15610 "-" "Mozilla/5.0 (Linux; Android 6.0.1; Nexus 5X Build/MMB29P) AppleWebKit/537.36 (KHTML, like Gecko) Chrome/131.0.6778.139 Mobile Safari/537.36 (compatible; Googlebot/2.1; +http://www.google.com/bot.html)"
45.88.97.56 - - [27/Dec/2024:20:52:36 -0500] "POST /register/ HTTP/1.0" 200 76048 "https://misswavenigeria.com/register/" "Mozilla/5.0 (Windows NT 6.1) AppleWebKit/537.36 (KHTML, like Gecko) Chrome/103.0.5060.114 Safari/537.36"
66.29.132.124 - - [27/Dec/2024:20:53:58 -0500] "POST /wp-cron.php?doing_wp_cron=1735350838.8522269725799560546875 HTTP/1.1" 200 0 "-" "WordPress/6.7.1; https://misswavenigeria.com"
45.88.97.56 - - [27/Dec/2024:20:53:58 -0500] "GET /register/ HTTP/1.0" 200 75922 "https://misswavenigeria.com/" "Mozilla/5.0 (Windows NT 6.1) AppleWebKit/537.36 (KHTML, like Gecko) Chrome/103.0.5060.114 Safari/537.36"
66.29.132.124 - - [27/Dec/2024:20:53:59 -0500] "POST /wp-admin/admin-ajax.php?action=async_litespeed&nonce=czO9PIgBpIBcDSITT56QOt7yQZyEybeS&litespeed_type=imgoptm HTTP/1.1" 200 21 "-" "WordPress/6.7.1; https://misswavenigeria.com"
66.29.132.124 - - [27/Dec/2024:20:55:45 -0500] "POST /wp-cron.php?doing_wp_cron=1735350945.4358930587768554687500 HTTP/1.1" 200 0 "-" "WordPress/6.7.1; https://misswavenigeria.com"
66.29.132.124 - - [27/Dec/2024:20:55:45 -0500] "POST /wp-cron.php?doing_wp_cron=1735350945.4358880519866943359375 HTTP/1.1" 200 0 "-" "WordPress/6.7.1; https://misswavenigeria.com"
66.29.132.124 - - [27/Dec/2024:20:55:45 -0500] "POST /wp-cron.php?doing_wp_cron=1735350945.4359910488128662109375 HTTP/1.1" 200 0 "-" "WordPress/6.7.1; https://misswavenigeria.com"
66.249.79.4 - - [27/Dec/2024:20:55:45 -0500] "GET /goods/M111448?k=product HTTP/1.1" 301 0 "-" "Mozilla/5.0 (Linux; Android 6.0.1; Nexus 5X Build/MMB29P) AppleWebKit/537.36 (KHTML, like Gecko) Chrome/131.0.6778.139 Mobile Safari/537.36 (compatible; Googlebot/2.1; +http://www.google.com/bot.html)"
66.249.79.2 - - [27/Dec/2024:20:55:44 -0500] "GET /goods/T109323?k=product HTTP/1.1" 301 0 "-" "Mozilla/5.0 (Linux; Android 6.0.1; Nexus 5X Build/MMB29P) AppleWebKit/537.36 (KHTML, like Gecko) Chrome/131.0.6778.139 Mobile Safari/537.36 (compatible; Googlebot/2.1; +http://www.google.com/bot.html)"
66.249.79.4 - - [27/Dec/2024:20:55:44 -0500] "GET /goods/H211959?k=product HTTP/1.1" 301 0 "-" "Mozilla/5.0 (Linux; Android 6.0.1; Nexus 5X Build/MMB29P) AppleWebKit/537.36 (KHTML, like Gecko) Chrome/131.0.6778.139 Mobile Safari/537.36 (compatible; Googlebot/2.1; +http://www.google.com/bot.html)"
66.249.79.4 - - [27/Dec/2024:20:55:45 -0500] "GET /goods/F201453?k=product HTTP/1.1" 301 0 "-" "Mozilla/5.0 (Linux; Android 6.0.1; Nexus 5X Build/MMB29P) AppleWebKit/537.36 (KHTML, like Gecko) Chrome/131.0.6778.139 Mobile Safari/537.36 (compatible; Googlebot/2.1; +http://www.google.com/bot.html)"
45.88.97.56 - - [27/Dec/2024:20:55:44 -0500] "GET / HTTP/1.0" 200 109051 "https://misswavenigeria.com/" "Mozilla/5.0 (Windows NT 6.1; Win64; x64) AppleWebKit/537.36 (KHTML, like Gecko) Chrome/103.0.5060.114 Safari/537.36"
66.29.132.124 - - [27/Dec/2024:20:55:45 -0500] "POST /wp-admin/admin-ajax.php?action=async_litespeed&nonce=jlt9kANygqwhfm6eZzsAESsSN94TJPUY&litespeed_type=imgoptm HTTP/1.1" 200 21 "-" "WordPress/6.7.1; https://misswavenigeria.com"
45.88.97.56 - - [27/Dec/2024:20:55:47 -0500] "GET /register/ HTTP/1.0" 200 75922 "https://misswavenigeria.com/register/" "Mozilla/5.0 (Windows NT 6.1; Win64; x64) AppleWebKit/537.36 (KHTML, like Gecko) Chrome/103.0.5060.114 Safari/537.36"
66.249.68.68 - - [27/Dec/2024:20:55:53 -0500] "GET /goods/M111448?k=product HTTP/1.1" 404 15610 "-" "Mozilla/5.0 (Linux; Android 6.0.1; Nexus 5X Build/MMB29P) AppleWebKit/537.36 (KHTML, like Gecko) Chrome/131.0.6778.139 Mobile Safari/537.36 (compatible; Googlebot/2.1; +http://www.google.com/bot.html)"
66.249.68.66 - - [27/Dec/2024:20:55:53 -0500] "GET /goods/T109323?k=product HTTP/1.1" 404 15610 "-" "Mozilla/5.0 (Linux; Android 6.0.1; Nexus 5X Build/MMB29P) AppleWebKit/537.36 (KHTML, like Gecko) Chrome/131.0.6778.139 Mobile Safari/537.36 (compatible; Googlebot/2.1; +http://www.google.com/bot.html)"
66.249.68.66 - - [27/Dec/2024:20:55:53 -0500] "GET /goods/H211959?k=product HTTP/1.1" 404 15610 "-" "Mozilla/5.0 (Linux; Android 6.0.1; Nexus 5X Build/MMB29P) AppleWebKit/537.36 (KHTML, like Gecko) Chrome/131.0.6778.139 Mobile Safari/537.36 (compatible; Googlebot/2.1; +http://www.google.com/bot.html)"
66.249.68.66 - - [27/Dec/2024:20:55:53 -0500] "GET /goods/F201453?k=product HTTP/1.1" 404 15610 "-" "Mozilla/5.0 (Linux; Android 6.0.1; Nexus 5X Build/MMB29P) AppleWebKit/537.36 (KHTML, like Gecko) Chrome/131.0.6778.139 Mobile Safari/537.36 (compatible; Googlebot/2.1; +http://www.google.com/bot.html)"
45.88.97.56 - - [27/Dec/2024:20:55:49 -0500] "POST /register/ HTTP/1.0" 200 76048 "https://misswavenigeria.com/register/" "Mozilla/5.0 (Windows NT 6.1; Win64; x64) AppleWebKit/537.36 (KHTML, like Gecko) Chrome/103.0.5060.114 Safari/537.36"
66.29.132.124 - - [27/Dec/2024:20:56:52 -0500] "POST /wp-cron.php?doing_wp_cron=1735351012.5705480575561523437500 HTTP/1.1" 200 0 "-" "WordPress/6.7.1; https://misswavenigeria.com"
45.88.97.56 - - [27/Dec/2024:20:56:52 -0500] "GET /register/ HTTP/1.0" 200 75922 "https://misswavenigeria.com/" "Mozilla/5.0 (Windows NT 6.1; Win64; x64) AppleWebKit/537.36 (KHTML, like Gecko) Chrome/103.0.5060.114 Safari/537.36"
66.29.132.124 - - [27/Dec/2024:20:56:52 -0500] "POST /wp-admin/admin-ajax.php?action=async_litespeed&nonce=4Bnv8gwi6yU1cE3J1Jd4hGXKxtVeIMTJ&litespeed_type=imgoptm HTTP/1.1" 200 21 "-" "WordPress/6.7.1; https://misswavenigeria.com"
66.29.132.124 - - [27/Dec/2024:20:58:31 -0500] "POST /wp-cron.php?doing_wp_cron=1735351111.2909450531005859375000 HTTP/1.1" 200 0 "-" "WordPress/6.7.1; https://misswavenigeria.com"
66.29.132.124 - - [27/Dec/2024:20:58:31 -0500] "POST /wp-cron.php?doing_wp_cron=1735351111.2910659313201904296875 HTTP/1.1" 200 0 "-" "WordPress/6.7.1; https://misswavenigeria.com"
66.249.79.4 - - [27/Dec/2024:20:58:30 -0500] "GET /goods/R151051?k=product HTTP/1.1" 301 0 "-" "Mozilla/5.0 (Linux; Android 6.0.1; Nexus 5X Build/MMB29P) AppleWebKit/537.36 (KHTML, like Gecko) Chrome/131.0.6778.139 Mobile Safari/537.36 (compatible; Googlebot/2.1; +http://www.google.com/bot.html)"
66.249.79.2 - - [27/Dec/2024:20:58:29 -0500] "GET /goods/C342838?k=product HTTP/1.1" 301 0 "-" "Mozilla/5.0 (Linux; Android 6.0.1; Nexus 5X Build/MMB29P) AppleWebKit/537.36 (KHTML, like Gecko) Chrome/131.0.6778.139 Mobile Safari/537.36 (compatible; Googlebot/2.1; +http://www.google.com/bot.html)"
66.29.132.124 - - [27/Dec/2024:20:58:31 -0500] "POST /wp-admin/admin-ajax.php?action=async_litespeed&nonce=TyX0zUhsCrJzP8S2cZk9YjnYufE4lCjE&litespeed_type=imgoptm HTTP/1.1" 200 21 "-" "WordPress/6.7.1; https://misswavenigeria.com"
66.29.132.124 - - [27/Dec/2024:20:58:40 -0500] "POST /wp-cron.php?doing_wp_cron=1735351120.3260099887847900390625 HTTP/1.1" 200 0 "-" "WordPress/6.7.1; https://misswavenigeria.com"
66.249.68.66 - - [27/Dec/2024:20:58:40 -0500] "GET /goods/R151051?k=product HTTP/1.1" 404 15610 "-" "Mozilla/5.0 (Linux; Android 6.0.1; Nexus 5X Build/MMB29P) AppleWebKit/537.36 (KHTML, like Gecko) Chrome/131.0.6778.139 Mobile Safari/537.36 (compatible; Googlebot/2.1; +http://www.google.com/bot.html)"
66.249.68.68 - - [27/Dec/2024:20:58:40 -0500] "GET /goods/C342838?k=product HTTP/1.1" 404 15610 "-" "Mozilla/5.0 (Linux; Android 6.0.1; Nexus 5X Build/MMB29P) AppleWebKit/537.36 (KHTML, like Gecko) Chrome/131.0.6778.139 Mobile Safari/537.36 (compatible; Googlebot/2.1; +http://www.google.com/bot.html)"
66.29.132.124 - - [27/Dec/2024:20:58:40 -0500] "POST /wp-admin/admin-ajax.php?action=async_litespeed&nonce=S4nQpIpqBHpNunU2TB8qkqPL8nOQMNZk&litespeed_type=imgoptm HTTP/1.1" 200 21 "-" "WordPress/6.7.1; https://misswavenigeria.com"
45.88.97.56 - - [27/Dec/2024:20:58:53 -0500] "GET / HTTP/1.0" 200 109055 "https://misswavenigeria.com/" "Mozilla/5.0 (Windows NT 6.3) AppleWebKit/537.36 (KHTML, like Gecko) Chrome/103.0.0.0 Safari/537.36"
45.88.97.56 - - [27/Dec/2024:20:58:55 -0500] "GET /register/ HTTP/1.0" 200 75922 "https://misswavenigeria.com/register/" "Mozilla/5.0 (Windows NT 6.3) AppleWebKit/537.36 (KHTML, like Gecko) Chrome/103.0.0.0 Safari/537.36"
45.88.97.56 - - [27/Dec/2024:20:58:57 -0500] "POST /register/ HTTP/1.0" 200 76048 "https://misswavenigeria.com/register/" "Mozilla/5.0 (Windows NT 6.3) AppleWebKit/537.36 (KHTML, like Gecko) Chrome/103.0.0.0 Safari/537.36"
66.29.132.124 - - [27/Dec/2024:21:00:00 -0500] "POST /wp-cron.php?doing_wp_cron=1735351200.7637538909912109375000 HTTP/1.1" 200 0 "-" "WordPress/6.7.1; https://misswavenigeria.com"
45.88.97.56 - - [27/Dec/2024:21:00:00 -0500] "GET /register/ HTTP/1.0" 200 75922 "https://misswavenigeria.com/" "Mozilla/5.0 (Windows NT 6.3) AppleWebKit/537.36 (KHTML, like Gecko) Chrome/103.0.0.0 Safari/537.36"
