66.29.132.124 - - [27/Dec/2024:16:54:20 -0500] "POST /wp-cron.php?doing_wp_cron=1735336460.7091889381408691406250 HTTP/1.1" 200 0 "-" "WordPress/6.7.1; https://misswavenigeria.com"
185.210.207.211 - - [27/Dec/2024:16:54:19 -0500] "GET /o_models/helen-miss-delta/ HTTP/1.1" 200 18046 "-" "Mozilla/5.0 (Macintosh; Intel Mac OS X 10_15_7) AppleWebKit/537.36 (KHTML, like Gecko) Chrome/127.0.0 Safari/537.36"
185.210.207.196 - - [27/Dec/2024:16:54:19 -0500] "GET /o_models/mary-miss-anambra/ HTTP/1.1" 200 18437 "-" "Mozilla/5.0 (Macintosh; Intel Mac OS X 10_15_7) AppleWebKit/537.36 (KHTML, like Gecko) Chrome/127.0.0 Safari/537.36"
66.29.132.124 - - [27/Dec/2024:16:54:20 -0500] "POST /wp-admin/admin-ajax.php?action=async_litespeed&nonce=LDqRiSelKbAxYjfOv9RdSkRPwVuxMvkx&litespeed_type=imgoptm HTTP/1.1" 200 21 "-" "WordPress/6.7.1; https://misswavenigeria.com"
66.29.132.124 - - [27/Dec/2024:16:54:36 -0500] "POST /wp-cron.php?doing_wp_cron=1735336476.5969929695129394531250 HTTP/1.1" 200 0 "-" "WordPress/6.7.1; https://misswavenigeria.com"
45.88.97.56 - - [27/Dec/2024:16:54:36 -0500] "GET / HTTP/1.0" 200 109053 "https://misswavenigeria.com/" "Mozilla/5.0 (Windows NT 10.0; Win64; x64) AppleWebKit/537.36 (KHTML, like Gecko) Chrome/103.0.5060.66 Safari/537.36"
45.88.97.56 - - [27/Dec/2024:16:54:38 -0500] "GET /register/ HTTP/1.0" 200 75922 "https://misswavenigeria.com/register/" "Mozilla/5.0 (Windows NT 10.0; Win64; x64) AppleWebKit/537.36 (KHTML, like Gecko) Chrome/103.0.5060.66 Safari/537.36"
66.29.132.124 - - [27/Dec/2024:16:54:40 -0500] "POST /wp-cron.php?doing_wp_cron=1735336480.9400269985198974609375 HTTP/1.1" 200 0 "-" "WordPress/6.7.1; https://misswavenigeria.com"
66.29.132.124 - - [27/Dec/2024:16:54:41 -0500] "POST /wp-admin/admin-ajax.php?action=async_litespeed&nonce=HWrws2048C1Roj4le1bOjeEntFbmrkBj&litespeed_type=imgoptm HTTP/1.1" 200 21 "-" "WordPress/6.7.1; https://misswavenigeria.com"
45.88.97.56 - - [27/Dec/2024:16:54:40 -0500] "POST /register/ HTTP/1.0" 200 76048 "https://misswavenigeria.com/register/" "Mozilla/5.0 (Windows NT 10.0; Win64; x64) AppleWebKit/537.36 (KHTML, like Gecko) Chrome/103.0.5060.66 Safari/537.36"
66.29.132.124 - - [27/Dec/2024:16:55:53 -0500] "POST /wp-cron.php?doing_wp_cron=1735336553.4155750274658203125000 HTTP/1.1" 200 0 "-" "WordPress/6.7.1; https://misswavenigeria.com"
45.88.97.56 - - [27/Dec/2024:16:55:53 -0500] "GET /register/ HTTP/1.0" 200 75922 "https://misswavenigeria.com/" "Mozilla/5.0 (Windows NT 10.0; Win64; x64) AppleWebKit/537.36 (KHTML, like Gecko) Chrome/103.0.5060.66 Safari/537.36"
66.29.132.124 - - [27/Dec/2024:16:55:53 -0500] "POST /wp-admin/admin-ajax.php?action=async_litespeed&nonce=exkxD1ZUy1bV0ZazkDgneB54Wn0pJHk7&litespeed_type=imgoptm HTTP/1.1" 200 21 "-" "WordPress/6.7.1; https://misswavenigeria.com"
66.29.132.124 - - [27/Dec/2024:16:57:50 -0500] "POST /wp-cron.php?doing_wp_cron=1735336670.2386209964752197265625 HTTP/1.1" 200 0 "-" "WordPress/6.7.1; https://misswavenigeria.com"
45.88.97.56 - - [27/Dec/2024:16:57:48 -0500] "GET / HTTP/1.0" 200 109053 "https://misswavenigeria.com/" "Mozilla/5.0 (Windows NT 6.3; Win64; x64) AppleWebKit/537.36 (KHTML, like Gecko) Chrome/103.0.5060.53 Safari/537.36"
66.29.132.124 - - [27/Dec/2024:16:57:50 -0500] "POST /wp-admin/admin-ajax.php?action=async_litespeed&nonce=JCPWAIL4V9AcfXLhhtaAZjCbAoXmOCfa&litespeed_type=imgoptm HTTP/1.1" 200 21 "-" "WordPress/6.7.1; https://misswavenigeria.com"
45.88.97.56 - - [27/Dec/2024:16:57:52 -0500] "GET /register/ HTTP/1.0" 200 75922 "https://misswavenigeria.com/register/" "Mozilla/5.0 (Windows NT 6.3; Win64; x64) AppleWebKit/537.36 (KHTML, like Gecko) Chrome/103.0.5060.53 Safari/537.36"
45.88.97.56 - - [27/Dec/2024:16:57:54 -0500] "POST /register/ HTTP/1.0" 200 76048 "https://misswavenigeria.com/register/" "Mozilla/5.0 (Windows NT 6.3; Win64; x64) AppleWebKit/537.36 (KHTML, like Gecko) Chrome/103.0.5060.53 Safari/537.36"
66.29.132.124 - - [27/Dec/2024:16:59:06 -0500] "POST /wp-cron.php?doing_wp_cron=1735336746.5092599391937255859375 HTTP/1.1" 200 0 "-" "WordPress/6.7.1; https://misswavenigeria.com"
45.88.97.56 - - [27/Dec/2024:16:59:06 -0500] "GET /register/ HTTP/1.0" 200 75922 "https://misswavenigeria.com/" "Mozilla/5.0 (Windows NT 6.3; Win64; x64) AppleWebKit/537.36 (KHTML, like Gecko) Chrome/103.0.5060.53 Safari/537.36"
66.29.132.124 - - [27/Dec/2024:16:59:06 -0500] "POST /wp-admin/admin-ajax.php?action=async_litespeed&nonce=0cy3SlhuDodDdqe9CdvXATk3LES1Mw6G&litespeed_type=imgoptm HTTP/1.1" 200 21 "-" "WordPress/6.7.1; https://misswavenigeria.com"
66.29.132.124 - - [27/Dec/2024:17:01:06 -0500] "POST /wp-cron.php?doing_wp_cron=1735336866.3872809410095214843750 HTTP/1.1" 200 0 "-" "WordPress/6.7.1; https://misswavenigeria.com"
45.88.97.56 - - [27/Dec/2024:17:01:04 -0500] "GET / HTTP/1.0" 200 109055 "https://misswavenigeria.com/" "Mozilla/5.0 (Windows NT 6.3; Win64; x64) AppleWebKit/537.36 (KHTML, like Gecko) Chrome/103.0.5060.53 Safari/537.36"
66.29.132.124 - - [27/Dec/2024:17:01:06 -0500] "POST /wp-admin/admin-ajax.php?action=async_litespeed&nonce=LulfdnOnbFSHkZxsjePaoYBzEwppaqOr&litespeed_type=imgoptm HTTP/1.1" 200 21 "-" "WordPress/6.7.1; https://misswavenigeria.com"
45.88.97.56 - - [27/Dec/2024:17:01:08 -0500] "GET /register/ HTTP/1.0" 200 75922 "https://misswavenigeria.com/register/" "Mozilla/5.0 (Windows NT 6.3; Win64; x64) AppleWebKit/537.36 (KHTML, like Gecko) Chrome/103.0.5060.53 Safari/537.36"
45.88.97.56 - - [27/Dec/2024:17:01:10 -0500] "POST /register/ HTTP/1.0" 200 76048 "https://misswavenigeria.com/register/" "Mozilla/5.0 (Windows NT 6.3; Win64; x64) AppleWebKit/537.36 (KHTML, like Gecko) Chrome/103.0.5060.53 Safari/537.36"
66.29.132.124 - - [27/Dec/2024:17:02:29 -0500] "POST /wp-cron.php?doing_wp_cron=1735336949.4759149551391601562500 HTTP/1.1" 200 0 "-" "WordPress/6.7.1; https://misswavenigeria.com"
45.88.97.56 - - [27/Dec/2024:17:02:29 -0500] "GET /register/ HTTP/1.0" 200 75922 "https://misswavenigeria.com/" "Mozilla/5.0 (Windows NT 6.3; Win64; x64) AppleWebKit/537.36 (KHTML, like Gecko) Chrome/103.0.5060.53 Safari/537.36"
66.29.132.124 - - [27/Dec/2024:17:02:29 -0500] "POST /wp-admin/admin-ajax.php?action=async_litespeed&nonce=eyRQGVBvUm5c6HlpGwCGnImZkZGHM6gu&litespeed_type=imgoptm HTTP/1.1" 200 21 "-" "WordPress/6.7.1; https://misswavenigeria.com"
66.249.68.68 - - [27/Dec/2024:17:04:19 -0500] "GET /robots.txt HTTP/1.1" 200 99 "-" "Mozilla/5.0 (compatible; Googlebot/2.1; +http://www.google.com/bot.html)"
66.29.132.124 - - [27/Dec/2024:17:04:21 -0500] "POST /wp-cron.php?doing_wp_cron=1735337061.5264270305633544921875 HTTP/1.1" 200 0 "-" "WordPress/6.7.1; https://misswavenigeria.com"
66.249.68.66 - - [27/Dec/2024:17:04:20 -0500] "GET /goods/889064.html HTTP/1.1" 404 15611 "-" "Mozilla/5.0 (Linux; Android 6.0.1; Nexus 5X Build/MMB29P) AppleWebKit/537.36 (KHTML, like Gecko) Chrome/131.0.6778.139 Mobile Safari/537.36 (compatible; Googlebot/2.1; +http://www.google.com/bot.html)"
66.29.132.124 - - [27/Dec/2024:17:04:21 -0500] "POST /wp-admin/admin-ajax.php?action=async_litespeed&nonce=MbGUjRJR9WweLTIbusI2zjLoalKQbjeu&litespeed_type=imgoptm HTTP/1.1" 200 21 "-" "WordPress/6.7.1; https://misswavenigeria.com"
66.29.132.124 - - [27/Dec/2024:17:04:25 -0500] "POST /wp-cron.php?doing_wp_cron=1735337065.6337630748748779296875 HTTP/1.1" 200 0 "-" "WordPress/6.7.1; https://misswavenigeria.com"
45.88.97.56 - - [27/Dec/2024:17:04:25 -0500] "GET / HTTP/1.0" 200 109055 "https://misswavenigeria.com/" "Mozilla/5.0 (Windows NT 6.3; WOW64) AppleWebKit/537.36 (KHTML, like Gecko) Chrome/103.0.0.0 Safari/537.36"
45.88.97.56 - - [27/Dec/2024:17:04:28 -0500] "GET /register/ HTTP/1.0" 200 75922 "https://misswavenigeria.com/register/" "Mozilla/5.0 (Windows NT 6.3; WOW64) AppleWebKit/537.36 (KHTML, like Gecko) Chrome/103.0.0.0 Safari/537.36"
66.29.132.124 - - [27/Dec/2024:17:05:30 -0500] "POST /wp-cron.php?doing_wp_cron=1735337130.8018579483032226562500 HTTP/1.1" 200 0 "-" "WordPress/6.7.1; https://misswavenigeria.com"
103.37.186.28 - - [27/Dec/2024:17:05:30 -0500] "POST /xmlrpc.php HTTP/1.1" 200 403 "-" "Mozilla/5.0 (Windows NT 10.0; Win64; x64) AppleWebKit/537.36 (KHTML, like Gecko) Chrome/64.0.3282.186 Safari/537.36"
66.29.132.124 - - [27/Dec/2024:17:05:31 -0500] "POST /wp-admin/admin-ajax.php?action=async_litespeed&nonce=ec4VTGnWbvwg62SGhpdYtrvPNC1irPX8&litespeed_type=imgoptm HTTP/1.1" 200 21 "-" "WordPress/6.7.1; https://misswavenigeria.com"
66.29.132.124 - - [27/Dec/2024:17:05:42 -0500] "POST /wp-cron.php?doing_wp_cron=1735337142.3945829868316650390625 HTTP/1.1" 200 0 "-" "WordPress/6.7.1; https://misswavenigeria.com"
213.8.103.81 - - [27/Dec/2024:17:05:42 -0500] "POST /xmlrpc.php HTTP/1.1" 200 403 "-" "Mozilla/5.0 (Windows NT 6.1; Win64; x64) AppleWebKit/537.36 (KHTML, like Gecko) Chrome/79.0.3945.88 Safari/537.36"
66.29.132.124 - - [27/Dec/2024:17:05:42 -0500] "POST /wp-admin/admin-ajax.php?action=async_litespeed&nonce=8DzGxdzYcqgoLZElnVF05KwiJvOdOC6l&litespeed_type=imgoptm HTTP/1.1" 200 21 "-" "WordPress/6.7.1; https://misswavenigeria.com"
15.207.241.107 - - [27/Dec/2024:17:05:47 -0500] "POST /xmlrpc.php HTTP/1.1" 200 403 "-" "Mozilla/5.0 (Windows NT 6.1; Win64; x64) AppleWebKit/537.36 (KHTML, like Gecko) Chrome/69.0.3497.100 Safari/537.36"
45.88.97.56 - - [27/Dec/2024:17:04:29 -0500] "POST /register/ HTTP/1.0" 200 76048 "https://misswavenigeria.com/register/" "Mozilla/5.0 (Windows NT 6.3; WOW64) AppleWebKit/537.36 (KHTML, like Gecko) Chrome/103.0.0.0 Safari/537.36"
45.88.97.56 - - [27/Dec/2024:17:05:57 -0500] "GET /register/ HTTP/1.0" 200 75922 "https://misswavenigeria.com/" "Mozilla/5.0 (Windows NT 6.3; WOW64) AppleWebKit/537.36 (KHTML, like Gecko) Chrome/103.0.0.0 Safari/537.36"
66.29.132.124 - - [27/Dec/2024:17:06:46 -0500] "POST /wp-cron.php?doing_wp_cron=1735337206.4356288909912109375000 HTTP/1.1" 200 0 "-" "WordPress/6.7.1; https://misswavenigeria.com"
66.249.68.68 - - [27/Dec/2024:17:06:46 -0500] "GET /?product=Adder6078275-17 HTTP/1.1" 200 20828 "-" "Mozilla/5.0 (Linux; Android 6.0.1; Nexus 5X Build/MMB29P) AppleWebKit/537.36 (KHTML, like Gecko) Chrome/131.0.6778.139 Mobile Safari/537.36 (compatible; Googlebot/2.1; +http://www.google.com/bot.html)"
66.29.132.124 - - [27/Dec/2024:17:06:46 -0500] "POST /wp-admin/admin-ajax.php?action=async_litespeed&nonce=XjoR6HL1DkKpi5MvPGxkahOPiVTLicn9&litespeed_type=imgoptm HTTP/1.1" 200 21 "-" "WordPress/6.7.1; https://misswavenigeria.com"
66.249.68.67 - - [27/Dec/2024:17:06:48 -0500] "GET /wp-includes/js/jquery/jquery.min.js?ver=3.7.1 HTTP/1.1" 200 29744 "https://misswavenigeria.com/?product=Adder6078275-17" "Mozilla/5.0 (Linux; Android 6.0.1; Nexus 5X Build/MMB29P) AppleWebKit/537.36 (KHTML, like Gecko) Chrome/131.0.6778.139 Mobile Safari/537.36 (compatible; Googlebot/2.1; +http://www.google.com/bot.html)"
66.249.68.66 - - [27/Dec/2024:17:07:22 -0500] "GET /wp-sitemap-posts-page-1.xml HTTP/1.1" 200 582 "-" "Mozilla/5.0 (compatible; Googlebot/2.1; +http://www.google.com/bot.html)"
66.29.132.124 - - [27/Dec/2024:17:07:44 -0500] "POST /wp-cron.php?doing_wp_cron=1735337264.3008670806884765625000 HTTP/1.1" 200 0 "-" "WordPress/6.7.1; https://misswavenigeria.com"
45.88.97.56 - - [27/Dec/2024:17:07:44 -0500] "GET / HTTP/1.0" 200 109051 "https://misswavenigeria.com/" "Mozilla/5.0 (Windows NT 6.1; WOW64) AppleWebKit/537.36 (KHTML, like Gecko) Chrome/103.0.0.0 Safari/537.36"
66.29.132.124 - - [27/Dec/2024:17:07:44 -0500] "POST /wp-admin/admin-ajax.php?action=async_litespeed&nonce=TOORUrXO8THcPo0Xy7XJRtT4odg6j5jG&litespeed_type=imgoptm HTTP/1.1" 200 21 "-" "WordPress/6.7.1; https://misswavenigeria.com"
45.88.97.56 - - [27/Dec/2024:17:07:46 -0500] "GET /register/ HTTP/1.0" 200 75922 "https://misswavenigeria.com/register/" "Mozilla/5.0 (Windows NT 6.1; WOW64) AppleWebKit/537.36 (KHTML, like Gecko) Chrome/103.0.0.0 Safari/537.36"
45.88.97.56 - - [27/Dec/2024:17:07:48 -0500] "POST /register/ HTTP/1.0" 200 76048 "https://misswavenigeria.com/register/" "Mozilla/5.0 (Windows NT 6.1; WOW64) AppleWebKit/537.36 (KHTML, like Gecko) Chrome/103.0.0.0 Safari/537.36"
66.29.132.124 - - [27/Dec/2024:17:09:08 -0500] "POST /wp-cron.php?doing_wp_cron=1735337348.2492740154266357421875 HTTP/1.1" 200 0 "-" "WordPress/6.7.1; https://misswavenigeria.com"
45.88.97.56 - - [27/Dec/2024:17:09:08 -0500] "GET /register/ HTTP/1.0" 200 75922 "https://misswavenigeria.com/" "Mozilla/5.0 (Windows NT 6.1; WOW64) AppleWebKit/537.36 (KHTML, like Gecko) Chrome/103.0.0.0 Safari/537.36"
66.29.132.124 - - [27/Dec/2024:17:09:08 -0500] "POST /wp-admin/admin-ajax.php?action=async_litespeed&nonce=CcIA870wSQcxkZAPyh81bQa1J3RsvUEd&litespeed_type=imgoptm HTTP/1.1" 200 21 "-" "WordPress/6.7.1; https://misswavenigeria.com"
66.29.132.124 - - [27/Dec/2024:17:11:08 -0500] "POST /wp-cron.php?doing_wp_cron=1735337468.9485158920288085937500 HTTP/1.1" 200 0 "-" "WordPress/6.7.1; https://misswavenigeria.com"
45.88.97.56 - - [27/Dec/2024:17:11:06 -0500] "GET / HTTP/1.0" 200 109053 "https://misswavenigeria.com/" "Mozilla/5.0 (Windows NT 6.1; Win64; x64) AppleWebKit/537.36 (KHTML, like Gecko) Chrome/103.0.5060.114 Safari/537.36"
66.29.132.124 - - [27/Dec/2024:17:11:09 -0500] "POST /wp-admin/admin-ajax.php?action=async_litespeed&nonce=OEmAkvSWH5H8wOj62fKUl0nqo1Xq2gq9&litespeed_type=imgoptm HTTP/1.1" 200 21 "-" "WordPress/6.7.1; https://misswavenigeria.com"
45.88.97.56 - - [27/Dec/2024:17:11:11 -0500] "GET /register/ HTTP/1.0" 200 75922 "https://misswavenigeria.com/register/" "Mozilla/5.0 (Windows NT 6.1; Win64; x64) AppleWebKit/537.36 (KHTML, like Gecko) Chrome/103.0.5060.114 Safari/537.36"
45.88.97.56 - - [27/Dec/2024:17:11:13 -0500] "POST /register/ HTTP/1.0" 200 76048 "https://misswavenigeria.com/register/" "Mozilla/5.0 (Windows NT 6.1; Win64; x64) AppleWebKit/537.36 (KHTML, like Gecko) Chrome/103.0.5060.114 Safari/537.36"
66.29.132.124 - - [27/Dec/2024:17:12:33 -0500] "POST /wp-cron.php?doing_wp_cron=1735337553.3062510490417480468750 HTTP/1.1" 200 0 "-" "WordPress/6.7.1; https://misswavenigeria.com"
45.88.97.56 - - [27/Dec/2024:17:12:33 -0500] "GET /register/ HTTP/1.0" 200 75922 "https://misswavenigeria.com/" "Mozilla/5.0 (Windows NT 6.1; Win64; x64) AppleWebKit/537.36 (KHTML, like Gecko) Chrome/103.0.5060.114 Safari/537.36"
66.29.132.124 - - [27/Dec/2024:17:12:33 -0500] "POST /wp-admin/admin-ajax.php?action=async_litespeed&nonce=12MNKSlfAFhbZ9PtLGFfiQUUgclXtV9F&litespeed_type=imgoptm HTTP/1.1" 200 21 "-" "WordPress/6.7.1; https://misswavenigeria.com"
66.29.132.124 - - [27/Dec/2024:17:14:27 -0500] "POST /wp-cron.php?doing_wp_cron=1735337667.8802719116210937500000 HTTP/1.1" 200 0 "-" "WordPress/6.7.1; https://misswavenigeria.com"
45.88.97.56 - - [27/Dec/2024:17:14:26 -0500] "GET / HTTP/1.0" 200 109055 "https://misswavenigeria.com/" "Mozilla/5.0 (Windows NT 6.3; WOW64) AppleWebKit/537.36 (KHTML, like Gecko) Chrome/103.0.0.0 Safari/537.36"
66.29.132.124 - - [27/Dec/2024:17:14:28 -0500] "POST /wp-admin/admin-ajax.php?action=async_litespeed&nonce=JWtUTdJRTEf4Zz8WMqN1nZDPVhMF3ybx&litespeed_type=imgoptm HTTP/1.1" 200 21 "-" "WordPress/6.7.1; https://misswavenigeria.com"
45.88.97.56 - - [27/Dec/2024:17:14:30 -0500] "GET /register/ HTTP/1.0" 200 75922 "https://misswavenigeria.com/register/" "Mozilla/5.0 (Windows NT 6.3; WOW64) AppleWebKit/537.36 (KHTML, like Gecko) Chrome/103.0.0.0 Safari/537.36"
66.29.132.124 - - [27/Dec/2024:17:22:26 -0500] "POST /wp-cron.php?doing_wp_cron=1735338146.1969480514526367187500 HTTP/1.1" 200 0 "-" "WordPress/6.7.1; https://misswavenigeria.com"
45.88.97.56 - - [27/Dec/2024:17:22:26 -0500] "GET /register/ HTTP/1.0" 200 75922 "https://misswavenigeria.com/" "Mozilla/5.0 (Windows NT 6.3; WOW64) AppleWebKit/537.36 (KHTML, like Gecko) Chrome/103.0.0.0 Safari/537.36"
66.29.132.124 - - [27/Dec/2024:17:22:26 -0500] "POST /wp-admin/admin-ajax.php?action=async_litespeed&nonce=82DcTed9NuIree9zJB4k3BOHBLJDECkI&litespeed_type=imgoptm HTTP/1.1" 200 21 "-" "WordPress/6.7.1; https://misswavenigeria.com"
45.88.97.56 - - [27/Dec/2024:17:14:32 -0500] "POST /register/ HTTP/1.0" 200 76048 "https://misswavenigeria.com/register/" "Mozilla/5.0 (Windows NT 6.3; WOW64) AppleWebKit/537.36 (KHTML, like Gecko) Chrome/103.0.0.0 Safari/537.36"
66.29.132.124 - - [27/Dec/2024:17:16:08 -0500] "POST /wp-cron.php?doing_wp_cron=1735337768.5835959911346435546875 HTTP/1.1" 200 0 "-" "WordPress/6.7.1; https://misswavenigeria.com"
45.88.97.56 - - [27/Dec/2024:17:16:08 -0500] "GET /register/ HTTP/1.0" 200 75922 "https://misswavenigeria.com/" "Mozilla/5.0 (Windows NT 6.3; WOW64) AppleWebKit/537.36 (KHTML, like Gecko) Chrome/103.0.0.0 Safari/537.36"
66.29.132.124 - - [27/Dec/2024:17:16:08 -0500] "POST /wp-admin/admin-ajax.php?action=async_litespeed&nonce=ocMw0zeOqZ7afXD21pBqMkFpnsLpp2qf&litespeed_type=imgoptm HTTP/1.1" 200 21 "-" "WordPress/6.7.1; https://misswavenigeria.com"
66.29.132.124 - - [27/Dec/2024:17:17:46 -0500] "POST /wp-cron.php?doing_wp_cron=1735337866.3788659572601318359375 HTTP/1.1" 200 0 "-" "WordPress/6.7.1; https://misswavenigeria.com"
45.88.97.56 - - [27/Dec/2024:17:17:45 -0500] "GET / HTTP/1.0" 200 109053 "https://misswavenigeria.com/" "Mozilla/5.0 (Windows NT 10.0; Win64; x64) AppleWebKit/537.36 (KHTML, like Gecko) Chrome/103.0.5060.66 Safari/537.36"
66.29.132.124 - - [27/Dec/2024:17:17:46 -0500] "POST /wp-admin/admin-ajax.php?action=async_litespeed&nonce=0sg5o1EVKMVweE3YULObVGvW2r1YDZdP&litespeed_type=imgoptm HTTP/1.1" 200 21 "-" "WordPress/6.7.1; https://misswavenigeria.com"
45.88.97.56 - - [27/Dec/2024:17:17:48 -0500] "GET /register/ HTTP/1.0" 200 75922 "https://misswavenigeria.com/register/" "Mozilla/5.0 (Windows NT 10.0; Win64; x64) AppleWebKit/537.36 (KHTML, like Gecko) Chrome/103.0.5060.66 Safari/537.36"
45.88.97.56 - - [27/Dec/2024:17:17:50 -0500] "POST /register/ HTTP/1.0" 200 76048 "https://misswavenigeria.com/register/" "Mozilla/5.0 (Windows NT 10.0; Win64; x64) AppleWebKit/537.36 (KHTML, like Gecko) Chrome/103.0.5060.66 Safari/537.36"
66.29.132.124 - - [27/Dec/2024:17:19:05 -0500] "POST /wp-cron.php?doing_wp_cron=1735337945.5360999107360839843750 HTTP/1.1" 200 0 "-" "WordPress/6.7.1; https://misswavenigeria.com"
45.88.97.56 - - [27/Dec/2024:17:19:05 -0500] "GET /register/ HTTP/1.0" 200 75922 "https://misswavenigeria.com/" "Mozilla/5.0 (Windows NT 10.0; Win64; x64) AppleWebKit/537.36 (KHTML, like Gecko) Chrome/103.0.5060.66 Safari/537.36"
66.29.132.124 - - [27/Dec/2024:17:19:05 -0500] "POST /wp-admin/admin-ajax.php?action=async_litespeed&nonce=h1wMdmYGbP7wESzngtBonR6yl1rVoEQE&litespeed_type=imgoptm HTTP/1.1" 200 21 "-" "WordPress/6.7.1; https://misswavenigeria.com"
66.29.132.124 - - [27/Dec/2024:17:21:01 -0500] "POST /wp-cron.php?doing_wp_cron=1735338061.4570169448852539062500 HTTP/1.1" 200 0 "-" "WordPress/6.7.1; https://misswavenigeria.com"
45.88.97.56 - - [27/Dec/2024:17:21:00 -0500] "GET / HTTP/1.0" 200 109055 "https://misswavenigeria.com/" "Mozilla/5.0 (Windows NT 6.3; WOW64) AppleWebKit/537.36 (KHTML, like Gecko) Chrome/103.0.0.0 Safari/537.36"
66.29.132.124 - - [27/Dec/2024:17:21:01 -0500] "POST /wp-admin/admin-ajax.php?action=async_litespeed&nonce=2zM4DrSZALGYrSw1LEqJCL0xR96bOE0J&litespeed_type=imgoptm HTTP/1.1" 200 21 "-" "WordPress/6.7.1; https://misswavenigeria.com"
45.88.97.56 - - [27/Dec/2024:17:21:03 -0500] "GET /register/ HTTP/1.0" 200 75922 "https://misswavenigeria.com/register/" "Mozilla/5.0 (Windows NT 6.3; WOW64) AppleWebKit/537.36 (KHTML, like Gecko) Chrome/103.0.0.0 Safari/537.36"
45.88.97.56 - - [27/Dec/2024:17:21:05 -0500] "POST /register/ HTTP/1.0" 200 76048 "https://misswavenigeria.com/register/" "Mozilla/5.0 (Windows NT 6.3; WOW64) AppleWebKit/537.36 (KHTML, like Gecko) Chrome/103.0.0.0 Safari/537.36"
66.29.132.124 - - [27/Dec/2024:17:23:43 -0500] "POST /wp-cron.php?doing_wp_cron=1735338223.5620150566101074218750 HTTP/1.1" 200 0 "-" "WordPress/6.7.1; https://misswavenigeria.com"
66.249.79.4 - - [27/Dec/2024:17:23:43 -0500] "GET /goods/W250064?k=product HTTP/1.1" 301 0 "-" "Mozilla/5.0 (Linux; Android 6.0.1; Nexus 5X Build/MMB29P) AppleWebKit/537.36 (KHTML, like Gecko) Chrome/131.0.6778.139 Mobile Safari/537.36 (compatible; Googlebot/2.1; +http://www.google.com/bot.html)"
66.29.132.124 - - [27/Dec/2024:17:23:43 -0500] "POST /wp-admin/admin-ajax.php?action=async_litespeed&nonce=N1SPc3JIAlmugdetL4lPHBm2quh31216&litespeed_type=imgoptm HTTP/1.1" 200 21 "-" "WordPress/6.7.1; https://misswavenigeria.com"
66.249.68.68 - - [27/Dec/2024:17:23:44 -0500] "GET /goods/W250064?k=product HTTP/1.1" 404 15611 "-" "Mozilla/5.0 (Linux; Android 6.0.1; Nexus 5X Build/MMB29P) AppleWebKit/537.36 (KHTML, like Gecko) Chrome/131.0.6778.139 Mobile Safari/537.36 (compatible; Googlebot/2.1; +http://www.google.com/bot.html)"
66.29.132.124 - - [27/Dec/2024:17:24:19 -0500] "POST /wp-cron.php?doing_wp_cron=1735338259.5457570552825927734375 HTTP/1.1" 200 0 "-" "WordPress/6.7.1; https://misswavenigeria.com"
45.88.97.56 - - [27/Dec/2024:17:24:19 -0500] "GET / HTTP/1.0" 200 109053 "https://misswavenigeria.com/" "Mozilla/5.0 (Windows NT 10.0; Win64; x64) AppleWebKit/537.36 (KHTML, like Gecko) Chrome/103.0.5060.53 Safari/537.36"
45.88.97.56 - - [27/Dec/2024:17:24:23 -0500] "GET /register/ HTTP/1.0" 200 75922 "https://misswavenigeria.com/register/" "Mozilla/5.0 (Windows NT 10.0; Win64; x64) AppleWebKit/537.36 (KHTML, like Gecko) Chrome/103.0.5060.53 Safari/537.36"
66.29.132.124 - - [27/Dec/2024:17:24:25 -0500] "POST /wp-cron.php?doing_wp_cron=1735338265.1260790824890136718750 HTTP/1.1" 200 0 "-" "WordPress/6.7.1; https://misswavenigeria.com"
45.88.97.56 - - [27/Dec/2024:17:24:24 -0500] "POST /register/ HTTP/1.0" 200 76048 "https://misswavenigeria.com/register/" "Mozilla/5.0 (Windows NT 10.0; Win64; x64) AppleWebKit/537.36 (KHTML, like Gecko) Chrome/103.0.5060.53 Safari/537.36"
66.29.132.124 - - [27/Dec/2024:17:25:30 -0500] "POST /wp-cron.php?doing_wp_cron=1735338330.8569669723510742187500 HTTP/1.1" 200 0 "-" "WordPress/6.7.1; https://misswavenigeria.com"
45.88.97.56 - - [27/Dec/2024:17:25:30 -0500] "GET /register/ HTTP/1.0" 200 75922 "https://misswavenigeria.com/" "Mozilla/5.0 (Windows NT 10.0; Win64; x64) AppleWebKit/537.36 (KHTML, like Gecko) Chrome/103.0.5060.53 Safari/537.36"
66.29.132.124 - - [27/Dec/2024:17:25:31 -0500] "POST /wp-admin/admin-ajax.php?action=async_litespeed&nonce=jxbaZy8pM2HenjWJBQgEIGaRD86hyHlb&litespeed_type=imgoptm HTTP/1.1" 200 21 "-" "WordPress/6.7.1; https://misswavenigeria.com"
66.29.132.124 - - [27/Dec/2024:17:27:16 -0500] "POST /wp-cron.php?doing_wp_cron=1735338436.6819450855255126953125 HTTP/1.1" 200 0 "-" "WordPress/6.7.1; https://misswavenigeria.com"
66.249.79.4 - - [27/Dec/2024:17:27:14 -0500] "GET /buy/1063779BS.html?product_id=186 HTTP/1.1" 301 0 "-" "Mozilla/5.0 (Linux; Android 6.0.1; Nexus 5X Build/MMB29P) AppleWebKit/537.36 (KHTML, like Gecko) Chrome/131.0.6778.204 Mobile Safari/537.36 (compatible; Googlebot/2.1; +http://www.google.com/bot.html)"
66.29.132.124 - - [27/Dec/2024:17:27:16 -0500] "POST /wp-admin/admin-ajax.php?action=async_litespeed&nonce=Y3FY109CngrvGqenE5ZOk6lBPnw7E9Vo&litespeed_type=imgoptm HTTP/1.1" 200 21 "-" "WordPress/6.7.1; https://misswavenigeria.com"
66.249.68.66 - - [27/Dec/2024:17:27:16 -0500] "GET /buy/1063779BS.html?product_id=186 HTTP/1.1" 404 15612 "-" "Mozilla/5.0 (Linux; Android 6.0.1; Nexus 5X Build/MMB29P) AppleWebKit/537.36 (KHTML, like Gecko) Chrome/131.0.6778.204 Mobile Safari/537.36 (compatible; Googlebot/2.1; +http://www.google.com/bot.html)"
66.29.132.124 - - [27/Dec/2024:17:27:35 -0500] "POST /wp-cron.php?doing_wp_cron=1735338455.6415820121765136718750 HTTP/1.1" 200 0 "-" "WordPress/6.7.1; https://misswavenigeria.com"
45.88.97.56 - - [27/Dec/2024:17:27:35 -0500] "GET / HTTP/1.0" 200 109055 "https://misswavenigeria.com/" "Mozilla/5.0 (Windows NT 6.1; Win64; x64) AppleWebKit/537.36 (KHTML, like Gecko) Chrome/103.0.5060.114 Safari/537.36"
45.88.97.56 - - [27/Dec/2024:17:27:39 -0500] "GET /register/ HTTP/1.0" 200 75922 "https://misswavenigeria.com/register/" "Mozilla/5.0 (Windows NT 6.1; Win64; x64) AppleWebKit/537.36 (KHTML, like Gecko) Chrome/103.0.5060.114 Safari/537.36"
66.29.132.124 - - [27/Dec/2024:17:27:41 -0500] "POST /wp-cron.php?doing_wp_cron=1735338461.3536689281463623046875 HTTP/1.1" 200 0 "-" "WordPress/6.7.1; https://misswavenigeria.com"
66.29.132.124 - - [27/Dec/2024:17:27:41 -0500] "POST /wp-admin/admin-ajax.php?action=async_litespeed&nonce=I28FCZ0cDnlKAVMjrvaPPhnBKpkHg2N6&litespeed_type=imgoptm HTTP/1.1" 200 21 "-" "WordPress/6.7.1; https://misswavenigeria.com"
45.88.97.56 - - [27/Dec/2024:17:27:41 -0500] "POST /register/ HTTP/1.0" 200 76048 "https://misswavenigeria.com/register/" "Mozilla/5.0 (Windows NT 6.1; Win64; x64) AppleWebKit/537.36 (KHTML, like Gecko) Chrome/103.0.5060.114 Safari/537.36"
66.29.132.124 - - [27/Dec/2024:17:28:54 -0500] "POST /wp-cron.php?doing_wp_cron=1735338534.1935660839080810546875 HTTP/1.1" 200 0 "-" "WordPress/6.7.1; https://misswavenigeria.com"
45.88.97.56 - - [27/Dec/2024:17:28:54 -0500] "GET /register/ HTTP/1.0" 200 75922 "https://misswavenigeria.com/" "Mozilla/5.0 (Windows NT 6.1; Win64; x64) AppleWebKit/537.36 (KHTML, like Gecko) Chrome/103.0.5060.114 Safari/537.36"
66.29.132.124 - - [27/Dec/2024:17:28:54 -0500] "POST /wp-admin/admin-ajax.php?action=async_litespeed&nonce=ivbCy7EqP6RAzcBHEN8kk0Tze15k5Y5g&litespeed_type=imgoptm HTTP/1.1" 200 21 "-" "WordPress/6.7.1; https://misswavenigeria.com"
66.29.132.124 - - [27/Dec/2024:17:29:57 -0500] "POST /wp-cron.php?doing_wp_cron=1735338597.9055271148681640625000 HTTP/1.1" 200 0 "-" "WordPress/6.7.1; https://misswavenigeria.com"
66.249.68.67 - - [27/Dec/2024:17:29:57 -0500] "GET /goods/929714.html HTTP/1.1" 404 15611 "-" "Mozilla/5.0 (Linux; Android 6.0.1; Nexus 5X Build/MMB29P) AppleWebKit/537.36 (KHTML, like Gecko) Chrome/131.0.6778.139 Mobile Safari/537.36 (compatible; Googlebot/2.1; +http://www.google.com/bot.html)"
66.29.132.124 - - [27/Dec/2024:17:29:58 -0500] "POST /wp-admin/admin-ajax.php?action=async_litespeed&nonce=IzJxjCtscPIRGIfncKfbP91oWzODbFWY&litespeed_type=imgoptm HTTP/1.1" 200 21 "-" "WordPress/6.7.1; https://misswavenigeria.com"
66.249.79.4 - - [27/Dec/2024:17:30:07 -0500] "GET /goods/W432272?k=product HTTP/1.1" 301 0 "-" "Mozilla/5.0 (Linux; Android 6.0.1; Nexus 5X Build/MMB29P) AppleWebKit/537.36 (KHTML, like Gecko) Chrome/131.0.6778.139 Mobile Safari/537.36 (compatible; Googlebot/2.1; +http://www.google.com/bot.html)"
66.249.68.68 - - [27/Dec/2024:17:30:13 -0500] "GET /goods/W432272?k=product HTTP/1.1" 404 15611 "-" "Mozilla/5.0 (Linux; Android 6.0.1; Nexus 5X Build/MMB29P) AppleWebKit/537.36 (KHTML, like Gecko) Chrome/131.0.6778.139 Mobile Safari/537.36 (compatible; Googlebot/2.1; +http://www.google.com/bot.html)"
66.249.68.67 - - [27/Dec/2024:17:30:14 -0500] "GET /item/E8695626?c=253&keyword=traverse HTTP/1.1" 404 15611 "-" "Mozilla/5.0 (Linux; Android 6.0.1; Nexus 5X Build/MMB29P) AppleWebKit/537.36 (KHTML, like Gecko) Chrome/131.0.6778.139 Mobile Safari/537.36 (compatible; Googlebot/2.1; +http://www.google.com/bot.html)"
66.29.132.124 - - [27/Dec/2024:17:30:50 -0500] "POST /wp-cron.php?doing_wp_cron=1735338650.8466129302978515625000 HTTP/1.1" 200 0 "-" "WordPress/6.7.1; https://misswavenigeria.com"
45.88.97.56 - - [27/Dec/2024:17:30:50 -0500] "GET / HTTP/1.0" 200 109055 "https://misswavenigeria.com/" "Mozilla/5.0 (Windows NT 10.0; WOW64) AppleWebKit/537.36 (KHTML, like Gecko) Chrome/103.0.5060.114 Safari/537.36"
66.29.132.124 - - [27/Dec/2024:17:30:51 -0500] "POST /wp-admin/admin-ajax.php?action=async_litespeed&nonce=IHz8B6PJyPstpks1681uiwYZnHfvXzuo&litespeed_type=imgoptm HTTP/1.1" 200 21 "-" "WordPress/6.7.1; https://misswavenigeria.com"
45.88.97.56 - - [27/Dec/2024:17:30:53 -0500] "GET /register/ HTTP/1.0" 200 75922 "https://misswavenigeria.com/register/" "Mozilla/5.0 (Windows NT 10.0; WOW64) AppleWebKit/537.36 (KHTML, like Gecko) Chrome/103.0.5060.114 Safari/537.36"
66.249.68.68 - - [27/Dec/2024:17:31:11 -0500] "GET /goods/633942.html HTTP/1.1" 404 15611 "-" "Mozilla/5.0 (Linux; Android 6.0.1; Nexus 5X Build/MMB29P) AppleWebKit/537.36 (KHTML, like Gecko) Chrome/131.0.6778.139 Mobile Safari/537.36 (compatible; Googlebot/2.1; +http://www.google.com/bot.html)"
45.88.97.56 - - [27/Dec/2024:17:30:55 -0500] "POST /register/ HTTP/1.0" 200 76048 "https://misswavenigeria.com/register/" "Mozilla/5.0 (Windows NT 10.0; WOW64) AppleWebKit/537.36 (KHTML, like Gecko) Chrome/103.0.5060.114 Safari/537.36"
66.29.132.124 - - [27/Dec/2024:17:32:11 -0500] "POST /wp-cron.php?doing_wp_cron=1735338731.1401300430297851562500 HTTP/1.1" 200 0 "-" "WordPress/6.7.1; https://misswavenigeria.com"
45.88.97.56 - - [27/Dec/2024:17:32:10 -0500] "GET /register/ HTTP/1.0" 200 75922 "https://misswavenigeria.com/" "Mozilla/5.0 (Windows NT 10.0; WOW64) AppleWebKit/537.36 (KHTML, like Gecko) Chrome/103.0.5060.114 Safari/537.36"
66.29.132.124 - - [27/Dec/2024:17:32:11 -0500] "POST /wp-admin/admin-ajax.php?action=async_litespeed&nonce=00grF8fJFMr0VX93Xs2XXXDraOIjT7yq&litespeed_type=imgoptm HTTP/1.1" 200 21 "-" "WordPress/6.7.1; https://misswavenigeria.com"
66.29.132.124 - - [27/Dec/2024:17:34:06 -0500] "POST /wp-cron.php?doing_wp_cron=1735338846.1868629455566406250000 HTTP/1.1" 200 0 "-" "WordPress/6.7.1; https://misswavenigeria.com"
45.88.97.56 - - [27/Dec/2024:17:34:04 -0500] "GET / HTTP/1.0" 200 109055 "https://misswavenigeria.com/" "Mozilla/5.0 (Windows NT 6.3) AppleWebKit/537.36 (KHTML, like Gecko) Chrome/103.0.0.0 Safari/537.36"
66.29.132.124 - - [27/Dec/2024:17:34:06 -0500] "POST /wp-admin/admin-ajax.php?action=async_litespeed&nonce=jNC3iEqWGftzWeLFgXzTMIjxj64GT6bH&litespeed_type=imgoptm HTTP/1.1" 200 21 "-" "WordPress/6.7.1; https://misswavenigeria.com"
45.88.97.56 - - [27/Dec/2024:17:34:08 -0500] "GET /register/ HTTP/1.0" 200 75922 "https://misswavenigeria.com/register/" "Mozilla/5.0 (Windows NT 6.3) AppleWebKit/537.36 (KHTML, like Gecko) Chrome/103.0.0.0 Safari/537.36"
45.88.97.56 - - [27/Dec/2024:17:34:10 -0500] "POST /register/ HTTP/1.0" 200 76048 "https://misswavenigeria.com/register/" "Mozilla/5.0 (Windows NT 6.3) AppleWebKit/537.36 (KHTML, like Gecko) Chrome/103.0.0.0 Safari/537.36"
66.29.132.124 - - [27/Dec/2024:17:35:23 -0500] "POST /wp-cron.php?doing_wp_cron=1735338923.5478880405426025390625 HTTP/1.1" 200 0 "-" "WordPress/6.7.1; https://misswavenigeria.com"
45.88.97.56 - - [27/Dec/2024:17:35:23 -0500] "GET /register/ HTTP/1.0" 200 75922 "https://misswavenigeria.com/" "Mozilla/5.0 (Windows NT 6.3) AppleWebKit/537.36 (KHTML, like Gecko) Chrome/103.0.0.0 Safari/537.36"
66.29.132.124 - - [27/Dec/2024:17:35:23 -0500] "POST /wp-admin/admin-ajax.php?action=async_litespeed&nonce=Nabpsieo2mPydITiAMB0eu9c0VSsd8W0&litespeed_type=imgoptm HTTP/1.1" 200 21 "-" "WordPress/6.7.1; https://misswavenigeria.com"
66.29.132.124 - - [27/Dec/2024:17:37:15 -0500] "POST /wp-cron.php?doing_wp_cron=1735339035.7742540836334228515625 HTTP/1.1" 200 0 "-" "WordPress/6.7.1; https://misswavenigeria.com"
45.88.97.56 - - [27/Dec/2024:17:37:13 -0500] "GET / HTTP/1.0" 200 109055 "https://misswavenigeria.com/" "Mozilla/5.0 (Windows NT 6.3) AppleWebKit/537.36 (KHTML, like Gecko) Chrome/103.0.0.0 Safari/537.36"
66.29.132.124 - - [27/Dec/2024:17:37:16 -0500] "POST /wp-admin/admin-ajax.php?action=async_litespeed&nonce=advLxCw4ZcjcWRm3HWgvXebV4jxMbh0l&litespeed_type=imgoptm HTTP/1.1" 200 21 "-" "WordPress/6.7.1; https://misswavenigeria.com"
45.88.97.56 - - [27/Dec/2024:17:37:18 -0500] "GET /register/ HTTP/1.0" 200 75922 "https://misswavenigeria.com/register/" "Mozilla/5.0 (Windows NT 6.3) AppleWebKit/537.36 (KHTML, like Gecko) Chrome/103.0.0.0 Safari/537.36"
45.88.97.56 - - [27/Dec/2024:17:37:19 -0500] "POST /register/ HTTP/1.0" 200 76048 "https://misswavenigeria.com/register/" "Mozilla/5.0 (Windows NT 6.3) AppleWebKit/537.36 (KHTML, like Gecko) Chrome/103.0.0.0 Safari/537.36"
66.29.132.124 - - [27/Dec/2024:17:38:46 -0500] "POST /wp-cron.php?doing_wp_cron=1735339126.1772398948669433593750 HTTP/1.1" 200 0 "-" "WordPress/6.7.1; https://misswavenigeria.com"
45.88.97.56 - - [27/Dec/2024:17:38:45 -0500] "GET /register/ HTTP/1.0" 200 75922 "https://misswavenigeria.com/" "Mozilla/5.0 (Windows NT 6.3) AppleWebKit/537.36 (KHTML, like Gecko) Chrome/103.0.0.0 Safari/537.36"
66.29.132.124 - - [27/Dec/2024:17:38:46 -0500] "POST /wp-admin/admin-ajax.php?action=async_litespeed&nonce=Yt2IJzbQr9S28UN5WEW6NgIbDlgFvNx2&litespeed_type=imgoptm HTTP/1.1" 200 21 "-" "WordPress/6.7.1; https://misswavenigeria.com"
66.29.132.124 - - [27/Dec/2024:17:40:24 -0500] "POST /wp-cron.php?doing_wp_cron=1735339224.9344799518585205078125 HTTP/1.1" 200 0 "-" "WordPress/6.7.1; https://misswavenigeria.com"
45.88.97.56 - - [27/Dec/2024:17:40:22 -0500] "GET / HTTP/1.0" 200 109053 "https://misswavenigeria.com/" "Mozilla/5.0 (Windows NT 10.0; Win64; x64) AppleWebKit/537.36 (KHTML, like Gecko) Chrome/103.0.5060.114 Safari/537.36"
66.29.132.124 - - [27/Dec/2024:17:40:25 -0500] "POST /wp-admin/admin-ajax.php?action=async_litespeed&nonce=MfweElHCnN7MNYaW8yiMI2L3OWlgkNuN&litespeed_type=imgoptm HTTP/1.1" 200 21 "-" "WordPress/6.7.1; https://misswavenigeria.com"
45.88.97.56 - - [27/Dec/2024:17:40:27 -0500] "GET /register/ HTTP/1.0" 200 75922 "https://misswavenigeria.com/register/" "Mozilla/5.0 (Windows NT 10.0; Win64; x64) AppleWebKit/537.36 (KHTML, like Gecko) Chrome/103.0.5060.114 Safari/537.36"
45.88.97.56 - - [27/Dec/2024:17:40:29 -0500] "POST /register/ HTTP/1.0" 200 76048 "https://misswavenigeria.com/register/" "Mozilla/5.0 (Windows NT 10.0; Win64; x64) AppleWebKit/537.36 (KHTML, like Gecko) Chrome/103.0.5060.114 Safari/537.36"
66.29.132.124 - - [27/Dec/2024:17:41:52 -0500] "POST /wp-cron.php?doing_wp_cron=1735339312.9357929229736328125000 HTTP/1.1" 200 0 "-" "WordPress/6.7.1; https://misswavenigeria.com"
45.88.97.56 - - [27/Dec/2024:17:41:52 -0500] "GET /register/ HTTP/1.0" 200 75922 "https://misswavenigeria.com/" "Mozilla/5.0 (Windows NT 10.0; Win64; x64) AppleWebKit/537.36 (KHTML, like Gecko) Chrome/103.0.5060.114 Safari/537.36"
66.29.132.124 - - [27/Dec/2024:17:41:53 -0500] "POST /wp-admin/admin-ajax.php?action=async_litespeed&nonce=1rWVx1rUGMKRAUPXfDgfEsMzbDoPvtGe&litespeed_type=imgoptm HTTP/1.1" 200 21 "-" "WordPress/6.7.1; https://misswavenigeria.com"
66.29.132.124 - - [27/Dec/2024:17:43:32 -0500] "POST /wp-cron.php?doing_wp_cron=1735339412.3930439949035644531250 HTTP/1.1" 200 0 "-" "WordPress/6.7.1; https://misswavenigeria.com"
45.88.97.56 - - [27/Dec/2024:17:43:30 -0500] "GET / HTTP/1.0" 200 109055 "https://misswavenigeria.com/" "Mozilla/5.0 (Windows NT 10.0; Win64; x64) AppleWebKit/537.36 (KHTML, like Gecko) Chrome/103.0.5060.134 Safari/537.36"
66.29.132.124 - - [27/Dec/2024:17:43:32 -0500] "POST /wp-admin/admin-ajax.php?action=async_litespeed&nonce=le0I2iy2UWB0W4kGpqoMRZfebJhQriyK&litespeed_type=imgoptm HTTP/1.1" 200 21 "-" "WordPress/6.7.1; https://misswavenigeria.com"
45.88.97.56 - - [27/Dec/2024:17:43:34 -0500] "GET /register/ HTTP/1.0" 200 75922 "https://misswavenigeria.com/register/" "Mozilla/5.0 (Windows NT 10.0; Win64; x64) AppleWebKit/537.36 (KHTML, like Gecko) Chrome/103.0.5060.134 Safari/537.36"
45.88.97.56 - - [27/Dec/2024:17:43:36 -0500] "POST /register/ HTTP/1.0" 200 76048 "https://misswavenigeria.com/register/" "Mozilla/5.0 (Windows NT 10.0; Win64; x64) AppleWebKit/537.36 (KHTML, like Gecko) Chrome/103.0.5060.134 Safari/537.36"
66.29.132.124 - - [27/Dec/2024:17:44:47 -0500] "POST /wp-cron.php?doing_wp_cron=1735339487.8448810577392578125000 HTTP/1.1" 200 0 "-" "WordPress/6.7.1; https://misswavenigeria.com"
45.88.97.56 - - [27/Dec/2024:17:44:47 -0500] "GET /register/ HTTP/1.0" 200 75922 "https://misswavenigeria.com/" "Mozilla/5.0 (Windows NT 10.0; Win64; x64) AppleWebKit/537.36 (KHTML, like Gecko) Chrome/103.0.5060.134 Safari/537.36"
66.29.132.124 - - [27/Dec/2024:17:44:48 -0500] "POST /wp-admin/admin-ajax.php?action=async_litespeed&nonce=b6zknYGsjvv56rTjjTabJBR20qYTMGH9&litespeed_type=imgoptm HTTP/1.1" 200 21 "-" "WordPress/6.7.1; https://misswavenigeria.com"
85.208.96.194 - - [27/Dec/2024:17:46:30 -0500] "GET /robots.txt HTTP/1.1" 200 115 "-" "Mozilla/5.0 (compatible; SemrushBot/7~bl; +http://www.semrush.com/bot.html)"
66.29.132.124 - - [27/Dec/2024:17:46:33 -0500] "POST /wp-cron.php?doing_wp_cron=1735339593.0078771114349365234375 HTTP/1.1" 200 0 "-" "WordPress/6.7.1; https://misswavenigeria.com"
85.208.96.210 - - [27/Dec/2024:17:46:31 -0500] "GET /o_models/boluwatife-miss-osun/ HTTP/1.1" 200 18047 "-" "Mozilla/5.0 (compatible; SemrushBot/7~bl; +http://www.semrush.com/bot.html)"
66.29.132.124 - - [27/Dec/2024:17:46:33 -0500] "POST /wp-admin/admin-ajax.php?action=async_litespeed&nonce=YaWWrZorqSVbykmrDG8lKrIvugu5vbDI&litespeed_type=imgoptm HTTP/1.1" 200 21 "-" "WordPress/6.7.1; https://misswavenigeria.com"
66.29.132.124 - - [27/Dec/2024:17:46:40 -0500] "POST /wp-cron.php?doing_wp_cron=1735339600.9114129543304443359375 HTTP/1.1" 200 0 "-" "WordPress/6.7.1; https://misswavenigeria.com"
45.88.97.56 - - [27/Dec/2024:17:46:40 -0500] "GET / HTTP/1.0" 200 109055 "https://misswavenigeria.com/" "Mozilla/5.0 (Windows NT 10.0; Win64; x64) AppleWebKit/537.36 (KHTML, like Gecko) Chrome/103.0.5060.114 Safari/537.36"
66.29.132.124 - - [27/Dec/2024:17:46:41 -0500] "POST /wp-admin/admin-ajax.php?action=async_litespeed&nonce=RvrX21X6Ak4hMCvd8zusuCzr1fkSLo74&litespeed_type=imgoptm HTTP/1.1" 200 21 "-" "WordPress/6.7.1; https://misswavenigeria.com"
45.88.97.56 - - [27/Dec/2024:17:46:43 -0500] "GET /register/ HTTP/1.0" 200 75922 "https://misswavenigeria.com/register/" "Mozilla/5.0 (Windows NT 10.0; Win64; x64) AppleWebKit/537.36 (KHTML, like Gecko) Chrome/103.0.5060.114 Safari/537.36"
45.88.97.56 - - [27/Dec/2024:17:46:44 -0500] "POST /register/ HTTP/1.0" 200 76048 "https://misswavenigeria.com/register/" "Mozilla/5.0 (Windows NT 10.0; Win64; x64) AppleWebKit/537.36 (KHTML, like Gecko) Chrome/103.0.5060.114 Safari/537.36"
66.29.132.124 - - [27/Dec/2024:17:47:49 -0500] "POST /wp-cron.php?doing_wp_cron=1735339669.6970019340515136718750 HTTP/1.1" 200 0 "-" "WordPress/6.7.1; https://misswavenigeria.com"
45.88.97.56 - - [27/Dec/2024:17:47:49 -0500] "GET /register/ HTTP/1.0" 200 75922 "https://misswavenigeria.com/" "Mozilla/5.0 (Windows NT 10.0; Win64; x64) AppleWebKit/537.36 (KHTML, like Gecko) Chrome/103.0.5060.114 Safari/537.36"
66.29.132.124 - - [27/Dec/2024:17:47:49 -0500] "POST /wp-admin/admin-ajax.php?action=async_litespeed&nonce=7NOwfhWCVhRyL1ynL6yRFHbCxQu2kxyw&litespeed_type=imgoptm HTTP/1.1" 200 21 "-" "WordPress/6.7.1; https://misswavenigeria.com"
66.29.132.124 - - [27/Dec/2024:17:49:51 -0500] "POST /wp-cron.php?doing_wp_cron=1735339791.4403340816497802734375 HTTP/1.1" 200 0 "-" "WordPress/6.7.1; https://misswavenigeria.com"
45.88.97.56 - - [27/Dec/2024:17:49:50 -0500] "GET / HTTP/1.0" 200 109055 "https://misswavenigeria.com/" "Mozilla/5.0 (Windows NT 6.3; WOW64) AppleWebKit/537.36 (KHTML, like Gecko) Chrome/103.0.5060.114 Safari/537.36"
66.29.132.124 - - [27/Dec/2024:17:49:51 -0500] "POST /wp-admin/admin-ajax.php?action=async_litespeed&nonce=ZBGyRfMtv9mwqge59BmdwgJo6sQgYQB0&litespeed_type=imgoptm HTTP/1.1" 200 21 "-" "WordPress/6.7.1; https://misswavenigeria.com"
45.88.97.56 - - [27/Dec/2024:17:49:53 -0500] "GET /register/ HTTP/1.0" 200 75922 "https://misswavenigeria.com/register/" "Mozilla/5.0 (Windows NT 6.3; WOW64) AppleWebKit/537.36 (KHTML, like Gecko) Chrome/103.0.5060.114 Safari/537.36"
45.88.97.56 - - [27/Dec/2024:17:49:55 -0500] "POST /register/ HTTP/1.0" 200 76048 "https://misswavenigeria.com/register/" "Mozilla/5.0 (Windows NT 6.3; WOW64) AppleWebKit/537.36 (KHTML, like Gecko) Chrome/103.0.5060.114 Safari/537.36"
66.29.132.124 - - [27/Dec/2024:17:51:08 -0500] "POST /wp-cron.php?doing_wp_cron=1735339868.0417919158935546875000 HTTP/1.1" 200 0 "-" "WordPress/6.7.1; https://misswavenigeria.com"
45.88.97.56 - - [27/Dec/2024:17:51:07 -0500] "GET /register/ HTTP/1.0" 200 75922 "https://misswavenigeria.com/" "Mozilla/5.0 (Windows NT 6.3; WOW64) AppleWebKit/537.36 (KHTML, like Gecko) Chrome/103.0.5060.114 Safari/537.36"
66.29.132.124 - - [27/Dec/2024:17:51:08 -0500] "POST /wp-admin/admin-ajax.php?action=async_litespeed&nonce=z0AqRfEaO5nhXgw0tAcjIZq8rSKgSfnY&litespeed_type=imgoptm HTTP/1.1" 200 21 "-" "WordPress/6.7.1; https://misswavenigeria.com"
40.77.167.55 - - [27/Dec/2024:17:51:16 -0500] "GET /wp-includes/images/ HTTP/1.1" 200 1452 "-" "Mozilla/5.0 AppleWebKit/537.36 (KHTML, like Gecko; compatible; bingbot/2.0; +http://www.bing.com/bingbot.htm) Chrome/116.0.1938.76 Safari/537.36"
66.29.132.124 - - [27/Dec/2024:17:53:01 -0500] "POST /wp-cron.php?doing_wp_cron=1735339981.1841170787811279296875 HTTP/1.1" 200 0 "-" "WordPress/6.7.1; https://misswavenigeria.com"
45.88.97.56 - - [27/Dec/2024:17:52:59 -0500] "GET / HTTP/1.0" 200 109053 "https://misswavenigeria.com/" "Mozilla/5.0 (Windows NT 6.1) AppleWebKit/537.36 (KHTML, like Gecko) Chrome/103.0.0.0 Safari/537.36"
66.29.132.124 - - [27/Dec/2024:17:53:01 -0500] "POST /wp-admin/admin-ajax.php?action=async_litespeed&nonce=ez3YiNbgGq6xhgGwDkBUKC5HFXG0DWLl&litespeed_type=imgoptm HTTP/1.1" 200 21 "-" "WordPress/6.7.1; https://misswavenigeria.com"
45.88.97.56 - - [27/Dec/2024:17:53:03 -0500] "GET /register/ HTTP/1.0" 200 75922 "https://misswavenigeria.com/register/" "Mozilla/5.0 (Windows NT 6.1) AppleWebKit/537.36 (KHTML, like Gecko) Chrome/103.0.0.0 Safari/537.36"
45.88.97.56 - - [27/Dec/2024:17:53:05 -0500] "POST /register/ HTTP/1.0" 200 76048 "https://misswavenigeria.com/register/" "Mozilla/5.0 (Windows NT 6.1) AppleWebKit/537.36 (KHTML, like Gecko) Chrome/103.0.0.0 Safari/537.36"
66.29.132.124 - - [27/Dec/2024:17:54:03 -0500] "POST /wp-cron.php?doing_wp_cron=1735340043.8968479633331298828125 HTTP/1.1" 200 0 "-" "WordPress/6.7.1; https://misswavenigeria.com"
45.88.97.56 - - [27/Dec/2024:17:54:03 -0500] "GET /register/ HTTP/1.0" 200 75922 "https://misswavenigeria.com/" "Mozilla/5.0 (Windows NT 6.1) AppleWebKit/537.36 (KHTML, like Gecko) Chrome/103.0.0.0 Safari/537.36"
66.29.132.124 - - [27/Dec/2024:17:54:04 -0500] "POST /wp-admin/admin-ajax.php?action=async_litespeed&nonce=AkNBOFCfKFm0TiuFA2pzBcAU1dikUDBl&litespeed_type=imgoptm HTTP/1.1" 200 21 "-" "WordPress/6.7.1; https://misswavenigeria.com"
66.29.132.124 - - [27/Dec/2024:17:56:11 -0500] "POST /wp-cron.php?doing_wp_cron=1735340171.0320019721984863281250 HTTP/1.1" 200 0 "-" "WordPress/6.7.1; https://misswavenigeria.com"
45.88.97.56 - - [27/Dec/2024:17:56:09 -0500] "GET / HTTP/1.0" 200 109051 "https://misswavenigeria.com/" "Mozilla/5.0 (Windows NT 6.3; Win64; x64) AppleWebKit/537.36 (KHTML, like Gecko) Chrome/103.0.5060.53 Safari/537.36"
66.29.132.124 - - [27/Dec/2024:17:56:11 -0500] "POST /wp-admin/admin-ajax.php?action=async_litespeed&nonce=crQvuzmwI4nXXTcO5DdtJrJD06XpA3wm&litespeed_type=imgoptm HTTP/1.1" 200 21 "-" "WordPress/6.7.1; https://misswavenigeria.com"
45.88.97.56 - - [27/Dec/2024:17:56:13 -0500] "GET /register/ HTTP/1.0" 200 75922 "https://misswavenigeria.com/register/" "Mozilla/5.0 (Windows NT 6.3; Win64; x64) AppleWebKit/537.36 (KHTML, like Gecko) Chrome/103.0.5060.53 Safari/537.36"
66.249.79.2 - - [27/Dec/2024:17:56:20 -0500] "GET /goods/N413595?k=product HTTP/1.1" 301 0 "-" "Mozilla/5.0 (Linux; Android 6.0.1; Nexus 5X Build/MMB29P) AppleWebKit/537.36 (KHTML, like Gecko) Chrome/131.0.6778.139 Mobile Safari/537.36 (compatible; Googlebot/2.1; +http://www.google.com/bot.html)"
66.249.68.68 - - [27/Dec/2024:17:56:21 -0500] "GET /goods/N413595?k=product HTTP/1.1" 404 15612 "-" "Mozilla/5.0 (Linux; Android 6.0.1; Nexus 5X Build/MMB29P) AppleWebKit/537.36 (KHTML, like Gecko) Chrome/131.0.6778.139 Mobile Safari/537.36 (compatible; Googlebot/2.1; +http://www.google.com/bot.html)"
45.88.97.56 - - [27/Dec/2024:17:56:15 -0500] "POST /register/ HTTP/1.0" 200 76048 "https://misswavenigeria.com/register/" "Mozilla/5.0 (Windows NT 6.3; Win64; x64) AppleWebKit/537.36 (KHTML, like Gecko) Chrome/103.0.5060.53 Safari/537.36"
66.29.132.124 - - [27/Dec/2024:17:57:27 -0500] "POST /wp-cron.php?doing_wp_cron=1735340247.0542509555816650390625 HTTP/1.1" 200 0 "-" "WordPress/6.7.1; https://misswavenigeria.com"
45.88.97.56 - - [27/Dec/2024:17:57:26 -0500] "GET /register/ HTTP/1.0" 200 75922 "https://misswavenigeria.com/" "Mozilla/5.0 (Windows NT 6.3; Win64; x64) AppleWebKit/537.36 (KHTML, like Gecko) Chrome/103.0.5060.53 Safari/537.36"
66.29.132.124 - - [27/Dec/2024:17:57:27 -0500] "POST /wp-admin/admin-ajax.php?action=async_litespeed&nonce=xyzbK3yJAM9BfgH7WsYFm0A6EGqWjGGk&litespeed_type=imgoptm HTTP/1.1" 200 21 "-" "WordPress/6.7.1; https://misswavenigeria.com"
66.29.132.124 - - [27/Dec/2024:17:59:19 -0500] "POST /wp-cron.php?doing_wp_cron=1735340359.8424689769744873046875 HTTP/1.1" 200 0 "-" "WordPress/6.7.1; https://misswavenigeria.com"
45.88.97.56 - - [27/Dec/2024:17:59:17 -0500] "GET / HTTP/1.0" 200 109055 "https://misswavenigeria.com/" "Mozilla/5.0 (Windows NT 6.3; WOW64) AppleWebKit/537.36 (KHTML, like Gecko) Chrome/103.0.0.0 Safari/537.36"
66.29.132.124 - - [27/Dec/2024:17:59:20 -0500] "POST /wp-admin/admin-ajax.php?action=async_litespeed&nonce=WOMZ55lTA5kdXlDOdjADde5FExfyT3tK&litespeed_type=imgoptm HTTP/1.1" 200 21 "-" "WordPress/6.7.1; https://misswavenigeria.com"
45.88.97.56 - - [27/Dec/2024:17:59:22 -0500] "GET /register/ HTTP/1.0" 200 75922 "https://misswavenigeria.com/register/" "Mozilla/5.0 (Windows NT 6.3; WOW64) AppleWebKit/537.36 (KHTML, like Gecko) Chrome/103.0.0.0 Safari/537.36"
45.88.97.56 - - [27/Dec/2024:17:59:24 -0500] "POST /register/ HTTP/1.0" 200 76048 "https://misswavenigeria.com/register/" "Mozilla/5.0 (Windows NT 6.3; WOW64) AppleWebKit/537.36 (KHTML, like Gecko) Chrome/103.0.0.0 Safari/537.36"
66.29.132.124 - - [27/Dec/2024:18:00:47 -0500] "POST /wp-cron.php?doing_wp_cron=1735340447.6402630805969238281250 HTTP/1.1" 200 0 "-" "WordPress/6.7.1; https://misswavenigeria.com"
45.88.97.56 - - [27/Dec/2024:18:00:47 -0500] "GET /register/ HTTP/1.0" 200 75922 "https://misswavenigeria.com/" "Mozilla/5.0 (Windows NT 6.3; WOW64) AppleWebKit/537.36 (KHTML, like Gecko) Chrome/103.0.0.0 Safari/537.36"
66.29.132.124 - - [27/Dec/2024:18:00:47 -0500] "POST /wp-admin/admin-ajax.php?action=async_litespeed&nonce=UOFFGcMqqCI5nevlmQ2U0mGmOMNJTyYw&litespeed_type=imgoptm HTTP/1.1" 200 21 "-" "WordPress/6.7.1; https://misswavenigeria.com"
66.29.132.124 - - [27/Dec/2024:18:02:31 -0500] "POST /wp-cron.php?doing_wp_cron=1735340551.3059649467468261718750 HTTP/1.1" 200 0 "-" "WordPress/6.7.1; https://misswavenigeria.com"
45.88.97.56 - - [27/Dec/2024:18:02:30 -0500] "GET / HTTP/1.0" 200 109055 "https://misswavenigeria.com/" "Mozilla/5.0 (Windows NT 6.1; WOW64) AppleWebKit/537.36 (KHTML, like Gecko) Chrome/103.0.0.0 Safari/537.36"
66.29.132.124 - - [27/Dec/2024:18:02:31 -0500] "POST /wp-admin/admin-ajax.php?action=async_litespeed&nonce=Lix7JkTGm05bpwYvdLBHpcHAgWQB6auT&litespeed_type=imgoptm HTTP/1.1" 200 21 "-" "WordPress/6.7.1; https://misswavenigeria.com"
45.88.97.56 - - [27/Dec/2024:18:02:33 -0500] "GET /register/ HTTP/1.0" 200 75922 "https://misswavenigeria.com/register/" "Mozilla/5.0 (Windows NT 6.1; WOW64) AppleWebKit/537.36 (KHTML, like Gecko) Chrome/103.0.0.0 Safari/537.36"
45.88.97.56 - - [27/Dec/2024:18:02:35 -0500] "POST /register/ HTTP/1.0" 200 76048 "https://misswavenigeria.com/register/" "Mozilla/5.0 (Windows NT 6.1; WOW64) AppleWebKit/537.36 (KHTML, like Gecko) Chrome/103.0.0.0 Safari/537.36"
66.29.132.124 - - [27/Dec/2024:18:03:41 -0500] "POST /wp-cron.php?doing_wp_cron=1735340621.6021258831024169921875 HTTP/1.1" 200 0 "-" "WordPress/6.7.1; https://misswavenigeria.com"
45.88.97.56 - - [27/Dec/2024:18:03:41 -0500] "GET /register/ HTTP/1.0" 200 75922 "https://misswavenigeria.com/" "Mozilla/5.0 (Windows NT 6.1; WOW64) AppleWebKit/537.36 (KHTML, like Gecko) Chrome/103.0.0.0 Safari/537.36"
66.29.132.124 - - [27/Dec/2024:18:03:41 -0500] "POST /wp-admin/admin-ajax.php?action=async_litespeed&nonce=fG79sPyY8a6oGbYvpr0iODi8dJTmiyC0&litespeed_type=imgoptm HTTP/1.1" 200 21 "-" "WordPress/6.7.1; https://misswavenigeria.com"
66.249.68.66 - - [27/Dec/2024:18:04:10 -0500] "GET /goods/504516.html HTTP/1.1" 404 15611 "-" "Mozilla/5.0 (Linux; Android 6.0.1; Nexus 5X Build/MMB29P) AppleWebKit/537.36 (KHTML, like Gecko) Chrome/131.0.6778.139 Mobile Safari/537.36 (compatible; Googlebot/2.1; +http://www.google.com/bot.html)"
66.249.68.67 - - [27/Dec/2024:18:04:14 -0500] "GET /goods/839137.html HTTP/1.1" 404 15611 "-" "Mozilla/5.0 (Linux; Android 6.0.1; Nexus 5X Build/MMB29P) AppleWebKit/537.36 (KHTML, like Gecko) Chrome/131.0.6778.139 Mobile Safari/537.36 (compatible; Googlebot/2.1; +http://www.google.com/bot.html)"
66.29.132.124 - - [27/Dec/2024:18:05:42 -0500] "POST /wp-cron.php?doing_wp_cron=1735340742.9524860382080078125000 HTTP/1.1" 200 0 "-" "WordPress/6.7.1; https://misswavenigeria.com"
45.88.97.56 - - [27/Dec/2024:18:05:41 -0500] "GET / HTTP/1.0" 200 109055 "https://misswavenigeria.com/" "Mozilla/5.0 (Windows NT 10.0; WOW64) AppleWebKit/537.36 (KHTML, like Gecko) Chrome/103.0.5060.114 Safari/537.36"
66.29.132.124 - - [27/Dec/2024:18:05:43 -0500] "POST /wp-admin/admin-ajax.php?action=async_litespeed&nonce=zifrVtXkNLY3dvuVRl6CpSzAHCJfG2o6&litespeed_type=imgoptm HTTP/1.1" 200 21 "-" "WordPress/6.7.1; https://misswavenigeria.com"
45.88.97.56 - - [27/Dec/2024:18:05:45 -0500] "GET /register/ HTTP/1.0" 200 75922 "https://misswavenigeria.com/register/" "Mozilla/5.0 (Windows NT 10.0; WOW64) AppleWebKit/537.36 (KHTML, like Gecko) Chrome/103.0.5060.114 Safari/537.36"
45.88.97.56 - - [27/Dec/2024:18:05:50 -0500] "POST /register/ HTTP/1.0" 200 76048 "https://misswavenigeria.com/register/" "Mozilla/5.0 (Windows NT 10.0; WOW64) AppleWebKit/537.36 (KHTML, like Gecko) Chrome/103.0.5060.114 Safari/537.36"
66.29.132.124 - - [27/Dec/2024:18:07:00 -0500] "POST /wp-cron.php?doing_wp_cron=1735340820.6518139839172363281250 HTTP/1.1" 200 0 "-" "WordPress/6.7.1; https://misswavenigeria.com"
45.88.97.56 - - [27/Dec/2024:18:07:00 -0500] "GET /register/ HTTP/1.0" 200 75922 "https://misswavenigeria.com/" "Mozilla/5.0 (Windows NT 10.0; WOW64) AppleWebKit/537.36 (KHTML, like Gecko) Chrome/103.0.5060.114 Safari/537.36"
