66.249.79.3 - - [27/Dec/2024:13:25:43 -0500] "GET /goods/P336117?k=product HTTP/1.1" 301 0 "-" "Mozilla/5.0 (Linux; Android 6.0.1; Nexus 5X Build/MMB29P) AppleWebKit/537.36 (KHTML, like Gecko) Chrome/131.0.6778.139 Mobile Safari/537.36 (compatible; Googlebot/2.1; +http://www.google.com/bot.html)"
66.249.68.67 - - [27/Dec/2024:13:25:43 -0500] "GET /goods/P336117?k=product HTTP/1.1" 404 15611 "-" "Mozilla/5.0 (Linux; Android 6.0.1; Nexus 5X Build/MMB29P) AppleWebKit/537.36 (KHTML, like Gecko) Chrome/131.0.6778.139 Mobile Safari/537.36 (compatible; Googlebot/2.1; +http://www.google.com/bot.html)"
13.52.231.188 - - [27/Dec/2024:13:26:56 -0500] "GET / HTTP/1.1" 200 24484 "-" "Mozilla/5.0 (X11; Linux x86_64) AppleWebKit/537.36 (KHTML, like Gecko) Chrome/51.0.2704.103 Safari/537.36"
45.88.97.56 - - [27/Dec/2024:13:25:24 -0500] "POST /register/ HTTP/1.0" 200 76048 "https://misswavenigeria.com/register/" "Mozilla/5.0 (Windows NT 6.3; Win64; x64) AppleWebKit/537.36 (KHTML, like Gecko) Chrome/103.0.5060.114 Safari/537.36"
66.29.132.124 - - [27/Dec/2024:13:27:13 -0500] "POST /wp-cron.php?doing_wp_cron=1735324033.5957050323486328125000 HTTP/1.1" 200 0 "-" "WordPress/6.7.1; https://misswavenigeria.com"
45.88.97.56 - - [27/Dec/2024:13:27:13 -0500] "GET /register/ HTTP/1.0" 200 75922 "https://misswavenigeria.com/" "Mozilla/5.0 (Windows NT 6.3; Win64; x64) AppleWebKit/537.36 (KHTML, like Gecko) Chrome/103.0.5060.114 Safari/537.36"
66.29.132.124 - - [27/Dec/2024:13:27:13 -0500] "POST /wp-admin/admin-ajax.php?action=async_litespeed&nonce=Vw645NZRU26OL8YgPYOmuXnGlipMB4dA&litespeed_type=imgoptm HTTP/1.1" 200 21 "-" "WordPress/6.7.1; https://misswavenigeria.com"
66.29.132.124 - - [27/Dec/2024:13:28:32 -0500] "POST /wp-cron.php?doing_wp_cron=1735324112.1262190341949462890625 HTTP/1.1" 200 0 "-" "WordPress/6.7.1; https://misswavenigeria.com"
45.88.97.56 - - [27/Dec/2024:13:28:31 -0500] "GET / HTTP/1.0" 200 109055 "https://misswavenigeria.com/" "Mozilla/5.0 (Windows NT 10.0; Win64; x64) AppleWebKit/537.36 (KHTML, like Gecko) Chrome/103.0.5060.53 Safari/537.36"
66.29.132.124 - - [27/Dec/2024:13:28:32 -0500] "POST /wp-admin/admin-ajax.php?action=async_litespeed&nonce=mzBrUfvG2csplp0jZ1zpw9lUF10AqhXX&litespeed_type=imgoptm HTTP/1.1" 200 21 "-" "WordPress/6.7.1; https://misswavenigeria.com"
45.88.97.56 - - [27/Dec/2024:13:28:34 -0500] "GET /register/ HTTP/1.0" 200 75922 "https://misswavenigeria.com/register/" "Mozilla/5.0 (Windows NT 10.0; Win64; x64) AppleWebKit/537.36 (KHTML, like Gecko) Chrome/103.0.5060.53 Safari/537.36"
45.88.97.56 - - [27/Dec/2024:13:28:36 -0500] "POST /register/ HTTP/1.0" 200 76048 "https://misswavenigeria.com/register/" "Mozilla/5.0 (Windows NT 10.0; Win64; x64) AppleWebKit/537.36 (KHTML, like Gecko) Chrome/103.0.5060.53 Safari/537.36"
66.29.132.124 - - [27/Dec/2024:13:30:24 -0500] "POST /wp-cron.php?doing_wp_cron=1735324224.9125399589538574218750 HTTP/1.1" 200 0 "-" "WordPress/6.7.1; https://misswavenigeria.com"
45.88.97.56 - - [27/Dec/2024:13:30:24 -0500] "GET /register/ HTTP/1.0" 200 75922 "https://misswavenigeria.com/" "Mozilla/5.0 (Windows NT 10.0; Win64; x64) AppleWebKit/537.36 (KHTML, like Gecko) Chrome/103.0.5060.53 Safari/537.36"
66.29.132.124 - - [27/Dec/2024:13:30:25 -0500] "POST /wp-admin/admin-ajax.php?action=async_litespeed&nonce=cDNgmuFWAqgMN9Fd4g4zLAECeiEeUqN0&litespeed_type=imgoptm HTTP/1.1" 200 21 "-" "WordPress/6.7.1; https://misswavenigeria.com"
66.29.132.124 - - [27/Dec/2024:13:31:41 -0500] "POST /wp-cron.php?doing_wp_cron=1735324301.9421339035034179687500 HTTP/1.1" 200 0 "-" "WordPress/6.7.1; https://misswavenigeria.com"
45.88.97.56 - - [27/Dec/2024:13:31:41 -0500] "GET / HTTP/1.0" 200 109053 "https://misswavenigeria.com/" "Mozilla/5.0 (Windows NT 6.3; Win64; x64) AppleWebKit/537.36 (KHTML, like Gecko) Chrome/103.0.0.0 Safari/537.36"
66.29.132.124 - - [27/Dec/2024:13:31:42 -0500] "POST /wp-admin/admin-ajax.php?action=async_litespeed&nonce=Eb48I70fM6izr5qSXvuD3yOZIsVKfKrs&litespeed_type=imgoptm HTTP/1.1" 200 21 "-" "WordPress/6.7.1; https://misswavenigeria.com"
45.88.97.56 - - [27/Dec/2024:13:31:44 -0500] "GET /register/ HTTP/1.0" 200 75922 "https://misswavenigeria.com/register/" "Mozilla/5.0 (Windows NT 6.3; Win64; x64) AppleWebKit/537.36 (KHTML, like Gecko) Chrome/103.0.0.0 Safari/537.36"
45.88.97.56 - - [27/Dec/2024:13:31:46 -0500] "POST /register/ HTTP/1.0" 200 76048 "https://misswavenigeria.com/register/" "Mozilla/5.0 (Windows NT 6.3; Win64; x64) AppleWebKit/537.36 (KHTML, like Gecko) Chrome/103.0.0.0 Safari/537.36"
66.29.132.124 - - [27/Dec/2024:13:33:11 -0500] "POST /wp-cron.php?doing_wp_cron=1735324391.7470209598541259765625 HTTP/1.1" 200 0 "-" "WordPress/6.7.1; https://misswavenigeria.com"
45.88.97.56 - - [27/Dec/2024:13:33:11 -0500] "GET /register/ HTTP/1.0" 200 75922 "https://misswavenigeria.com/" "Mozilla/5.0 (Windows NT 6.3; Win64; x64) AppleWebKit/537.36 (KHTML, like Gecko) Chrome/103.0.0.0 Safari/537.36"
66.29.132.124 - - [27/Dec/2024:13:33:11 -0500] "POST /wp-admin/admin-ajax.php?action=async_litespeed&nonce=K2cDbcEcMYwIu2NlM3zOqHObEFtIcYLZ&litespeed_type=imgoptm HTTP/1.1" 200 21 "-" "WordPress/6.7.1; https://misswavenigeria.com"
66.29.132.124 - - [27/Dec/2024:13:35:09 -0500] "POST /wp-cron.php?doing_wp_cron=1735324509.1430358886718750000000 HTTP/1.1" 200 0 "-" "WordPress/6.7.1; https://misswavenigeria.com"
45.88.97.56 - - [27/Dec/2024:13:35:01 -0500] "GET / HTTP/1.0" 200 109053 "https://misswavenigeria.com/" "Mozilla/5.0 (Windows NT 10.0; Win64; x64) AppleWebKit/537.36 (KHTML, like Gecko) Chrome/103.0.5060.53 Safari/537.36"
66.29.132.124 - - [27/Dec/2024:13:35:09 -0500] "POST /wp-admin/admin-ajax.php?action=async_litespeed&nonce=cVgaKN265BJVwL04sby3ZnhD1YZW7WrR&litespeed_type=imgoptm HTTP/1.1" 200 21 "-" "WordPress/6.7.1; https://misswavenigeria.com"
45.88.97.56 - - [27/Dec/2024:13:35:11 -0500] "GET /register/ HTTP/1.0" 200 75922 "https://misswavenigeria.com/register/" "Mozilla/5.0 (Windows NT 10.0; Win64; x64) AppleWebKit/537.36 (KHTML, like Gecko) Chrome/103.0.5060.53 Safari/537.36"
45.88.97.56 - - [27/Dec/2024:13:35:14 -0500] "POST /register/ HTTP/1.0" 200 76048 "https://misswavenigeria.com/register/" "Mozilla/5.0 (Windows NT 10.0; Win64; x64) AppleWebKit/537.36 (KHTML, like Gecko) Chrome/103.0.5060.53 Safari/537.36"
66.29.132.124 - - [27/Dec/2024:13:36:57 -0500] "POST /wp-cron.php?doing_wp_cron=1735324617.3071589469909667968750 HTTP/1.1" 200 0 "-" "WordPress/6.7.1; https://misswavenigeria.com"
45.88.97.56 - - [27/Dec/2024:13:36:57 -0500] "GET /register/ HTTP/1.0" 200 75922 "https://misswavenigeria.com/" "Mozilla/5.0 (Windows NT 10.0; Win64; x64) AppleWebKit/537.36 (KHTML, like Gecko) Chrome/103.0.5060.53 Safari/537.36"
66.29.132.124 - - [27/Dec/2024:13:36:57 -0500] "POST /wp-admin/admin-ajax.php?action=async_litespeed&nonce=qvbgaytprWS1BCfDpToCKBsfDt3Mu9o5&litespeed_type=imgoptm HTTP/1.1" 200 21 "-" "WordPress/6.7.1; https://misswavenigeria.com"
66.29.132.124 - - [27/Dec/2024:13:38:13 -0500] "POST /wp-cron.php?doing_wp_cron=1735324693.0765519142150878906250 HTTP/1.1" 200 0 "-" "WordPress/6.7.1; https://misswavenigeria.com"
45.88.97.56 - - [27/Dec/2024:13:38:12 -0500] "GET / HTTP/1.0" 200 109053 "https://misswavenigeria.com/" "Mozilla/5.0 (Windows NT 6.1; Win64; x64) AppleWebKit/537.36 (KHTML, like Gecko) Chrome/103.0.5060.114 Safari/537.36"
66.29.132.124 - - [27/Dec/2024:13:38:13 -0500] "POST /wp-admin/admin-ajax.php?action=async_litespeed&nonce=OI13py20aUDDjRyTDVsUsvp5fagIKJeB&litespeed_type=imgoptm HTTP/1.1" 200 21 "-" "WordPress/6.7.1; https://misswavenigeria.com"
45.88.97.56 - - [27/Dec/2024:13:38:15 -0500] "GET /register/ HTTP/1.0" 200 75922 "https://misswavenigeria.com/register/" "Mozilla/5.0 (Windows NT 6.1; Win64; x64) AppleWebKit/537.36 (KHTML, like Gecko) Chrome/103.0.5060.114 Safari/537.36"
45.88.97.56 - - [27/Dec/2024:13:38:17 -0500] "POST /register/ HTTP/1.0" 200 76048 "https://misswavenigeria.com/register/" "Mozilla/5.0 (Windows NT 6.1; Win64; x64) AppleWebKit/537.36 (KHTML, like Gecko) Chrome/103.0.5060.114 Safari/537.36"
66.29.132.124 - - [27/Dec/2024:13:40:04 -0500] "POST /wp-cron.php?doing_wp_cron=1735324803.6805210113525390625000 HTTP/1.1" 200 0 "-" "WordPress/6.7.1; https://misswavenigeria.com"
45.88.97.56 - - [27/Dec/2024:13:40:02 -0500] "GET /register/ HTTP/1.0" 200 75922 "https://misswavenigeria.com/" "Mozilla/5.0 (Windows NT 6.1; Win64; x64) AppleWebKit/537.36 (KHTML, like Gecko) Chrome/103.0.5060.114 Safari/537.36"
66.29.132.124 - - [27/Dec/2024:13:40:05 -0500] "POST /wp-admin/admin-ajax.php?action=async_litespeed&nonce=ni8yap89116pElkA3X9O9Y1fXjPTehUJ&litespeed_type=imgoptm HTTP/1.1" 200 21 "-" "WordPress/6.7.1; https://misswavenigeria.com"
66.29.132.124 - - [27/Dec/2024:13:41:27 -0500] "POST /wp-cron.php?doing_wp_cron=1735324887.7717719078063964843750 HTTP/1.1" 200 0 "-" "WordPress/6.7.1; https://misswavenigeria.com"
45.88.97.56 - - [27/Dec/2024:13:41:27 -0500] "GET / HTTP/1.0" 200 109055 "https://misswavenigeria.com/" "Mozilla/5.0 (Windows NT 6.1; WOW64) AppleWebKit/537.36 (KHTML, like Gecko) Chrome/103.0.0.0 Safari/537.36"
66.29.132.124 - - [27/Dec/2024:13:41:28 -0500] "POST /wp-admin/admin-ajax.php?action=async_litespeed&nonce=YDTXBhpGMiqXehYqq2VQ9ihmvg2lCUCn&litespeed_type=imgoptm HTTP/1.1" 200 21 "-" "WordPress/6.7.1; https://misswavenigeria.com"
45.88.97.56 - - [27/Dec/2024:13:41:30 -0500] "GET /register/ HTTP/1.0" 200 75922 "https://misswavenigeria.com/register/" "Mozilla/5.0 (Windows NT 6.1; WOW64) AppleWebKit/537.36 (KHTML, like Gecko) Chrome/103.0.0.0 Safari/537.36"
45.88.97.56 - - [27/Dec/2024:13:41:32 -0500] "POST /register/ HTTP/1.0" 200 76048 "https://misswavenigeria.com/register/" "Mozilla/5.0 (Windows NT 6.1; WOW64) AppleWebKit/537.36 (KHTML, like Gecko) Chrome/103.0.0.0 Safari/537.36"
66.29.132.124 - - [27/Dec/2024:13:43:11 -0500] "POST /wp-cron.php?doing_wp_cron=1735324991.5071570873260498046875 HTTP/1.1" 200 0 "-" "WordPress/6.7.1; https://misswavenigeria.com"
45.88.97.56 - - [27/Dec/2024:13:43:11 -0500] "GET /register/ HTTP/1.0" 200 75922 "https://misswavenigeria.com/" "Mozilla/5.0 (Windows NT 6.1; WOW64) AppleWebKit/537.36 (KHTML, like Gecko) Chrome/103.0.0.0 Safari/537.36"
66.29.132.124 - - [27/Dec/2024:13:43:11 -0500] "POST /wp-admin/admin-ajax.php?action=async_litespeed&nonce=YrtDVRGVsZae7mfeTf7gokFuLgMT90oI&litespeed_type=imgoptm HTTP/1.1" 200 21 "-" "WordPress/6.7.1; https://misswavenigeria.com"
66.29.132.124 - - [27/Dec/2024:13:44:41 -0500] "POST /wp-cron.php?doing_wp_cron=1735325081.3108959197998046875000 HTTP/1.1" 200 0 "-" "WordPress/6.7.1; https://misswavenigeria.com"
45.88.97.56 - - [27/Dec/2024:13:44:37 -0500] "GET / HTTP/1.0" 200 109053 "https://misswavenigeria.com/" "Mozilla/5.0 (Windows NT 10.0; Win64; x64) AppleWebKit/537.36 (KHTML, like Gecko) Chrome/103.0.0.0 Safari/537.36 Herring/95.1.8810.11"
66.29.132.124 - - [27/Dec/2024:13:44:41 -0500] "POST /wp-admin/admin-ajax.php?action=async_litespeed&nonce=ZlvCzmtsOKaEQZFXNSgn2GnkHNgDPlmW&litespeed_type=imgoptm HTTP/1.1" 200 21 "-" "WordPress/6.7.1; https://misswavenigeria.com"
45.88.97.56 - - [27/Dec/2024:13:44:43 -0500] "GET /register/ HTTP/1.0" 200 75922 "https://misswavenigeria.com/register/" "Mozilla/5.0 (Windows NT 10.0; Win64; x64) AppleWebKit/537.36 (KHTML, like Gecko) Chrome/103.0.0.0 Safari/537.36 Herring/95.1.8810.11"
45.88.97.56 - - [27/Dec/2024:13:44:45 -0500] "POST /register/ HTTP/1.0" 200 76048 "https://misswavenigeria.com/register/" "Mozilla/5.0 (Windows NT 10.0; Win64; x64) AppleWebKit/537.36 (KHTML, like Gecko) Chrome/103.0.0.0 Safari/537.36 Herring/95.1.8810.11"
66.29.132.124 - - [27/Dec/2024:13:47:01 -0500] "POST /wp-cron.php?doing_wp_cron=1735325221.7434649467468261718750 HTTP/1.1" 200 0 "-" "WordPress/6.7.1; https://misswavenigeria.com"
45.88.97.56 - - [27/Dec/2024:13:47:01 -0500] "GET /register/ HTTP/1.0" 200 75922 "https://misswavenigeria.com/" "Mozilla/5.0 (Windows NT 10.0; Win64; x64) AppleWebKit/537.36 (KHTML, like Gecko) Chrome/103.0.0.0 Safari/537.36 Herring/95.1.8810.11"
66.29.132.124 - - [27/Dec/2024:13:47:02 -0500] "POST /wp-admin/admin-ajax.php?action=async_litespeed&nonce=RAxuJBDsP7dwZrIHIY2sP8VS1TZN6lPZ&litespeed_type=imgoptm HTTP/1.1" 200 21 "-" "WordPress/6.7.1; https://misswavenigeria.com"
66.29.132.124 - - [27/Dec/2024:13:47:57 -0500] "POST /wp-cron.php?doing_wp_cron=1735325277.7989730834960937500000 HTTP/1.1" 200 0 "-" "WordPress/6.7.1; https://misswavenigeria.com"
45.88.97.56 - - [27/Dec/2024:13:47:57 -0500] "GET / HTTP/1.0" 200 109053 "https://misswavenigeria.com/" "Mozilla/5.0 (Windows NT 10.0; WOW64) AppleWebKit/537.36 (KHTML, like Gecko) Chrome/103.0.0.0 Safari/537.36"
66.29.132.124 - - [27/Dec/2024:13:47:58 -0500] "POST /wp-admin/admin-ajax.php?action=async_litespeed&nonce=OHtkodVrwaeiXHrJHWmkR1SelcfY4D3d&litespeed_type=imgoptm HTTP/1.1" 200 21 "-" "WordPress/6.7.1; https://misswavenigeria.com"
45.88.97.56 - - [27/Dec/2024:13:48:00 -0500] "GET /register/ HTTP/1.0" 200 75922 "https://misswavenigeria.com/register/" "Mozilla/5.0 (Windows NT 10.0; WOW64) AppleWebKit/537.36 (KHTML, like Gecko) Chrome/103.0.0.0 Safari/537.36"
45.88.97.56 - - [27/Dec/2024:13:48:02 -0500] "POST /register/ HTTP/1.0" 200 76048 "https://misswavenigeria.com/register/" "Mozilla/5.0 (Windows NT 10.0; WOW64) AppleWebKit/537.36 (KHTML, like Gecko) Chrome/103.0.0.0 Safari/537.36"
66.29.132.124 - - [27/Dec/2024:13:49:46 -0500] "POST /wp-cron.php?doing_wp_cron=1735325386.4263730049133300781250 HTTP/1.1" 200 0 "-" "WordPress/6.7.1; https://misswavenigeria.com"
45.88.97.56 - - [27/Dec/2024:13:49:46 -0500] "GET /register/ HTTP/1.0" 200 75922 "https://misswavenigeria.com/" "Mozilla/5.0 (Windows NT 10.0; WOW64) AppleWebKit/537.36 (KHTML, like Gecko) Chrome/103.0.0.0 Safari/537.36"
66.29.132.124 - - [27/Dec/2024:13:49:46 -0500] "POST /wp-admin/admin-ajax.php?action=async_litespeed&nonce=tjOWPLvlNL6TIoFCvRG1xfo5wB8BobiG&litespeed_type=imgoptm HTTP/1.1" 200 21 "-" "WordPress/6.7.1; https://misswavenigeria.com"
66.29.132.124 - - [27/Dec/2024:13:51:12 -0500] "POST /wp-cron.php?doing_wp_cron=1735325472.2737090587615966796875 HTTP/1.1" 200 0 "-" "WordPress/6.7.1; https://misswavenigeria.com"
45.88.97.56 - - [27/Dec/2024:13:51:09 -0500] "GET / HTTP/1.0" 200 109051 "https://misswavenigeria.com/" "Mozilla/5.0 (Windows NT 6.2; Win64; x64) AppleWebKit/537.36 (KHTML, like Gecko) Chrome/103.0.0.0 Safari/537.36"
66.29.132.124 - - [27/Dec/2024:13:51:12 -0500] "POST /wp-admin/admin-ajax.php?action=async_litespeed&nonce=ZH5b5NzNPNBJ54k4xvw4XCyjH1zb7pNz&litespeed_type=imgoptm HTTP/1.1" 200 21 "-" "WordPress/6.7.1; https://misswavenigeria.com"
45.88.97.56 - - [27/Dec/2024:13:51:14 -0500] "GET /register/ HTTP/1.0" 200 75922 "https://misswavenigeria.com/register/" "Mozilla/5.0 (Windows NT 6.2; Win64; x64) AppleWebKit/537.36 (KHTML, like Gecko) Chrome/103.0.0.0 Safari/537.36"
45.88.97.56 - - [27/Dec/2024:13:51:16 -0500] "POST /register/ HTTP/1.0" 200 76048 "https://misswavenigeria.com/register/" "Mozilla/5.0 (Windows NT 6.2; Win64; x64) AppleWebKit/537.36 (KHTML, like Gecko) Chrome/103.0.0.0 Safari/537.36"
66.29.132.124 - - [27/Dec/2024:13:53:01 -0500] "POST /wp-cron.php?doing_wp_cron=1735325581.4621589183807373046875 HTTP/1.1" 200 0 "-" "WordPress/6.7.1; https://misswavenigeria.com"
45.88.97.56 - - [27/Dec/2024:13:53:01 -0500] "GET /register/ HTTP/1.0" 200 75922 "https://misswavenigeria.com/" "Mozilla/5.0 (Windows NT 6.2; Win64; x64) AppleWebKit/537.36 (KHTML, like Gecko) Chrome/103.0.0.0 Safari/537.36"
66.29.132.124 - - [27/Dec/2024:13:53:01 -0500] "POST /wp-admin/admin-ajax.php?action=async_litespeed&nonce=IPMp53oFsST4h5KT2l4j2usyA6JIZ22G&litespeed_type=imgoptm HTTP/1.1" 200 21 "-" "WordPress/6.7.1; https://misswavenigeria.com"
66.29.132.124 - - [27/Dec/2024:13:54:03 -0500] "POST /wp-cron.php?doing_wp_cron=1735325643.2758319377899169921875 HTTP/1.1" 200 0 "-" "WordPress/6.7.1; https://misswavenigeria.com"
66.249.79.2 - - [27/Dec/2024:13:54:03 -0500] "GET /goods/E115626?k=product HTTP/1.1" 301 0 "-" "Mozilla/5.0 (Linux; Android 6.0.1; Nexus 5X Build/MMB29P) AppleWebKit/537.36 (KHTML, like Gecko) Chrome/131.0.6778.139 Mobile Safari/537.36 (compatible; Googlebot/2.1; +http://www.google.com/bot.html)"
66.249.68.68 - - [27/Dec/2024:13:54:03 -0500] "GET /goods/E115626?k=product HTTP/1.1" 404 15610 "-" "Mozilla/5.0 (Linux; Android 6.0.1; Nexus 5X Build/MMB29P) AppleWebKit/537.36 (KHTML, like Gecko) Chrome/131.0.6778.139 Mobile Safari/537.36 (compatible; Googlebot/2.1; +http://www.google.com/bot.html)"
66.29.132.124 - - [27/Dec/2024:13:54:03 -0500] "POST /wp-admin/admin-ajax.php?action=async_litespeed&nonce=WQUjUG8EAuyPDNasoK6E5YgudI7306ek&litespeed_type=imgoptm HTTP/1.1" 200 21 "-" "WordPress/6.7.1; https://misswavenigeria.com"
66.29.132.124 - - [27/Dec/2024:13:54:30 -0500] "POST /wp-cron.php?doing_wp_cron=1735325670.1727418899536132812500 HTTP/1.1" 200 0 "-" "WordPress/6.7.1; https://misswavenigeria.com"
45.88.97.56 - - [27/Dec/2024:13:54:29 -0500] "GET / HTTP/1.0" 200 109053 "https://misswavenigeria.com/" "Mozilla/5.0 (Windows NT 6.1; Win64; x64) AppleWebKit/537.36 (KHTML, like Gecko) Chrome/103.0.0.0 Safari/537.36"
45.88.97.56 - - [27/Dec/2024:13:54:32 -0500] "GET /register/ HTTP/1.0" 200 75922 "https://misswavenigeria.com/register/" "Mozilla/5.0 (Windows NT 6.1; Win64; x64) AppleWebKit/537.36 (KHTML, like Gecko) Chrome/103.0.0.0 Safari/537.36"
66.29.132.124 - - [27/Dec/2024:13:55:36 -0500] "POST /wp-cron.php?doing_wp_cron=1735325736.7082889080047607421875 HTTP/1.1" 200 0 "-" "WordPress/6.7.1; https://misswavenigeria.com"
66.249.79.4 - - [27/Dec/2024:13:55:36 -0500] "GET /goods/C391224?k=product HTTP/1.1" 301 0 "-" "Mozilla/5.0 (Linux; Android 6.0.1; Nexus 5X Build/MMB29P) AppleWebKit/537.36 (KHTML, like Gecko) Chrome/131.0.6778.139 Mobile Safari/537.36 (compatible; Googlebot/2.1; +http://www.google.com/bot.html)"
66.29.132.124 - - [27/Dec/2024:13:55:37 -0500] "POST /wp-admin/admin-ajax.php?action=async_litespeed&nonce=3Il8Y7yWNltaVuzy6tl2tkCxyuEa28mc&litespeed_type=imgoptm HTTP/1.1" 200 21 "-" "WordPress/6.7.1; https://misswavenigeria.com"
66.249.68.66 - - [27/Dec/2024:13:55:37 -0500] "GET /goods/C391224?k=product HTTP/1.1" 404 15610 "-" "Mozilla/5.0 (Linux; Android 6.0.1; Nexus 5X Build/MMB29P) AppleWebKit/537.36 (KHTML, like Gecko) Chrome/131.0.6778.139 Mobile Safari/537.36 (compatible; Googlebot/2.1; +http://www.google.com/bot.html)"
45.88.97.56 - - [27/Dec/2024:13:54:34 -0500] "POST /register/ HTTP/1.0" 200 76048 "https://misswavenigeria.com/register/" "Mozilla/5.0 (Windows NT 6.1; Win64; x64) AppleWebKit/537.36 (KHTML, like Gecko) Chrome/103.0.0.0 Safari/537.36"
66.29.132.124 - - [27/Dec/2024:13:56:29 -0500] "POST /wp-cron.php?doing_wp_cron=1735325789.3331348896026611328125 HTTP/1.1" 200 0 "-" "WordPress/6.7.1; https://misswavenigeria.com"
45.88.97.56 - - [27/Dec/2024:13:56:29 -0500] "GET /register/ HTTP/1.0" 200 75922 "https://misswavenigeria.com/" "Mozilla/5.0 (Windows NT 6.1; Win64; x64) AppleWebKit/537.36 (KHTML, like Gecko) Chrome/103.0.0.0 Safari/537.36"
66.29.132.124 - - [27/Dec/2024:13:56:29 -0500] "POST /wp-admin/admin-ajax.php?action=async_litespeed&nonce=OqC0BPBx7caG9GXmC09HYSxkIsjBoQ7R&litespeed_type=imgoptm HTTP/1.1" 200 21 "-" "WordPress/6.7.1; https://misswavenigeria.com"
66.29.132.124 - - [27/Dec/2024:13:57:43 -0500] "POST /wp-cron.php?doing_wp_cron=1735325863.1071441173553466796875 HTTP/1.1" 200 0 "-" "WordPress/6.7.1; https://misswavenigeria.com"
45.88.97.56 - - [27/Dec/2024:13:57:42 -0500] "GET / HTTP/1.0" 200 109053 "https://misswavenigeria.com/" "Mozilla/5.0 (Windows NT 6.1; Win64; x64) AppleWebKit/537.36 (KHTML, like Gecko) Chrome/103.0.0.0 Safari/537.36"
66.29.132.124 - - [27/Dec/2024:13:57:43 -0500] "POST /wp-admin/admin-ajax.php?action=async_litespeed&nonce=NFrohg8yMMsjHrU5w5wcAAh2NRROCAK0&litespeed_type=imgoptm HTTP/1.1" 200 21 "-" "WordPress/6.7.1; https://misswavenigeria.com"
45.88.97.56 - - [27/Dec/2024:13:57:46 -0500] "GET /register/ HTTP/1.0" 200 75922 "https://misswavenigeria.com/register/" "Mozilla/5.0 (Windows NT 6.1; Win64; x64) AppleWebKit/537.36 (KHTML, like Gecko) Chrome/103.0.0.0 Safari/537.36"
45.88.97.56 - - [27/Dec/2024:13:57:47 -0500] "POST /register/ HTTP/1.0" 200 76048 "https://misswavenigeria.com/register/" "Mozilla/5.0 (Windows NT 6.1; Win64; x64) AppleWebKit/537.36 (KHTML, like Gecko) Chrome/103.0.0.0 Safari/537.36"
66.29.132.124 - - [27/Dec/2024:13:59:16 -0500] "POST /wp-cron.php?doing_wp_cron=1735325956.8625330924987792968750 HTTP/1.1" 200 0 "-" "WordPress/6.7.1; https://misswavenigeria.com"
45.88.97.56 - - [27/Dec/2024:13:59:16 -0500] "GET /register/ HTTP/1.0" 200 75922 "https://misswavenigeria.com/" "Mozilla/5.0 (Windows NT 6.1; Win64; x64) AppleWebKit/537.36 (KHTML, like Gecko) Chrome/103.0.0.0 Safari/537.36"
66.29.132.124 - - [27/Dec/2024:13:59:17 -0500] "POST /wp-admin/admin-ajax.php?action=async_litespeed&nonce=eG0k71h6NNqecVNct0MTyPTQyH3LKFlQ&litespeed_type=imgoptm HTTP/1.1" 200 21 "-" "WordPress/6.7.1; https://misswavenigeria.com"
66.29.132.124 - - [27/Dec/2024:14:01:00 -0500] "POST /wp-cron.php?doing_wp_cron=1735326060.0229530334472656250000 HTTP/1.1" 200 0 "-" "WordPress/6.7.1; https://misswavenigeria.com"
45.88.97.56 - - [27/Dec/2024:14:00:56 -0500] "GET / HTTP/1.0" 200 109053 "https://misswavenigeria.com/" "Mozilla/5.0 (Windows NT 6.1; Win64; x64) AppleWebKit/537.36 (KHTML, like Gecko) Chrome/103.0.5060.114 Safari/537.36"
66.29.132.124 - - [27/Dec/2024:14:01:01 -0500] "POST /wp-admin/admin-ajax.php?action=async_litespeed&nonce=LrHJWpXOHbdiaZQAihrrCfllCuIexs4V&litespeed_type=imgoptm HTTP/1.1" 200 21 "-" "WordPress/6.7.1; https://misswavenigeria.com"
45.88.97.56 - - [27/Dec/2024:14:01:03 -0500] "GET /register/ HTTP/1.0" 200 75922 "https://misswavenigeria.com/register/" "Mozilla/5.0 (Windows NT 6.1; Win64; x64) AppleWebKit/537.36 (KHTML, like Gecko) Chrome/103.0.5060.114 Safari/537.36"
66.29.132.124 - - [27/Dec/2024:14:02:00 -0500] "POST /wp-cron.php?doing_wp_cron=1735326120.8956398963928222656250 HTTP/1.1" 200 0 "-" "WordPress/6.7.1; https://misswavenigeria.com"
66.249.68.66 - - [27/Dec/2024:14:02:00 -0500] "GET /item/R962667HS?c=760&keyword=injure HTTP/1.1" 404 15610 "-" "Mozilla/5.0 (Linux; Android 6.0.1; Nexus 5X Build/MMB29P) AppleWebKit/537.36 (KHTML, like Gecko) Chrome/131.0.6778.204 Mobile Safari/537.36 (compatible; Googlebot/2.1; +http://www.google.com/bot.html)"
66.29.132.124 - - [27/Dec/2024:14:02:01 -0500] "POST /wp-admin/admin-ajax.php?action=async_litespeed&nonce=t0bWAWILqdQhBAnoaly34NqycEsUrsno&litespeed_type=imgoptm HTTP/1.1" 200 21 "-" "WordPress/6.7.1; https://misswavenigeria.com"
45.88.97.56 - - [27/Dec/2024:14:01:05 -0500] "POST /register/ HTTP/1.0" 200 76048 "https://misswavenigeria.com/register/" "Mozilla/5.0 (Windows NT 6.1; Win64; x64) AppleWebKit/537.36 (KHTML, like Gecko) Chrome/103.0.5060.114 Safari/537.36"
66.29.132.124 - - [27/Dec/2024:14:02:36 -0500] "POST /wp-cron.php?doing_wp_cron=1735326156.7005689144134521484375 HTTP/1.1" 200 0 "-" "WordPress/6.7.1; https://misswavenigeria.com"
45.88.97.56 - - [27/Dec/2024:14:02:36 -0500] "GET /register/ HTTP/1.0" 200 75922 "https://misswavenigeria.com/" "Mozilla/5.0 (Windows NT 6.1; Win64; x64) AppleWebKit/537.36 (KHTML, like Gecko) Chrome/103.0.5060.114 Safari/537.36"
66.29.132.124 - - [27/Dec/2024:14:04:07 -0500] "POST /wp-cron.php?doing_wp_cron=1735326247.4383740425109863281250 HTTP/1.1" 200 0 "-" "WordPress/6.7.1; https://misswavenigeria.com"
45.88.97.56 - - [27/Dec/2024:14:04:05 -0500] "GET / HTTP/1.0" 200 109053 "https://misswavenigeria.com/" "Mozilla/5.0 (Windows NT 6.3; Win64; x64) AppleWebKit/537.36 (KHTML, like Gecko) Chrome/103.0.5060.53 Safari/537.36"
66.29.132.124 - - [27/Dec/2024:14:04:07 -0500] "POST /wp-admin/admin-ajax.php?action=async_litespeed&nonce=VfI6lFWa8EtYk8Mq1BnUXL69QVDxxxfr&litespeed_type=imgoptm HTTP/1.1" 200 21 "-" "WordPress/6.7.1; https://misswavenigeria.com"
45.88.97.56 - - [27/Dec/2024:14:04:09 -0500] "GET /register/ HTTP/1.0" 200 75922 "https://misswavenigeria.com/register/" "Mozilla/5.0 (Windows NT 6.3; Win64; x64) AppleWebKit/537.36 (KHTML, like Gecko) Chrome/103.0.5060.53 Safari/537.36"
45.88.97.56 - - [27/Dec/2024:14:04:11 -0500] "POST /register/ HTTP/1.0" 200 76048 "https://misswavenigeria.com/register/" "Mozilla/5.0 (Windows NT 6.3; Win64; x64) AppleWebKit/537.36 (KHTML, like Gecko) Chrome/103.0.5060.53 Safari/537.36"
66.29.132.124 - - [27/Dec/2024:14:05:48 -0500] "POST /wp-cron.php?doing_wp_cron=1735326348.6159179210662841796875 HTTP/1.1" 200 0 "-" "WordPress/6.7.1; https://misswavenigeria.com"
45.88.97.56 - - [27/Dec/2024:14:05:48 -0500] "GET /register/ HTTP/1.0" 200 75922 "https://misswavenigeria.com/" "Mozilla/5.0 (Windows NT 6.3; Win64; x64) AppleWebKit/537.36 (KHTML, like Gecko) Chrome/103.0.5060.53 Safari/537.36"
66.29.132.124 - - [27/Dec/2024:14:05:48 -0500] "POST /wp-admin/admin-ajax.php?action=async_litespeed&nonce=RdjivZbgbmsPftHUs0tHZ96AdnSe9CcK&litespeed_type=imgoptm HTTP/1.1" 200 21 "-" "WordPress/6.7.1; https://misswavenigeria.com"
185.191.171.14 - - [27/Dec/2024:14:05:54 -0500] "GET /robots.txt HTTP/1.1" 200 115 "-" "Mozilla/5.0 (compatible; SemrushBot/7~bl; +http://www.semrush.com/bot.html)"
185.191.171.15 - - [27/Dec/2024:14:05:55 -0500] "GET /ombreteam/chekwube-isaac/ HTTP/1.1" 200 18675 "-" "Mozilla/5.0 (compatible; SemrushBot/7~bl; +http://www.semrush.com/bot.html)"
66.29.132.124 - - [27/Dec/2024:14:07:12 -0500] "POST /wp-cron.php?doing_wp_cron=1735326432.3241798877716064453125 HTTP/1.1" 200 0 "-" "WordPress/6.7.1; https://misswavenigeria.com"
45.88.97.56 - - [27/Dec/2024:14:07:12 -0500] "GET / HTTP/1.0" 200 109053 "https://misswavenigeria.com/" "Mozilla/5.0 (Windows NT 6.3) AppleWebKit/537.36 (KHTML, like Gecko) Chrome/103.0.0.0 Safari/537.36"
66.29.132.124 - - [27/Dec/2024:14:07:12 -0500] "POST /wp-admin/admin-ajax.php?action=async_litespeed&nonce=wCC3JSSrCwBN9liYuNEjfufT2WknqVXk&litespeed_type=imgoptm HTTP/1.1" 200 21 "-" "WordPress/6.7.1; https://misswavenigeria.com"
45.88.97.56 - - [27/Dec/2024:14:07:14 -0500] "GET /register/ HTTP/1.0" 200 75922 "https://misswavenigeria.com/register/" "Mozilla/5.0 (Windows NT 6.3) AppleWebKit/537.36 (KHTML, like Gecko) Chrome/103.0.0.0 Safari/537.36"
45.88.97.56 - - [27/Dec/2024:14:07:16 -0500] "POST /register/ HTTP/1.0" 200 76048 "https://misswavenigeria.com/register/" "Mozilla/5.0 (Windows NT 6.3) AppleWebKit/537.36 (KHTML, like Gecko) Chrome/103.0.0.0 Safari/537.36"
66.29.132.124 - - [27/Dec/2024:14:09:09 -0500] "POST /wp-cron.php?doing_wp_cron=1735326549.1883699893951416015625 HTTP/1.1" 200 0 "-" "WordPress/6.7.1; https://misswavenigeria.com"
45.88.97.56 - - [27/Dec/2024:14:09:08 -0500] "GET /register/ HTTP/1.0" 200 75922 "https://misswavenigeria.com/" "Mozilla/5.0 (Windows NT 6.3) AppleWebKit/537.36 (KHTML, like Gecko) Chrome/103.0.0.0 Safari/537.36"
66.29.132.124 - - [27/Dec/2024:14:09:09 -0500] "POST /wp-admin/admin-ajax.php?action=async_litespeed&nonce=R1SmMzauAVmEY2LQyDttH9dOlhMvhaEN&litespeed_type=imgoptm HTTP/1.1" 200 21 "-" "WordPress/6.7.1; https://misswavenigeria.com"
66.29.132.124 - - [27/Dec/2024:14:10:27 -0500] "POST /wp-cron.php?doing_wp_cron=1735326627.4909260272979736328125 HTTP/1.1" 200 0 "-" "WordPress/6.7.1; https://misswavenigeria.com"
45.88.97.56 - - [27/Dec/2024:14:10:27 -0500] "GET / HTTP/1.0" 200 109055 "https://misswavenigeria.com/" "Mozilla/5.0 (Windows NT 10.0; Win64; x64) AppleWebKit/537.36 (KHTML, like Gecko) Chrome/103.0.5060.53 Safari/537.36"
66.29.132.124 - - [27/Dec/2024:14:10:27 -0500] "POST /wp-admin/admin-ajax.php?action=async_litespeed&nonce=851swefDJBF9C6jmpj1BdAnhYLhiRfsk&litespeed_type=imgoptm HTTP/1.1" 200 21 "-" "WordPress/6.7.1; https://misswavenigeria.com"
45.88.97.56 - - [27/Dec/2024:14:10:29 -0500] "GET /register/ HTTP/1.0" 200 75922 "https://misswavenigeria.com/register/" "Mozilla/5.0 (Windows NT 10.0; Win64; x64) AppleWebKit/537.36 (KHTML, like Gecko) Chrome/103.0.5060.53 Safari/537.36"
154.3.151.117 - - [27/Dec/2024:14:11:02 -0500] "GET / HTTP/1.1" 200 24484 "-" "Mozilla/5.0 (Macintosh; Intel Mac OS X 10_15_7) AppleWebKit/537.36 (KHTML, like Gecko) Chrome/127.0.0 Safari/537.36"
66.29.132.124 - - [27/Dec/2024:14:11:02 -0500] "POST /wp-cron.php?doing_wp_cron=1735326662.4410209655761718750000 HTTP/1.1" 200 0 "-" "WordPress/6.7.1; https://misswavenigeria.com"
173.244.35.53 - - [27/Dec/2024:14:11:02 -0500] "GET /sponsors HTTP/1.1" 404 18011 "-" "Mozilla/5.0 (Macintosh; Intel Mac OS X 10_15_7) AppleWebKit/537.36 (KHTML, like Gecko) Chrome/127.0.0 Safari/537.36"
66.29.132.124 - - [27/Dec/2024:14:11:02 -0500] "POST /wp-admin/admin-ajax.php?action=async_litespeed&nonce=sFGlAXl6WECnz26zTjGODFSbTP3xOY3O&litespeed_type=imgoptm HTTP/1.1" 200 21 "-" "WordPress/6.7.1; https://misswavenigeria.com"
185.162.119.2 - - [27/Dec/2024:14:11:04 -0500] "GET /sponsors HTTP/1.1" 404 18011 "-" "Mozilla/5.0 (Macintosh; Intel Mac OS X 10_15_7) AppleWebKit/537.36 (KHTML, like Gecko) Chrome/127.0.0 Safari/537.36"
104.143.89.65 - - [27/Dec/2024:14:11:09 -0500] "GET /sponsors HTTP/1.1" 404 18011 "-" "Mozilla/5.0 (Macintosh; Intel Mac OS X 10_15_7) AppleWebKit/537.36 (KHTML, like Gecko) Chrome/127.0.0 Safari/537.36"
45.88.97.56 - - [27/Dec/2024:14:10:31 -0500] "POST /register/ HTTP/1.0" 200 76048 "https://misswavenigeria.com/register/" "Mozilla/5.0 (Windows NT 10.0; Win64; x64) AppleWebKit/537.36 (KHTML, like Gecko) Chrome/103.0.5060.53 Safari/537.36"
65.21.193.102 - - [27/Dec/2024:14:12:00 -0500] "GET /wp-content/uploads/2023/10/0K4A4436-scaled-e1697480944884.jpg HTTP/1.1" 200 169726 "-" "Mozilla/5.0 (X11; Linux x86_64) AppleWebKit/537.36 (KHTML, like Gecko) Chrome/126.0.0.0 Safari/537.36"
65.21.193.102 - - [27/Dec/2024:14:12:02 -0500] "GET /wp-content/uploads/2023/10/0K4A4435-scaled-e1697480900641.jpg HTTP/1.1" 200 166042 "-" "Mozilla/5.0 (X11; Linux x86_64) AppleWebKit/537.36 (KHTML, like Gecko) Chrome/126.0.0.0 Safari/537.36"
66.29.132.124 - - [27/Dec/2024:14:12:02 -0500] "POST /wp-cron.php?doing_wp_cron=1735326722.2161629199981689453125 HTTP/1.1" 200 0 "-" "WordPress/6.7.1; https://misswavenigeria.com"
45.88.97.56 - - [27/Dec/2024:14:12:02 -0500] "GET /register/ HTTP/1.0" 200 75922 "https://misswavenigeria.com/" "Mozilla/5.0 (Windows NT 10.0; Win64; x64) AppleWebKit/537.36 (KHTML, like Gecko) Chrome/103.0.5060.53 Safari/537.36"
66.29.132.124 - - [27/Dec/2024:14:12:02 -0500] "POST /wp-admin/admin-ajax.php?action=async_litespeed&nonce=UZROSD0C8qmFLQpCEWe9H6ppP5Fz0BZ5&litespeed_type=imgoptm HTTP/1.1" 200 21 "-" "WordPress/6.7.1; https://misswavenigeria.com"
65.21.193.102 - - [27/Dec/2024:14:12:03 -0500] "GET /wp-content/uploads/2023/08/IMG_4610-scaled-e1692655489166.jpg HTTP/1.1" 200 271070 "-" "Mozilla/5.0 (X11; Linux x86_64) AppleWebKit/537.36 (KHTML, like Gecko) Chrome/126.0.0.0 Safari/537.36"
65.21.193.102 - - [27/Dec/2024:14:12:04 -0500] "GET /wp-content/uploads/2023/08/IMG_4609-scaled-e1692655568413.jpg HTTP/1.1" 200 160987 "-" "Mozilla/5.0 (X11; Linux x86_64) AppleWebKit/537.36 (KHTML, like Gecko) Chrome/126.0.0.0 Safari/537.36"
65.21.193.102 - - [27/Dec/2024:14:12:06 -0500] "GET /wp-content/uploads/2023/11/Constetant-2.jpg HTTP/1.1" 200 1029505 "-" "Mozilla/5.0 (X11; Linux x86_64) AppleWebKit/537.36 (KHTML, like Gecko) Chrome/126.0.0.0 Safari/537.36"
65.21.193.102 - - [27/Dec/2024:14:12:07 -0500] "GET /wp-content/uploads/2023/11/Constetant-3.jpg HTTP/1.1" 200 980264 "-" "Mozilla/5.0 (X11; Linux x86_64) AppleWebKit/537.36 (KHTML, like Gecko) Chrome/126.0.0.0 Safari/537.36"
65.21.193.102 - - [27/Dec/2024:14:12:09 -0500] "GET /wp-content/uploads/2023/10/Constetants-Kano.jpg HTTP/1.1" 200 1751574 "-" "Mozilla/5.0 (X11; Linux x86_64) AppleWebKit/537.36 (KHTML, like Gecko) Chrome/126.0.0.0 Safari/537.36"
65.21.193.102 - - [27/Dec/2024:14:12:11 -0500] "GET /wp-content/uploads/2023/10/Constetants-3-1.jpg HTTP/1.1" 200 1974272 "-" "Mozilla/5.0 (X11; Linux x86_64) AppleWebKit/537.36 (KHTML, like Gecko) Chrome/126.0.0.0 Safari/537.36"
65.21.193.102 - - [27/Dec/2024:14:12:13 -0500] "GET /wp-content/uploads/2023/10/Constetant-1.jpg HTTP/1.1" 200 2036011 "-" "Mozilla/5.0 (X11; Linux x86_64) AppleWebKit/537.36 (KHTML, like Gecko) Chrome/126.0.0.0 Safari/537.36"
65.21.193.102 - - [27/Dec/2024:14:12:15 -0500] "GET /wp-content/uploads/2023/10/Blessing-Miss-Abia.png HTTP/1.1" 200 1770470 "-" "Mozilla/5.0 (X11; Linux x86_64) AppleWebKit/537.36 (KHTML, like Gecko) Chrome/126.0.0.0 Safari/537.36"
65.21.193.102 - - [27/Dec/2024:14:12:17 -0500] "GET /wp-content/uploads/2023/10/Constetant.jpg HTTP/1.1" 200 2267255 "-" "Mozilla/5.0 (X11; Linux x86_64) AppleWebKit/537.36 (KHTML, like Gecko) Chrome/126.0.0.0 Safari/537.36"
65.21.193.102 - - [27/Dec/2024:14:12:19 -0500] "GET /wp-content/uploads/2023/10/Constetants.jpg HTTP/1.1" 200 1751188 "-" "Mozilla/5.0 (X11; Linux x86_64) AppleWebKit/537.36 (KHTML, like Gecko) Chrome/126.0.0.0 Safari/537.36"
65.21.193.102 - - [27/Dec/2024:14:12:21 -0500] "GET /wp-content/uploads/2023/10/Constetants-1.jpg HTTP/1.1" 200 1817864 "-" "Mozilla/5.0 (X11; Linux x86_64) AppleWebKit/537.36 (KHTML, like Gecko) Chrome/126.0.0.0 Safari/537.36"
65.21.193.102 - - [27/Dec/2024:14:12:23 -0500] "GET /wp-content/uploads/2023/10/Constetants-2.jpg HTTP/1.1" 200 1675961 "-" "Mozilla/5.0 (X11; Linux x86_64) AppleWebKit/537.36 (KHTML, like Gecko) Chrome/126.0.0.0 Safari/537.36"
65.21.193.102 - - [27/Dec/2024:14:12:25 -0500] "GET /wp-content/uploads/2023/10/Constetants-3.jpg HTTP/1.1" 200 2105549 "-" "Mozilla/5.0 (X11; Linux x86_64) AppleWebKit/537.36 (KHTML, like Gecko) Chrome/126.0.0.0 Safari/537.36"
65.21.193.102 - - [27/Dec/2024:14:12:27 -0500] "GET /wp-content/uploads/2023/10/Constetants-5.jpg HTTP/1.1" 200 2434408 "-" "Mozilla/5.0 (X11; Linux x86_64) AppleWebKit/537.36 (KHTML, like Gecko) Chrome/126.0.0.0 Safari/537.36"
65.21.193.102 - - [27/Dec/2024:14:12:30 -0500] "GET /wp-content/uploads/2023/10/Constetants-6.jpg HTTP/1.1" 200 1849732 "-" "Mozilla/5.0 (X11; Linux x86_64) AppleWebKit/537.36 (KHTML, like Gecko) Chrome/126.0.0.0 Safari/537.36"
65.21.193.102 - - [27/Dec/2024:14:12:32 -0500] "GET /wp-content/uploads/2023/10/Constetants-7.jpg HTTP/1.1" 200 2196908 "-" "Mozilla/5.0 (X11; Linux x86_64) AppleWebKit/537.36 (KHTML, like Gecko) Chrome/126.0.0.0 Safari/537.36"
65.21.193.102 - - [27/Dec/2024:14:12:34 -0500] "GET /wp-content/uploads/2023/10/Constetants-8.jpg HTTP/1.1" 200 2109975 "-" "Mozilla/5.0 (X11; Linux x86_64) AppleWebKit/537.36 (KHTML, like Gecko) Chrome/126.0.0.0 Safari/537.36"
65.21.193.102 - - [27/Dec/2024:14:12:36 -0500] "GET /wp-content/uploads/2023/10/Constetants-11.jpg HTTP/1.1" 200 2373985 "-" "Mozilla/5.0 (X11; Linux x86_64) AppleWebKit/537.36 (KHTML, like Gecko) Chrome/126.0.0.0 Safari/537.36"
65.21.193.102 - - [27/Dec/2024:14:12:38 -0500] "GET /wp-content/uploads/2023/10/Constetants-12.jpg HTTP/1.1" 200 1933673 "-" "Mozilla/5.0 (X11; Linux x86_64) AppleWebKit/537.36 (KHTML, like Gecko) Chrome/126.0.0.0 Safari/537.36"
65.21.193.102 - - [27/Dec/2024:14:12:40 -0500] "GET /wp-content/uploads/2023/10/Constetants-13.jpg HTTP/1.1" 200 1879411 "-" "Mozilla/5.0 (X11; Linux x86_64) AppleWebKit/537.36 (KHTML, like Gecko) Chrome/126.0.0.0 Safari/537.36"
65.21.193.102 - - [27/Dec/2024:14:12:44 -0500] "GET /wp-content/uploads/2023/10/Constetants-13.jpg HTTP/1.1" 200 1879411 "-" "Mozilla/5.0 (X11; Linux x86_64) AppleWebKit/537.36 (KHTML, like Gecko) Chrome/126.0.0.0 Safari/537.36"
65.21.193.102 - - [27/Dec/2024:14:12:46 -0500] "GET /wp-content/uploads/2023/10/Constetants-16.jpg HTTP/1.1" 200 1978800 "-" "Mozilla/5.0 (X11; Linux x86_64) AppleWebKit/537.36 (KHTML, like Gecko) Chrome/126.0.0.0 Safari/537.36"
65.21.193.102 - - [27/Dec/2024:14:12:48 -0500] "GET /wp-content/uploads/2023/10/Constetants-10.jpg HTTP/1.1" 200 2223402 "-" "Mozilla/5.0 (X11; Linux x86_64) AppleWebKit/537.36 (KHTML, like Gecko) Chrome/126.0.0.0 Safari/537.36"
65.21.193.102 - - [27/Dec/2024:14:12:50 -0500] "GET /wp-content/uploads/2023/09/0K4A4072.jpg HTTP/1.1" 200 4778916 "-" "Mozilla/5.0 (X11; Linux x86_64) AppleWebKit/537.36 (KHTML, like Gecko) Chrome/126.0.0.0 Safari/537.36"
65.21.193.102 - - [27/Dec/2024:14:12:53 -0500] "GET /wp-content/uploads/2023/09/0K4A4057.jpg HTTP/1.1" 200 5471973 "-" "Mozilla/5.0 (X11; Linux x86_64) AppleWebKit/537.36 (KHTML, like Gecko) Chrome/126.0.0.0 Safari/537.36"
65.21.193.102 - - [27/Dec/2024:14:12:56 -0500] "GET /wp-content/uploads/2023/09/0K4A4111.jpg HTTP/1.1" 200 8616562 "-" "Mozilla/5.0 (X11; Linux x86_64) AppleWebKit/537.36 (KHTML, like Gecko) Chrome/126.0.0.0 Safari/537.36"
65.21.193.102 - - [27/Dec/2024:14:12:59 -0500] "GET /wp-content/uploads/2016/02/IMG_0051-e1693136009722.png HTTP/1.1" 200 7771 "-" "Mozilla/5.0 (X11; Linux x86_64) AppleWebKit/537.36 (KHTML, like Gecko) Chrome/126.0.0.0 Safari/537.36"
65.21.193.102 - - [27/Dec/2024:14:13:00 -0500] "GET /wp-content/themes/ombre/images/playpause.png HTTP/1.1" 200 951 "-" "Mozilla/5.0 (X11; Linux x86_64) AppleWebKit/537.36 (KHTML, like Gecko) Chrome/126.0.0.0 Safari/537.36"
65.21.193.102 - - [27/Dec/2024:14:13:00 -0500] "GET /wp-content/themes/ombre/images/right.png HTTP/1.1" 200 276 "-" "Mozilla/5.0 (X11; Linux x86_64) AppleWebKit/537.36 (KHTML, like Gecko) Chrome/126.0.0.0 Safari/537.36"
65.21.193.102 - - [27/Dec/2024:14:13:01 -0500] "GET /wp-content/uploads/2023/08/IMG_4610-scaled.jpg HTTP/1.1" 200 550959 "-" "Mozilla/5.0 (X11; Linux x86_64) AppleWebKit/537.36 (KHTML, like Gecko) Chrome/126.0.0.0 Safari/537.36"
65.21.193.102 - - [27/Dec/2024:14:13:03 -0500] "GET /wp-content/themes/ombre/images/left.png HTTP/1.1" 200 272 "-" "Mozilla/5.0 (X11; Linux x86_64) AppleWebKit/537.36 (KHTML, like Gecko) Chrome/126.0.0.0 Safari/537.36"
66.29.132.124 - - [27/Dec/2024:14:13:40 -0500] "POST /wp-cron.php?doing_wp_cron=1735326820.0461471080780029296875 HTTP/1.1" 200 0 "-" "WordPress/6.7.1; https://misswavenigeria.com"
45.88.97.56 - - [27/Dec/2024:14:13:38 -0500] "GET / HTTP/1.0" 200 109053 "https://misswavenigeria.com/" "Mozilla/5.0 (Windows NT 10.0; Win64; x64) AppleWebKit/537.36 (KHTML, like Gecko) Chrome/103.0.0.0 Safari/537.36 Herring/95.1.8810.11"
66.29.132.124 - - [27/Dec/2024:14:13:40 -0500] "POST /wp-admin/admin-ajax.php?action=async_litespeed&nonce=HcXX8BUFuqEDpBuQcCMFYAaD9LO6EQSB&litespeed_type=imgoptm HTTP/1.1" 200 21 "-" "WordPress/6.7.1; https://misswavenigeria.com"
45.88.97.56 - - [27/Dec/2024:14:13:42 -0500] "GET /register/ HTTP/1.0" 200 75922 "https://misswavenigeria.com/register/" "Mozilla/5.0 (Windows NT 10.0; Win64; x64) AppleWebKit/537.36 (KHTML, like Gecko) Chrome/103.0.0.0 Safari/537.36 Herring/95.1.8810.11"
45.88.97.56 - - [27/Dec/2024:14:13:44 -0500] "POST /register/ HTTP/1.0" 200 76048 "https://misswavenigeria.com/register/" "Mozilla/5.0 (Windows NT 10.0; Win64; x64) AppleWebKit/537.36 (KHTML, like Gecko) Chrome/103.0.0.0 Safari/537.36 Herring/95.1.8810.11"
66.29.132.124 - - [27/Dec/2024:14:15:29 -0500] "POST /wp-cron.php?doing_wp_cron=1735326929.8518030643463134765625 HTTP/1.1" 200 0 "-" "WordPress/6.7.1; https://misswavenigeria.com"
45.88.97.56 - - [27/Dec/2024:14:15:29 -0500] "GET /register/ HTTP/1.0" 200 75922 "https://misswavenigeria.com/" "Mozilla/5.0 (Windows NT 10.0; Win64; x64) AppleWebKit/537.36 (KHTML, like Gecko) Chrome/103.0.0.0 Safari/537.36 Herring/95.1.8810.11"
66.29.132.124 - - [27/Dec/2024:14:15:30 -0500] "POST /wp-admin/admin-ajax.php?action=async_litespeed&nonce=leHL0On2nutKpNRUkUdpGOtZQtrLYZnt&litespeed_type=imgoptm HTTP/1.1" 200 21 "-" "WordPress/6.7.1; https://misswavenigeria.com"
66.29.132.124 - - [27/Dec/2024:14:16:51 -0500] "POST /wp-cron.php?doing_wp_cron=1735327011.1110050678253173828125 HTTP/1.1" 200 0 "-" "WordPress/6.7.1; https://misswavenigeria.com"
45.88.97.56 - - [27/Dec/2024:14:16:50 -0500] "GET / HTTP/1.0" 200 109055 "https://misswavenigeria.com/" "Mozilla/5.0 (Windows NT 6.1) AppleWebKit/537.36 (KHTML, like Gecko) Chrome/103.0.0.0 Safari/537.36"
66.29.132.124 - - [27/Dec/2024:14:16:51 -0500] "POST /wp-admin/admin-ajax.php?action=async_litespeed&nonce=7PkBKI9gn4eSJRopV8cyHpmZWIZX8WvI&litespeed_type=imgoptm HTTP/1.1" 200 21 "-" "WordPress/6.7.1; https://misswavenigeria.com"
45.88.97.56 - - [27/Dec/2024:14:16:53 -0500] "GET /register/ HTTP/1.0" 200 75922 "https://misswavenigeria.com/register/" "Mozilla/5.0 (Windows NT 6.1) AppleWebKit/537.36 (KHTML, like Gecko) Chrome/103.0.0.0 Safari/537.36"
45.88.97.56 - - [27/Dec/2024:14:16:55 -0500] "POST /register/ HTTP/1.0" 200 76048 "https://misswavenigeria.com/register/" "Mozilla/5.0 (Windows NT 6.1) AppleWebKit/537.36 (KHTML, like Gecko) Chrome/103.0.0.0 Safari/537.36"
66.29.132.124 - - [27/Dec/2024:14:18:15 -0500] "POST /wp-cron.php?doing_wp_cron=1735327095.7847690582275390625000 HTTP/1.1" 200 0 "-" "WordPress/6.7.1; https://misswavenigeria.com"
45.88.97.56 - - [27/Dec/2024:14:18:15 -0500] "GET /register/ HTTP/1.0" 200 75922 "https://misswavenigeria.com/" "Mozilla/5.0 (Windows NT 6.1) AppleWebKit/537.36 (KHTML, like Gecko) Chrome/103.0.0.0 Safari/537.36"
66.29.132.124 - - [27/Dec/2024:14:18:15 -0500] "POST /wp-admin/admin-ajax.php?action=async_litespeed&nonce=99vQEAYBi6QMgYfzLlR5unfzvqDIWKug&litespeed_type=imgoptm HTTP/1.1" 200 21 "-" "WordPress/6.7.1; https://misswavenigeria.com"
66.29.132.124 - - [27/Dec/2024:14:20:00 -0500] "POST /wp-cron.php?doing_wp_cron=1735327200.9619669914245605468750 HTTP/1.1" 200 0 "-" "WordPress/6.7.1; https://misswavenigeria.com"
45.88.97.56 - - [27/Dec/2024:14:19:59 -0500] "GET / HTTP/1.0" 200 109055 "https://misswavenigeria.com/" "Mozilla/5.0 (Windows NT 10.0; WOW64) AppleWebKit/537.36 (KHTML, like Gecko) Chrome/103.0.0.0 Safari/537.36"
66.29.132.124 - - [27/Dec/2024:14:20:01 -0500] "POST /wp-admin/admin-ajax.php?action=async_litespeed&nonce=7fW97N4VixgdmGkthfx4fzzG5GNVMLAo&litespeed_type=imgoptm HTTP/1.1" 200 21 "-" "WordPress/6.7.1; https://misswavenigeria.com"
45.88.97.56 - - [27/Dec/2024:14:20:03 -0500] "GET /register/ HTTP/1.0" 200 75922 "https://misswavenigeria.com/register/" "Mozilla/5.0 (Windows NT 10.0; WOW64) AppleWebKit/537.36 (KHTML, like Gecko) Chrome/103.0.0.0 Safari/537.36"
45.88.97.56 - - [27/Dec/2024:14:20:05 -0500] "POST /register/ HTTP/1.0" 200 76048 "https://misswavenigeria.com/register/" "Mozilla/5.0 (Windows NT 10.0; WOW64) AppleWebKit/537.36 (KHTML, like Gecko) Chrome/103.0.0.0 Safari/537.36"
66.29.132.124 - - [27/Dec/2024:14:21:29 -0500] "POST /wp-cron.php?doing_wp_cron=1735327289.1100840568542480468750 HTTP/1.1" 200 0 "-" "WordPress/6.7.1; https://misswavenigeria.com"
45.88.97.56 - - [27/Dec/2024:14:21:28 -0500] "GET /register/ HTTP/1.0" 200 75922 "https://misswavenigeria.com/" "Mozilla/5.0 (Windows NT 10.0; WOW64) AppleWebKit/537.36 (KHTML, like Gecko) Chrome/103.0.0.0 Safari/537.36"
66.29.132.124 - - [27/Dec/2024:14:21:29 -0500] "POST /wp-admin/admin-ajax.php?action=async_litespeed&nonce=FBzQvU93IWnhMRsmvs4WR5TLjuIN2LuK&litespeed_type=imgoptm HTTP/1.1" 200 21 "-" "WordPress/6.7.1; https://misswavenigeria.com"
66.29.132.124 - - [27/Dec/2024:14:23:09 -0500] "POST /wp-cron.php?doing_wp_cron=1735327389.9017701148986816406250 HTTP/1.1" 200 0 "-" "WordPress/6.7.1; https://misswavenigeria.com"
45.88.97.56 - - [27/Dec/2024:14:23:07 -0500] "GET / HTTP/1.0" 200 109051 "https://misswavenigeria.com/" "Mozilla/5.0 (Windows NT 6.3; Win64; x64) AppleWebKit/537.36 (KHTML, like Gecko) Chrome/103.0.5060.66 Safari/537.36"
66.29.132.124 - - [27/Dec/2024:14:23:10 -0500] "POST /wp-admin/admin-ajax.php?action=async_litespeed&nonce=3PUVuciDHZn1KyfsX5Nt6eTXegWqKYHT&litespeed_type=imgoptm HTTP/1.1" 200 21 "-" "WordPress/6.7.1; https://misswavenigeria.com"
45.88.97.56 - - [27/Dec/2024:14:23:12 -0500] "GET /register/ HTTP/1.0" 200 75922 "https://misswavenigeria.com/register/" "Mozilla/5.0 (Windows NT 6.3; Win64; x64) AppleWebKit/537.36 (KHTML, like Gecko) Chrome/103.0.5060.66 Safari/537.36"
45.88.97.56 - - [27/Dec/2024:14:23:14 -0500] "POST /register/ HTTP/1.0" 200 76048 "https://misswavenigeria.com/register/" "Mozilla/5.0 (Windows NT 6.3; Win64; x64) AppleWebKit/537.36 (KHTML, like Gecko) Chrome/103.0.5060.66 Safari/537.36"
66.29.132.124 - - [27/Dec/2024:14:25:13 -0500] "POST /wp-cron.php?doing_wp_cron=1735327512.8957159519195556640625 HTTP/1.1" 200 0 "-" "WordPress/6.7.1; https://misswavenigeria.com"
45.88.97.56 - - [27/Dec/2024:14:25:12 -0500] "GET /register/ HTTP/1.0" 200 75922 "https://misswavenigeria.com/" "Mozilla/5.0 (Windows NT 6.3; Win64; x64) AppleWebKit/537.36 (KHTML, like Gecko) Chrome/103.0.5060.66 Safari/537.36"
66.29.132.124 - - [27/Dec/2024:14:25:14 -0500] "POST /wp-admin/admin-ajax.php?action=async_litespeed&nonce=HABfC8DKqnefUN6EMyFgrQkV3sMHOaLa&litespeed_type=imgoptm HTTP/1.1" 200 21 "-" "WordPress/6.7.1; https://misswavenigeria.com"
66.29.132.124 - - [27/Dec/2024:14:25:35 -0500] "POST /wp-cron.php?doing_wp_cron=1735327534.9844429492950439453125 HTTP/1.1" 200 0 "-" "WordPress/6.7.1; https://misswavenigeria.com"
66.249.68.68 - - [27/Dec/2024:14:25:34 -0500] "GET /goods/271686.html HTTP/1.1" 404 15611 "-" "Mozilla/5.0 (Linux; Android 6.0.1; Nexus 5X Build/MMB29P) AppleWebKit/537.36 (KHTML, like Gecko) Chrome/131.0.6778.139 Mobile Safari/537.36 (compatible; Googlebot/2.1; +http://www.google.com/bot.html)"
66.249.79.2 - - [27/Dec/2024:14:25:51 -0500] "GET /goods/H395623?k=product HTTP/1.1" 301 0 "-" "Mozilla/5.0 (Linux; Android 6.0.1; Nexus 5X Build/MMB29P) AppleWebKit/537.36 (KHTML, like Gecko) Chrome/131.0.6778.139 Mobile Safari/537.36 (compatible; Googlebot/2.1; +http://www.google.com/bot.html)"
66.29.132.124 - - [27/Dec/2024:14:25:52 -0500] "POST /wp-cron.php?doing_wp_cron=1735327551.9431409835815429687500 HTTP/1.1" 200 0 "-" "WordPress/6.7.1; https://misswavenigeria.com"
66.249.68.66 - - [27/Dec/2024:14:25:51 -0500] "GET /goods/451947.html HTTP/1.1" 404 15611 "-" "Mozilla/5.0 (Linux; Android 6.0.1; Nexus 5X Build/MMB29P) AppleWebKit/537.36 (KHTML, like Gecko) Chrome/131.0.6778.139 Mobile Safari/537.36 (compatible; Googlebot/2.1; +http://www.google.com/bot.html)"
66.249.68.66 - - [27/Dec/2024:14:25:52 -0500] "GET /goods/H395623?k=product HTTP/1.1" 404 15611 "-" "Mozilla/5.0 (Linux; Android 6.0.1; Nexus 5X Build/MMB29P) AppleWebKit/537.36 (KHTML, like Gecko) Chrome/131.0.6778.139 Mobile Safari/537.36 (compatible; Googlebot/2.1; +http://www.google.com/bot.html)"
66.29.132.124 - - [27/Dec/2024:14:25:52 -0500] "POST /wp-admin/admin-ajax.php?action=async_litespeed&nonce=Lvj6ExNdg6Q0yXAJCx59h3kRSaETf5fm&litespeed_type=imgoptm HTTP/1.1" 200 21 "-" "WordPress/6.7.1; https://misswavenigeria.com"
66.249.79.2 - - [27/Dec/2024:14:25:56 -0500] "GET /goods/V873751?k=product HTTP/1.1" 301 0 "-" "Mozilla/5.0 (Linux; Android 6.0.1; Nexus 5X Build/MMB29P) AppleWebKit/537.36 (KHTML, like Gecko) Chrome/131.0.6778.139 Mobile Safari/537.36 (compatible; Googlebot/2.1; +http://www.google.com/bot.html)"
66.249.68.66 - - [27/Dec/2024:14:25:56 -0500] "GET /goods/V873751?k=product HTTP/1.1" 404 15611 "-" "Mozilla/5.0 (Linux; Android 6.0.1; Nexus 5X Build/MMB29P) AppleWebKit/537.36 (KHTML, like Gecko) Chrome/131.0.6778.139 Mobile Safari/537.36 (compatible; Googlebot/2.1; +http://www.google.com/bot.html)"
45.88.97.56 - - [27/Dec/2024:14:26:18 -0500] "GET / HTTP/1.0" 200 109053 "https://misswavenigeria.com/" "Mozilla/5.0 (Windows NT 6.1; Win64; x64) AppleWebKit/537.36 (KHTML, like Gecko) Chrome/103.0.5060.66 Safari/537.36"
45.88.97.56 - - [27/Dec/2024:14:26:21 -0500] "GET /register/ HTTP/1.0" 200 75922 "https://misswavenigeria.com/register/" "Mozilla/5.0 (Windows NT 6.1; Win64; x64) AppleWebKit/537.36 (KHTML, like Gecko) Chrome/103.0.5060.66 Safari/537.36"
45.88.97.56 - - [27/Dec/2024:14:26:23 -0500] "POST /register/ HTTP/1.0" 200 76048 "https://misswavenigeria.com/register/" "Mozilla/5.0 (Windows NT 6.1; Win64; x64) AppleWebKit/537.36 (KHTML, like Gecko) Chrome/103.0.5060.66 Safari/537.36"
66.29.132.124 - - [27/Dec/2024:14:28:03 -0500] "POST /wp-cron.php?doing_wp_cron=1735327683.3969020843505859375000 HTTP/1.1" 200 0 "-" "WordPress/6.7.1; https://misswavenigeria.com"
45.88.97.56 - - [27/Dec/2024:14:28:03 -0500] "GET /register/ HTTP/1.0" 200 75922 "https://misswavenigeria.com/" "Mozilla/5.0 (Windows NT 6.1; Win64; x64) AppleWebKit/537.36 (KHTML, like Gecko) Chrome/103.0.5060.66 Safari/537.36"
66.29.132.124 - - [27/Dec/2024:14:28:03 -0500] "POST /wp-admin/admin-ajax.php?action=async_litespeed&nonce=7wY6ZN4QeSx401B0jlP4bnKInNYXIBBz&litespeed_type=imgoptm HTTP/1.1" 200 21 "-" "WordPress/6.7.1; https://misswavenigeria.com"
66.29.132.124 - - [27/Dec/2024:14:28:27 -0500] "POST /wp-cron.php?doing_wp_cron=1735327707.1301739215850830078125 HTTP/1.1" 200 0 "-" "WordPress/6.7.1; https://misswavenigeria.com"
66.249.79.3 - - [27/Dec/2024:14:28:26 -0500] "GET /goods/V530967?k=product HTTP/1.1" 301 0 "-" "Mozilla/5.0 (Linux; Android 6.0.1; Nexus 5X Build/MMB29P) AppleWebKit/537.36 (KHTML, like Gecko) Chrome/131.0.6778.139 Mobile Safari/537.36 (compatible; Googlebot/2.1; +http://www.google.com/bot.html)"
66.249.68.66 - - [27/Dec/2024:14:28:28 -0500] "GET /goods/V530967?k=product HTTP/1.1" 404 15611 "-" "Mozilla/5.0 (Linux; Android 6.0.1; Nexus 5X Build/MMB29P) AppleWebKit/537.36 (KHTML, like Gecko) Chrome/131.0.6778.139 Mobile Safari/537.36 (compatible; Googlebot/2.1; +http://www.google.com/bot.html)"
66.29.132.124 - - [27/Dec/2024:14:28:45 -0500] "POST /wp-cron.php?doing_wp_cron=1735327725.8007199764251708984375 HTTP/1.1" 200 0 "-" "WordPress/6.7.1; https://misswavenigeria.com"
66.249.79.2 - - [27/Dec/2024:14:28:45 -0500] "GET /goods/H221891?k=product HTTP/1.1" 301 0 "-" "Mozilla/5.0 (Linux; Android 6.0.1; Nexus 5X Build/MMB29P) AppleWebKit/537.36 (KHTML, like Gecko) Chrome/131.0.6778.139 Mobile Safari/537.36 (compatible; Googlebot/2.1; +http://www.google.com/bot.html)"
66.29.132.124 - - [27/Dec/2024:14:28:45 -0500] "POST /wp-admin/admin-ajax.php?action=async_litespeed&nonce=aSZdwZG3cP26xdWn93lgVpYDTlPYOmte&litespeed_type=imgoptm HTTP/1.1" 200 21 "-" "WordPress/6.7.1; https://misswavenigeria.com"
