45.88.97.56 - - [27/Dec/2024:18:59:12 -0500] "POST /register/ HTTP/1.0" 200 76048 "https://misswavenigeria.com/register/" "Mozilla/5.0 (Windows NT 6.3; Win64; x64) AppleWebKit/537.36 (KHTML, like Gecko) Chrome/103.0.5060.53 Safari/537.36"
66.29.132.124 - - [27/Dec/2024:19:00:25 -0500] "POST /wp-cron.php?doing_wp_cron=1735344025.3742430210113525390625 HTTP/1.1" 200 0 "-" "WordPress/6.7.1; https://misswavenigeria.com"
45.88.97.56 - - [27/Dec/2024:19:00:25 -0500] "GET /register/ HTTP/1.0" 200 75922 "https://misswavenigeria.com/" "Mozilla/5.0 (Windows NT 6.3; Win64; x64) AppleWebKit/537.36 (KHTML, like Gecko) Chrome/103.0.5060.53 Safari/537.36"
66.29.132.124 - - [27/Dec/2024:19:00:25 -0500] "POST /wp-admin/admin-ajax.php?action=async_litespeed&nonce=rI144yjwS7eGOVEQVkOGGkZfGra2oSoN&litespeed_type=imgoptm HTTP/1.1" 200 21 "-" "WordPress/6.7.1; https://misswavenigeria.com"
66.29.132.124 - - [27/Dec/2024:19:02:22 -0500] "POST /wp-cron.php?doing_wp_cron=1735344142.0247960090637207031250 HTTP/1.1" 200 0 "-" "WordPress/6.7.1; https://misswavenigeria.com"
45.88.97.56 - - [27/Dec/2024:19:02:20 -0500] "GET / HTTP/1.0" 200 109055 "https://misswavenigeria.com/" "Mozilla/5.0 (Windows NT 6.1; WOW64) AppleWebKit/537.36 (KHTML, like Gecko) Chrome/103.0.0.0 Safari/537.36"
66.29.132.124 - - [27/Dec/2024:19:02:22 -0500] "POST /wp-admin/admin-ajax.php?action=async_litespeed&nonce=fJK65h9IcLsWfsYBzMNvPT14EeG0pCN6&litespeed_type=imgoptm HTTP/1.1" 200 21 "-" "WordPress/6.7.1; https://misswavenigeria.com"
45.88.97.56 - - [27/Dec/2024:19:02:24 -0500] "GET /register/ HTTP/1.0" 200 75922 "https://misswavenigeria.com/register/" "Mozilla/5.0 (Windows NT 6.1; WOW64) AppleWebKit/537.36 (KHTML, like Gecko) Chrome/103.0.0.0 Safari/537.36"
66.29.132.124 - - [27/Dec/2024:19:02:26 -0500] "POST /wp-cron.php?doing_wp_cron=1735344146.1663799285888671875000 HTTP/1.1" 200 0 "-" "WordPress/6.7.1; https://misswavenigeria.com"
45.88.97.56 - - [27/Dec/2024:19:02:26 -0500] "POST /register/ HTTP/1.0" 200 76048 "https://misswavenigeria.com/register/" "Mozilla/5.0 (Windows NT 6.1; WOW64) AppleWebKit/537.36 (KHTML, like Gecko) Chrome/103.0.0.0 Safari/537.36"
66.29.132.124 - - [27/Dec/2024:19:03:29 -0500] "POST /wp-cron.php?doing_wp_cron=1735344209.9728999137878417968750 HTTP/1.1" 200 0 "-" "WordPress/6.7.1; https://misswavenigeria.com"
45.88.97.56 - - [27/Dec/2024:19:03:29 -0500] "GET /register/ HTTP/1.0" 200 75922 "https://misswavenigeria.com/" "Mozilla/5.0 (Windows NT 6.1; WOW64) AppleWebKit/537.36 (KHTML, like Gecko) Chrome/103.0.0.0 Safari/537.36"
66.29.132.124 - - [27/Dec/2024:19:03:30 -0500] "POST /wp-admin/admin-ajax.php?action=async_litespeed&nonce=gDwKOOOtePJTjzZOggcMzcLGt2x1KqKh&litespeed_type=imgoptm HTTP/1.1" 200 21 "-" "WordPress/6.7.1; https://misswavenigeria.com"
66.29.132.124 - - [27/Dec/2024:19:05:33 -0500] "POST /wp-cron.php?doing_wp_cron=1735344333.1988229751586914062500 HTTP/1.1" 200 0 "-" "WordPress/6.7.1; https://misswavenigeria.com"
45.88.97.56 - - [27/Dec/2024:19:05:31 -0500] "GET / HTTP/1.0" 200 109055 "https://misswavenigeria.com/" "Mozilla/5.0 (Windows NT 6.2; Win64; x64) AppleWebKit/537.36 (KHTML, like Gecko) Chrome/103.0.0.0 Safari/537.36"
66.29.132.124 - - [27/Dec/2024:19:05:33 -0500] "POST /wp-admin/admin-ajax.php?action=async_litespeed&nonce=b3hvTUO4ExPVNyiAT28JzJgqnwMzoT7J&litespeed_type=imgoptm HTTP/1.1" 200 21 "-" "WordPress/6.7.1; https://misswavenigeria.com"
45.88.97.56 - - [27/Dec/2024:19:05:35 -0500] "GET /register/ HTTP/1.0" 200 75922 "https://misswavenigeria.com/register/" "Mozilla/5.0 (Windows NT 6.2; Win64; x64) AppleWebKit/537.36 (KHTML, like Gecko) Chrome/103.0.0.0 Safari/537.36"
45.88.97.56 - - [27/Dec/2024:19:05:37 -0500] "POST /register/ HTTP/1.0" 200 76048 "https://misswavenigeria.com/register/" "Mozilla/5.0 (Windows NT 6.2; Win64; x64) AppleWebKit/537.36 (KHTML, like Gecko) Chrome/103.0.0.0 Safari/537.36"
66.29.132.124 - - [27/Dec/2024:19:06:44 -0500] "POST /wp-cron.php?doing_wp_cron=1735344404.0305070877075195312500 HTTP/1.1" 200 0 "-" "WordPress/6.7.1; https://misswavenigeria.com"
45.88.97.56 - - [27/Dec/2024:19:06:43 -0500] "GET /register/ HTTP/1.0" 200 75922 "https://misswavenigeria.com/" "Mozilla/5.0 (Windows NT 6.2; Win64; x64) AppleWebKit/537.36 (KHTML, like Gecko) Chrome/103.0.0.0 Safari/537.36"
66.29.132.124 - - [27/Dec/2024:19:06:44 -0500] "POST /wp-admin/admin-ajax.php?action=async_litespeed&nonce=4o3avDEurdkUJMQ4RTVa5TQvN3wMKa9Q&litespeed_type=imgoptm HTTP/1.1" 200 21 "-" "WordPress/6.7.1; https://misswavenigeria.com"
66.29.132.124 - - [27/Dec/2024:19:08:42 -0500] "POST /wp-cron.php?doing_wp_cron=1735344522.3258318901062011718750 HTTP/1.1" 200 0 "-" "WordPress/6.7.1; https://misswavenigeria.com"
45.88.97.56 - - [27/Dec/2024:19:08:41 -0500] "GET / HTTP/1.0" 200 109053 "https://misswavenigeria.com/" "Mozilla/5.0 (Windows NT 6.1) AppleWebKit/537.36 (KHTML, like Gecko) Chrome/103.0.0.0 Safari/537.36"
66.29.132.124 - - [27/Dec/2024:19:08:42 -0500] "POST /wp-admin/admin-ajax.php?action=async_litespeed&nonce=yoELjR1cqWScyfW6E2C4ETefpzyWDxW0&litespeed_type=imgoptm HTTP/1.1" 200 21 "-" "WordPress/6.7.1; https://misswavenigeria.com"
45.88.97.56 - - [27/Dec/2024:19:08:44 -0500] "GET /register/ HTTP/1.0" 200 75922 "https://misswavenigeria.com/register/" "Mozilla/5.0 (Windows NT 6.1) AppleWebKit/537.36 (KHTML, like Gecko) Chrome/103.0.0.0 Safari/537.36"
45.88.97.56 - - [27/Dec/2024:19:08:46 -0500] "POST /register/ HTTP/1.0" 200 76048 "https://misswavenigeria.com/register/" "Mozilla/5.0 (Windows NT 6.1) AppleWebKit/537.36 (KHTML, like Gecko) Chrome/103.0.0.0 Safari/537.36"
66.29.132.124 - - [27/Dec/2024:19:09:46 -0500] "POST /wp-cron.php?doing_wp_cron=1735344586.2685649394989013671875 HTTP/1.1" 200 0 "-" "WordPress/6.7.1; https://misswavenigeria.com"
45.88.97.56 - - [27/Dec/2024:19:09:46 -0500] "GET /register/ HTTP/1.0" 200 75922 "https://misswavenigeria.com/" "Mozilla/5.0 (Windows NT 6.1) AppleWebKit/537.36 (KHTML, like Gecko) Chrome/103.0.0.0 Safari/537.36"
66.29.132.124 - - [27/Dec/2024:19:09:46 -0500] "POST /wp-admin/admin-ajax.php?action=async_litespeed&nonce=iNHMuymblx6FguJIKncnX3ln7khEs5v5&litespeed_type=imgoptm HTTP/1.1" 200 21 "-" "WordPress/6.7.1; https://misswavenigeria.com"
66.29.132.124 - - [27/Dec/2024:19:11:48 -0500] "POST /wp-cron.php?doing_wp_cron=1735344708.6512889862060546875000 HTTP/1.1" 200 0 "-" "WordPress/6.7.1; https://misswavenigeria.com"
45.88.97.56 - - [27/Dec/2024:19:11:47 -0500] "GET / HTTP/1.0" 200 109055 "https://misswavenigeria.com/" "Mozilla/5.0 (Windows NT 6.3; WOW64) AppleWebKit/537.36 (KHTML, like Gecko) Chrome/103.0.0.0 Safari/537.36"
66.29.132.124 - - [27/Dec/2024:19:11:49 -0500] "POST /wp-admin/admin-ajax.php?action=async_litespeed&nonce=JKLpUrXlyfxn6FIGpnS2LL7KWJCG2bUI&litespeed_type=imgoptm HTTP/1.1" 200 21 "-" "WordPress/6.7.1; https://misswavenigeria.com"
45.88.97.56 - - [27/Dec/2024:19:11:51 -0500] "GET /register/ HTTP/1.0" 200 75922 "https://misswavenigeria.com/register/" "Mozilla/5.0 (Windows NT 6.3; WOW64) AppleWebKit/537.36 (KHTML, like Gecko) Chrome/103.0.0.0 Safari/537.36"
45.88.97.56 - - [27/Dec/2024:19:11:52 -0500] "POST /register/ HTTP/1.0" 200 76048 "https://misswavenigeria.com/register/" "Mozilla/5.0 (Windows NT 6.3; WOW64) AppleWebKit/537.36 (KHTML, like Gecko) Chrome/103.0.0.0 Safari/537.36"
66.29.132.124 - - [27/Dec/2024:19:13:07 -0500] "POST /wp-cron.php?doing_wp_cron=1735344787.6147930622100830078125 HTTP/1.1" 200 0 "-" "WordPress/6.7.1; https://misswavenigeria.com"
45.88.97.56 - - [27/Dec/2024:19:13:07 -0500] "GET /register/ HTTP/1.0" 200 75922 "https://misswavenigeria.com/" "Mozilla/5.0 (Windows NT 6.3; WOW64) AppleWebKit/537.36 (KHTML, like Gecko) Chrome/103.0.0.0 Safari/537.36"
66.29.132.124 - - [27/Dec/2024:19:13:07 -0500] "POST /wp-admin/admin-ajax.php?action=async_litespeed&nonce=tYbawEJaWR7aoVo45LhuTvCmg0CIdmR7&litespeed_type=imgoptm HTTP/1.1" 200 21 "-" "WordPress/6.7.1; https://misswavenigeria.com"
66.29.132.124 - - [27/Dec/2024:19:14:56 -0500] "POST /wp-cron.php?doing_wp_cron=1735344896.9643390178680419921875 HTTP/1.1" 200 0 "-" "WordPress/6.7.1; https://misswavenigeria.com"
45.88.97.56 - - [27/Dec/2024:19:14:55 -0500] "GET / HTTP/1.0" 200 109053 "https://misswavenigeria.com/" "Mozilla/5.0 (Windows NT 10.0; Win64; x64) AppleWebKit/537.36 (KHTML, like Gecko) Chrome/103.0.5060.114 Safari/537.36"
66.29.132.124 - - [27/Dec/2024:19:14:57 -0500] "POST /wp-admin/admin-ajax.php?action=async_litespeed&nonce=oe0nbG09K2di0YOC699jbXOmML6NusEj&litespeed_type=imgoptm HTTP/1.1" 200 21 "-" "WordPress/6.7.1; https://misswavenigeria.com"
45.88.97.56 - - [27/Dec/2024:19:14:59 -0500] "GET /register/ HTTP/1.0" 200 75922 "https://misswavenigeria.com/register/" "Mozilla/5.0 (Windows NT 10.0; Win64; x64) AppleWebKit/537.36 (KHTML, like Gecko) Chrome/103.0.5060.114 Safari/537.36"
45.88.97.56 - - [27/Dec/2024:19:15:01 -0500] "POST /register/ HTTP/1.0" 200 76048 "https://misswavenigeria.com/register/" "Mozilla/5.0 (Windows NT 10.0; Win64; x64) AppleWebKit/537.36 (KHTML, like Gecko) Chrome/103.0.5060.114 Safari/537.36"
66.29.132.124 - - [27/Dec/2024:19:16:12 -0500] "POST /wp-cron.php?doing_wp_cron=1735344972.3042171001434326171875 HTTP/1.1" 200 0 "-" "WordPress/6.7.1; https://misswavenigeria.com"
45.88.97.56 - - [27/Dec/2024:19:16:12 -0500] "GET /register/ HTTP/1.0" 200 75922 "https://misswavenigeria.com/" "Mozilla/5.0 (Windows NT 10.0; Win64; x64) AppleWebKit/537.36 (KHTML, like Gecko) Chrome/103.0.5060.114 Safari/537.36"
66.29.132.124 - - [27/Dec/2024:19:16:12 -0500] "POST /wp-admin/admin-ajax.php?action=async_litespeed&nonce=34dM8M24DRZ76yj05VSCprulolCE3Qv8&litespeed_type=imgoptm HTTP/1.1" 200 21 "-" "WordPress/6.7.1; https://misswavenigeria.com"
66.29.132.124 - - [27/Dec/2024:19:18:03 -0500] "POST /wp-cron.php?doing_wp_cron=1735345083.0906679630279541015625 HTTP/1.1" 200 0 "-" "WordPress/6.7.1; https://misswavenigeria.com"
45.88.97.56 - - [27/Dec/2024:19:18:01 -0500] "GET / HTTP/1.0" 200 109055 "https://misswavenigeria.com/" "Mozilla/5.0 (Windows NT 6.1) AppleWebKit/537.36 (KHTML, like Gecko) Chrome/103.0.5060.114 Safari/537.36"
66.29.132.124 - - [27/Dec/2024:19:18:03 -0500] "POST /wp-admin/admin-ajax.php?action=async_litespeed&nonce=OpqKp0qNx2c5C74uHU3WC3ZVPKD75o1p&litespeed_type=imgoptm HTTP/1.1" 200 21 "-" "WordPress/6.7.1; https://misswavenigeria.com"
45.88.97.56 - - [27/Dec/2024:19:18:05 -0500] "GET /register/ HTTP/1.0" 200 75922 "https://misswavenigeria.com/register/" "Mozilla/5.0 (Windows NT 6.1) AppleWebKit/537.36 (KHTML, like Gecko) Chrome/103.0.5060.114 Safari/537.36"
45.88.97.56 - - [27/Dec/2024:19:18:07 -0500] "POST /register/ HTTP/1.0" 200 76048 "https://misswavenigeria.com/register/" "Mozilla/5.0 (Windows NT 6.1) AppleWebKit/537.36 (KHTML, like Gecko) Chrome/103.0.5060.114 Safari/537.36"
66.29.132.124 - - [27/Dec/2024:19:19:05 -0500] "POST /wp-cron.php?doing_wp_cron=1735345145.0180881023406982421875 HTTP/1.1" 200 0 "-" "WordPress/6.7.1; https://misswavenigeria.com"
45.88.97.56 - - [27/Dec/2024:19:19:04 -0500] "GET /register/ HTTP/1.0" 200 75922 "https://misswavenigeria.com/" "Mozilla/5.0 (Windows NT 6.1) AppleWebKit/537.36 (KHTML, like Gecko) Chrome/103.0.5060.114 Safari/537.36"
66.29.132.124 - - [27/Dec/2024:19:19:05 -0500] "POST /wp-admin/admin-ajax.php?action=async_litespeed&nonce=jo2knix6tDEf1HBSDJdDIPH6U17ZN1F9&litespeed_type=imgoptm HTTP/1.1" 200 21 "-" "WordPress/6.7.1; https://misswavenigeria.com"
66.29.132.124 - - [27/Dec/2024:19:21:10 -0500] "POST /wp-cron.php?doing_wp_cron=1735345270.1132650375366210937500 HTTP/1.1" 200 0 "-" "WordPress/6.7.1; https://misswavenigeria.com"
45.88.97.56 - - [27/Dec/2024:19:21:08 -0500] "GET / HTTP/1.0" 200 109055 "https://misswavenigeria.com/" "Mozilla/5.0 (Windows NT 10.0; Win64; x64) AppleWebKit/537.36 (KHTML, like Gecko) Chrome/103.0.5060.53 Safari/537.36"
66.29.132.124 - - [27/Dec/2024:19:21:10 -0500] "POST /wp-admin/admin-ajax.php?action=async_litespeed&nonce=MJIVMBBsK4XOqyTzNKvx4OoyVu17Y3d4&litespeed_type=imgoptm HTTP/1.1" 200 21 "-" "WordPress/6.7.1; https://misswavenigeria.com"
45.88.97.56 - - [27/Dec/2024:19:21:12 -0500] "GET /register/ HTTP/1.0" 200 75922 "https://misswavenigeria.com/register/" "Mozilla/5.0 (Windows NT 10.0; Win64; x64) AppleWebKit/537.36 (KHTML, like Gecko) Chrome/103.0.5060.53 Safari/537.36"
45.88.97.56 - - [27/Dec/2024:19:21:14 -0500] "POST /register/ HTTP/1.0" 200 76048 "https://misswavenigeria.com/register/" "Mozilla/5.0 (Windows NT 10.0; Win64; x64) AppleWebKit/537.36 (KHTML, like Gecko) Chrome/103.0.5060.53 Safari/537.36"
66.29.132.124 - - [27/Dec/2024:19:22:14 -0500] "POST /wp-cron.php?doing_wp_cron=1735345334.7288119792938232421875 HTTP/1.1" 200 0 "-" "WordPress/6.7.1; https://misswavenigeria.com"
45.88.97.56 - - [27/Dec/2024:19:22:14 -0500] "GET /register/ HTTP/1.0" 200 75922 "https://misswavenigeria.com/" "Mozilla/5.0 (Windows NT 10.0; Win64; x64) AppleWebKit/537.36 (KHTML, like Gecko) Chrome/103.0.5060.53 Safari/537.36"
66.29.132.124 - - [27/Dec/2024:19:22:14 -0500] "POST /wp-admin/admin-ajax.php?action=async_litespeed&nonce=16a3rdQLYxTHpeG3erM0fP324HiELE6A&litespeed_type=imgoptm HTTP/1.1" 200 21 "-" "WordPress/6.7.1; https://misswavenigeria.com"
66.29.132.124 - - [27/Dec/2024:19:24:17 -0500] "POST /wp-cron.php?doing_wp_cron=1735345457.4097490310668945312500 HTTP/1.1" 200 0 "-" "WordPress/6.7.1; https://misswavenigeria.com"
45.88.97.56 - - [27/Dec/2024:19:24:15 -0500] "GET / HTTP/1.0" 200 109055 "https://misswavenigeria.com/" "Mozilla/5.0 (Windows NT 6.3; WOW64) AppleWebKit/537.36 (KHTML, like Gecko) Chrome/103.0.0.0 Safari/537.36"
66.29.132.124 - - [27/Dec/2024:19:24:17 -0500] "POST /wp-admin/admin-ajax.php?action=async_litespeed&nonce=4ML7J9Wx2stz05RaygrVyob7qeubmf4R&litespeed_type=imgoptm HTTP/1.1" 200 21 "-" "WordPress/6.7.1; https://misswavenigeria.com"
45.88.97.56 - - [27/Dec/2024:19:24:19 -0500] "GET /register/ HTTP/1.0" 200 75922 "https://misswavenigeria.com/register/" "Mozilla/5.0 (Windows NT 6.3; WOW64) AppleWebKit/537.36 (KHTML, like Gecko) Chrome/103.0.0.0 Safari/537.36"
45.88.97.56 - - [27/Dec/2024:19:24:21 -0500] "POST /register/ HTTP/1.0" 200 76048 "https://misswavenigeria.com/register/" "Mozilla/5.0 (Windows NT 6.3; WOW64) AppleWebKit/537.36 (KHTML, like Gecko) Chrome/103.0.0.0 Safari/537.36"
66.29.132.124 - - [27/Dec/2024:19:25:23 -0500] "POST /wp-cron.php?doing_wp_cron=1735345523.2991030216217041015625 HTTP/1.1" 200 0 "-" "WordPress/6.7.1; https://misswavenigeria.com"
45.88.97.56 - - [27/Dec/2024:19:25:23 -0500] "GET /register/ HTTP/1.0" 200 75922 "https://misswavenigeria.com/" "Mozilla/5.0 (Windows NT 6.3; WOW64) AppleWebKit/537.36 (KHTML, like Gecko) Chrome/103.0.0.0 Safari/537.36"
66.29.132.124 - - [27/Dec/2024:19:25:23 -0500] "POST /wp-admin/admin-ajax.php?action=async_litespeed&nonce=GL8FsBxo4QIyU72wUb8R7jNIXqOahF7y&litespeed_type=imgoptm HTTP/1.1" 200 21 "-" "WordPress/6.7.1; https://misswavenigeria.com"
66.29.132.124 - - [27/Dec/2024:19:27:26 -0500] "POST /wp-cron.php?doing_wp_cron=1735345646.0369470119476318359375 HTTP/1.1" 200 0 "-" "WordPress/6.7.1; https://misswavenigeria.com"
45.88.97.56 - - [27/Dec/2024:19:27:24 -0500] "GET / HTTP/1.0" 200 109055 "https://misswavenigeria.com/" "Mozilla/5.0 (Windows NT 10.0; Win64; x64) AppleWebKit/537.36 (KHTML, like Gecko) Chrome/103.0.0.0 Safari/537.36 OpenWave/97.4.2043.44"
66.29.132.124 - - [27/Dec/2024:19:27:26 -0500] "POST /wp-admin/admin-ajax.php?action=async_litespeed&nonce=IBj3EAfz9dPfwhZSrTJRRLNEb516PLSq&litespeed_type=imgoptm HTTP/1.1" 200 21 "-" "WordPress/6.7.1; https://misswavenigeria.com"
45.88.97.56 - - [27/Dec/2024:19:27:28 -0500] "GET /register/ HTTP/1.0" 200 75922 "https://misswavenigeria.com/register/" "Mozilla/5.0 (Windows NT 10.0; Win64; x64) AppleWebKit/537.36 (KHTML, like Gecko) Chrome/103.0.0.0 Safari/537.36 OpenWave/97.4.2043.44"
45.88.97.56 - - [27/Dec/2024:19:27:30 -0500] "POST /register/ HTTP/1.0" 200 76048 "https://misswavenigeria.com/register/" "Mozilla/5.0 (Windows NT 10.0; Win64; x64) AppleWebKit/537.36 (KHTML, like Gecko) Chrome/103.0.0.0 Safari/537.36 OpenWave/97.4.2043.44"
66.29.132.124 - - [27/Dec/2024:19:28:36 -0500] "POST /wp-cron.php?doing_wp_cron=1735345716.5322659015655517578125 HTTP/1.1" 200 0 "-" "WordPress/6.7.1; https://misswavenigeria.com"
45.88.97.56 - - [27/Dec/2024:19:28:36 -0500] "GET /register/ HTTP/1.0" 200 75922 "https://misswavenigeria.com/" "Mozilla/5.0 (Windows NT 10.0; Win64; x64) AppleWebKit/537.36 (KHTML, like Gecko) Chrome/103.0.0.0 Safari/537.36 OpenWave/97.4.2043.44"
66.29.132.124 - - [27/Dec/2024:19:28:36 -0500] "POST /wp-admin/admin-ajax.php?action=async_litespeed&nonce=cDUp693aaovkTyjvJXAWAo5k2wH8GdJu&litespeed_type=imgoptm HTTP/1.1" 200 21 "-" "WordPress/6.7.1; https://misswavenigeria.com"
66.29.132.124 - - [27/Dec/2024:19:30:38 -0500] "POST /wp-cron.php?doing_wp_cron=1735345838.2672860622406005859375 HTTP/1.1" 200 0 "-" "WordPress/6.7.1; https://misswavenigeria.com"
45.88.97.56 - - [27/Dec/2024:19:30:36 -0500] "GET / HTTP/1.0" 200 109053 "https://misswavenigeria.com/" "Mozilla/5.0 (Windows NT 6.3; Win64; x64) AppleWebKit/537.36 (KHTML, like Gecko) Chrome/103.0.5060.53 Safari/537.36"
66.29.132.124 - - [27/Dec/2024:19:30:38 -0500] "POST /wp-admin/admin-ajax.php?action=async_litespeed&nonce=fZGLmoLGiq8Ik0aqC8lFQdc6j7l73KJm&litespeed_type=imgoptm HTTP/1.1" 200 21 "-" "WordPress/6.7.1; https://misswavenigeria.com"
45.88.97.56 - - [27/Dec/2024:19:30:40 -0500] "GET /register/ HTTP/1.0" 200 75922 "https://misswavenigeria.com/register/" "Mozilla/5.0 (Windows NT 6.3; Win64; x64) AppleWebKit/537.36 (KHTML, like Gecko) Chrome/103.0.5060.53 Safari/537.36"
66.29.132.124 - - [27/Dec/2024:19:30:42 -0500] "POST /wp-cron.php?doing_wp_cron=1735345842.4811289310455322265625 HTTP/1.1" 200 0 "-" "WordPress/6.7.1; https://misswavenigeria.com"
66.29.132.124 - - [27/Dec/2024:19:30:42 -0500] "POST /wp-admin/admin-ajax.php?action=async_litespeed&nonce=PF251yIrtk0vAquNahcCIxtIST63cCTB&litespeed_type=imgoptm HTTP/1.1" 200 21 "-" "WordPress/6.7.1; https://misswavenigeria.com"
45.88.97.56 - - [27/Dec/2024:19:30:42 -0500] "POST /register/ HTTP/1.0" 200 76048 "https://misswavenigeria.com/register/" "Mozilla/5.0 (Windows NT 6.3; Win64; x64) AppleWebKit/537.36 (KHTML, like Gecko) Chrome/103.0.5060.53 Safari/537.36"
66.29.132.124 - - [27/Dec/2024:19:31:46 -0500] "POST /wp-cron.php?doing_wp_cron=1735345906.8681828975677490234375 HTTP/1.1" 200 0 "-" "WordPress/6.7.1; https://misswavenigeria.com"
45.88.97.56 - - [27/Dec/2024:19:31:46 -0500] "GET /register/ HTTP/1.0" 200 75922 "https://misswavenigeria.com/" "Mozilla/5.0 (Windows NT 6.3; Win64; x64) AppleWebKit/537.36 (KHTML, like Gecko) Chrome/103.0.5060.53 Safari/537.36"
66.29.132.124 - - [27/Dec/2024:19:31:47 -0500] "POST /wp-admin/admin-ajax.php?action=async_litespeed&nonce=R333snxw9uKCLO9p2GznqoHw6AvLleAe&litespeed_type=imgoptm HTTP/1.1" 200 21 "-" "WordPress/6.7.1; https://misswavenigeria.com"
66.249.79.4 - - [27/Dec/2024:19:31:50 -0500] "GET /goods/C107408?k=product HTTP/1.1" 301 0 "-" "Mozilla/5.0 (Linux; Android 6.0.1; Nexus 5X Build/MMB29P) AppleWebKit/537.36 (KHTML, like Gecko) Chrome/131.0.6778.139 Mobile Safari/537.36 (compatible; Googlebot/2.1; +http://www.google.com/bot.html)"
66.249.68.66 - - [27/Dec/2024:19:31:52 -0500] "GET /goods/C107408?k=product HTTP/1.1" 404 15610 "-" "Mozilla/5.0 (Linux; Android 6.0.1; Nexus 5X Build/MMB29P) AppleWebKit/537.36 (KHTML, like Gecko) Chrome/131.0.6778.139 Mobile Safari/537.36 (compatible; Googlebot/2.1; +http://www.google.com/bot.html)"
66.29.132.124 - - [27/Dec/2024:19:33:49 -0500] "POST /wp-cron.php?doing_wp_cron=1735346029.6510860919952392578125 HTTP/1.1" 200 0 "-" "WordPress/6.7.1; https://misswavenigeria.com"
45.88.97.56 - - [27/Dec/2024:19:33:48 -0500] "GET / HTTP/1.0" 200 109055 "https://misswavenigeria.com/" "Mozilla/5.0 (Windows NT 6.1; Win64; x64) AppleWebKit/537.36 (KHTML, like Gecko) Chrome/103.0.0.0 Safari/537.36"
66.29.132.124 - - [27/Dec/2024:19:33:49 -0500] "POST /wp-admin/admin-ajax.php?action=async_litespeed&nonce=x3cdoYmHSAUhPcnN5JzNMOGO9jyN8Uwn&litespeed_type=imgoptm HTTP/1.1" 200 21 "-" "WordPress/6.7.1; https://misswavenigeria.com"
45.88.97.56 - - [27/Dec/2024:19:33:51 -0500] "GET /register/ HTTP/1.0" 200 75922 "https://misswavenigeria.com/register/" "Mozilla/5.0 (Windows NT 6.1; Win64; x64) AppleWebKit/537.36 (KHTML, like Gecko) Chrome/103.0.0.0 Safari/537.36"
45.88.97.56 - - [27/Dec/2024:19:33:53 -0500] "POST /register/ HTTP/1.0" 200 76048 "https://misswavenigeria.com/register/" "Mozilla/5.0 (Windows NT 6.1; Win64; x64) AppleWebKit/537.36 (KHTML, like Gecko) Chrome/103.0.0.0 Safari/537.36"
66.29.132.124 - - [27/Dec/2024:19:34:57 -0500] "POST /wp-cron.php?doing_wp_cron=1735346097.9723200798034667968750 HTTP/1.1" 200 0 "-" "WordPress/6.7.1; https://misswavenigeria.com"
45.88.97.56 - - [27/Dec/2024:19:34:57 -0500] "GET /register/ HTTP/1.0" 200 75922 "https://misswavenigeria.com/" "Mozilla/5.0 (Windows NT 6.1; Win64; x64) AppleWebKit/537.36 (KHTML, like Gecko) Chrome/103.0.0.0 Safari/537.36"
66.29.132.124 - - [27/Dec/2024:19:34:58 -0500] "POST /wp-admin/admin-ajax.php?action=async_litespeed&nonce=FD2XAyJ9AcQdXJoMiO4PfayhBuRlAKTI&litespeed_type=imgoptm HTTP/1.1" 200 21 "-" "WordPress/6.7.1; https://misswavenigeria.com"
66.29.132.124 - - [27/Dec/2024:19:36:59 -0500] "POST /wp-cron.php?doing_wp_cron=1735346219.5977799892425537109375 HTTP/1.1" 200 0 "-" "WordPress/6.7.1; https://misswavenigeria.com"
45.88.97.56 - - [27/Dec/2024:19:36:58 -0500] "GET / HTTP/1.0" 200 109053 "https://misswavenigeria.com/" "Mozilla/5.0 (Windows NT 10.0; Win64; x64) AppleWebKit/537.36 (KHTML, like Gecko) Chrome/103.0.0.0 Safari/537.36"
66.29.132.124 - - [27/Dec/2024:19:36:59 -0500] "POST /wp-admin/admin-ajax.php?action=async_litespeed&nonce=3QGdLZmY8wZsqXBxCcXSf123CfeQCJVQ&litespeed_type=imgoptm HTTP/1.1" 200 21 "-" "WordPress/6.7.1; https://misswavenigeria.com"
45.88.97.56 - - [27/Dec/2024:19:37:01 -0500] "GET /register/ HTTP/1.0" 200 75922 "https://misswavenigeria.com/register/" "Mozilla/5.0 (Windows NT 10.0; Win64; x64) AppleWebKit/537.36 (KHTML, like Gecko) Chrome/103.0.0.0 Safari/537.36"
45.88.97.56 - - [27/Dec/2024:19:37:03 -0500] "POST /register/ HTTP/1.0" 200 76048 "https://misswavenigeria.com/register/" "Mozilla/5.0 (Windows NT 10.0; Win64; x64) AppleWebKit/537.36 (KHTML, like Gecko) Chrome/103.0.0.0 Safari/537.36"
66.29.132.124 - - [27/Dec/2024:19:37:59 -0500] "POST /wp-cron.php?doing_wp_cron=1735346279.5285000801086425781250 HTTP/1.1" 200 0 "-" "WordPress/6.7.1; https://misswavenigeria.com"
45.88.97.56 - - [27/Dec/2024:19:37:59 -0500] "GET /register/ HTTP/1.0" 200 75922 "https://misswavenigeria.com/" "Mozilla/5.0 (Windows NT 10.0; Win64; x64) AppleWebKit/537.36 (KHTML, like Gecko) Chrome/103.0.0.0 Safari/537.36"
66.29.132.124 - - [27/Dec/2024:19:37:59 -0500] "POST /wp-admin/admin-ajax.php?action=async_litespeed&nonce=LZnQBHDqD5OfEVRcEkoJkbktgd596OK8&litespeed_type=imgoptm HTTP/1.1" 200 21 "-" "WordPress/6.7.1; https://misswavenigeria.com"
66.29.132.124 - - [27/Dec/2024:19:40:09 -0500] "POST /wp-cron.php?doing_wp_cron=1735346409.4497148990631103515625 HTTP/1.1" 200 0 "-" "WordPress/6.7.1; https://misswavenigeria.com"
45.88.97.56 - - [27/Dec/2024:19:40:07 -0500] "GET / HTTP/1.0" 200 109055 "https://misswavenigeria.com/" "Mozilla/5.0 (Windows NT 10.0; Win64; x64) AppleWebKit/537.36 (KHTML, like Gecko) Chrome/103.0.5060.53 Safari/537.36"
66.29.132.124 - - [27/Dec/2024:19:40:09 -0500] "POST /wp-admin/admin-ajax.php?action=async_litespeed&nonce=l9GZcobNJEa2ROvKwfKrWKu3RcxC1QY9&litespeed_type=imgoptm HTTP/1.1" 200 21 "-" "WordPress/6.7.1; https://misswavenigeria.com"
45.88.97.56 - - [27/Dec/2024:19:40:11 -0500] "GET /register/ HTTP/1.0" 200 75922 "https://misswavenigeria.com/register/" "Mozilla/5.0 (Windows NT 10.0; Win64; x64) AppleWebKit/537.36 (KHTML, like Gecko) Chrome/103.0.5060.53 Safari/537.36"
45.88.97.56 - - [27/Dec/2024:19:40:13 -0500] "POST /register/ HTTP/1.0" 200 76048 "https://misswavenigeria.com/register/" "Mozilla/5.0 (Windows NT 10.0; Win64; x64) AppleWebKit/537.36 (KHTML, like Gecko) Chrome/103.0.5060.53 Safari/537.36"
66.29.132.124 - - [27/Dec/2024:19:41:12 -0500] "POST /wp-cron.php?doing_wp_cron=1735346472.1601860523223876953125 HTTP/1.1" 200 0 "-" "WordPress/6.7.1; https://misswavenigeria.com"
45.88.97.56 - - [27/Dec/2024:19:41:11 -0500] "GET /register/ HTTP/1.0" 200 75922 "https://misswavenigeria.com/" "Mozilla/5.0 (Windows NT 10.0; Win64; x64) AppleWebKit/537.36 (KHTML, like Gecko) Chrome/103.0.5060.53 Safari/537.36"
66.29.132.124 - - [27/Dec/2024:19:41:12 -0500] "POST /wp-admin/admin-ajax.php?action=async_litespeed&nonce=tYOOWwDRsXgGrFlDe1Tkk1Km5T7y9RDq&litespeed_type=imgoptm HTTP/1.1" 200 21 "-" "WordPress/6.7.1; https://misswavenigeria.com"
66.29.132.124 - - [27/Dec/2024:19:43:19 -0500] "POST /wp-cron.php?doing_wp_cron=1735346599.5094940662384033203125 HTTP/1.1" 200 0 "-" "WordPress/6.7.1; https://misswavenigeria.com"
45.88.97.56 - - [27/Dec/2024:19:43:18 -0500] "GET / HTTP/1.0" 200 109055 "https://misswavenigeria.com/" "Mozilla/5.0 (Windows NT 10.0; Win64; x64) AppleWebKit/537.36 (KHTML, like Gecko) Chrome/103.0.5060.66 Safari/537.36"
66.29.132.124 - - [27/Dec/2024:19:43:19 -0500] "POST /wp-admin/admin-ajax.php?action=async_litespeed&nonce=Rq5Wg2YZ3Cq41KsRBsJmWbFphBPvE43F&litespeed_type=imgoptm HTTP/1.1" 200 21 "-" "WordPress/6.7.1; https://misswavenigeria.com"
45.88.97.56 - - [27/Dec/2024:19:43:21 -0500] "GET /register/ HTTP/1.0" 200 75922 "https://misswavenigeria.com/register/" "Mozilla/5.0 (Windows NT 10.0; Win64; x64) AppleWebKit/537.36 (KHTML, like Gecko) Chrome/103.0.5060.66 Safari/537.36"
45.88.97.56 - - [27/Dec/2024:19:43:23 -0500] "POST /register/ HTTP/1.0" 200 76048 "https://misswavenigeria.com/register/" "Mozilla/5.0 (Windows NT 10.0; Win64; x64) AppleWebKit/537.36 (KHTML, like Gecko) Chrome/103.0.5060.66 Safari/537.36"
66.29.132.124 - - [27/Dec/2024:19:44:28 -0500] "POST /wp-cron.php?doing_wp_cron=1735346668.5966129302978515625000 HTTP/1.1" 200 0 "-" "WordPress/6.7.1; https://misswavenigeria.com"
45.88.97.56 - - [27/Dec/2024:19:44:28 -0500] "GET /register/ HTTP/1.0" 200 75922 "https://misswavenigeria.com/" "Mozilla/5.0 (Windows NT 10.0; Win64; x64) AppleWebKit/537.36 (KHTML, like Gecko) Chrome/103.0.5060.66 Safari/537.36"
66.29.132.124 - - [27/Dec/2024:19:44:28 -0500] "POST /wp-admin/admin-ajax.php?action=async_litespeed&nonce=C2WGJk2Sdy7UwoRp8pbOG3f1JIxN8hcD&litespeed_type=imgoptm HTTP/1.1" 200 21 "-" "WordPress/6.7.1; https://misswavenigeria.com"
66.29.132.124 - - [27/Dec/2024:19:46:26 -0500] "POST /wp-cron.php?doing_wp_cron=1735346786.5746281147003173828125 HTTP/1.1" 200 0 "-" "WordPress/6.7.1; https://misswavenigeria.com"
45.88.97.56 - - [27/Dec/2024:19:46:24 -0500] "GET / HTTP/1.0" 200 109053 "https://misswavenigeria.com/" "Mozilla/5.0 (Windows NT 10.0; Win64; x64) AppleWebKit/537.36 (KHTML, like Gecko) Chrome/103.0.0.0 Safari/537.36 OpenWave/97.4.2043.44"
66.29.132.124 - - [27/Dec/2024:19:46:26 -0500] "POST /wp-admin/admin-ajax.php?action=async_litespeed&nonce=xf5P3BBZLDRrvlK8GRv7to4O66lIth1a&litespeed_type=imgoptm HTTP/1.1" 200 21 "-" "WordPress/6.7.1; https://misswavenigeria.com"
45.88.97.56 - - [27/Dec/2024:19:46:28 -0500] "GET /register/ HTTP/1.0" 200 75922 "https://misswavenigeria.com/register/" "Mozilla/5.0 (Windows NT 10.0; Win64; x64) AppleWebKit/537.36 (KHTML, like Gecko) Chrome/103.0.0.0 Safari/537.36 OpenWave/97.4.2043.44"
45.88.97.56 - - [27/Dec/2024:19:46:30 -0500] "POST /register/ HTTP/1.0" 200 76048 "https://misswavenigeria.com/register/" "Mozilla/5.0 (Windows NT 10.0; Win64; x64) AppleWebKit/537.36 (KHTML, like Gecko) Chrome/103.0.0.0 Safari/537.36 OpenWave/97.4.2043.44"
66.29.132.124 - - [27/Dec/2024:19:47:29 -0500] "POST /wp-cron.php?doing_wp_cron=1735346849.8046889305114746093750 HTTP/1.1" 200 0 "-" "WordPress/6.7.1; https://misswavenigeria.com"
45.88.97.56 - - [27/Dec/2024:19:47:29 -0500] "GET /register/ HTTP/1.0" 200 75922 "https://misswavenigeria.com/" "Mozilla/5.0 (Windows NT 10.0; Win64; x64) AppleWebKit/537.36 (KHTML, like Gecko) Chrome/103.0.0.0 Safari/537.36 OpenWave/97.4.2043.44"
66.29.132.124 - - [27/Dec/2024:19:47:29 -0500] "POST /wp-admin/admin-ajax.php?action=async_litespeed&nonce=Fjh3peDTyVuEtD7A4ZBD1Jad9lDvgN7b&litespeed_type=imgoptm HTTP/1.1" 200 21 "-" "WordPress/6.7.1; https://misswavenigeria.com"
66.29.132.124 - - [27/Dec/2024:19:49:32 -0500] "POST /wp-cron.php?doing_wp_cron=1735346972.4378900527954101562500 HTTP/1.1" 200 0 "-" "WordPress/6.7.1; https://misswavenigeria.com"
45.88.97.56 - - [27/Dec/2024:19:49:31 -0500] "GET / HTTP/1.0" 200 109055 "https://misswavenigeria.com/" "Mozilla/5.0 (Windows NT 10.0; Win64; x64) AppleWebKit/537.36 (KHTML, like Gecko) Chrome/103.0.5060.134 Safari/537.36"
66.29.132.124 - - [27/Dec/2024:19:49:32 -0500] "POST /wp-admin/admin-ajax.php?action=async_litespeed&nonce=P7eWlPWqTGPRFBrCjmdJW8e6wK2pjDZC&litespeed_type=imgoptm HTTP/1.1" 200 21 "-" "WordPress/6.7.1; https://misswavenigeria.com"
45.88.97.56 - - [27/Dec/2024:19:49:34 -0500] "GET /register/ HTTP/1.0" 200 75922 "https://misswavenigeria.com/register/" "Mozilla/5.0 (Windows NT 10.0; Win64; x64) AppleWebKit/537.36 (KHTML, like Gecko) Chrome/103.0.5060.134 Safari/537.36"
45.88.97.56 - - [27/Dec/2024:19:49:36 -0500] "POST /register/ HTTP/1.0" 200 76048 "https://misswavenigeria.com/register/" "Mozilla/5.0 (Windows NT 10.0; Win64; x64) AppleWebKit/537.36 (KHTML, like Gecko) Chrome/103.0.5060.134 Safari/537.36"
66.29.132.124 - - [27/Dec/2024:19:50:44 -0500] "POST /wp-cron.php?doing_wp_cron=1735347044.1777551174163818359375 HTTP/1.1" 200 0 "-" "WordPress/6.7.1; https://misswavenigeria.com"
45.88.97.56 - - [27/Dec/2024:19:50:44 -0500] "GET /register/ HTTP/1.0" 200 75922 "https://misswavenigeria.com/" "Mozilla/5.0 (Windows NT 10.0; Win64; x64) AppleWebKit/537.36 (KHTML, like Gecko) Chrome/103.0.5060.134 Safari/537.36"
66.29.132.124 - - [27/Dec/2024:19:50:44 -0500] "POST /wp-admin/admin-ajax.php?action=async_litespeed&nonce=4HmWhOOfkkZ6fAoBVTwpbThzdHuODPBH&litespeed_type=imgoptm HTTP/1.1" 200 21 "-" "WordPress/6.7.1; https://misswavenigeria.com"
85.208.96.200 - - [27/Dec/2024:19:51:30 -0500] "GET /robots.txt HTTP/1.1" 200 115 "-" "Mozilla/5.0 (compatible; SemrushBot/7~bl; +http://www.semrush.com/bot.html)"
66.29.132.124 - - [27/Dec/2024:19:51:31 -0500] "POST /wp-cron.php?doing_wp_cron=1735347091.0508499145507812500000 HTTP/1.1" 200 0 "-" "WordPress/6.7.1; https://misswavenigeria.com"
185.191.171.1 - - [27/Dec/2024:19:51:30 -0500] "GET /galleries-3-columns/ HTTP/1.1" 200 20177 "-" "Mozilla/5.0 (compatible; SemrushBot/7~bl; +http://www.semrush.com/bot.html)"
66.29.132.124 - - [27/Dec/2024:19:52:38 -0500] "POST /wp-cron.php?doing_wp_cron=1735347158.5120079517364501953125 HTTP/1.1" 200 0 "-" "WordPress/6.7.1; https://misswavenigeria.com"
45.88.97.56 - - [27/Dec/2024:19:52:38 -0500] "GET / HTTP/1.0" 200 109055 "https://misswavenigeria.com/" "Mozilla/5.0 (Windows NT 6.3; WOW64) AppleWebKit/537.36 (KHTML, like Gecko) Chrome/103.0.0.0 Safari/537.36"
66.29.132.124 - - [27/Dec/2024:19:52:38 -0500] "POST /wp-admin/admin-ajax.php?action=async_litespeed&nonce=5AvAA3MELrAdfzZxXdj32iir5OEvAexT&litespeed_type=imgoptm HTTP/1.1" 200 21 "-" "WordPress/6.7.1; https://misswavenigeria.com"
45.88.97.56 - - [27/Dec/2024:19:52:40 -0500] "GET /register/ HTTP/1.0" 200 75922 "https://misswavenigeria.com/register/" "Mozilla/5.0 (Windows NT 6.3; WOW64) AppleWebKit/537.36 (KHTML, like Gecko) Chrome/103.0.0.0 Safari/537.36"
66.29.132.124 - - [27/Dec/2024:19:52:42 -0500] "POST /wp-cron.php?doing_wp_cron=1735347162.6300079822540283203125 HTTP/1.1" 200 0 "-" "WordPress/6.7.1; https://misswavenigeria.com"
66.29.132.124 - - [27/Dec/2024:19:52:42 -0500] "POST /wp-admin/admin-ajax.php?action=async_litespeed&nonce=x0aPXDel9RRpSuR6wT61UytC5eU3dSlB&litespeed_type=imgoptm HTTP/1.1" 200 21 "-" "WordPress/6.7.1; https://misswavenigeria.com"
66.249.79.2 - - [27/Dec/2024:19:53:06 -0500] "GET /goods/Z330277?k=product HTTP/1.1" 301 0 "-" "Mozilla/5.0 (Linux; Android 6.0.1; Nexus 5X Build/MMB29P) AppleWebKit/537.36 (KHTML, like Gecko) Chrome/131.0.6778.139 Mobile Safari/537.36 (compatible; Googlebot/2.1; +http://www.google.com/bot.html)"
66.249.79.4 - - [27/Dec/2024:19:53:06 -0500] "GET /goods/D646233?k=product HTTP/1.1" 301 0 "-" "Mozilla/5.0 (Linux; Android 6.0.1; Nexus 5X Build/MMB29P) AppleWebKit/537.36 (KHTML, like Gecko) Chrome/131.0.6778.139 Mobile Safari/537.36 (compatible; Googlebot/2.1; +http://www.google.com/bot.html)"
66.249.79.2 - - [27/Dec/2024:19:53:06 -0500] "GET /goods/B158341?k=product HTTP/1.1" 301 0 "-" "Mozilla/5.0 (Linux; Android 6.0.1; Nexus 5X Build/MMB29P) AppleWebKit/537.36 (KHTML, like Gecko) Chrome/131.0.6778.139 Mobile Safari/537.36 (compatible; Googlebot/2.1; +http://www.google.com/bot.html)"
66.249.68.67 - - [27/Dec/2024:19:53:07 -0500] "GET /goods/409085.html HTTP/1.1" 404 15610 "-" "Mozilla/5.0 (Linux; Android 6.0.1; Nexus 5X Build/MMB29P) AppleWebKit/537.36 (KHTML, like Gecko) Chrome/131.0.6778.139 Mobile Safari/537.36 (compatible; Googlebot/2.1; +http://www.google.com/bot.html)"
66.249.79.4 - - [27/Dec/2024:19:53:07 -0500] "GET /goods/Z471145?k=product HTTP/1.1" 301 0 "-" "Mozilla/5.0 (Linux; Android 6.0.1; Nexus 5X Build/MMB29P) AppleWebKit/537.36 (KHTML, like Gecko) Chrome/131.0.6778.139 Mobile Safari/537.36 (compatible; Googlebot/2.1; +http://www.google.com/bot.html)"
66.249.68.66 - - [27/Dec/2024:19:53:08 -0500] "GET /goods/Z330277?k=product HTTP/1.1" 404 15610 "-" "Mozilla/5.0 (Linux; Android 6.0.1; Nexus 5X Build/MMB29P) AppleWebKit/537.36 (KHTML, like Gecko) Chrome/131.0.6778.139 Mobile Safari/537.36 (compatible; Googlebot/2.1; +http://www.google.com/bot.html)"
66.249.68.66 - - [27/Dec/2024:19:53:09 -0500] "GET /goods/D646233?k=product HTTP/1.1" 404 15610 "-" "Mozilla/5.0 (Linux; Android 6.0.1; Nexus 5X Build/MMB29P) AppleWebKit/537.36 (KHTML, like Gecko) Chrome/131.0.6778.139 Mobile Safari/537.36 (compatible; Googlebot/2.1; +http://www.google.com/bot.html)"
66.249.68.67 - - [27/Dec/2024:19:53:09 -0500] "GET /goods/B158341?k=product HTTP/1.1" 404 15610 "-" "Mozilla/5.0 (Linux; Android 6.0.1; Nexus 5X Build/MMB29P) AppleWebKit/537.36 (KHTML, like Gecko) Chrome/131.0.6778.139 Mobile Safari/537.36 (compatible; Googlebot/2.1; +http://www.google.com/bot.html)"
66.249.68.67 - - [27/Dec/2024:19:53:10 -0500] "GET /goods/Z471145?k=product HTTP/1.1" 404 15610 "-" "Mozilla/5.0 (Linux; Android 6.0.1; Nexus 5X Build/MMB29P) AppleWebKit/537.36 (KHTML, like Gecko) Chrome/131.0.6778.139 Mobile Safari/537.36 (compatible; Googlebot/2.1; +http://www.google.com/bot.html)"
45.88.97.56 - - [27/Dec/2024:19:52:42 -0500] "POST /register/ HTTP/1.0" 200 76048 "https://misswavenigeria.com/register/" "Mozilla/5.0 (Windows NT 6.3; WOW64) AppleWebKit/537.36 (KHTML, like Gecko) Chrome/103.0.0.0 Safari/537.36"
66.29.132.124 - - [27/Dec/2024:19:53:48 -0500] "POST /wp-cron.php?doing_wp_cron=1735347228.9756178855895996093750 HTTP/1.1" 200 0 "-" "WordPress/6.7.1; https://misswavenigeria.com"
45.88.97.56 - - [27/Dec/2024:19:53:48 -0500] "GET /register/ HTTP/1.0" 200 75922 "https://misswavenigeria.com/" "Mozilla/5.0 (Windows NT 6.3; WOW64) AppleWebKit/537.36 (KHTML, like Gecko) Chrome/103.0.0.0 Safari/537.36"
66.29.132.124 - - [27/Dec/2024:19:53:49 -0500] "POST /wp-admin/admin-ajax.php?action=async_litespeed&nonce=0fKit7kWTpLZdxmjkoFUj2x9I3oRMcw8&litespeed_type=imgoptm HTTP/1.1" 200 21 "-" "WordPress/6.7.1; https://misswavenigeria.com"
66.29.132.124 - - [27/Dec/2024:19:54:33 -0500] "POST /wp-cron.php?doing_wp_cron=1735347273.0966439247131347656250 HTTP/1.1" 200 0 "-" "WordPress/6.7.1; https://misswavenigeria.com"
66.249.68.67 - - [27/Dec/2024:19:54:32 -0500] "GET /goods/46586.html HTTP/1.1" 404 15610 "-" "Mozilla/5.0 (Linux; Android 6.0.1; Nexus 5X Build/MMB29P) AppleWebKit/537.36 (KHTML, like Gecko) Chrome/131.0.6778.139 Mobile Safari/537.36 (compatible; Googlebot/2.1; +http://www.google.com/bot.html)"
66.249.79.4 - - [27/Dec/2024:19:54:33 -0500] "GET /goods/Q877022?k=product HTTP/1.1" 301 0 "-" "Mozilla/5.0 (Linux; Android 6.0.1; Nexus 5X Build/MMB29P) AppleWebKit/537.36 (KHTML, like Gecko) Chrome/131.0.6778.139 Mobile Safari/537.36 (compatible; Googlebot/2.1; +http://www.google.com/bot.html)"
66.249.79.2 - - [27/Dec/2024:19:54:33 -0500] "GET /goods/H75121?k=product HTTP/1.1" 301 0 "-" "Mozilla/5.0 (Linux; Android 6.0.1; Nexus 5X Build/MMB29P) AppleWebKit/537.36 (KHTML, like Gecko) Chrome/131.0.6778.139 Mobile Safari/537.36 (compatible; Googlebot/2.1; +http://www.google.com/bot.html)"
66.249.79.3 - - [27/Dec/2024:19:54:33 -0500] "GET /goods/N390039?k=product HTTP/1.1" 301 0 "-" "Mozilla/5.0 (Linux; Android 6.0.1; Nexus 5X Build/MMB29P) AppleWebKit/537.36 (KHTML, like Gecko) Chrome/131.0.6778.139 Mobile Safari/537.36 (compatible; Googlebot/2.1; +http://www.google.com/bot.html)"
66.249.79.2 - - [27/Dec/2024:19:54:33 -0500] "GET /goods/N247299?k=product HTTP/1.1" 301 0 "-" "Mozilla/5.0 (Linux; Android 6.0.1; Nexus 5X Build/MMB29P) AppleWebKit/537.36 (KHTML, like Gecko) Chrome/131.0.6778.139 Mobile Safari/537.36 (compatible; Googlebot/2.1; +http://www.google.com/bot.html)"
66.249.68.66 - - [27/Dec/2024:19:54:33 -0500] "GET /guide/Parker HTTP/1.1" 404 15610 "-" "Mozilla/5.0 (Linux; Android 6.0.1; Nexus 5X Build/MMB29P) AppleWebKit/537.36 (KHTML, like Gecko) Chrome/131.0.6778.139 Mobile Safari/537.36 (compatible; Googlebot/2.1; +http://www.google.com/bot.html)"
66.249.79.3 - - [27/Dec/2024:19:54:33 -0500] "GET /goods/M504854?k=product HTTP/1.1" 301 0 "-" "Mozilla/5.0 (Linux; Android 6.0.1; Nexus 5X Build/MMB29P) AppleWebKit/537.36 (KHTML, like Gecko) Chrome/131.0.6778.139 Mobile Safari/537.36 (compatible; Googlebot/2.1; +http://www.google.com/bot.html)"
66.249.79.4 - - [27/Dec/2024:19:54:33 -0500] "GET /goods/J37553?k=product HTTP/1.1" 301 0 "-" "Mozilla/5.0 (Linux; Android 6.0.1; Nexus 5X Build/MMB29P) AppleWebKit/537.36 (KHTML, like Gecko) Chrome/131.0.6778.139 Mobile Safari/537.36 (compatible; Googlebot/2.1; +http://www.google.com/bot.html)"
66.249.79.2 - - [27/Dec/2024:19:54:34 -0500] "GET /goods/G423156?k=product HTTP/1.1" 301 0 "-" "Mozilla/5.0 (Linux; Android 6.0.1; Nexus 5X Build/MMB29P) AppleWebKit/537.36 (KHTML, like Gecko) Chrome/131.0.6778.139 Mobile Safari/537.36 (compatible; Googlebot/2.1; +http://www.google.com/bot.html)"
66.249.68.67 - - [27/Dec/2024:19:54:34 -0500] "GET /goods/Q877022?k=product HTTP/1.1" 404 15610 "-" "Mozilla/5.0 (Linux; Android 6.0.1; Nexus 5X Build/MMB29P) AppleWebKit/537.36 (KHTML, like Gecko) Chrome/131.0.6778.139 Mobile Safari/537.36 (compatible; Googlebot/2.1; +http://www.google.com/bot.html)"
66.249.68.66 - - [27/Dec/2024:19:54:35 -0500] "GET /goods/H75121?k=product HTTP/1.1" 404 15610 "-" "Mozilla/5.0 (Linux; Android 6.0.1; Nexus 5X Build/MMB29P) AppleWebKit/537.36 (KHTML, like Gecko) Chrome/131.0.6778.139 Mobile Safari/537.36 (compatible; Googlebot/2.1; +http://www.google.com/bot.html)"
66.249.68.68 - - [27/Dec/2024:19:54:35 -0500] "GET /goods/N390039?k=product HTTP/1.1" 404 15610 "-" "Mozilla/5.0 (Linux; Android 6.0.1; Nexus 5X Build/MMB29P) AppleWebKit/537.36 (KHTML, like Gecko) Chrome/131.0.6778.139 Mobile Safari/537.36 (compatible; Googlebot/2.1; +http://www.google.com/bot.html)"
66.249.68.68 - - [27/Dec/2024:19:54:35 -0500] "GET /goods/N247299?k=product HTTP/1.1" 404 15610 "-" "Mozilla/5.0 (Linux; Android 6.0.1; Nexus 5X Build/MMB29P) AppleWebKit/537.36 (KHTML, like Gecko) Chrome/131.0.6778.139 Mobile Safari/537.36 (compatible; Googlebot/2.1; +http://www.google.com/bot.html)"
66.249.68.68 - - [27/Dec/2024:19:54:35 -0500] "GET /goods/M504854?k=product HTTP/1.1" 404 15610 "-" "Mozilla/5.0 (Linux; Android 6.0.1; Nexus 5X Build/MMB29P) AppleWebKit/537.36 (KHTML, like Gecko) Chrome/131.0.6778.139 Mobile Safari/537.36 (compatible; Googlebot/2.1; +http://www.google.com/bot.html)"
66.249.68.66 - - [27/Dec/2024:19:54:36 -0500] "GET /goods/J37553?k=product HTTP/1.1" 404 15610 "-" "Mozilla/5.0 (Linux; Android 6.0.1; Nexus 5X Build/MMB29P) AppleWebKit/537.36 (KHTML, like Gecko) Chrome/131.0.6778.139 Mobile Safari/537.36 (compatible; Googlebot/2.1; +http://www.google.com/bot.html)"
66.249.68.67 - - [27/Dec/2024:19:54:36 -0500] "GET /goods/G423156?k=product HTTP/1.1" 404 15610 "-" "Mozilla/5.0 (Linux; Android 6.0.1; Nexus 5X Build/MMB29P) AppleWebKit/537.36 (KHTML, like Gecko) Chrome/131.0.6778.139 Mobile Safari/537.36 (compatible; Googlebot/2.1; +http://www.google.com/bot.html)"
66.249.79.3 - - [27/Dec/2024:19:54:37 -0500] "GET /goods/V53815?k=product HTTP/1.1" 301 0 "-" "Mozilla/5.0 (Linux; Android 6.0.1; Nexus 5X Build/MMB29P) AppleWebKit/537.36 (KHTML, like Gecko) Chrome/131.0.6778.139 Mobile Safari/537.36 (compatible; Googlebot/2.1; +http://www.google.com/bot.html)"
66.249.79.2 - - [27/Dec/2024:19:54:37 -0500] "GET /goods/S114444?k=product HTTP/1.1" 301 0 "-" "Mozilla/5.0 (Linux; Android 6.0.1; Nexus 5X Build/MMB29P) AppleWebKit/537.36 (KHTML, like Gecko) Chrome/131.0.6778.139 Mobile Safari/537.36 (compatible; Googlebot/2.1; +http://www.google.com/bot.html)"
66.249.79.2 - - [27/Dec/2024:19:54:37 -0500] "GET /goods/R363497?k=product HTTP/1.1" 301 0 "-" "Mozilla/5.0 (Linux; Android 6.0.1; Nexus 5X Build/MMB29P) AppleWebKit/537.36 (KHTML, like Gecko) Chrome/131.0.6778.139 Mobile Safari/537.36 (compatible; Googlebot/2.1; +http://www.google.com/bot.html)"
66.249.79.2 - - [27/Dec/2024:19:54:37 -0500] "GET /goods/N527631?k=product HTTP/1.1" 301 0 "-" "Mozilla/5.0 (Linux; Android 6.0.1; Nexus 5X Build/MMB29P) AppleWebKit/537.36 (KHTML, like Gecko) Chrome/131.0.6778.139 Mobile Safari/537.36 (compatible; Googlebot/2.1; +http://www.google.com/bot.html)"
66.249.68.67 - - [27/Dec/2024:19:54:38 -0500] "GET /goods/981569.html HTTP/1.1" 404 15610 "-" "Mozilla/5.0 (Linux; Android 6.0.1; Nexus 5X Build/MMB29P) AppleWebKit/537.36 (KHTML, like Gecko) Chrome/131.0.6778.139 Mobile Safari/537.36 (compatible; Googlebot/2.1; +http://www.google.com/bot.html)"
66.249.79.3 - - [27/Dec/2024:19:54:38 -0500] "GET /goods/U630026?k=product HTTP/1.1" 301 0 "-" "Mozilla/5.0 (Linux; Android 6.0.1; Nexus 5X Build/MMB29P) AppleWebKit/537.36 (KHTML, like Gecko) Chrome/131.0.6778.139 Mobile Safari/537.36 (compatible; Googlebot/2.1; +http://www.google.com/bot.html)"
66.249.79.3 - - [27/Dec/2024:19:54:38 -0500] "GET /goods/W127552?k=product HTTP/1.1" 301 0 "-" "Mozilla/5.0 (Linux; Android 6.0.1; Nexus 5X Build/MMB29P) AppleWebKit/537.36 (KHTML, like Gecko) Chrome/131.0.6778.139 Mobile Safari/537.36 (compatible; Googlebot/2.1; +http://www.google.com/bot.html)"
66.249.68.66 - - [27/Dec/2024:19:54:38 -0500] "GET /goods/V53815?k=product HTTP/1.1" 404 15610 "-" "Mozilla/5.0 (Linux; Android 6.0.1; Nexus 5X Build/MMB29P) AppleWebKit/537.36 (KHTML, like Gecko) Chrome/131.0.6778.139 Mobile Safari/537.36 (compatible; Googlebot/2.1; +http://www.google.com/bot.html)"
66.249.68.67 - - [27/Dec/2024:19:54:39 -0500] "GET /goods/S114444?k=product HTTP/1.1" 404 15610 "-" "Mozilla/5.0 (Linux; Android 6.0.1; Nexus 5X Build/MMB29P) AppleWebKit/537.36 (KHTML, like Gecko) Chrome/131.0.6778.139 Mobile Safari/537.36 (compatible; Googlebot/2.1; +http://www.google.com/bot.html)"
66.249.79.2 - - [27/Dec/2024:19:54:39 -0500] "GET /goods/X28025?k=product HTTP/1.1" 301 0 "-" "Mozilla/5.0 (Linux; Android 6.0.1; Nexus 5X Build/MMB29P) AppleWebKit/537.36 (KHTML, like Gecko) Chrome/131.0.6778.139 Mobile Safari/537.36 (compatible; Googlebot/2.1; +http://www.google.com/bot.html)"
66.249.68.66 - - [27/Dec/2024:19:54:39 -0500] "GET /goods/R363497?k=product HTTP/1.1" 404 15610 "-" "Mozilla/5.0 (Linux; Android 6.0.1; Nexus 5X Build/MMB29P) AppleWebKit/537.36 (KHTML, like Gecko) Chrome/131.0.6778.139 Mobile Safari/537.36 (compatible; Googlebot/2.1; +http://www.google.com/bot.html)"
66.249.68.67 - - [27/Dec/2024:19:54:39 -0500] "GET /goods/N527631?k=product HTTP/1.1" 404 15610 "-" "Mozilla/5.0 (Linux; Android 6.0.1; Nexus 5X Build/MMB29P) AppleWebKit/537.36 (KHTML, like Gecko) Chrome/131.0.6778.139 Mobile Safari/537.36 (compatible; Googlebot/2.1; +http://www.google.com/bot.html)"
66.249.79.2 - - [27/Dec/2024:19:54:39 -0500] "GET /goods/Q653812?k=product HTTP/1.1" 301 0 "-" "Mozilla/5.0 (Linux; Android 6.0.1; Nexus 5X Build/MMB29P) AppleWebKit/537.36 (KHTML, like Gecko) Chrome/131.0.6778.139 Mobile Safari/537.36 (compatible; Googlebot/2.1; +http://www.google.com/bot.html)"
66.249.68.67 - - [27/Dec/2024:19:54:39 -0500] "GET /goods/698272.html HTTP/1.1" 404 15610 "-" "Mozilla/5.0 (Linux; Android 6.0.1; Nexus 5X Build/MMB29P) AppleWebKit/537.36 (KHTML, like Gecko) Chrome/131.0.6778.139 Mobile Safari/537.36 (compatible; Googlebot/2.1; +http://www.google.com/bot.html)"
66.29.132.124 - - [27/Dec/2024:19:54:40 -0500] "POST /wp-cron.php?doing_wp_cron=1735347280.0383939743041992187500 HTTP/1.1" 200 0 "-" "WordPress/6.7.1; https://misswavenigeria.com"
66.249.68.67 - - [27/Dec/2024:19:54:39 -0500] "GET /goods/U630026?k=product HTTP/1.1" 404 15610 "-" "Mozilla/5.0 (Linux; Android 6.0.1; Nexus 5X Build/MMB29P) AppleWebKit/537.36 (KHTML, like Gecko) Chrome/131.0.6778.139 Mobile Safari/537.36 (compatible; Googlebot/2.1; +http://www.google.com/bot.html)"
66.249.68.66 - - [27/Dec/2024:19:54:40 -0500] "GET /goods/356738.html HTTP/1.1" 404 15610 "-" "Mozilla/5.0 (Linux; Android 6.0.1; Nexus 5X Build/MMB29P) AppleWebKit/537.36 (KHTML, like Gecko) Chrome/131.0.6778.139 Mobile Safari/537.36 (compatible; Googlebot/2.1; +http://www.google.com/bot.html)"
66.29.132.124 - - [27/Dec/2024:19:54:40 -0500] "POST /wp-admin/admin-ajax.php?action=async_litespeed&nonce=P8LyLF9aYHuBPIeR8O7vI79yHtnG5MJY&litespeed_type=imgoptm HTTP/1.1" 200 21 "-" "WordPress/6.7.1; https://misswavenigeria.com"
66.249.68.66 - - [27/Dec/2024:19:54:40 -0500] "GET /goods/W127552?k=product HTTP/1.1" 404 15610 "-" "Mozilla/5.0 (Linux; Android 6.0.1; Nexus 5X Build/MMB29P) AppleWebKit/537.36 (KHTML, like Gecko) Chrome/131.0.6778.139 Mobile Safari/537.36 (compatible; Googlebot/2.1; +http://www.google.com/bot.html)"
66.249.79.2 - - [27/Dec/2024:19:54:40 -0500] "GET /goods/R671051?k=product HTTP/1.1" 301 0 "-" "Mozilla/5.0 (Linux; Android 6.0.1; Nexus 5X Build/MMB29P) AppleWebKit/537.36 (KHTML, like Gecko) Chrome/131.0.6778.139 Mobile Safari/537.36 (compatible; Googlebot/2.1; +http://www.google.com/bot.html)"
66.249.68.66 - - [27/Dec/2024:19:54:40 -0500] "GET /goods/X28025?k=product HTTP/1.1" 404 15610 "-" "Mozilla/5.0 (Linux; Android 6.0.1; Nexus 5X Build/MMB29P) AppleWebKit/537.36 (KHTML, like Gecko) Chrome/131.0.6778.139 Mobile Safari/537.36 (compatible; Googlebot/2.1; +http://www.google.com/bot.html)"
66.249.79.2 - - [27/Dec/2024:19:54:40 -0500] "GET /goods/O973116?k=product HTTP/1.1" 301 0 "-" "Mozilla/5.0 (Linux; Android 6.0.1; Nexus 5X Build/MMB29P) AppleWebKit/537.36 (KHTML, like Gecko) Chrome/131.0.6778.139 Mobile Safari/537.36 (compatible; Googlebot/2.1; +http://www.google.com/bot.html)"
66.249.68.67 - - [27/Dec/2024:19:54:40 -0500] "GET /goods/Q653812?k=product HTTP/1.1" 404 15610 "-" "Mozilla/5.0 (Linux; Android 6.0.1; Nexus 5X Build/MMB29P) AppleWebKit/537.36 (KHTML, like Gecko) Chrome/131.0.6778.139 Mobile Safari/537.36 (compatible; Googlebot/2.1; +http://www.google.com/bot.html)"
66.249.79.2 - - [27/Dec/2024:19:54:41 -0500] "GET /goods/L648789?k=product HTTP/1.1" 301 0 "-" "Mozilla/5.0 (Linux; Android 6.0.1; Nexus 5X Build/MMB29P) AppleWebKit/537.36 (KHTML, like Gecko) Chrome/131.0.6778.139 Mobile Safari/537.36 (compatible; Googlebot/2.1; +http://www.google.com/bot.html)"
66.249.79.2 - - [27/Dec/2024:19:54:41 -0500] "GET /goods/O170678?k=product HTTP/1.1" 301 0 "-" "Mozilla/5.0 (Linux; Android 6.0.1; Nexus 5X Build/MMB29P) AppleWebKit/537.36 (KHTML, like Gecko) Chrome/131.0.6778.139 Mobile Safari/537.36 (compatible; Googlebot/2.1; +http://www.google.com/bot.html)"
66.249.79.2 - - [27/Dec/2024:19:54:41 -0500] "GET /goods/E413404?k=product HTTP/1.1" 301 0 "-" "Mozilla/5.0 (Linux; Android 6.0.1; Nexus 5X Build/MMB29P) AppleWebKit/537.36 (KHTML, like Gecko) Chrome/131.0.6778.139 Mobile Safari/537.36 (compatible; Googlebot/2.1; +http://www.google.com/bot.html)"
66.249.68.66 - - [27/Dec/2024:19:54:41 -0500] "GET /goods/R671051?k=product HTTP/1.1" 404 15611 "-" "Mozilla/5.0 (Linux; Android 6.0.1; Nexus 5X Build/MMB29P) AppleWebKit/537.36 (KHTML, like Gecko) Chrome/131.0.6778.139 Mobile Safari/537.36 (compatible; Googlebot/2.1; +http://www.google.com/bot.html)"
66.249.68.67 - - [27/Dec/2024:19:54:41 -0500] "GET /goods/O973116?k=product HTTP/1.1" 404 15611 "-" "Mozilla/5.0 (Linux; Android 6.0.1; Nexus 5X Build/MMB29P) AppleWebKit/537.36 (KHTML, like Gecko) Chrome/131.0.6778.139 Mobile Safari/537.36 (compatible; Googlebot/2.1; +http://www.google.com/bot.html)"
66.249.79.2 - - [27/Dec/2024:19:54:42 -0500] "GET /goods/J81753?k=product HTTP/1.1" 301 0 "-" "Mozilla/5.0 (Linux; Android 6.0.1; Nexus 5X Build/MMB29P) AppleWebKit/537.36 (KHTML, like Gecko) Chrome/131.0.6778.139 Mobile Safari/537.36 (compatible; Googlebot/2.1; +http://www.google.com/bot.html)"
66.249.68.66 - - [27/Dec/2024:19:54:42 -0500] "GET /goods/L648789?k=product HTTP/1.1" 404 15611 "-" "Mozilla/5.0 (Linux; Android 6.0.1; Nexus 5X Build/MMB29P) AppleWebKit/537.36 (KHTML, like Gecko) Chrome/131.0.6778.139 Mobile Safari/537.36 (compatible; Googlebot/2.1; +http://www.google.com/bot.html)"
66.249.68.66 - - [27/Dec/2024:19:54:42 -0500] "GET /goods/O170678?k=product HTTP/1.1" 404 15611 "-" "Mozilla/5.0 (Linux; Android 6.0.1; Nexus 5X Build/MMB29P) AppleWebKit/537.36 (KHTML, like Gecko) Chrome/131.0.6778.139 Mobile Safari/537.36 (compatible; Googlebot/2.1; +http://www.google.com/bot.html)"
66.249.79.2 - - [27/Dec/2024:19:54:42 -0500] "GET /goods/L390089?k=product HTTP/1.1" 301 0 "-" "Mozilla/5.0 (Linux; Android 6.0.1; Nexus 5X Build/MMB29P) AppleWebKit/537.36 (KHTML, like Gecko) Chrome/131.0.6778.139 Mobile Safari/537.36 (compatible; Googlebot/2.1; +http://www.google.com/bot.html)"
