45.88.97.56 - - [27/Dec/2024:12:28:09 -0500] "GET / HTTP/1.0" 200 109053 "https://misswavenigeria.com/" "Mozilla/5.0 (Windows NT 6.3; Win64; x64) AppleWebKit/537.36 (KHTML, like Gecko) Chrome/103.0.5060.66 Safari/537.36"
66.29.132.124 - - [27/Dec/2024:12:28:11 -0500] "POST /wp-admin/admin-ajax.php?action=async_litespeed&nonce=x65mExBrJWddWpjQtmfRJ0Xrl4Z4ontS&litespeed_type=imgoptm HTTP/1.1" 200 21 "-" "WordPress/6.7.1; https://misswavenigeria.com"
45.88.97.56 - - [27/Dec/2024:12:28:13 -0500] "GET /register/ HTTP/1.0" 200 75922 "https://misswavenigeria.com/register/" "Mozilla/5.0 (Windows NT 6.3; Win64; x64) AppleWebKit/537.36 (KHTML, like Gecko) Chrome/103.0.5060.66 Safari/537.36"
66.29.132.124 - - [27/Dec/2024:12:29:14 -0500] "POST /wp-cron.php?doing_wp_cron=1735320554.5324909687042236328125 HTTP/1.1" 200 0 "-" "WordPress/6.7.1; https://misswavenigeria.com"
66.249.79.2 - - [27/Dec/2024:12:29:14 -0500] "GET /goods/Y432976?k=product HTTP/1.1" 301 0 "-" "Mozilla/5.0 (Linux; Android 6.0.1; Nexus 5X Build/MMB29P) AppleWebKit/537.36 (KHTML, like Gecko) Chrome/131.0.6778.139 Mobile Safari/537.36 (compatible; Googlebot/2.1; +http://www.google.com/bot.html)"
66.29.132.124 - - [27/Dec/2024:12:29:14 -0500] "POST /wp-admin/admin-ajax.php?action=async_litespeed&nonce=YcuX2YUWspGla0hhpqAnin0XwTIHdNul&litespeed_type=imgoptm HTTP/1.1" 200 21 "-" "WordPress/6.7.1; https://misswavenigeria.com"
66.249.68.68 - - [27/Dec/2024:12:29:14 -0500] "GET /goods/Y432976?k=product HTTP/1.1" 404 15611 "-" "Mozilla/5.0 (Linux; Android 6.0.1; Nexus 5X Build/MMB29P) AppleWebKit/537.36 (KHTML, like Gecko) Chrome/131.0.6778.139 Mobile Safari/537.36 (compatible; Googlebot/2.1; +http://www.google.com/bot.html)"
45.88.97.56 - - [27/Dec/2024:12:28:15 -0500] "POST /register/ HTTP/1.0" 200 76048 "https://misswavenigeria.com/register/" "Mozilla/5.0 (Windows NT 6.3; Win64; x64) AppleWebKit/537.36 (KHTML, like Gecko) Chrome/103.0.5060.66 Safari/537.36"
66.29.132.124 - - [27/Dec/2024:12:29:31 -0500] "POST /wp-cron.php?doing_wp_cron=1735320571.4309160709381103515625 HTTP/1.1" 200 0 "-" "WordPress/6.7.1; https://misswavenigeria.com"
45.88.97.56 - - [27/Dec/2024:12:29:31 -0500] "GET /register/ HTTP/1.0" 200 75922 "https://misswavenigeria.com/" "Mozilla/5.0 (Windows NT 6.3; Win64; x64) AppleWebKit/537.36 (KHTML, like Gecko) Chrome/103.0.5060.66 Safari/537.36"
66.29.132.124 - - [27/Dec/2024:12:30:09 -0500] "POST /wp-cron.php?doing_wp_cron=1735320609.7638790607452392578125 HTTP/1.1" 200 0 "-" "WordPress/6.7.1; https://misswavenigeria.com"
66.249.68.66 - - [27/Dec/2024:12:30:09 -0500] "GET /goods/106968.html HTTP/1.1" 404 15610 "-" "Mozilla/5.0 (Linux; Android 6.0.1; Nexus 5X Build/MMB29P) AppleWebKit/537.36 (KHTML, like Gecko) Chrome/131.0.6778.139 Mobile Safari/537.36 (compatible; Googlebot/2.1; +http://www.google.com/bot.html)"
66.29.132.124 - - [27/Dec/2024:12:30:10 -0500] "POST /wp-admin/admin-ajax.php?action=async_litespeed&nonce=fZ9ziGw6RQT8Rg0VM0rtjKDZ4IXwMCwJ&litespeed_type=imgoptm HTTP/1.1" 200 21 "-" "WordPress/6.7.1; https://misswavenigeria.com"
66.249.68.66 - - [27/Dec/2024:12:30:10 -0500] "GET /goods/408530.html HTTP/1.1" 404 15610 "-" "Mozilla/5.0 (Linux; Android 6.0.1; Nexus 5X Build/MMB29P) AppleWebKit/537.36 (KHTML, like Gecko) Chrome/131.0.6778.139 Mobile Safari/537.36 (compatible; Googlebot/2.1; +http://www.google.com/bot.html)"
66.249.79.4 - - [27/Dec/2024:12:30:12 -0500] "GET /goods/K773146?k=product HTTP/1.1" 301 0 "-" "Mozilla/5.0 (Linux; Android 6.0.1; Nexus 5X Build/MMB29P) AppleWebKit/537.36 (KHTML, like Gecko) Chrome/131.0.6778.139 Mobile Safari/537.36 (compatible; Googlebot/2.1; +http://www.google.com/bot.html)"
66.249.68.66 - - [27/Dec/2024:12:30:13 -0500] "GET /goods/K773146?k=product HTTP/1.1" 404 15610 "-" "Mozilla/5.0 (Linux; Android 6.0.1; Nexus 5X Build/MMB29P) AppleWebKit/537.36 (KHTML, like Gecko) Chrome/131.0.6778.139 Mobile Safari/537.36 (compatible; Googlebot/2.1; +http://www.google.com/bot.html)"
66.29.132.124 - - [27/Dec/2024:12:31:15 -0500] "POST /wp-cron.php?doing_wp_cron=1735320675.4348020553588867187500 HTTP/1.1" 200 0 "-" "WordPress/6.7.1; https://misswavenigeria.com"
45.88.97.56 - - [27/Dec/2024:12:31:15 -0500] "GET / HTTP/1.0" 200 109053 "https://misswavenigeria.com/" "Mozilla/5.0 (Windows NT 6.1; WOW64) AppleWebKit/537.36 (KHTML, like Gecko) Chrome/103.0.0.0 Safari/537.36"
66.29.132.124 - - [27/Dec/2024:12:31:15 -0500] "POST /wp-admin/admin-ajax.php?action=async_litespeed&nonce=i0EAvkKGj1amxkeFpZs6an86PYvG8UFJ&litespeed_type=imgoptm HTTP/1.1" 200 21 "-" "WordPress/6.7.1; https://misswavenigeria.com"
45.88.97.56 - - [27/Dec/2024:12:31:17 -0500] "GET /register/ HTTP/1.0" 200 75922 "https://misswavenigeria.com/register/" "Mozilla/5.0 (Windows NT 6.1; WOW64) AppleWebKit/537.36 (KHTML, like Gecko) Chrome/103.0.0.0 Safari/537.36"
66.29.132.124 - - [27/Dec/2024:12:32:29 -0500] "POST /wp-cron.php?doing_wp_cron=1735320749.5378599166870117187500 HTTP/1.1" 200 0 "-" "WordPress/6.7.1; https://misswavenigeria.com"
66.249.79.3 - - [27/Dec/2024:12:32:29 -0500] "GET /buy/3623206.shtm?product_id=796 HTTP/1.1" 301 0 "-" "Mozilla/5.0 (Linux; Android 6.0.1; Nexus 5X Build/MMB29P) AppleWebKit/537.36 (KHTML, like Gecko) Chrome/131.0.6778.139 Mobile Safari/537.36 (compatible; Googlebot/2.1; +http://www.google.com/bot.html)"
66.29.132.124 - - [27/Dec/2024:12:32:29 -0500] "POST /wp-admin/admin-ajax.php?action=async_litespeed&nonce=tkpBSvirayndDvkC0IW2Wmlp4QhjU1PA&litespeed_type=imgoptm HTTP/1.1" 200 21 "-" "WordPress/6.7.1; https://misswavenigeria.com"
66.249.68.68 - - [27/Dec/2024:12:32:29 -0500] "GET /buy/3623206.shtm?product_id=796 HTTP/1.1" 404 15611 "-" "Mozilla/5.0 (Linux; Android 6.0.1; Nexus 5X Build/MMB29P) AppleWebKit/537.36 (KHTML, like Gecko) Chrome/131.0.6778.139 Mobile Safari/537.36 (compatible; Googlebot/2.1; +http://www.google.com/bot.html)"
45.88.97.56 - - [27/Dec/2024:12:31:19 -0500] "POST /register/ HTTP/1.0" 200 76048 "https://misswavenigeria.com/register/" "Mozilla/5.0 (Windows NT 6.1; WOW64) AppleWebKit/537.36 (KHTML, like Gecko) Chrome/103.0.0.0 Safari/537.36"
66.29.132.124 - - [27/Dec/2024:12:32:40 -0500] "POST /wp-cron.php?doing_wp_cron=1735320760.2376189231872558593750 HTTP/1.1" 200 0 "-" "WordPress/6.7.1; https://misswavenigeria.com"
45.88.97.56 - - [27/Dec/2024:12:32:40 -0500] "GET /register/ HTTP/1.0" 200 75922 "https://misswavenigeria.com/" "Mozilla/5.0 (Windows NT 6.1; WOW64) AppleWebKit/537.36 (KHTML, like Gecko) Chrome/103.0.0.0 Safari/537.36"
66.29.132.124 - - [27/Dec/2024:12:32:40 -0500] "POST /wp-admin/admin-ajax.php?action=async_litespeed&nonce=hgZnZwTx2070F1eRj9eHMRbfbTqtrO7S&litespeed_type=imgoptm HTTP/1.1" 200 21 "-" "WordPress/6.7.1; https://misswavenigeria.com"
66.29.132.124 - - [27/Dec/2024:12:34:24 -0500] "POST /wp-cron.php?doing_wp_cron=1735320864.3904230594635009765625 HTTP/1.1" 200 0 "-" "WordPress/6.7.1; https://misswavenigeria.com"
45.88.97.56 - - [27/Dec/2024:12:34:23 -0500] "GET / HTTP/1.0" 200 109053 "https://misswavenigeria.com/" "Mozilla/5.0 (Windows NT 6.1; Win64; x64) AppleWebKit/537.36 (KHTML, like Gecko) Chrome/103.0.0.0 Safari/537.36"
66.29.132.124 - - [27/Dec/2024:12:34:24 -0500] "POST /wp-admin/admin-ajax.php?action=async_litespeed&nonce=O1TebsQYEw97k4BkXoMci5DA1L1yWcWC&litespeed_type=imgoptm HTTP/1.1" 200 21 "-" "WordPress/6.7.1; https://misswavenigeria.com"
45.88.97.56 - - [27/Dec/2024:12:34:27 -0500] "GET /register/ HTTP/1.0" 200 75922 "https://misswavenigeria.com/register/" "Mozilla/5.0 (Windows NT 6.1; Win64; x64) AppleWebKit/537.36 (KHTML, like Gecko) Chrome/103.0.0.0 Safari/537.36"
66.29.132.124 - - [27/Dec/2024:12:34:30 -0500] "POST /wp-cron.php?doing_wp_cron=1735320870.1014289855957031250000 HTTP/1.1" 200 0 "-" "WordPress/6.7.1; https://misswavenigeria.com"
45.88.97.56 - - [27/Dec/2024:12:34:29 -0500] "POST /register/ HTTP/1.0" 200 76048 "https://misswavenigeria.com/register/" "Mozilla/5.0 (Windows NT 6.1; Win64; x64) AppleWebKit/537.36 (KHTML, like Gecko) Chrome/103.0.0.0 Safari/537.36"
66.29.132.124 - - [27/Dec/2024:12:35:46 -0500] "POST /wp-cron.php?doing_wp_cron=1735320946.9315319061279296875000 HTTP/1.1" 200 0 "-" "WordPress/6.7.1; https://misswavenigeria.com"
45.88.97.56 - - [27/Dec/2024:12:35:46 -0500] "GET /register/ HTTP/1.0" 200 75922 "https://misswavenigeria.com/" "Mozilla/5.0 (Windows NT 6.1; Win64; x64) AppleWebKit/537.36 (KHTML, like Gecko) Chrome/103.0.0.0 Safari/537.36"
66.29.132.124 - - [27/Dec/2024:12:35:47 -0500] "POST /wp-admin/admin-ajax.php?action=async_litespeed&nonce=DehX3FGQf7Eb0frCf1sndIGD1yzUKYef&litespeed_type=imgoptm HTTP/1.1" 200 21 "-" "WordPress/6.7.1; https://misswavenigeria.com"
66.29.132.124 - - [27/Dec/2024:12:37:01 -0500] "POST /wp-cron.php?doing_wp_cron=1735321021.9327909946441650390625 HTTP/1.1" 200 0 "-" "WordPress/6.7.1; https://misswavenigeria.com"
66.249.79.2 - - [27/Dec/2024:12:37:01 -0500] "GET /buy/5002053.shtm?product_id=50 HTTP/1.1" 301 0 "-" "Mozilla/5.0 (Linux; Android 6.0.1; Nexus 5X Build/MMB29P) AppleWebKit/537.36 (KHTML, like Gecko) Chrome/131.0.6778.204 Mobile Safari/537.36 (compatible; Googlebot/2.1; +http://www.google.com/bot.html)"
66.29.132.124 - - [27/Dec/2024:12:37:02 -0500] "POST /wp-admin/admin-ajax.php?action=async_litespeed&nonce=WjNE8uVSLoOYwLSnftE1NwIVhR3KSLpc&litespeed_type=imgoptm HTTP/1.1" 200 21 "-" "WordPress/6.7.1; https://misswavenigeria.com"
66.249.68.68 - - [27/Dec/2024:12:37:02 -0500] "GET /buy/5002053.shtm?product_id=50 HTTP/1.1" 404 15611 "-" "Mozilla/5.0 (Linux; Android 6.0.1; Nexus 5X Build/MMB29P) AppleWebKit/537.36 (KHTML, like Gecko) Chrome/131.0.6778.204 Mobile Safari/537.36 (compatible; Googlebot/2.1; +http://www.google.com/bot.html)"
66.29.132.124 - - [27/Dec/2024:12:37:28 -0500] "POST /wp-cron.php?doing_wp_cron=1735321048.9678950309753417968750 HTTP/1.1" 200 0 "-" "WordPress/6.7.1; https://misswavenigeria.com"
45.88.97.56 - - [27/Dec/2024:12:37:28 -0500] "GET / HTTP/1.0" 200 109053 "https://misswavenigeria.com/" "Mozilla/5.0 (Windows NT 6.3; WOW64) AppleWebKit/537.36 (KHTML, like Gecko) Chrome/103.0.5060.114 Safari/537.36"
45.88.97.56 - - [27/Dec/2024:12:37:31 -0500] "GET /register/ HTTP/1.0" 200 75922 "https://misswavenigeria.com/register/" "Mozilla/5.0 (Windows NT 6.3; WOW64) AppleWebKit/537.36 (KHTML, like Gecko) Chrome/103.0.5060.114 Safari/537.36"
66.29.132.124 - - [27/Dec/2024:12:38:14 -0500] "POST /wp-cron.php?doing_wp_cron=1735321094.7959680557250976562500 HTTP/1.1" 200 0 "-" "WordPress/6.7.1; https://misswavenigeria.com"
66.249.79.2 - - [27/Dec/2024:12:38:14 -0500] "GET /goods/Y885454?k=product HTTP/1.1" 301 0 "-" "Mozilla/5.0 (Linux; Android 6.0.1; Nexus 5X Build/MMB29P) AppleWebKit/537.36 (KHTML, like Gecko) Chrome/131.0.6778.139 Mobile Safari/537.36 (compatible; Googlebot/2.1; +http://www.google.com/bot.html)"
66.29.132.124 - - [27/Dec/2024:12:38:15 -0500] "POST /wp-admin/admin-ajax.php?action=async_litespeed&nonce=7oFTDxVetvbhQDoRoVw2AKWkRrfBEIz1&litespeed_type=imgoptm HTTP/1.1" 200 21 "-" "WordPress/6.7.1; https://misswavenigeria.com"
66.249.68.68 - - [27/Dec/2024:12:38:15 -0500] "GET /goods/Y885454?k=product HTTP/1.1" 404 15610 "-" "Mozilla/5.0 (Linux; Android 6.0.1; Nexus 5X Build/MMB29P) AppleWebKit/537.36 (KHTML, like Gecko) Chrome/131.0.6778.139 Mobile Safari/537.36 (compatible; Googlebot/2.1; +http://www.google.com/bot.html)"
45.88.97.56 - - [27/Dec/2024:12:37:32 -0500] "POST /register/ HTTP/1.0" 200 76048 "https://misswavenigeria.com/register/" "Mozilla/5.0 (Windows NT 6.3; WOW64) AppleWebKit/537.36 (KHTML, like Gecko) Chrome/103.0.5060.114 Safari/537.36"
66.29.132.124 - - [27/Dec/2024:12:38:58 -0500] "POST /wp-cron.php?doing_wp_cron=1735321138.5681169033050537109375 HTTP/1.1" 200 0 "-" "WordPress/6.7.1; https://misswavenigeria.com"
45.88.97.56 - - [27/Dec/2024:12:38:58 -0500] "GET /register/ HTTP/1.0" 200 75922 "https://misswavenigeria.com/" "Mozilla/5.0 (Windows NT 6.3; WOW64) AppleWebKit/537.36 (KHTML, like Gecko) Chrome/103.0.5060.114 Safari/537.36"
66.29.132.124 - - [27/Dec/2024:12:38:58 -0500] "POST /wp-admin/admin-ajax.php?action=async_litespeed&nonce=z90CbscUfS3gzv6oOZTWvD4YWPcfOi4j&litespeed_type=imgoptm HTTP/1.1" 200 21 "-" "WordPress/6.7.1; https://misswavenigeria.com"
66.29.132.124 - - [27/Dec/2024:12:40:36 -0500] "POST /wp-cron.php?doing_wp_cron=1735321236.7300438880920410156250 HTTP/1.1" 200 0 "-" "WordPress/6.7.1; https://misswavenigeria.com"
45.88.97.56 - - [27/Dec/2024:12:40:34 -0500] "GET / HTTP/1.0" 200 109055 "https://misswavenigeria.com/" "Mozilla/5.0 (Windows NT 6.3; Win64; x64) AppleWebKit/537.36 (KHTML, like Gecko) Chrome/103.0.5060.114 Safari/537.36"
66.29.132.124 - - [27/Dec/2024:12:40:37 -0500] "POST /wp-admin/admin-ajax.php?action=async_litespeed&nonce=ldEow1HyFTcIl7Py4KPkuvEO6gJkT2t0&litespeed_type=imgoptm HTTP/1.1" 200 0 "-" "WordPress/6.7.1; https://misswavenigeria.com"
45.88.97.56 - - [27/Dec/2024:12:40:39 -0500] "GET /register/ HTTP/1.0" 200 75922 "https://misswavenigeria.com/register/" "Mozilla/5.0 (Windows NT 6.3; Win64; x64) AppleWebKit/537.36 (KHTML, like Gecko) Chrome/103.0.5060.114 Safari/537.36"
66.29.132.124 - - [27/Dec/2024:12:40:42 -0500] "POST /wp-cron.php?doing_wp_cron=1735321242.2212760448455810546875 HTTP/1.1" 200 0 "-" "WordPress/6.7.1; https://misswavenigeria.com"
66.29.132.124 - - [27/Dec/2024:12:40:42 -0500] "POST /wp-admin/admin-ajax.php?action=async_litespeed&nonce=zknCmPpXIsm6w9OzWs7o3VffAGAYpfwI&litespeed_type=imgoptm HTTP/1.1" 200 21 "-" "WordPress/6.7.1; https://misswavenigeria.com"
45.88.97.56 - - [27/Dec/2024:12:40:41 -0500] "POST /register/ HTTP/1.0" 200 76048 "https://misswavenigeria.com/register/" "Mozilla/5.0 (Windows NT 6.3; Win64; x64) AppleWebKit/537.36 (KHTML, like Gecko) Chrome/103.0.5060.114 Safari/537.36"
66.29.132.124 - - [27/Dec/2024:12:42:31 -0500] "POST /wp-cron.php?doing_wp_cron=1735321351.1425480842590332031250 HTTP/1.1" 200 0 "-" "WordPress/6.7.1; https://misswavenigeria.com"
45.88.97.56 - - [27/Dec/2024:12:42:30 -0500] "GET /register/ HTTP/1.0" 200 75922 "https://misswavenigeria.com/" "Mozilla/5.0 (Windows NT 6.3; Win64; x64) AppleWebKit/537.36 (KHTML, like Gecko) Chrome/103.0.5060.114 Safari/537.36"
66.29.132.124 - - [27/Dec/2024:12:42:31 -0500] "POST /wp-admin/admin-ajax.php?action=async_litespeed&nonce=SUT4LagzV9gzR7c935lT7uC6ub9CLV3B&litespeed_type=imgoptm HTTP/1.1" 200 21 "-" "WordPress/6.7.1; https://misswavenigeria.com"
66.29.132.124 - - [27/Dec/2024:12:42:54 -0500] "POST /wp-cron.php?doing_wp_cron=1735321374.4706969261169433593750 HTTP/1.1" 200 0 "-" "WordPress/6.7.1; https://misswavenigeria.com"
213.239.204.56 - - [27/Dec/2024:12:42:54 -0500] "POST /xmlrpc.php HTTP/1.1" 200 403 "-" "Mozilla/5.0 (Windows NT 10.0; Win64; x64) AppleWebKit/537.36 (KHTML, like Gecko) Chrome/74.0.3729.169 Safari/537.36"
66.29.132.124 - - [27/Dec/2024:12:42:54 -0500] "POST /wp-admin/admin-ajax.php?action=async_litespeed&nonce=zsDDzd8BvHfG1BTOYUoPdBmYMLaEOQ3B&litespeed_type=imgoptm HTTP/1.1" 200 21 "-" "WordPress/6.7.1; https://misswavenigeria.com"
156.242.41.124 - - [27/Dec/2024:12:43:20 -0500] "POST /xmlrpc.php HTTP/1.1" 200 403 "-" "Mozilla/5.0 (Windows NT 10.0; Win64; x64) AppleWebKit/537.36 (KHTML, like Gecko) Chrome/69.0.3497.100 Safari/537.36"
66.29.132.124 - - [27/Dec/2024:12:43:46 -0500] "POST /wp-cron.php?doing_wp_cron=1735321426.4995529651641845703125 HTTP/1.1" 200 0 "-" "WordPress/6.7.1; https://misswavenigeria.com"
45.88.97.56 - - [27/Dec/2024:12:43:46 -0500] "GET / HTTP/1.0" 200 109053 "https://misswavenigeria.com/" "Mozilla/5.0 (Windows NT 6.1; Win64; x64) AppleWebKit/537.36 (KHTML, like Gecko) Chrome/103.0.0.0 Safari/537.36"
66.29.132.124 - - [27/Dec/2024:12:43:46 -0500] "POST /wp-admin/admin-ajax.php?action=async_litespeed&nonce=sL8HMgTdLzZ1Syifvcyz9SutUJgyUk8t&litespeed_type=imgoptm HTTP/1.1" 200 21 "-" "WordPress/6.7.1; https://misswavenigeria.com"
45.88.97.56 - - [27/Dec/2024:12:43:48 -0500] "GET /register/ HTTP/1.0" 200 75922 "https://misswavenigeria.com/register/" "Mozilla/5.0 (Windows NT 6.1; Win64; x64) AppleWebKit/537.36 (KHTML, like Gecko) Chrome/103.0.0.0 Safari/537.36"
45.88.97.56 - - [27/Dec/2024:12:43:50 -0500] "POST /register/ HTTP/1.0" 200 76048 "https://misswavenigeria.com/register/" "Mozilla/5.0 (Windows NT 6.1; Win64; x64) AppleWebKit/537.36 (KHTML, like Gecko) Chrome/103.0.0.0 Safari/537.36"
66.29.132.124 - - [27/Dec/2024:12:45:39 -0500] "POST /wp-cron.php?doing_wp_cron=1735321539.7818961143493652343750 HTTP/1.1" 200 0 "-" "WordPress/6.7.1; https://misswavenigeria.com"
45.88.97.56 - - [27/Dec/2024:12:45:39 -0500] "GET /register/ HTTP/1.0" 200 75922 "https://misswavenigeria.com/" "Mozilla/5.0 (Windows NT 6.1; Win64; x64) AppleWebKit/537.36 (KHTML, like Gecko) Chrome/103.0.0.0 Safari/537.36"
66.29.132.124 - - [27/Dec/2024:12:45:40 -0500] "POST /wp-admin/admin-ajax.php?action=async_litespeed&nonce=AYavkXLLQcPuGX8fCEYKKeSmVe1asRsT&litespeed_type=imgoptm HTTP/1.1" 200 21 "-" "WordPress/6.7.1; https://misswavenigeria.com"
66.29.132.124 - - [27/Dec/2024:12:46:59 -0500] "POST /wp-cron.php?doing_wp_cron=1735321619.3042280673980712890625 HTTP/1.1" 200 0 "-" "WordPress/6.7.1; https://misswavenigeria.com"
45.88.97.56 - - [27/Dec/2024:12:46:59 -0500] "GET / HTTP/1.0" 200 109053 "https://misswavenigeria.com/" "Mozilla/5.0 (Windows NT 6.1; WOW64) AppleWebKit/537.36 (KHTML, like Gecko) Chrome/103.0.0.0 Safari/537.36"
66.29.132.124 - - [27/Dec/2024:12:46:59 -0500] "POST /wp-admin/admin-ajax.php?action=async_litespeed&nonce=AqmZjKGtImgqQ0xyU5z9ljWfosWGYZEh&litespeed_type=imgoptm HTTP/1.1" 200 21 "-" "WordPress/6.7.1; https://misswavenigeria.com"
45.88.97.56 - - [27/Dec/2024:12:47:01 -0500] "GET /register/ HTTP/1.0" 200 75922 "https://misswavenigeria.com/register/" "Mozilla/5.0 (Windows NT 6.1; WOW64) AppleWebKit/537.36 (KHTML, like Gecko) Chrome/103.0.0.0 Safari/537.36"
66.249.79.3 - - [27/Dec/2024:12:47:22 -0500] "GET /buy/18954996.shtm?product_id=36 HTTP/1.1" 301 0 "-" "Mozilla/5.0 (Linux; Android 6.0.1; Nexus 5X Build/MMB29P) AppleWebKit/537.36 (KHTML, like Gecko) Chrome/131.0.6778.204 Mobile Safari/537.36 (compatible; Googlebot/2.1; +http://www.google.com/bot.html)"
66.249.68.67 - - [27/Dec/2024:12:47:22 -0500] "GET /buy/18954996.shtm?product_id=36 HTTP/1.1" 404 15611 "-" "Mozilla/5.0 (Linux; Android 6.0.1; Nexus 5X Build/MMB29P) AppleWebKit/537.36 (KHTML, like Gecko) Chrome/131.0.6778.204 Mobile Safari/537.36 (compatible; Googlebot/2.1; +http://www.google.com/bot.html)"
45.88.97.56 - - [27/Dec/2024:12:47:03 -0500] "POST /register/ HTTP/1.0" 200 76048 "https://misswavenigeria.com/register/" "Mozilla/5.0 (Windows NT 6.1; WOW64) AppleWebKit/537.36 (KHTML, like Gecko) Chrome/103.0.0.0 Safari/537.36"
66.29.132.124 - - [27/Dec/2024:12:48:29 -0500] "POST /wp-cron.php?doing_wp_cron=1735321709.3160688877105712890625 HTTP/1.1" 200 0 "-" "WordPress/6.7.1; https://misswavenigeria.com"
45.88.97.56 - - [27/Dec/2024:12:48:29 -0500] "GET /register/ HTTP/1.0" 200 75922 "https://misswavenigeria.com/" "Mozilla/5.0 (Windows NT 6.1; WOW64) AppleWebKit/537.36 (KHTML, like Gecko) Chrome/103.0.0.0 Safari/537.36"
66.29.132.124 - - [27/Dec/2024:12:48:29 -0500] "POST /wp-admin/admin-ajax.php?action=async_litespeed&nonce=1WpGPNsQvbWiFNqkBBEfsscziCBJn1Sx&litespeed_type=imgoptm HTTP/1.1" 200 21 "-" "WordPress/6.7.1; https://misswavenigeria.com"
66.29.132.124 - - [27/Dec/2024:12:50:13 -0500] "POST /wp-cron.php?doing_wp_cron=1735321812.7803010940551757812500 HTTP/1.1" 200 0 "-" "WordPress/6.7.1; https://misswavenigeria.com"
45.88.97.56 - - [27/Dec/2024:12:50:06 -0500] "GET / HTTP/1.0" 200 109053 "https://misswavenigeria.com/" "Mozilla/5.0 (Windows NT 10.0; Win64; x64) AppleWebKit/537.36 (KHTML, like Gecko) Chrome/103.0.5060.66 Safari/537.36"
66.29.132.124 - - [27/Dec/2024:12:50:14 -0500] "POST /wp-admin/admin-ajax.php?action=async_litespeed&nonce=dtcydbdzFToCP1dpNJpRXfawRvaYUyKh&litespeed_type=imgoptm HTTP/1.1" 200 0 "-" "WordPress/6.7.1; https://misswavenigeria.com"
45.88.97.56 - - [27/Dec/2024:12:50:16 -0500] "GET /register/ HTTP/1.0" 200 75922 "https://misswavenigeria.com/register/" "Mozilla/5.0 (Windows NT 10.0; Win64; x64) AppleWebKit/537.36 (KHTML, like Gecko) Chrome/103.0.5060.66 Safari/537.36"
45.88.97.56 - - [27/Dec/2024:12:50:18 -0500] "POST /register/ HTTP/1.0" 200 76048 "https://misswavenigeria.com/register/" "Mozilla/5.0 (Windows NT 10.0; Win64; x64) AppleWebKit/537.36 (KHTML, like Gecko) Chrome/103.0.5060.66 Safari/537.36"
66.29.132.124 - - [27/Dec/2024:12:51:47 -0500] "POST /wp-cron.php?doing_wp_cron=1735321907.1022379398345947265625 HTTP/1.1" 200 0 "-" "WordPress/6.7.1; https://misswavenigeria.com"
45.88.97.56 - - [27/Dec/2024:12:51:46 -0500] "GET /register/ HTTP/1.0" 200 75922 "https://misswavenigeria.com/" "Mozilla/5.0 (Windows NT 10.0; Win64; x64) AppleWebKit/537.36 (KHTML, like Gecko) Chrome/103.0.5060.66 Safari/537.36"
66.29.132.124 - - [27/Dec/2024:12:51:47 -0500] "POST /wp-admin/admin-ajax.php?action=async_litespeed&nonce=v038zzLFV27BkgM9BfdB0fzFM8FcR4lR&litespeed_type=imgoptm HTTP/1.1" 200 21 "-" "WordPress/6.7.1; https://misswavenigeria.com"
66.29.132.124 - - [27/Dec/2024:12:52:26 -0500] "POST /wp-cron.php?doing_wp_cron=1735321946.6757040023803710937500 HTTP/1.1" 200 0 "-" "WordPress/6.7.1; https://misswavenigeria.com"
66.249.79.2 - - [27/Dec/2024:12:52:26 -0500] "GET /goods/Z974245?k=product HTTP/1.1" 301 0 "-" "Mozilla/5.0 (Linux; Android 6.0.1; Nexus 5X Build/MMB29P) AppleWebKit/537.36 (KHTML, like Gecko) Chrome/131.0.6778.139 Mobile Safari/537.36 (compatible; Googlebot/2.1; +http://www.google.com/bot.html)"
66.249.68.67 - - [27/Dec/2024:12:52:26 -0500] "GET /goods/Z974245?k=product HTTP/1.1" 404 15611 "-" "Mozilla/5.0 (Linux; Android 6.0.1; Nexus 5X Build/MMB29P) AppleWebKit/537.36 (KHTML, like Gecko) Chrome/131.0.6778.139 Mobile Safari/537.36 (compatible; Googlebot/2.1; +http://www.google.com/bot.html)"
66.29.132.124 - - [27/Dec/2024:12:53:05 -0500] "POST /wp-cron.php?doing_wp_cron=1735321985.8859620094299316406250 HTTP/1.1" 200 0 "-" "WordPress/6.7.1; https://misswavenigeria.com"
66.249.68.68 - - [27/Dec/2024:12:53:05 -0500] "GET /goods/71530.html HTTP/1.1" 404 15610 "-" "Mozilla/5.0 (Linux; Android 6.0.1; Nexus 5X Build/MMB29P) AppleWebKit/537.36 (KHTML, like Gecko) Chrome/131.0.6778.139 Mobile Safari/537.36 (compatible; Googlebot/2.1; +http://www.google.com/bot.html)"
66.29.132.124 - - [27/Dec/2024:12:53:06 -0500] "POST /wp-admin/admin-ajax.php?action=async_litespeed&nonce=rtc0L4VsbckCzkCHe90vbBnmHJf6Z9U2&litespeed_type=imgoptm HTTP/1.1" 200 21 "-" "WordPress/6.7.1; https://misswavenigeria.com"
45.88.97.56 - - [27/Dec/2024:12:53:14 -0500] "GET / HTTP/1.0" 200 109053 "https://misswavenigeria.com/" "Mozilla/5.0 (Windows NT 10.0; Win64; x64) AppleWebKit/537.36 (KHTML, like Gecko) Chrome/103.0.0.0 Safari/537.36 Herring/95.1.8810.11"
45.88.97.56 - - [27/Dec/2024:12:53:17 -0500] "GET /register/ HTTP/1.0" 200 75922 "https://misswavenigeria.com/register/" "Mozilla/5.0 (Windows NT 10.0; Win64; x64) AppleWebKit/537.36 (KHTML, like Gecko) Chrome/103.0.0.0 Safari/537.36 Herring/95.1.8810.11"
66.29.132.124 - - [27/Dec/2024:12:53:52 -0500] "POST /wp-cron.php?doing_wp_cron=1735322032.3573920726776123046875 HTTP/1.1" 200 0 "-" "WordPress/6.7.1; https://misswavenigeria.com"
66.249.79.3 - - [27/Dec/2024:12:53:52 -0500] "GET /goods/K281096?k=product HTTP/1.1" 301 0 "-" "Mozilla/5.0 (Linux; Android 6.0.1; Nexus 5X Build/MMB29P) AppleWebKit/537.36 (KHTML, like Gecko) Chrome/131.0.6778.139 Mobile Safari/537.36 (compatible; Googlebot/2.1; +http://www.google.com/bot.html)"
66.29.132.124 - - [27/Dec/2024:12:53:52 -0500] "POST /wp-admin/admin-ajax.php?action=async_litespeed&nonce=OmcXn7DCNioeafLR25rgJ4tqf9OQ9aIC&litespeed_type=imgoptm HTTP/1.1" 200 21 "-" "WordPress/6.7.1; https://misswavenigeria.com"
66.249.68.66 - - [27/Dec/2024:12:53:52 -0500] "GET /goods/K281096?k=product HTTP/1.1" 404 15611 "-" "Mozilla/5.0 (Linux; Android 6.0.1; Nexus 5X Build/MMB29P) AppleWebKit/537.36 (KHTML, like Gecko) Chrome/131.0.6778.139 Mobile Safari/537.36 (compatible; Googlebot/2.1; +http://www.google.com/bot.html)"
66.249.79.2 - - [27/Dec/2024:12:53:53 -0500] "GET /goods/P297195?k=product HTTP/1.1" 301 0 "-" "Mozilla/5.0 (Linux; Android 6.0.1; Nexus 5X Build/MMB29P) AppleWebKit/537.36 (KHTML, like Gecko) Chrome/131.0.6778.139 Mobile Safari/537.36 (compatible; Googlebot/2.1; +http://www.google.com/bot.html)"
66.249.68.67 - - [27/Dec/2024:12:53:53 -0500] "GET /goods/P297195?k=product HTTP/1.1" 404 15610 "-" "Mozilla/5.0 (Linux; Android 6.0.1; Nexus 5X Build/MMB29P) AppleWebKit/537.36 (KHTML, like Gecko) Chrome/131.0.6778.139 Mobile Safari/537.36 (compatible; Googlebot/2.1; +http://www.google.com/bot.html)"
45.88.97.56 - - [27/Dec/2024:12:53:18 -0500] "POST /register/ HTTP/1.0" 200 76048 "https://misswavenigeria.com/register/" "Mozilla/5.0 (Windows NT 10.0; Win64; x64) AppleWebKit/537.36 (KHTML, like Gecko) Chrome/103.0.0.0 Safari/537.36 Herring/95.1.8810.11"
66.29.132.124 - - [27/Dec/2024:12:54:43 -0500] "POST /wp-cron.php?doing_wp_cron=1735322083.5606598854064941406250 HTTP/1.1" 200 0 "-" "WordPress/6.7.1; https://misswavenigeria.com"
45.88.97.56 - - [27/Dec/2024:12:54:43 -0500] "GET /register/ HTTP/1.0" 200 75922 "https://misswavenigeria.com/" "Mozilla/5.0 (Windows NT 10.0; Win64; x64) AppleWebKit/537.36 (KHTML, like Gecko) Chrome/103.0.0.0 Safari/537.36 Herring/95.1.8810.11"
66.29.132.124 - - [27/Dec/2024:12:54:43 -0500] "POST /wp-admin/admin-ajax.php?action=async_litespeed&nonce=VavSf6t2ozz4GSm2mgD8tklMfSqZXkXF&litespeed_type=imgoptm HTTP/1.1" 200 21 "-" "WordPress/6.7.1; https://misswavenigeria.com"
207.46.13.155 - - [27/Dec/2024:12:55:10 -0500] "GET /wp-sitemap-posts-ombregalleries-1.xml HTTP/1.1" 200 291 "-" "Mozilla/5.0 AppleWebKit/537.36 (KHTML, like Gecko; compatible; bingbot/2.0; +http://www.bing.com/bingbot.htm) Chrome/116.0.1938.76 Safari/537.36"
207.46.13.155 - - [27/Dec/2024:12:55:11 -0500] "GET /wp-sitemap-users-1.xml HTTP/1.1" 200 162 "-" "Mozilla/5.0 AppleWebKit/537.36 (KHTML, like Gecko; compatible; bingbot/2.0; +http://www.bing.com/bingbot.htm) Chrome/116.0.1938.76 Safari/537.36"
207.46.13.155 - - [27/Dec/2024:12:55:12 -0500] "GET /wp-sitemap-posts-ombreslider-1.xml HTTP/1.1" 200 279 "-" "Mozilla/5.0 AppleWebKit/537.36 (KHTML, like Gecko; compatible; bingbot/2.0; +http://www.bing.com/bingbot.htm) Chrome/116.0.1938.76 Safari/537.36"
207.46.13.155 - - [27/Dec/2024:12:55:13 -0500] "GET /wp-sitemap-taxonomies-ombremodelcats-1.xml HTTP/1.1" 200 173 "-" "Mozilla/5.0 AppleWebKit/537.36 (KHTML, like Gecko; compatible; bingbot/2.0; +http://www.bing.com/bingbot.htm) Chrome/116.0.1938.76 Safari/537.36"
207.46.13.155 - - [27/Dec/2024:12:55:13 -0500] "GET /wp-sitemap-taxonomies-ombregallerycats-1.xml HTTP/1.1" 200 193 "-" "Mozilla/5.0 AppleWebKit/537.36 (KHTML, like Gecko; compatible; bingbot/2.0; +http://www.bing.com/bingbot.htm) Chrome/116.0.1938.76 Safari/537.36"
52.167.144.159 - - [27/Dec/2024:12:55:15 -0500] "GET /wp-sitemap-posts-page-1.xml HTTP/1.1" 200 582 "-" "Mozilla/5.0 AppleWebKit/537.36 (KHTML, like Gecko; compatible; bingbot/2.0; +http://www.bing.com/bingbot.htm) Chrome/116.0.1938.76 Safari/537.36"
52.167.144.159 - - [27/Dec/2024:12:55:15 -0500] "GET /wp-sitemap-posts-ombretestimonials-1.xml HTTP/1.1" 200 276 "-" "Mozilla/5.0 AppleWebKit/537.36 (KHTML, like Gecko; compatible; bingbot/2.0; +http://www.bing.com/bingbot.htm) Chrome/116.0.1938.76 Safari/537.36"
52.167.144.159 - - [27/Dec/2024:12:55:15 -0500] "GET /wp-sitemap-posts-ombrepartners-1.xml HTTP/1.1" 200 202 "-" "Mozilla/5.0 AppleWebKit/537.36 (KHTML, like Gecko; compatible; bingbot/2.0; +http://www.bing.com/bingbot.htm) Chrome/116.0.1938.76 Safari/537.36"
207.46.13.155 - - [27/Dec/2024:12:55:19 -0500] "GET /wp-sitemap-posts-ombreteam-1.xml HTTP/1.1" 200 296 "-" "Mozilla/5.0 AppleWebKit/537.36 (KHTML, like Gecko; compatible; bingbot/2.0; +http://www.bing.com/bingbot.htm) Chrome/116.0.1938.76 Safari/537.36"
52.167.144.220 - - [27/Dec/2024:12:55:20 -0500] "GET /wp-sitemap-posts-ombremodels-1.xml HTTP/1.1" 200 555 "-" "Mozilla/5.0 AppleWebKit/537.36 (KHTML, like Gecko; compatible; bingbot/2.0; +http://www.bing.com/bingbot.htm) Chrome/116.0.1938.76 Safari/537.36"
66.29.132.124 - - [27/Dec/2024:12:56:24 -0500] "POST /wp-cron.php?doing_wp_cron=1735322184.0554370880126953125000 HTTP/1.1" 200 0 "-" "WordPress/6.7.1; https://misswavenigeria.com"
45.88.97.56 - - [27/Dec/2024:12:56:23 -0500] "GET / HTTP/1.0" 200 109055 "https://misswavenigeria.com/" "Mozilla/5.0 (Windows NT 6.3; Win64; x64) AppleWebKit/537.36 (KHTML, like Gecko) Chrome/103.0.5060.114 Safari/537.36"
66.29.132.124 - - [27/Dec/2024:12:56:24 -0500] "POST /wp-admin/admin-ajax.php?action=async_litespeed&nonce=To1JXMRMQTwlPSdjXrp5Xv8EV1pBpd2U&litespeed_type=imgoptm HTTP/1.1" 200 21 "-" "WordPress/6.7.1; https://misswavenigeria.com"
45.88.97.56 - - [27/Dec/2024:12:56:26 -0500] "GET /register/ HTTP/1.0" 200 75922 "https://misswavenigeria.com/register/" "Mozilla/5.0 (Windows NT 6.3; Win64; x64) AppleWebKit/537.36 (KHTML, like Gecko) Chrome/103.0.5060.114 Safari/537.36"
66.29.132.124 - - [27/Dec/2024:12:56:28 -0500] "POST /wp-cron.php?doing_wp_cron=1735322188.3127110004425048828125 HTTP/1.1" 200 0 "-" "WordPress/6.7.1; https://misswavenigeria.com"
45.88.97.56 - - [27/Dec/2024:12:56:28 -0500] "POST /register/ HTTP/1.0" 200 76048 "https://misswavenigeria.com/register/" "Mozilla/5.0 (Windows NT 6.3; Win64; x64) AppleWebKit/537.36 (KHTML, like Gecko) Chrome/103.0.5060.114 Safari/537.36"
66.29.132.124 - - [27/Dec/2024:12:57:53 -0500] "POST /wp-cron.php?doing_wp_cron=1735322273.2787590026855468750000 HTTP/1.1" 200 0 "-" "WordPress/6.7.1; https://misswavenigeria.com"
66.249.68.68 - - [27/Dec/2024:12:57:53 -0500] "GET /goods/601884.html HTTP/1.1" 404 15610 "-" "Mozilla/5.0 (Linux; Android 6.0.1; Nexus 5X Build/MMB29P) AppleWebKit/537.36 (KHTML, like Gecko) Chrome/131.0.6778.139 Mobile Safari/537.36 (compatible; Googlebot/2.1; +http://www.google.com/bot.html)"
66.29.132.124 - - [27/Dec/2024:12:57:53 -0500] "POST /wp-admin/admin-ajax.php?action=async_litespeed&nonce=8hTtGFDfXYAFvvXKOalCIMyd4C6NyR9H&litespeed_type=imgoptm HTTP/1.1" 200 21 "-" "WordPress/6.7.1; https://misswavenigeria.com"
45.88.97.56 - - [27/Dec/2024:12:57:53 -0500] "GET /register/ HTTP/1.0" 200 75922 "https://misswavenigeria.com/" "Mozilla/5.0 (Windows NT 6.3; Win64; x64) AppleWebKit/537.36 (KHTML, like Gecko) Chrome/103.0.5060.114 Safari/537.36"
66.29.132.124 - - [27/Dec/2024:12:59:36 -0500] "POST /wp-cron.php?doing_wp_cron=1735322376.2807760238647460937500 HTTP/1.1" 200 0 "-" "WordPress/6.7.1; https://misswavenigeria.com"
45.88.97.56 - - [27/Dec/2024:12:59:33 -0500] "GET / HTTP/1.0" 200 109053 "https://misswavenigeria.com/" "Mozilla/5.0 (Windows NT 10.0; WOW64) AppleWebKit/537.36 (KHTML, like Gecko) Chrome/103.0.0.0 Safari/537.36"
66.29.132.124 - - [27/Dec/2024:12:59:36 -0500] "POST /wp-admin/admin-ajax.php?action=async_litespeed&nonce=tU8JxWrblDsQ8KC9hWGfoiKSpOuFj4Ko&litespeed_type=imgoptm HTTP/1.1" 200 21 "-" "WordPress/6.7.1; https://misswavenigeria.com"
45.88.97.56 - - [27/Dec/2024:12:59:38 -0500] "GET /register/ HTTP/1.0" 200 75922 "https://misswavenigeria.com/register/" "Mozilla/5.0 (Windows NT 10.0; WOW64) AppleWebKit/537.36 (KHTML, like Gecko) Chrome/103.0.0.0 Safari/537.36"
66.29.132.124 - - [27/Dec/2024:12:59:40 -0500] "POST /wp-cron.php?doing_wp_cron=1735322380.8565609455108642578125 HTTP/1.1" 200 0 "-" "WordPress/6.7.1; https://misswavenigeria.com"
66.29.132.124 - - [27/Dec/2024:12:59:41 -0500] "POST /wp-admin/admin-ajax.php?action=async_litespeed&nonce=L1VABtxn1js8Ya5H8zI2n7iY9GZR5FKO&litespeed_type=imgoptm HTTP/1.1" 200 21 "-" "WordPress/6.7.1; https://misswavenigeria.com"
66.29.132.124 - - [27/Dec/2024:13:00:31 -0500] "POST /wp-cron.php?doing_wp_cron=1735322431.3166379928588867187500 HTTP/1.1" 200 0 "-" "WordPress/6.7.1; https://misswavenigeria.com"
66.249.68.68 - - [27/Dec/2024:13:00:31 -0500] "GET /item/T11619627?c=815&keyword=message HTTP/1.1" 404 15610 "-" "Mozilla/5.0 (Linux; Android 6.0.1; Nexus 5X Build/MMB29P) AppleWebKit/537.36 (KHTML, like Gecko) Chrome/131.0.6778.139 Mobile Safari/537.36 (compatible; Googlebot/2.1; +http://www.google.com/bot.html)"
45.88.97.56 - - [27/Dec/2024:12:59:40 -0500] "POST /register/ HTTP/1.0" 200 76048 "https://misswavenigeria.com/register/" "Mozilla/5.0 (Windows NT 10.0; WOW64) AppleWebKit/537.36 (KHTML, like Gecko) Chrome/103.0.0.0 Safari/537.36"
66.29.132.124 - - [27/Dec/2024:13:01:17 -0500] "POST /wp-cron.php?doing_wp_cron=1735322477.1316659450531005859375 HTTP/1.1" 200 0 "-" "WordPress/6.7.1; https://misswavenigeria.com"
45.88.97.56 - - [27/Dec/2024:13:01:16 -0500] "GET /register/ HTTP/1.0" 200 75922 "https://misswavenigeria.com/" "Mozilla/5.0 (Windows NT 10.0; WOW64) AppleWebKit/537.36 (KHTML, like Gecko) Chrome/103.0.0.0 Safari/537.36"
66.29.132.124 - - [27/Dec/2024:13:01:17 -0500] "POST /wp-admin/admin-ajax.php?action=async_litespeed&nonce=lemfLSfU2xhnlsQVaMbbX2eirk9Y882C&litespeed_type=imgoptm HTTP/1.1" 200 21 "-" "WordPress/6.7.1; https://misswavenigeria.com"
66.29.132.124 - - [27/Dec/2024:13:02:45 -0500] "POST /wp-cron.php?doing_wp_cron=1735322565.3491129875183105468750 HTTP/1.1" 200 0 "-" "WordPress/6.7.1; https://misswavenigeria.com"
45.88.97.56 - - [27/Dec/2024:13:02:43 -0500] "GET / HTTP/1.0" 200 109055 "https://misswavenigeria.com/" "Mozilla/5.0 (Windows NT 10.0; Win64; x64) AppleWebKit/537.36 (KHTML, like Gecko) Chrome/103.0.5060.53 Safari/537.36"
66.29.132.124 - - [27/Dec/2024:13:02:45 -0500] "POST /wp-admin/admin-ajax.php?action=async_litespeed&nonce=zPfZoEHaVcvS8Z1kaApcCWjInBflhF1z&litespeed_type=imgoptm HTTP/1.1" 200 21 "-" "WordPress/6.7.1; https://misswavenigeria.com"
45.88.97.56 - - [27/Dec/2024:13:02:47 -0500] "GET /register/ HTTP/1.0" 200 75922 "https://misswavenigeria.com/register/" "Mozilla/5.0 (Windows NT 10.0; Win64; x64) AppleWebKit/537.36 (KHTML, like Gecko) Chrome/103.0.5060.53 Safari/537.36"
45.88.97.56 - - [27/Dec/2024:13:02:49 -0500] "POST /register/ HTTP/1.0" 200 76048 "https://misswavenigeria.com/register/" "Mozilla/5.0 (Windows NT 10.0; Win64; x64) AppleWebKit/537.36 (KHTML, like Gecko) Chrome/103.0.5060.53 Safari/537.36"
66.29.132.124 - - [27/Dec/2024:13:04:06 -0500] "POST /wp-cron.php?doing_wp_cron=1735322646.6873900890350341796875 HTTP/1.1" 200 0 "-" "WordPress/6.7.1; https://misswavenigeria.com"
45.88.97.56 - - [27/Dec/2024:13:04:06 -0500] "GET /register/ HTTP/1.0" 200 75922 "https://misswavenigeria.com/" "Mozilla/5.0 (Windows NT 10.0; Win64; x64) AppleWebKit/537.36 (KHTML, like Gecko) Chrome/103.0.5060.53 Safari/537.36"
66.29.132.124 - - [27/Dec/2024:13:04:06 -0500] "POST /wp-admin/admin-ajax.php?action=async_litespeed&nonce=rJY8X6qiJRRPXLLRWduKz5o4Dxhnxnd6&litespeed_type=imgoptm HTTP/1.1" 200 21 "-" "WordPress/6.7.1; https://misswavenigeria.com"
66.29.132.124 - - [27/Dec/2024:13:05:55 -0500] "POST /wp-cron.php?doing_wp_cron=1735322755.5650949478149414062500 HTTP/1.1" 200 0 "-" "WordPress/6.7.1; https://misswavenigeria.com"
45.88.97.56 - - [27/Dec/2024:13:05:53 -0500] "GET / HTTP/1.0" 200 109053 "https://misswavenigeria.com/" "Mozilla/5.0 (Windows NT 6.3; WOW64) AppleWebKit/537.36 (KHTML, like Gecko) Chrome/103.0.5060.114 Safari/537.36"
66.29.132.124 - - [27/Dec/2024:13:05:55 -0500] "POST /wp-admin/admin-ajax.php?action=async_litespeed&nonce=LVUVVM7Tu8Wkhu56FUWYaf6Vo4qH00Iy&litespeed_type=imgoptm HTTP/1.1" 200 21 "-" "WordPress/6.7.1; https://misswavenigeria.com"
45.88.97.56 - - [27/Dec/2024:13:05:57 -0500] "GET /register/ HTTP/1.0" 200 75922 "https://misswavenigeria.com/register/" "Mozilla/5.0 (Windows NT 6.3; WOW64) AppleWebKit/537.36 (KHTML, like Gecko) Chrome/103.0.5060.114 Safari/537.36"
45.88.97.56 - - [27/Dec/2024:13:05:59 -0500] "POST /register/ HTTP/1.0" 200 76048 "https://misswavenigeria.com/register/" "Mozilla/5.0 (Windows NT 6.3; WOW64) AppleWebKit/537.36 (KHTML, like Gecko) Chrome/103.0.5060.114 Safari/537.36"
66.29.132.124 - - [27/Dec/2024:13:07:21 -0500] "POST /wp-cron.php?doing_wp_cron=1735322841.4482140541076660156250 HTTP/1.1" 200 0 "-" "WordPress/6.7.1; https://misswavenigeria.com"
45.88.97.56 - - [27/Dec/2024:13:07:21 -0500] "GET /register/ HTTP/1.0" 200 75922 "https://misswavenigeria.com/" "Mozilla/5.0 (Windows NT 6.3; WOW64) AppleWebKit/537.36 (KHTML, like Gecko) Chrome/103.0.5060.114 Safari/537.36"
66.29.132.124 - - [27/Dec/2024:13:07:21 -0500] "POST /wp-admin/admin-ajax.php?action=async_litespeed&nonce=rYuS3OSIz6Iv1MMJNEJu4K1CB5vg2ln9&litespeed_type=imgoptm HTTP/1.1" 200 21 "-" "WordPress/6.7.1; https://misswavenigeria.com"
66.29.132.124 - - [27/Dec/2024:13:09:05 -0500] "POST /wp-cron.php?doing_wp_cron=1735322945.8288209438323974609375 HTTP/1.1" 200 0 "-" "WordPress/6.7.1; https://misswavenigeria.com"
45.88.97.56 - - [27/Dec/2024:13:09:04 -0500] "GET / HTTP/1.0" 200 109055 "https://misswavenigeria.com/" "Mozilla/5.0 (Windows NT 6.3; Win64; x64) AppleWebKit/537.36 (KHTML, like Gecko) Chrome/103.0.5060.114 Safari/537.36"
66.29.132.124 - - [27/Dec/2024:13:09:06 -0500] "POST /wp-admin/admin-ajax.php?action=async_litespeed&nonce=8VblVWOroZ04xFuOg3nuNDNHwUOqRmVr&litespeed_type=imgoptm HTTP/1.1" 200 21 "-" "WordPress/6.7.1; https://misswavenigeria.com"
45.88.97.56 - - [27/Dec/2024:13:09:10 -0500] "GET /register/ HTTP/1.0" 200 75922 "https://misswavenigeria.com/register/" "Mozilla/5.0 (Windows NT 6.3; Win64; x64) AppleWebKit/537.36 (KHTML, like Gecko) Chrome/103.0.5060.114 Safari/537.36"
45.88.97.56 - - [27/Dec/2024:13:09:11 -0500] "POST /register/ HTTP/1.0" 200 76048 "https://misswavenigeria.com/register/" "Mozilla/5.0 (Windows NT 6.3; Win64; x64) AppleWebKit/537.36 (KHTML, like Gecko) Chrome/103.0.5060.114 Safari/537.36"
66.29.132.124 - - [27/Dec/2024:13:10:47 -0500] "POST /wp-cron.php?doing_wp_cron=1735323047.6076390743255615234375 HTTP/1.1" 200 0 "-" "WordPress/6.7.1; https://misswavenigeria.com"
45.88.97.56 - - [27/Dec/2024:13:10:47 -0500] "GET /register/ HTTP/1.0" 200 75922 "https://misswavenigeria.com/" "Mozilla/5.0 (Windows NT 6.3; Win64; x64) AppleWebKit/537.36 (KHTML, like Gecko) Chrome/103.0.5060.114 Safari/537.36"
66.29.132.124 - - [27/Dec/2024:13:10:47 -0500] "POST /wp-admin/admin-ajax.php?action=async_litespeed&nonce=wrQUfRQNk4G4GPOl0k3JdSMxqLJ06dci&litespeed_type=imgoptm HTTP/1.1" 200 21 "-" "WordPress/6.7.1; https://misswavenigeria.com"
66.29.132.124 - - [27/Dec/2024:13:12:33 -0500] "POST /wp-cron.php?doing_wp_cron=1735323153.9161620140075683593750 HTTP/1.1" 200 0 "-" "WordPress/6.7.1; https://misswavenigeria.com"
45.88.97.56 - - [27/Dec/2024:13:12:31 -0500] "GET / HTTP/1.0" 200 109055 "https://misswavenigeria.com/" "Mozilla/5.0 (Windows NT 6.1) AppleWebKit/537.36 (KHTML, like Gecko) Chrome/103.0.5060.114 Safari/537.36"
66.29.132.124 - - [27/Dec/2024:13:12:34 -0500] "POST /wp-admin/admin-ajax.php?action=async_litespeed&nonce=RQ5zLSk9HrO9cvQ69ebYUoo0S9QvABye&litespeed_type=imgoptm HTTP/1.1" 200 21 "-" "WordPress/6.7.1; https://misswavenigeria.com"
45.88.97.56 - - [27/Dec/2024:13:12:36 -0500] "GET /register/ HTTP/1.0" 200 75922 "https://misswavenigeria.com/register/" "Mozilla/5.0 (Windows NT 6.1) AppleWebKit/537.36 (KHTML, like Gecko) Chrome/103.0.5060.114 Safari/537.36"
66.29.132.124 - - [27/Dec/2024:13:14:04 -0500] "POST /wp-cron.php?doing_wp_cron=1735323244.6657040119171142578125 HTTP/1.1" 200 0 "-" "WordPress/6.7.1; https://misswavenigeria.com"
66.249.79.2 - - [27/Dec/2024:13:14:04 -0500] "GET /buy/8294409.shtm?product_id=363 HTTP/1.1" 301 0 "-" "Mozilla/5.0 (Linux; Android 6.0.1; Nexus 5X Build/MMB29P) AppleWebKit/537.36 (KHTML, like Gecko) Chrome/131.0.6778.139 Mobile Safari/537.36 (compatible; Googlebot/2.1; +http://www.google.com/bot.html)"
66.249.68.67 - - [27/Dec/2024:13:14:05 -0500] "GET /buy/8294409.shtm?product_id=363 HTTP/1.1" 404 15610 "-" "Mozilla/5.0 (Linux; Android 6.0.1; Nexus 5X Build/MMB29P) AppleWebKit/537.36 (KHTML, like Gecko) Chrome/131.0.6778.139 Mobile Safari/537.36 (compatible; Googlebot/2.1; +http://www.google.com/bot.html)"
66.29.132.124 - - [27/Dec/2024:13:14:05 -0500] "POST /wp-admin/admin-ajax.php?action=async_litespeed&nonce=IyfgvtCdumI4CC32rs8HYZTkrTjZ1CRv&litespeed_type=imgoptm HTTP/1.1" 200 21 "-" "WordPress/6.7.1; https://misswavenigeria.com"
45.88.97.56 - - [27/Dec/2024:13:12:38 -0500] "POST /register/ HTTP/1.0" 200 76048 "https://misswavenigeria.com/register/" "Mozilla/5.0 (Windows NT 6.1) AppleWebKit/537.36 (KHTML, like Gecko) Chrome/103.0.5060.114 Safari/537.36"
66.29.132.124 - - [27/Dec/2024:13:14:28 -0500] "POST /wp-cron.php?doing_wp_cron=1735323268.5665531158447265625000 HTTP/1.1" 200 0 "-" "WordPress/6.7.1; https://misswavenigeria.com"
45.88.97.56 - - [27/Dec/2024:13:14:28 -0500] "GET /register/ HTTP/1.0" 200 75922 "https://misswavenigeria.com/" "Mozilla/5.0 (Windows NT 6.1) AppleWebKit/537.36 (KHTML, like Gecko) Chrome/103.0.5060.114 Safari/537.36"
66.29.132.124 - - [27/Dec/2024:13:15:27 -0500] "POST /wp-cron.php?doing_wp_cron=1735323327.3878209590911865234375 HTTP/1.1" 200 0 "-" "WordPress/6.7.1; https://misswavenigeria.com"
66.249.68.67 - - [27/Dec/2024:13:15:27 -0500] "GET /goods/553873.html HTTP/1.1" 404 15611 "-" "Mozilla/5.0 (Linux; Android 6.0.1; Nexus 5X Build/MMB29P) AppleWebKit/537.36 (KHTML, like Gecko) Chrome/131.0.6778.139 Mobile Safari/537.36 (compatible; Googlebot/2.1; +http://www.google.com/bot.html)"
66.29.132.124 - - [27/Dec/2024:13:15:27 -0500] "POST /wp-admin/admin-ajax.php?action=async_litespeed&nonce=1WqXWWBqbxIRYQa10wUW6JOE0AEEJExI&litespeed_type=imgoptm HTTP/1.1" 200 21 "-" "WordPress/6.7.1; https://misswavenigeria.com"
66.29.132.124 - - [27/Dec/2024:13:15:45 -0500] "POST /wp-cron.php?doing_wp_cron=1735323344.9432139396667480468750 HTTP/1.1" 200 0 "-" "WordPress/6.7.1; https://misswavenigeria.com"
45.88.97.56 - - [27/Dec/2024:13:15:44 -0500] "GET / HTTP/1.0" 200 109055 "https://misswavenigeria.com/" "Mozilla/5.0 (Windows NT 10.0; Win64; x64) AppleWebKit/537.36 (KHTML, like Gecko) Chrome/103.0.0.0 Safari/537.36"
66.29.132.124 - - [27/Dec/2024:13:15:45 -0500] "POST /wp-admin/admin-ajax.php?action=async_litespeed&nonce=xQPiaytuGUxEY3rWRCMKEDJ4SfYpXxT1&litespeed_type=imgoptm HTTP/1.1" 200 21 "-" "WordPress/6.7.1; https://misswavenigeria.com"
45.88.97.56 - - [27/Dec/2024:13:15:49 -0500] "GET /register/ HTTP/1.0" 200 75922 "https://misswavenigeria.com/register/" "Mozilla/5.0 (Windows NT 10.0; Win64; x64) AppleWebKit/537.36 (KHTML, like Gecko) Chrome/103.0.0.0 Safari/537.36"
45.88.97.56 - - [27/Dec/2024:13:15:51 -0500] "POST /register/ HTTP/1.0" 200 76048 "https://misswavenigeria.com/register/" "Mozilla/5.0 (Windows NT 10.0; Win64; x64) AppleWebKit/537.36 (KHTML, like Gecko) Chrome/103.0.0.0 Safari/537.36"
45.88.97.56 - - [27/Dec/2024:13:18:19 -0500] "GET /register/ HTTP/1.0" 200 75922 "https://misswavenigeria.com/" "Mozilla/5.0 (Windows NT 10.0; Win64; x64) AppleWebKit/537.36 (KHTML, like Gecko) Chrome/103.0.0.0 Safari/537.36"
66.29.132.124 - - [27/Dec/2024:13:18:27 -0500] "POST /wp-cron.php?doing_wp_cron=1735323502.6571900844573974609375 HTTP/1.1" 200 0 "-" "WordPress/6.7.1; https://misswavenigeria.com"
45.88.97.56 - - [27/Dec/2024:13:18:58 -0500] "GET / HTTP/1.0" 200 109055 "https://misswavenigeria.com/" "Mozilla/5.0 (Windows NT 6.1) AppleWebKit/537.36 (KHTML, like Gecko) Chrome/103.0.0.0 Safari/537.36"
45.88.97.56 - - [27/Dec/2024:13:19:02 -0500] "GET /register/ HTTP/1.0" 200 75922 "https://misswavenigeria.com/register/" "Mozilla/5.0 (Windows NT 6.1) AppleWebKit/537.36 (KHTML, like Gecko) Chrome/103.0.0.0 Safari/537.36"
45.88.97.56 - - [27/Dec/2024:13:19:05 -0500] "POST /register/ HTTP/1.0" 200 0 "https://misswavenigeria.com/register/" "Mozilla/5.0 (Windows NT 6.1) AppleWebKit/537.36 (KHTML, like Gecko) Chrome/103.0.0.0 Safari/537.36"
45.88.97.56 - - [27/Dec/2024:13:21:35 -0500] "GET /register/ HTTP/1.0" 200 75922 "https://misswavenigeria.com/" "Mozilla/5.0 (Windows NT 6.1) AppleWebKit/537.36 (KHTML, like Gecko) Chrome/103.0.0.0 Safari/537.36"
45.88.97.56 - - [27/Dec/2024:13:22:09 -0500] "GET / HTTP/1.0" 200 109055 "https://misswavenigeria.com/" "Mozilla/5.0 (Windows NT 10.0; Win64; x64) AppleWebKit/537.36 (KHTML, like Gecko) Chrome/103.0.0.0 Safari/537.36 OpenWave/97.4.2043.44"
45.88.97.56 - - [27/Dec/2024:13:22:12 -0500] "GET /register/ HTTP/1.0" 200 75922 "https://misswavenigeria.com/register/" "Mozilla/5.0 (Windows NT 10.0; Win64; x64) AppleWebKit/537.36 (KHTML, like Gecko) Chrome/103.0.0.0 Safari/537.36 OpenWave/97.4.2043.44"
66.29.132.124 - - [27/Dec/2024:13:22:15 -0500] "POST /wp-cron.php?doing_wp_cron=1735323735.0141770839691162109375 HTTP/1.1" 200 0 "-" "WordPress/6.7.1; https://misswavenigeria.com"
66.29.132.124 - - [27/Dec/2024:13:22:16 -0500] "POST /wp-admin/admin-ajax.php?action=async_litespeed&nonce=w4in0XcoSclvSRPatQQ4jv1nSvjl7713&litespeed_type=imgoptm HTTP/1.1" 200 0 "-" "WordPress/6.7.1; https://misswavenigeria.com"
66.29.132.124 - - [27/Dec/2024:13:22:49 -0500] "POST /wp-cron.php?doing_wp_cron=1735323769.7293601036071777343750 HTTP/1.1" 200 0 "-" "WordPress/6.7.1; https://misswavenigeria.com"
66.249.79.2 - - [27/Dec/2024:13:22:49 -0500] "GET /goods/X940261?k=product HTTP/1.1" 301 0 "-" "Mozilla/5.0 (Linux; Android 6.0.1; Nexus 5X Build/MMB29P) AppleWebKit/537.36 (KHTML, like Gecko) Chrome/131.0.6778.139 Mobile Safari/537.36 (compatible; Googlebot/2.1; +http://www.google.com/bot.html)"
66.29.132.124 - - [27/Dec/2024:13:22:50 -0500] "POST /wp-admin/admin-ajax.php?action=async_litespeed&nonce=AzLVDAn29CrxTQCmxFPLCDOAoBJUHRam&litespeed_type=imgoptm HTTP/1.1" 200 21 "-" "WordPress/6.7.1; https://misswavenigeria.com"
66.249.68.66 - - [27/Dec/2024:13:22:52 -0500] "GET /goods/X940261?k=product HTTP/1.1" 404 15612 "-" "Mozilla/5.0 (Linux; Android 6.0.1; Nexus 5X Build/MMB29P) AppleWebKit/537.36 (KHTML, like Gecko) Chrome/131.0.6778.139 Mobile Safari/537.36 (compatible; Googlebot/2.1; +http://www.google.com/bot.html)"
45.88.97.56 - - [27/Dec/2024:13:22:14 -0500] "POST /register/ HTTP/1.0" 200 76048 "https://misswavenigeria.com/register/" "Mozilla/5.0 (Windows NT 10.0; Win64; x64) AppleWebKit/537.36 (KHTML, like Gecko) Chrome/103.0.0.0 Safari/537.36 OpenWave/97.4.2043.44"
66.29.132.124 - - [27/Dec/2024:13:24:25 -0500] "POST /wp-cron.php?doing_wp_cron=1735323865.1698229312896728515625 HTTP/1.1" 200 0 "-" "WordPress/6.7.1; https://misswavenigeria.com"
45.88.97.56 - - [27/Dec/2024:13:24:24 -0500] "GET /register/ HTTP/1.0" 200 75922 "https://misswavenigeria.com/" "Mozilla/5.0 (Windows NT 10.0; Win64; x64) AppleWebKit/537.36 (KHTML, like Gecko) Chrome/103.0.0.0 Safari/537.36 OpenWave/97.4.2043.44"
66.29.132.124 - - [27/Dec/2024:13:24:25 -0500] "POST /wp-admin/admin-ajax.php?action=async_litespeed&nonce=ubCeVCOIitqN3HpmM64BOIunfw5TTi9e&litespeed_type=imgoptm HTTP/1.1" 200 21 "-" "WordPress/6.7.1; https://misswavenigeria.com"
66.29.132.124 - - [27/Dec/2024:13:24:52 -0500] "POST /wp-cron.php?doing_wp_cron=1735323892.3237080574035644531250 HTTP/1.1" 200 0 "-" "WordPress/6.7.1; https://misswavenigeria.com"
66.249.79.3 - - [27/Dec/2024:13:24:51 -0500] "GET /goods/M235234?k=product HTTP/1.1" 301 0 "-" "Mozilla/5.0 (Linux; Android 6.0.1; Nexus 5X Build/MMB29P) AppleWebKit/537.36 (KHTML, like Gecko) Chrome/131.0.6778.139 Mobile Safari/537.36 (compatible; Googlebot/2.1; +http://www.google.com/bot.html)"
66.29.132.124 - - [27/Dec/2024:13:24:53 -0500] "POST /wp-admin/admin-ajax.php?action=async_litespeed&nonce=Ec5h5pDpfvjHdVjdjIySblaiQBLhuyew&litespeed_type=imgoptm HTTP/1.1" 200 21 "-" "WordPress/6.7.1; https://misswavenigeria.com"
66.249.79.3 - - [27/Dec/2024:13:24:53 -0500] "GET /goods/U746792?k=product HTTP/1.1" 301 0 "-" "Mozilla/5.0 (Linux; Android 6.0.1; Nexus 5X Build/MMB29P) AppleWebKit/537.36 (KHTML, like Gecko) Chrome/131.0.6778.139 Mobile Safari/537.36 (compatible; Googlebot/2.1; +http://www.google.com/bot.html)"
66.249.68.67 - - [27/Dec/2024:13:24:53 -0500] "GET /goods/M235234?k=product HTTP/1.1" 404 15611 "-" "Mozilla/5.0 (Linux; Android 6.0.1; Nexus 5X Build/MMB29P) AppleWebKit/537.36 (KHTML, like Gecko) Chrome/131.0.6778.139 Mobile Safari/537.36 (compatible; Googlebot/2.1; +http://www.google.com/bot.html)"
66.249.68.66 - - [27/Dec/2024:13:24:54 -0500] "GET /goods/U746792?k=product HTTP/1.1" 404 15611 "-" "Mozilla/5.0 (Linux; Android 6.0.1; Nexus 5X Build/MMB29P) AppleWebKit/537.36 (KHTML, like Gecko) Chrome/131.0.6778.139 Mobile Safari/537.36 (compatible; Googlebot/2.1; +http://www.google.com/bot.html)"
66.249.68.66 - - [27/Dec/2024:13:25:07 -0500] "GET /goods/962420.html HTTP/1.1" 404 15611 "-" "Mozilla/5.0 (Linux; Android 6.0.1; Nexus 5X Build/MMB29P) AppleWebKit/537.36 (KHTML, like Gecko) Chrome/131.0.6778.139 Mobile Safari/537.36 (compatible; Googlebot/2.1; +http://www.google.com/bot.html)"
45.88.97.56 - - [27/Dec/2024:13:25:20 -0500] "GET / HTTP/1.0" 200 109055 "https://misswavenigeria.com/" "Mozilla/5.0 (Windows NT 6.3; Win64; x64) AppleWebKit/537.36 (KHTML, like Gecko) Chrome/103.0.5060.114 Safari/537.36"
45.88.97.56 - - [27/Dec/2024:13:25:22 -0500] "GET /register/ HTTP/1.0" 200 75922 "https://misswavenigeria.com/register/" "Mozilla/5.0 (Windows NT 6.3; Win64; x64) AppleWebKit/537.36 (KHTML, like Gecko) Chrome/103.0.5060.114 Safari/537.36"
66.29.132.124 - - [27/Dec/2024:13:25:42 -0500] "POST /wp-cron.php?doing_wp_cron=1735323941.9958798885345458984375 HTTP/1.1" 200 0 "-" "WordPress/6.7.1; https://misswavenigeria.com"
66.249.79.2 - - [27/Dec/2024:13:25:41 -0500] "GET /goods/F567975?k=product HTTP/1.1" 301 0 "-" "Mozilla/5.0 (Linux; Android 6.0.1; Nexus 5X Build/MMB29P) AppleWebKit/537.36 (KHTML, like Gecko) Chrome/131.0.6778.139 Mobile Safari/537.36 (compatible; Googlebot/2.1; +http://www.google.com/bot.html)"
66.29.132.124 - - [27/Dec/2024:13:25:42 -0500] "POST /wp-admin/admin-ajax.php?action=async_litespeed&nonce=eYEptDw9ss0WHELN4rAkC6DlLJGTUl24&litespeed_type=imgoptm HTTP/1.1" 200 21 "-" "WordPress/6.7.1; https://misswavenigeria.com"
66.249.68.67 - - [27/Dec/2024:13:25:42 -0500] "GET /goods/F567975?k=product HTTP/1.1" 404 15611 "-" "Mozilla/5.0 (Linux; Android 6.0.1; Nexus 5X Build/MMB29P) AppleWebKit/537.36 (KHTML, like Gecko) Chrome/131.0.6778.139 Mobile Safari/537.36 (compatible; Googlebot/2.1; +http://www.google.com/bot.html)"
