202.8.43.236 - - [27/Dec/2024:11:02:53 -0500] "GET /?b=281255966 HTTP/1.1" 301 0 "-" "Mozilla/5.0 (Linux; Android 13) AppleWebKit/537.36 (KHTML, like Gecko) Chrome/108.0.5359.128 Mobile Safari/537.36 (compatible; AhrefsSiteAudit/6.1; +http://ahrefs.com/robot/site-audit)"
202.8.43.236 - - [27/Dec/2024:11:02:55 -0500] "GET /?b=158122666 HTTP/1.1" 301 0 "-" "Mozilla/5.0 (Linux; Android 13) AppleWebKit/537.36 (KHTML, like Gecko) Chrome/108.0.5359.128 Mobile Safari/537.36 (compatible; AhrefsSiteAudit/6.1; +http://ahrefs.com/robot/site-audit)"
202.8.43.233 - - [27/Dec/2024:11:02:57 -0500] "GET /?b=272624266 HTTP/1.1" 301 0 "-" "Mozilla/5.0 (Linux; Android 13) AppleWebKit/537.36 (KHTML, like Gecko) Chrome/108.0.5359.128 Mobile Safari/537.36 (compatible; AhrefsSiteAudit/6.1; +http://ahrefs.com/robot/site-audit)"
185.191.171.3 - - [27/Dec/2024:11:02:59 -0500] "GET /robots.txt HTTP/1.1" 200 139 "-" "Mozilla/5.0 (compatible; SemrushBot/7~bl; +http://www.semrush.com/bot.html)"
202.8.43.233 - - [27/Dec/2024:11:02:59 -0500] "GET /?b=56956466 HTTP/1.1" 301 0 "-" "Mozilla/5.0 (Linux; Android 13) AppleWebKit/537.36 (KHTML, like Gecko) Chrome/108.0.5359.128 Mobile Safari/537.36 (compatible; AhrefsSiteAudit/6.1; +http://ahrefs.com/robot/site-audit)"
185.191.171.7 - - [27/Dec/2024:11:03:00 -0500] "GET /?b=154184266 HTTP/1.1" 200 21069 "-" "Mozilla/5.0 (compatible; SemrushBot/7~bl; +http://www.semrush.com/bot.html)"
202.8.43.234 - - [27/Dec/2024:11:03:01 -0500] "GET /?b=353942566 HTTP/1.1" 301 0 "-" "Mozilla/5.0 (Linux; Android 13) AppleWebKit/537.36 (KHTML, like Gecko) Chrome/108.0.5359.128 Mobile Safari/537.36 (compatible; AhrefsSiteAudit/6.1; +http://ahrefs.com/robot/site-audit)"
66.249.68.69 - - [27/Dec/2024:11:03:02 -0500] "GET /?b=136038266 HTTP/1.1" 200 79681 "-" "Mozilla/5.0 (Linux; Android 6.0.1; Nexus 5X Build/MMB29P) AppleWebKit/537.36 (KHTML, like Gecko) Chrome/131.0.6778.139 Mobile Safari/537.36 (compatible; GoogleOther)"
202.8.43.236 - - [27/Dec/2024:11:03:03 -0500] "GET /?b=186023766 HTTP/1.1" 301 0 "-" "Mozilla/5.0 (Linux; Android 13) AppleWebKit/537.36 (KHTML, like Gecko) Chrome/108.0.5359.128 Mobile Safari/537.36 (compatible; AhrefsSiteAudit/6.1; +http://ahrefs.com/robot/site-audit)"
202.8.43.233 - - [27/Dec/2024:11:03:05 -0500] "GET /?b=325099566 HTTP/1.1" 301 0 "-" "Mozilla/5.0 (Linux; Android 13) AppleWebKit/537.36 (KHTML, like Gecko) Chrome/108.0.5359.128 Mobile Safari/537.36 (compatible; AhrefsSiteAudit/6.1; +http://ahrefs.com/robot/site-audit)"
202.8.43.236 - - [27/Dec/2024:11:03:07 -0500] "GET /?b=75317766 HTTP/1.1" 301 0 "-" "Mozilla/5.0 (Linux; Android 13) AppleWebKit/537.36 (KHTML, like Gecko) Chrome/108.0.5359.128 Mobile Safari/537.36 (compatible; AhrefsSiteAudit/6.1; +http://ahrefs.com/robot/site-audit)"
202.8.43.235 - - [27/Dec/2024:11:03:09 -0500] "GET /?b=119242666 HTTP/1.1" 301 0 "-" "Mozilla/5.0 (Linux; Android 13) AppleWebKit/537.36 (KHTML, like Gecko) Chrome/108.0.5359.128 Mobile Safari/537.36 (compatible; AhrefsSiteAudit/6.1; +http://ahrefs.com/robot/site-audit)"
202.8.43.232 - - [27/Dec/2024:11:03:11 -0500] "GET /?b=77357566 HTTP/1.1" 301 0 "-" "Mozilla/5.0 (Linux; Android 13) AppleWebKit/537.36 (KHTML, like Gecko) Chrome/108.0.5359.128 Mobile Safari/537.36 (compatible; AhrefsSiteAudit/6.1; +http://ahrefs.com/robot/site-audit)"
202.8.43.236 - - [27/Dec/2024:11:03:13 -0500] "GET /?b=28545566 HTTP/1.1" 301 0 "-" "Mozilla/5.0 (Linux; Android 13) AppleWebKit/537.36 (KHTML, like Gecko) Chrome/108.0.5359.128 Mobile Safari/537.36 (compatible; AhrefsSiteAudit/6.1; +http://ahrefs.com/robot/site-audit)"
202.8.43.233 - - [27/Dec/2024:11:03:15 -0500] "GET /?b=43547066 HTTP/1.1" 301 0 "-" "Mozilla/5.0 (Linux; Android 13) AppleWebKit/537.36 (KHTML, like Gecko) Chrome/108.0.5359.128 Mobile Safari/537.36 (compatible; AhrefsSiteAudit/6.1; +http://ahrefs.com/robot/site-audit)"
85.208.96.206 - - [27/Dec/2024:11:03:15 -0500] "GET /?b=334909366 HTTP/1.1" 200 21059 "-" "Mozilla/5.0 (compatible; SemrushBot/7~bl; +http://www.semrush.com/bot.html)"
202.8.43.235 - - [27/Dec/2024:11:03:17 -0500] "GET /?b=339741466 HTTP/1.1" 301 0 "-" "Mozilla/5.0 (Linux; Android 13) AppleWebKit/537.36 (KHTML, like Gecko) Chrome/108.0.5359.128 Mobile Safari/537.36 (compatible; AhrefsSiteAudit/6.1; +http://ahrefs.com/robot/site-audit)"
202.8.43.236 - - [27/Dec/2024:11:03:19 -0500] "GET /?b=214410266 HTTP/1.1" 301 0 "-" "Mozilla/5.0 (Linux; Android 13) AppleWebKit/537.36 (KHTML, like Gecko) Chrome/108.0.5359.128 Mobile Safari/537.36 (compatible; AhrefsSiteAudit/6.1; +http://ahrefs.com/robot/site-audit)"
202.8.43.234 - - [27/Dec/2024:11:03:21 -0500] "GET /?b=144721566 HTTP/1.1" 301 0 "-" "Mozilla/5.0 (Linux; Android 13) AppleWebKit/537.36 (KHTML, like Gecko) Chrome/108.0.5359.128 Mobile Safari/537.36 (compatible; AhrefsSiteAudit/6.1; +http://ahrefs.com/robot/site-audit)"
66.29.132.124 - - [27/Dec/2024:11:03:23 -0500] "POST /wp-cron.php?doing_wp_cron=1735315403.7449829578399658203125 HTTP/1.1" 200 0 "-" "WordPress/6.7.1; https://blog.diixadigital.com"
202.8.43.236 - - [27/Dec/2024:11:03:23 -0500] "GET /?b=354127866 HTTP/1.1" 301 0 "-" "Mozilla/5.0 (Linux; Android 13) AppleWebKit/537.36 (KHTML, like Gecko) Chrome/108.0.5359.128 Mobile Safari/537.36 (compatible; AhrefsSiteAudit/6.1; +http://ahrefs.com/robot/site-audit)"
202.8.43.233 - - [27/Dec/2024:11:03:25 -0500] "GET /?b=333323766 HTTP/1.1" 301 0 "-" "Mozilla/5.0 (Linux; Android 13) AppleWebKit/537.36 (KHTML, like Gecko) Chrome/108.0.5359.128 Mobile Safari/537.36 (compatible; AhrefsSiteAudit/6.1; +http://ahrefs.com/robot/site-audit)"
202.8.43.234 - - [27/Dec/2024:11:03:27 -0500] "GET /?b=65666766 HTTP/1.1" 301 0 "-" "Mozilla/5.0 (Linux; Android 13) AppleWebKit/537.36 (KHTML, like Gecko) Chrome/108.0.5359.128 Mobile Safari/537.36 (compatible; AhrefsSiteAudit/6.1; +http://ahrefs.com/robot/site-audit)"
202.8.43.233 - - [27/Dec/2024:11:03:29 -0500] "GET /?b=164337866 HTTP/1.1" 301 0 "-" "Mozilla/5.0 (Linux; Android 13) AppleWebKit/537.36 (KHTML, like Gecko) Chrome/108.0.5359.128 Mobile Safari/537.36 (compatible; AhrefsSiteAudit/6.1; +http://ahrefs.com/robot/site-audit)"
202.8.43.235 - - [27/Dec/2024:11:03:31 -0500] "GET /?b=352856166 HTTP/1.1" 301 0 "-" "Mozilla/5.0 (Linux; Android 13) AppleWebKit/537.36 (KHTML, like Gecko) Chrome/108.0.5359.128 Mobile Safari/537.36 (compatible; AhrefsSiteAudit/6.1; +http://ahrefs.com/robot/site-audit)"
185.191.171.5 - - [27/Dec/2024:11:03:32 -0500] "GET /?b=303243866 HTTP/1.1" 200 21050 "-" "Mozilla/5.0 (compatible; SemrushBot/7~bl; +http://www.semrush.com/bot.html)"
202.8.43.232 - - [27/Dec/2024:11:03:33 -0500] "GET /?b=186185866 HTTP/1.1" 301 0 "-" "Mozilla/5.0 (Linux; Android 13) AppleWebKit/537.36 (KHTML, like Gecko) Chrome/108.0.5359.128 Mobile Safari/537.36 (compatible; AhrefsSiteAudit/6.1; +http://ahrefs.com/robot/site-audit)"
202.8.43.236 - - [27/Dec/2024:11:03:35 -0500] "GET /?b=155424066 HTTP/1.1" 301 0 "-" "Mozilla/5.0 (Linux; Android 13) AppleWebKit/537.36 (KHTML, like Gecko) Chrome/108.0.5359.128 Mobile Safari/537.36 (compatible; AhrefsSiteAudit/6.1; +http://ahrefs.com/robot/site-audit)"
202.8.43.235 - - [27/Dec/2024:11:03:37 -0500] "GET /?b=136941166 HTTP/1.1" 301 0 "-" "Mozilla/5.0 (Linux; Android 13) AppleWebKit/537.36 (KHTML, like Gecko) Chrome/108.0.5359.128 Mobile Safari/537.36 (compatible; AhrefsSiteAudit/6.1; +http://ahrefs.com/robot/site-audit)"
202.8.43.233 - - [27/Dec/2024:11:03:39 -0500] "GET /?b=46163266 HTTP/1.1" 301 0 "-" "Mozilla/5.0 (Linux; Android 13) AppleWebKit/537.36 (KHTML, like Gecko) Chrome/108.0.5359.128 Mobile Safari/537.36 (compatible; AhrefsSiteAudit/6.1; +http://ahrefs.com/robot/site-audit)"
202.8.43.234 - - [27/Dec/2024:11:03:41 -0500] "GET /?b=231369166 HTTP/1.1" 301 0 "-" "Mozilla/5.0 (Linux; Android 13) AppleWebKit/537.36 (KHTML, like Gecko) Chrome/108.0.5359.128 Mobile Safari/537.36 (compatible; AhrefsSiteAudit/6.1; +http://ahrefs.com/robot/site-audit)"
202.8.43.232 - - [27/Dec/2024:11:03:43 -0500] "GET /?b=280058366 HTTP/1.1" 301 0 "-" "Mozilla/5.0 (Linux; Android 13) AppleWebKit/537.36 (KHTML, like Gecko) Chrome/108.0.5359.128 Mobile Safari/537.36 (compatible; AhrefsSiteAudit/6.1; +http://ahrefs.com/robot/site-audit)"
202.8.43.234 - - [27/Dec/2024:11:03:45 -0500] "GET /?b=300006066 HTTP/1.1" 301 0 "-" "Mozilla/5.0 (Linux; Android 13) AppleWebKit/537.36 (KHTML, like Gecko) Chrome/108.0.5359.128 Mobile Safari/537.36 (compatible; AhrefsSiteAudit/6.1; +http://ahrefs.com/robot/site-audit)"
202.8.43.236 - - [27/Dec/2024:11:03:47 -0500] "GET /?b=264767966 HTTP/1.1" 301 0 "-" "Mozilla/5.0 (Linux; Android 13) AppleWebKit/537.36 (KHTML, like Gecko) Chrome/108.0.5359.128 Mobile Safari/537.36 (compatible; AhrefsSiteAudit/6.1; +http://ahrefs.com/robot/site-audit)"
66.29.132.124 - - [27/Dec/2024:11:03:49 -0500] "POST /wp-cron.php?doing_wp_cron=1735315429.7114169597625732421875 HTTP/1.1" 200 0 "-" "WordPress/6.7.1; https://blog.diixadigital.com"
202.8.43.236 - - [27/Dec/2024:11:03:49 -0500] "GET /?b=320579166 HTTP/1.1" 301 0 "-" "Mozilla/5.0 (Linux; Android 13) AppleWebKit/537.36 (KHTML, like Gecko) Chrome/108.0.5359.128 Mobile Safari/537.36 (compatible; AhrefsSiteAudit/6.1; +http://ahrefs.com/robot/site-audit)"
66.29.132.124 - - [27/Dec/2024:11:03:50 -0500] "POST /wp-admin/admin-ajax.php?action=async_litespeed&nonce=5d7cece248&litespeed_type=imgoptm HTTP/1.1" 200 21 "-" "WordPress/6.7.1; https://blog.diixadigital.com"
202.8.43.235 - - [27/Dec/2024:11:03:51 -0500] "GET /?b=347694366 HTTP/1.1" 301 0 "-" "Mozilla/5.0 (Linux; Android 13) AppleWebKit/537.36 (KHTML, like Gecko) Chrome/108.0.5359.128 Mobile Safari/537.36 (compatible; AhrefsSiteAudit/6.1; +http://ahrefs.com/robot/site-audit)"
185.191.171.15 - - [27/Dec/2024:11:03:53 -0500] "GET /?b=23677166 HTTP/1.1" 200 21072 "-" "Mozilla/5.0 (compatible; SemrushBot/7~bl; +http://www.semrush.com/bot.html)"
202.8.43.233 - - [27/Dec/2024:11:03:53 -0500] "GET /?b=178523366 HTTP/1.1" 301 0 "-" "Mozilla/5.0 (Linux; Android 13) AppleWebKit/537.36 (KHTML, like Gecko) Chrome/108.0.5359.128 Mobile Safari/537.36 (compatible; AhrefsSiteAudit/6.1; +http://ahrefs.com/robot/site-audit)"
202.8.43.236 - - [27/Dec/2024:11:03:55 -0500] "GET /?b=173875066 HTTP/1.1" 301 0 "-" "Mozilla/5.0 (Linux; Android 13) AppleWebKit/537.36 (KHTML, like Gecko) Chrome/108.0.5359.128 Mobile Safari/537.36 (compatible; AhrefsSiteAudit/6.1; +http://ahrefs.com/robot/site-audit)"
202.8.43.235 - - [27/Dec/2024:11:03:57 -0500] "GET /?b=177885666 HTTP/1.1" 301 0 "-" "Mozilla/5.0 (Linux; Android 13) AppleWebKit/537.36 (KHTML, like Gecko) Chrome/108.0.5359.128 Mobile Safari/537.36 (compatible; AhrefsSiteAudit/6.1; +http://ahrefs.com/robot/site-audit)"
202.8.43.234 - - [27/Dec/2024:11:03:59 -0500] "GET /?b=47006666 HTTP/1.1" 301 0 "-" "Mozilla/5.0 (Linux; Android 13) AppleWebKit/537.36 (KHTML, like Gecko) Chrome/108.0.5359.128 Mobile Safari/537.36 (compatible; AhrefsSiteAudit/6.1; +http://ahrefs.com/robot/site-audit)"
202.8.43.235 - - [27/Dec/2024:11:04:01 -0500] "GET /?b=147542366 HTTP/1.1" 301 0 "-" "Mozilla/5.0 (Linux; Android 13) AppleWebKit/537.36 (KHTML, like Gecko) Chrome/108.0.5359.128 Mobile Safari/537.36 (compatible; AhrefsSiteAudit/6.1; +http://ahrefs.com/robot/site-audit)"
85.208.96.195 - - [27/Dec/2024:11:04:02 -0500] "GET /?b=115705266 HTTP/1.1" 200 21065 "-" "Mozilla/5.0 (compatible; SemrushBot/7~bl; +http://www.semrush.com/bot.html)"
202.8.43.236 - - [27/Dec/2024:11:04:03 -0500] "GET /?b=248590966 HTTP/1.1" 301 0 "-" "Mozilla/5.0 (Linux; Android 13) AppleWebKit/537.36 (KHTML, like Gecko) Chrome/108.0.5359.128 Mobile Safari/537.36 (compatible; AhrefsSiteAudit/6.1; +http://ahrefs.com/robot/site-audit)"
202.8.43.235 - - [27/Dec/2024:11:04:05 -0500] "GET /?b=331442066 HTTP/1.1" 301 0 "-" "Mozilla/5.0 (Linux; Android 13) AppleWebKit/537.36 (KHTML, like Gecko) Chrome/108.0.5359.128 Mobile Safari/537.36 (compatible; AhrefsSiteAudit/6.1; +http://ahrefs.com/robot/site-audit)"
185.191.171.4 - - [27/Dec/2024:11:04:05 -0500] "GET /?b=83011966 HTTP/1.1" 200 21080 "-" "Mozilla/5.0 (compatible; SemrushBot/7~bl; +http://www.semrush.com/bot.html)"
66.249.68.69 - - [27/Dec/2024:11:04:04 -0500] "GET /?b=30402366 HTTP/1.1" 200 80266 "-" "Mozilla/5.0 (Linux; Android 6.0.1; Nexus 5X Build/MMB29P) AppleWebKit/537.36 (KHTML, like Gecko) Chrome/131.0.6778.139 Mobile Safari/537.36 (compatible; GoogleOther)"
202.8.43.233 - - [27/Dec/2024:11:04:07 -0500] "GET /?b=101004566 HTTP/1.1" 301 0 "-" "Mozilla/5.0 (Linux; Android 13) AppleWebKit/537.36 (KHTML, like Gecko) Chrome/108.0.5359.128 Mobile Safari/537.36 (compatible; AhrefsSiteAudit/6.1; +http://ahrefs.com/robot/site-audit)"
202.8.43.233 - - [27/Dec/2024:11:04:09 -0500] "GET /?b=204869666 HTTP/1.1" 301 0 "-" "Mozilla/5.0 (Linux; Android 13) AppleWebKit/537.36 (KHTML, like Gecko) Chrome/108.0.5359.128 Mobile Safari/537.36 (compatible; AhrefsSiteAudit/6.1; +http://ahrefs.com/robot/site-audit)"
202.8.43.235 - - [27/Dec/2024:11:04:11 -0500] "GET /?b=26324266 HTTP/1.1" 301 0 "-" "Mozilla/5.0 (Linux; Android 13) AppleWebKit/537.36 (KHTML, like Gecko) Chrome/108.0.5359.128 Mobile Safari/537.36 (compatible; AhrefsSiteAudit/6.1; +http://ahrefs.com/robot/site-audit)"
202.8.43.233 - - [27/Dec/2024:11:04:13 -0500] "GET /?b=283283766 HTTP/1.1" 301 0 "-" "Mozilla/5.0 (Linux; Android 13) AppleWebKit/537.36 (KHTML, like Gecko) Chrome/108.0.5359.128 Mobile Safari/537.36 (compatible; AhrefsSiteAudit/6.1; +http://ahrefs.com/robot/site-audit)"
85.208.96.199 - - [27/Dec/2024:11:04:13 -0500] "GET /?b=195556266 HTTP/1.1" 200 21067 "-" "Mozilla/5.0 (compatible; SemrushBot/7~bl; +http://www.semrush.com/bot.html)"
202.8.43.236 - - [27/Dec/2024:11:04:15 -0500] "GET /?b=329620166 HTTP/1.1" 301 0 "-" "Mozilla/5.0 (Linux; Android 13) AppleWebKit/537.36 (KHTML, like Gecko) Chrome/108.0.5359.128 Mobile Safari/537.36 (compatible; AhrefsSiteAudit/6.1; +http://ahrefs.com/robot/site-audit)"
202.8.43.234 - - [27/Dec/2024:11:04:17 -0500] "GET /?b=317495966 HTTP/1.1" 301 0 "-" "Mozilla/5.0 (Linux; Android 13) AppleWebKit/537.36 (KHTML, like Gecko) Chrome/108.0.5359.128 Mobile Safari/537.36 (compatible; AhrefsSiteAudit/6.1; +http://ahrefs.com/robot/site-audit)"
202.8.43.236 - - [27/Dec/2024:11:04:19 -0500] "GET /?b=329726066 HTTP/1.1" 301 0 "-" "Mozilla/5.0 (Linux; Android 13) AppleWebKit/537.36 (KHTML, like Gecko) Chrome/108.0.5359.128 Mobile Safari/537.36 (compatible; AhrefsSiteAudit/6.1; +http://ahrefs.com/robot/site-audit)"
202.8.43.232 - - [27/Dec/2024:11:04:21 -0500] "GET /?b=270282566 HTTP/1.1" 301 0 "-" "Mozilla/5.0 (Linux; Android 13) AppleWebKit/537.36 (KHTML, like Gecko) Chrome/108.0.5359.128 Mobile Safari/537.36 (compatible; AhrefsSiteAudit/6.1; +http://ahrefs.com/robot/site-audit)"
66.29.132.124 - - [27/Dec/2024:11:04:23 -0500] "POST /wp-cron.php?doing_wp_cron=1735315463.8721239566802978515625 HTTP/1.1" 200 0 "-" "WordPress/6.7.1; https://blog.diixadigital.com"
202.8.43.233 - - [27/Dec/2024:11:04:23 -0500] "GET /?b=246569666 HTTP/1.1" 301 0 "-" "Mozilla/5.0 (Linux; Android 13) AppleWebKit/537.36 (KHTML, like Gecko) Chrome/108.0.5359.128 Mobile Safari/537.36 (compatible; AhrefsSiteAudit/6.1; +http://ahrefs.com/robot/site-audit)"
202.8.43.233 - - [27/Dec/2024:11:04:25 -0500] "GET /?b=253271766 HTTP/1.1" 301 0 "-" "Mozilla/5.0 (Linux; Android 13) AppleWebKit/537.36 (KHTML, like Gecko) Chrome/108.0.5359.128 Mobile Safari/537.36 (compatible; AhrefsSiteAudit/6.1; +http://ahrefs.com/robot/site-audit)"
202.8.43.235 - - [27/Dec/2024:11:04:27 -0500] "GET /?b=213730966 HTTP/1.1" 301 0 "-" "Mozilla/5.0 (Linux; Android 13) AppleWebKit/537.36 (KHTML, like Gecko) Chrome/108.0.5359.128 Mobile Safari/537.36 (compatible; AhrefsSiteAudit/6.1; +http://ahrefs.com/robot/site-audit)"
202.8.43.236 - - [27/Dec/2024:11:04:29 -0500] "GET /?b=94496966 HTTP/1.1" 301 0 "-" "Mozilla/5.0 (Linux; Android 13) AppleWebKit/537.36 (KHTML, like Gecko) Chrome/108.0.5359.128 Mobile Safari/537.36 (compatible; AhrefsSiteAudit/6.1; +http://ahrefs.com/robot/site-audit)"
202.8.43.233 - - [27/Dec/2024:11:04:31 -0500] "GET /?b=346993066 HTTP/1.1" 301 0 "-" "Mozilla/5.0 (Linux; Android 13) AppleWebKit/537.36 (KHTML, like Gecko) Chrome/108.0.5359.128 Mobile Safari/537.36 (compatible; AhrefsSiteAudit/6.1; +http://ahrefs.com/robot/site-audit)"
202.8.43.234 - - [27/Dec/2024:11:04:33 -0500] "GET /?b=188308266 HTTP/1.1" 301 0 "-" "Mozilla/5.0 (Linux; Android 13) AppleWebKit/537.36 (KHTML, like Gecko) Chrome/108.0.5359.128 Mobile Safari/537.36 (compatible; AhrefsSiteAudit/6.1; +http://ahrefs.com/robot/site-audit)"
202.8.43.232 - - [27/Dec/2024:11:04:35 -0500] "GET /?b=211645466 HTTP/1.1" 301 0 "-" "Mozilla/5.0 (Linux; Android 13) AppleWebKit/537.36 (KHTML, like Gecko) Chrome/108.0.5359.128 Mobile Safari/537.36 (compatible; AhrefsSiteAudit/6.1; +http://ahrefs.com/robot/site-audit)"
202.8.43.235 - - [27/Dec/2024:11:04:37 -0500] "GET /?b=164022166 HTTP/1.1" 301 0 "-" "Mozilla/5.0 (Linux; Android 13) AppleWebKit/537.36 (KHTML, like Gecko) Chrome/108.0.5359.128 Mobile Safari/537.36 (compatible; AhrefsSiteAudit/6.1; +http://ahrefs.com/robot/site-audit)"
202.8.43.234 - - [27/Dec/2024:11:04:39 -0500] "GET /?b=324282966 HTTP/1.1" 301 0 "-" "Mozilla/5.0 (Linux; Android 13) AppleWebKit/537.36 (KHTML, like Gecko) Chrome/108.0.5359.128 Mobile Safari/537.36 (compatible; AhrefsSiteAudit/6.1; +http://ahrefs.com/robot/site-audit)"
202.8.43.236 - - [27/Dec/2024:11:04:41 -0500] "GET /?b=109858966 HTTP/1.1" 301 0 "-" "Mozilla/5.0 (Linux; Android 13) AppleWebKit/537.36 (KHTML, like Gecko) Chrome/108.0.5359.128 Mobile Safari/537.36 (compatible; AhrefsSiteAudit/6.1; +http://ahrefs.com/robot/site-audit)"
185.191.171.7 - - [27/Dec/2024:11:04:42 -0500] "GET /?b=213715866 HTTP/1.1" 200 21078 "-" "Mozilla/5.0 (compatible; SemrushBot/7~bl; +http://www.semrush.com/bot.html)"
202.8.43.235 - - [27/Dec/2024:11:04:43 -0500] "GET /?b=164500866 HTTP/1.1" 301 0 "-" "Mozilla/5.0 (Linux; Android 13) AppleWebKit/537.36 (KHTML, like Gecko) Chrome/108.0.5359.128 Mobile Safari/537.36 (compatible; AhrefsSiteAudit/6.1; +http://ahrefs.com/robot/site-audit)"
202.8.43.234 - - [27/Dec/2024:11:04:45 -0500] "GET /?b=177660866 HTTP/1.1" 301 0 "-" "Mozilla/5.0 (Linux; Android 13) AppleWebKit/537.36 (KHTML, like Gecko) Chrome/108.0.5359.128 Mobile Safari/537.36 (compatible; AhrefsSiteAudit/6.1; +http://ahrefs.com/robot/site-audit)"
202.8.43.232 - - [27/Dec/2024:11:04:47 -0500] "GET /?b=151568166 HTTP/1.1" 301 0 "-" "Mozilla/5.0 (Linux; Android 13) AppleWebKit/537.36 (KHTML, like Gecko) Chrome/108.0.5359.128 Mobile Safari/537.36 (compatible; AhrefsSiteAudit/6.1; +http://ahrefs.com/robot/site-audit)"
66.29.132.124 - - [27/Dec/2024:11:04:49 -0500] "POST /wp-cron.php?doing_wp_cron=1735315489.7506909370422363281250 HTTP/1.1" 200 0 "-" "WordPress/6.7.1; https://blog.diixadigital.com"
202.8.43.232 - - [27/Dec/2024:11:04:49 -0500] "GET /?b=259218966 HTTP/1.1" 301 0 "-" "Mozilla/5.0 (Linux; Android 13) AppleWebKit/537.36 (KHTML, like Gecko) Chrome/108.0.5359.128 Mobile Safari/537.36 (compatible; AhrefsSiteAudit/6.1; +http://ahrefs.com/robot/site-audit)"
66.29.132.124 - - [27/Dec/2024:11:04:49 -0500] "POST /wp-admin/admin-ajax.php?action=async_litespeed&nonce=5d7cece248&litespeed_type=imgoptm HTTP/1.1" 200 21 "-" "WordPress/6.7.1; https://blog.diixadigital.com"
202.8.43.232 - - [27/Dec/2024:11:04:51 -0500] "GET /?b=14919266 HTTP/1.1" 301 0 "-" "Mozilla/5.0 (Linux; Android 13) AppleWebKit/537.36 (KHTML, like Gecko) Chrome/108.0.5359.128 Mobile Safari/537.36 (compatible; AhrefsSiteAudit/6.1; +http://ahrefs.com/robot/site-audit)"
185.191.171.10 - - [27/Dec/2024:11:04:52 -0500] "GET /?b=192059466 HTTP/1.1" 200 21073 "-" "Mozilla/5.0 (compatible; SemrushBot/7~bl; +http://www.semrush.com/bot.html)"
202.8.43.234 - - [27/Dec/2024:11:04:53 -0500] "GET /?b=349198666 HTTP/1.1" 301 0 "-" "Mozilla/5.0 (Linux; Android 13) AppleWebKit/537.36 (KHTML, like Gecko) Chrome/108.0.5359.128 Mobile Safari/537.36 (compatible; AhrefsSiteAudit/6.1; +http://ahrefs.com/robot/site-audit)"
202.8.43.234 - - [27/Dec/2024:11:04:55 -0500] "GET /?b=174060166 HTTP/1.1" 301 0 "-" "Mozilla/5.0 (Linux; Android 13) AppleWebKit/537.36 (KHTML, like Gecko) Chrome/108.0.5359.128 Mobile Safari/537.36 (compatible; AhrefsSiteAudit/6.1; +http://ahrefs.com/robot/site-audit)"
202.8.43.236 - - [27/Dec/2024:11:04:57 -0500] "GET /?b=329511466 HTTP/1.1" 301 0 "-" "Mozilla/5.0 (Linux; Android 13) AppleWebKit/537.36 (KHTML, like Gecko) Chrome/108.0.5359.128 Mobile Safari/537.36 (compatible; AhrefsSiteAudit/6.1; +http://ahrefs.com/robot/site-audit)"
202.8.43.236 - - [27/Dec/2024:11:04:59 -0500] "GET /?b=114939466 HTTP/1.1" 301 0 "-" "Mozilla/5.0 (Linux; Android 13) AppleWebKit/537.36 (KHTML, like Gecko) Chrome/108.0.5359.128 Mobile Safari/537.36 (compatible; AhrefsSiteAudit/6.1; +http://ahrefs.com/robot/site-audit)"
202.8.43.236 - - [27/Dec/2024:11:05:01 -0500] "GET /?b=248420866 HTTP/1.1" 301 0 "-" "Mozilla/5.0 (Linux; Android 13) AppleWebKit/537.36 (KHTML, like Gecko) Chrome/108.0.5359.128 Mobile Safari/537.36 (compatible; AhrefsSiteAudit/6.1; +http://ahrefs.com/robot/site-audit)"
202.8.43.235 - - [27/Dec/2024:11:05:03 -0500] "GET /?b=295109166 HTTP/1.1" 301 0 "-" "Mozilla/5.0 (Linux; Android 13) AppleWebKit/537.36 (KHTML, like Gecko) Chrome/108.0.5359.128 Mobile Safari/537.36 (compatible; AhrefsSiteAudit/6.1; +http://ahrefs.com/robot/site-audit)"
202.8.43.236 - - [27/Dec/2024:11:05:05 -0500] "GET /?b=225452666 HTTP/1.1" 301 0 "-" "Mozilla/5.0 (Linux; Android 13) AppleWebKit/537.36 (KHTML, like Gecko) Chrome/108.0.5359.128 Mobile Safari/537.36 (compatible; AhrefsSiteAudit/6.1; +http://ahrefs.com/robot/site-audit)"
202.8.43.232 - - [27/Dec/2024:11:05:07 -0500] "GET /?b=105182866 HTTP/1.1" 301 0 "-" "Mozilla/5.0 (Linux; Android 13) AppleWebKit/537.36 (KHTML, like Gecko) Chrome/108.0.5359.128 Mobile Safari/537.36 (compatible; AhrefsSiteAudit/6.1; +http://ahrefs.com/robot/site-audit)"
185.191.171.11 - - [27/Dec/2024:11:05:08 -0500] "GET /?b=296438066 HTTP/1.1" 200 21068 "-" "Mozilla/5.0 (compatible; SemrushBot/7~bl; +http://www.semrush.com/bot.html)"
66.249.68.69 - - [27/Dec/2024:11:05:07 -0500] "GET /?b=345633466 HTTP/1.1" 200 80647 "-" "Mozilla/5.0 (Linux; Android 6.0.1; Nexus 5X Build/MMB29P) AppleWebKit/537.36 (KHTML, like Gecko) Chrome/131.0.6778.139 Mobile Safari/537.36 (compatible; GoogleOther)"
202.8.43.236 - - [27/Dec/2024:11:05:09 -0500] "GET /?b=252341166 HTTP/1.1" 301 0 "-" "Mozilla/5.0 (Linux; Android 13) AppleWebKit/537.36 (KHTML, like Gecko) Chrome/108.0.5359.128 Mobile Safari/537.36 (compatible; AhrefsSiteAudit/6.1; +http://ahrefs.com/robot/site-audit)"
202.8.43.233 - - [27/Dec/2024:11:05:11 -0500] "GET /?b=345397766 HTTP/1.1" 301 0 "-" "Mozilla/5.0 (Linux; Android 13) AppleWebKit/537.36 (KHTML, like Gecko) Chrome/108.0.5359.128 Mobile Safari/537.36 (compatible; AhrefsSiteAudit/6.1; +http://ahrefs.com/robot/site-audit)"
202.8.43.236 - - [27/Dec/2024:11:05:13 -0500] "GET /?b=330571466 HTTP/1.1" 301 0 "-" "Mozilla/5.0 (Linux; Android 13) AppleWebKit/537.36 (KHTML, like Gecko) Chrome/108.0.5359.128 Mobile Safari/537.36 (compatible; AhrefsSiteAudit/6.1; +http://ahrefs.com/robot/site-audit)"
202.8.43.233 - - [27/Dec/2024:11:05:15 -0500] "GET /?b=190692866 HTTP/1.1" 301 0 "-" "Mozilla/5.0 (Linux; Android 13) AppleWebKit/537.36 (KHTML, like Gecko) Chrome/108.0.5359.128 Mobile Safari/537.36 (compatible; AhrefsSiteAudit/6.1; +http://ahrefs.com/robot/site-audit)"
202.8.43.236 - - [27/Dec/2024:11:05:17 -0500] "GET /?b=195223666 HTTP/1.1" 301 0 "-" "Mozilla/5.0 (Linux; Android 13) AppleWebKit/537.36 (KHTML, like Gecko) Chrome/108.0.5359.128 Mobile Safari/537.36 (compatible; AhrefsSiteAudit/6.1; +http://ahrefs.com/robot/site-audit)"
202.8.43.234 - - [27/Dec/2024:11:05:19 -0500] "GET /?b=121181466 HTTP/1.1" 301 0 "-" "Mozilla/5.0 (Linux; Android 13) AppleWebKit/537.36 (KHTML, like Gecko) Chrome/108.0.5359.128 Mobile Safari/537.36 (compatible; AhrefsSiteAudit/6.1; +http://ahrefs.com/robot/site-audit)"
202.8.43.234 - - [27/Dec/2024:11:05:21 -0500] "GET /?b=188034466 HTTP/1.1" 301 0 "-" "Mozilla/5.0 (Linux; Android 13) AppleWebKit/537.36 (KHTML, like Gecko) Chrome/108.0.5359.128 Mobile Safari/537.36 (compatible; AhrefsSiteAudit/6.1; +http://ahrefs.com/robot/site-audit)"
66.29.132.124 - - [27/Dec/2024:11:05:23 -0500] "POST /wp-cron.php?doing_wp_cron=1735315523.6909248828887939453125 HTTP/1.1" 200 0 "-" "WordPress/6.7.1; https://blog.diixadigital.com"
202.8.43.233 - - [27/Dec/2024:11:05:23 -0500] "GET /?b=306297866 HTTP/1.1" 301 0 "-" "Mozilla/5.0 (Linux; Android 13) AppleWebKit/537.36 (KHTML, like Gecko) Chrome/108.0.5359.128 Mobile Safari/537.36 (compatible; AhrefsSiteAudit/6.1; +http://ahrefs.com/robot/site-audit)"
185.191.171.9 - - [27/Dec/2024:11:05:24 -0500] "GET /?b=248088666 HTTP/1.1" 200 21075 "-" "Mozilla/5.0 (compatible; SemrushBot/7~bl; +http://www.semrush.com/bot.html)"
202.8.43.232 - - [27/Dec/2024:11:05:25 -0500] "GET /?b=92066866 HTTP/1.1" 301 0 "-" "Mozilla/5.0 (Linux; Android 13) AppleWebKit/537.36 (KHTML, like Gecko) Chrome/108.0.5359.128 Mobile Safari/537.36 (compatible; AhrefsSiteAudit/6.1; +http://ahrefs.com/robot/site-audit)"
202.8.43.234 - - [27/Dec/2024:11:05:27 -0500] "GET /?b=137778666 HTTP/1.1" 301 0 "-" "Mozilla/5.0 (Linux; Android 13) AppleWebKit/537.36 (KHTML, like Gecko) Chrome/108.0.5359.128 Mobile Safari/537.36 (compatible; AhrefsSiteAudit/6.1; +http://ahrefs.com/robot/site-audit)"
202.8.43.234 - - [27/Dec/2024:11:05:29 -0500] "GET /?b=254244766 HTTP/1.1" 301 0 "-" "Mozilla/5.0 (Linux; Android 13) AppleWebKit/537.36 (KHTML, like Gecko) Chrome/108.0.5359.128 Mobile Safari/537.36 (compatible; AhrefsSiteAudit/6.1; +http://ahrefs.com/robot/site-audit)"
202.8.43.233 - - [27/Dec/2024:11:05:31 -0500] "GET /?b=242420266 HTTP/1.1" 301 0 "-" "Mozilla/5.0 (Linux; Android 13) AppleWebKit/537.36 (KHTML, like Gecko) Chrome/108.0.5359.128 Mobile Safari/537.36 (compatible; AhrefsSiteAudit/6.1; +http://ahrefs.com/robot/site-audit)"
202.8.43.233 - - [27/Dec/2024:11:05:33 -0500] "GET /?b=74772066 HTTP/1.1" 301 0 "-" "Mozilla/5.0 (Linux; Android 13) AppleWebKit/537.36 (KHTML, like Gecko) Chrome/108.0.5359.128 Mobile Safari/537.36 (compatible; AhrefsSiteAudit/6.1; +http://ahrefs.com/robot/site-audit)"
202.8.43.234 - - [27/Dec/2024:11:05:35 -0500] "GET /?b=182796566 HTTP/1.1" 301 0 "-" "Mozilla/5.0 (Linux; Android 13) AppleWebKit/537.36 (KHTML, like Gecko) Chrome/108.0.5359.128 Mobile Safari/537.36 (compatible; AhrefsSiteAudit/6.1; +http://ahrefs.com/robot/site-audit)"
185.191.171.18 - - [27/Dec/2024:11:05:35 -0500] "GET /?b=286546766 HTTP/1.1" 200 21069 "-" "Mozilla/5.0 (compatible; SemrushBot/7~bl; +http://www.semrush.com/bot.html)"
202.8.43.232 - - [27/Dec/2024:11:05:37 -0500] "GET /?b=129965066 HTTP/1.1" 301 0 "-" "Mozilla/5.0 (Linux; Android 13) AppleWebKit/537.36 (KHTML, like Gecko) Chrome/108.0.5359.128 Mobile Safari/537.36 (compatible; AhrefsSiteAudit/6.1; +http://ahrefs.com/robot/site-audit)"
202.8.43.234 - - [27/Dec/2024:11:05:39 -0500] "GET /?b=273523066 HTTP/1.1" 301 0 "-" "Mozilla/5.0 (Linux; Android 13) AppleWebKit/537.36 (KHTML, like Gecko) Chrome/108.0.5359.128 Mobile Safari/537.36 (compatible; AhrefsSiteAudit/6.1; +http://ahrefs.com/robot/site-audit)"
202.8.43.236 - - [27/Dec/2024:11:05:41 -0500] "GET /?b=21810166 HTTP/1.1" 301 0 "-" "Mozilla/5.0 (Linux; Android 13) AppleWebKit/537.36 (KHTML, like Gecko) Chrome/108.0.5359.128 Mobile Safari/537.36 (compatible; AhrefsSiteAudit/6.1; +http://ahrefs.com/robot/site-audit)"
202.8.43.232 - - [27/Dec/2024:11:05:43 -0500] "GET /?b=299256966 HTTP/1.1" 301 0 "-" "Mozilla/5.0 (Linux; Android 13) AppleWebKit/537.36 (KHTML, like Gecko) Chrome/108.0.5359.128 Mobile Safari/537.36 (compatible; AhrefsSiteAudit/6.1; +http://ahrefs.com/robot/site-audit)"
202.8.43.236 - - [27/Dec/2024:11:05:45 -0500] "GET /?b=352084566 HTTP/1.1" 301 0 "-" "Mozilla/5.0 (Linux; Android 13) AppleWebKit/537.36 (KHTML, like Gecko) Chrome/108.0.5359.128 Mobile Safari/537.36 (compatible; AhrefsSiteAudit/6.1; +http://ahrefs.com/robot/site-audit)"
202.8.43.235 - - [27/Dec/2024:11:05:47 -0500] "GET /?b=272519866 HTTP/1.1" 301 0 "-" "Mozilla/5.0 (Linux; Android 13) AppleWebKit/537.36 (KHTML, like Gecko) Chrome/108.0.5359.128 Mobile Safari/537.36 (compatible; AhrefsSiteAudit/6.1; +http://ahrefs.com/robot/site-audit)"
66.29.132.124 - - [27/Dec/2024:11:05:49 -0500] "POST /wp-cron.php?doing_wp_cron=1735315549.6797420978546142578125 HTTP/1.1" 200 0 "-" "WordPress/6.7.1; https://blog.diixadigital.com"
202.8.43.235 - - [27/Dec/2024:11:05:49 -0500] "GET /?b=167824566 HTTP/1.1" 301 0 "-" "Mozilla/5.0 (Linux; Android 13) AppleWebKit/537.36 (KHTML, like Gecko) Chrome/108.0.5359.128 Mobile Safari/537.36 (compatible; AhrefsSiteAudit/6.1; +http://ahrefs.com/robot/site-audit)"
185.191.171.5 - - [27/Dec/2024:11:05:49 -0500] "GET /?b=292774766 HTTP/1.1" 200 21077 "-" "Mozilla/5.0 (compatible; SemrushBot/7~bl; +http://www.semrush.com/bot.html)"
66.29.132.124 - - [27/Dec/2024:11:05:49 -0500] "POST /wp-admin/admin-ajax.php?action=async_litespeed&nonce=5d7cece248&litespeed_type=imgoptm HTTP/1.1" 200 21 "-" "WordPress/6.7.1; https://blog.diixadigital.com"
202.8.43.236 - - [27/Dec/2024:11:05:51 -0500] "GET /?b=17075966 HTTP/1.1" 301 0 "-" "Mozilla/5.0 (Linux; Android 13) AppleWebKit/537.36 (KHTML, like Gecko) Chrome/108.0.5359.128 Mobile Safari/537.36 (compatible; AhrefsSiteAudit/6.1; +http://ahrefs.com/robot/site-audit)"
185.191.171.13 - - [27/Dec/2024:11:05:52 -0500] "GET /?b=149358866 HTTP/1.1" 200 21067 "-" "Mozilla/5.0 (compatible; SemrushBot/7~bl; +http://www.semrush.com/bot.html)"
52.167.144.167 - - [27/Dec/2024:11:05:51 -0500] "GET /jvlut/x1613963.html HTTP/1.1" 200 82639 "-" "Mozilla/5.0 AppleWebKit/537.36 (KHTML, like Gecko; compatible; bingbot/2.0; +http://www.bing.com/bingbot.htm) Chrome/116.0.1938.76 Safari/537.36"
202.8.43.235 - - [27/Dec/2024:11:05:53 -0500] "GET /?b=142216566 HTTP/1.1" 301 0 "-" "Mozilla/5.0 (Linux; Android 13) AppleWebKit/537.36 (KHTML, like Gecko) Chrome/108.0.5359.128 Mobile Safari/537.36 (compatible; AhrefsSiteAudit/6.1; +http://ahrefs.com/robot/site-audit)"
185.191.171.4 - - [27/Dec/2024:11:05:55 -0500] "GET /?b=145699866 HTTP/1.1" 200 21069 "-" "Mozilla/5.0 (compatible; SemrushBot/7~bl; +http://www.semrush.com/bot.html)"
202.8.43.232 - - [27/Dec/2024:11:05:55 -0500] "GET /?b=183438066 HTTP/1.1" 301 0 "-" "Mozilla/5.0 (Linux; Android 13) AppleWebKit/537.36 (KHTML, like Gecko) Chrome/108.0.5359.128 Mobile Safari/537.36 (compatible; AhrefsSiteAudit/6.1; +http://ahrefs.com/robot/site-audit)"
202.8.43.235 - - [27/Dec/2024:11:05:57 -0500] "GET /?b=86482266 HTTP/1.1" 301 0 "-" "Mozilla/5.0 (Linux; Android 13) AppleWebKit/537.36 (KHTML, like Gecko) Chrome/108.0.5359.128 Mobile Safari/537.36 (compatible; AhrefsSiteAudit/6.1; +http://ahrefs.com/robot/site-audit)"
202.8.43.233 - - [27/Dec/2024:11:05:59 -0500] "GET /?b=45526566 HTTP/1.1" 301 0 "-" "Mozilla/5.0 (Linux; Android 13) AppleWebKit/537.36 (KHTML, like Gecko) Chrome/108.0.5359.128 Mobile Safari/537.36 (compatible; AhrefsSiteAudit/6.1; +http://ahrefs.com/robot/site-audit)"
85.208.96.197 - - [27/Dec/2024:11:06:00 -0500] "GET /?b=134755466 HTTP/1.1" 200 21069 "-" "Mozilla/5.0 (compatible; SemrushBot/7~bl; +http://www.semrush.com/bot.html)"
202.8.43.234 - - [27/Dec/2024:11:06:01 -0500] "GET /?b=338942766 HTTP/1.1" 301 0 "-" "Mozilla/5.0 (Linux; Android 13) AppleWebKit/537.36 (KHTML, like Gecko) Chrome/108.0.5359.128 Mobile Safari/537.36 (compatible; AhrefsSiteAudit/6.1; +http://ahrefs.com/robot/site-audit)"
202.8.43.233 - - [27/Dec/2024:11:06:03 -0500] "GET /?b=217156466 HTTP/1.1" 301 0 "-" "Mozilla/5.0 (Linux; Android 13) AppleWebKit/537.36 (KHTML, like Gecko) Chrome/108.0.5359.128 Mobile Safari/537.36 (compatible; AhrefsSiteAudit/6.1; +http://ahrefs.com/robot/site-audit)"
202.8.43.233 - - [27/Dec/2024:11:06:05 -0500] "GET /?b=19522366 HTTP/1.1" 301 0 "-" "Mozilla/5.0 (Linux; Android 13) AppleWebKit/537.36 (KHTML, like Gecko) Chrome/108.0.5359.128 Mobile Safari/537.36 (compatible; AhrefsSiteAudit/6.1; +http://ahrefs.com/robot/site-audit)"
202.8.43.232 - - [27/Dec/2024:11:06:07 -0500] "GET /?b=10960766 HTTP/1.1" 301 0 "-" "Mozilla/5.0 (Linux; Android 13) AppleWebKit/537.36 (KHTML, like Gecko) Chrome/108.0.5359.128 Mobile Safari/537.36 (compatible; AhrefsSiteAudit/6.1; +http://ahrefs.com/robot/site-audit)"
202.8.43.232 - - [27/Dec/2024:11:06:09 -0500] "GET /?b=112530866 HTTP/1.1" 301 0 "-" "Mozilla/5.0 (Linux; Android 13) AppleWebKit/537.36 (KHTML, like Gecko) Chrome/108.0.5359.128 Mobile Safari/537.36 (compatible; AhrefsSiteAudit/6.1; +http://ahrefs.com/robot/site-audit)"
202.8.43.232 - - [27/Dec/2024:11:06:11 -0500] "GET /?b=209526966 HTTP/1.1" 301 0 "-" "Mozilla/5.0 (Linux; Android 13) AppleWebKit/537.36 (KHTML, like Gecko) Chrome/108.0.5359.128 Mobile Safari/537.36 (compatible; AhrefsSiteAudit/6.1; +http://ahrefs.com/robot/site-audit)"
66.249.68.68 - - [27/Dec/2024:11:06:10 -0500] "GET /?b=332248066 HTTP/1.1" 200 79541 "-" "Mozilla/5.0 (Linux; Android 6.0.1; Nexus 5X Build/MMB29P) AppleWebKit/537.36 (KHTML, like Gecko) Chrome/131.0.6778.139 Mobile Safari/537.36 (compatible; GoogleOther)"
185.191.171.7 - - [27/Dec/2024:11:06:11 -0500] "GET /?b=251328866 HTTP/1.1" 200 21065 "-" "Mozilla/5.0 (compatible; SemrushBot/7~bl; +http://www.semrush.com/bot.html)"
202.8.43.234 - - [27/Dec/2024:11:06:13 -0500] "GET /?b=33964066 HTTP/1.1" 301 0 "-" "Mozilla/5.0 (Linux; Android 13) AppleWebKit/537.36 (KHTML, like Gecko) Chrome/108.0.5359.128 Mobile Safari/537.36 (compatible; AhrefsSiteAudit/6.1; +http://ahrefs.com/robot/site-audit)"
202.8.43.232 - - [27/Dec/2024:11:06:15 -0500] "GET /?b=52893166 HTTP/1.1" 301 0 "-" "Mozilla/5.0 (Linux; Android 13) AppleWebKit/537.36 (KHTML, like Gecko) Chrome/108.0.5359.128 Mobile Safari/537.36 (compatible; AhrefsSiteAudit/6.1; +http://ahrefs.com/robot/site-audit)"
202.8.43.233 - - [27/Dec/2024:11:06:17 -0500] "GET /?b=30784566 HTTP/1.1" 301 0 "-" "Mozilla/5.0 (Linux; Android 13) AppleWebKit/537.36 (KHTML, like Gecko) Chrome/108.0.5359.128 Mobile Safari/537.36 (compatible; AhrefsSiteAudit/6.1; +http://ahrefs.com/robot/site-audit)"
202.8.43.232 - - [27/Dec/2024:11:06:19 -0500] "GET /?b=23660766 HTTP/1.1" 301 0 "-" "Mozilla/5.0 (Linux; Android 13) AppleWebKit/537.36 (KHTML, like Gecko) Chrome/108.0.5359.128 Mobile Safari/537.36 (compatible; AhrefsSiteAudit/6.1; +http://ahrefs.com/robot/site-audit)"
202.8.43.234 - - [27/Dec/2024:11:06:21 -0500] "GET /?b=288020566 HTTP/1.1" 301 0 "-" "Mozilla/5.0 (Linux; Android 13) AppleWebKit/537.36 (KHTML, like Gecko) Chrome/108.0.5359.128 Mobile Safari/537.36 (compatible; AhrefsSiteAudit/6.1; +http://ahrefs.com/robot/site-audit)"
66.29.132.124 - - [27/Dec/2024:11:06:23 -0500] "POST /wp-cron.php?doing_wp_cron=1735315583.7695479393005371093750 HTTP/1.1" 200 0 "-" "WordPress/6.7.1; https://blog.diixadigital.com"
202.8.43.234 - - [27/Dec/2024:11:06:23 -0500] "GET /?b=186282266 HTTP/1.1" 301 0 "-" "Mozilla/5.0 (Linux; Android 13) AppleWebKit/537.36 (KHTML, like Gecko) Chrome/108.0.5359.128 Mobile Safari/537.36 (compatible; AhrefsSiteAudit/6.1; +http://ahrefs.com/robot/site-audit)"
202.8.43.235 - - [27/Dec/2024:11:06:25 -0500] "GET /?b=185055366 HTTP/1.1" 301 0 "-" "Mozilla/5.0 (Linux; Android 13) AppleWebKit/537.36 (KHTML, like Gecko) Chrome/108.0.5359.128 Mobile Safari/537.36 (compatible; AhrefsSiteAudit/6.1; +http://ahrefs.com/robot/site-audit)"
202.8.43.234 - - [27/Dec/2024:11:06:27 -0500] "GET /?b=257960366 HTTP/1.1" 301 0 "-" "Mozilla/5.0 (Linux; Android 13) AppleWebKit/537.36 (KHTML, like Gecko) Chrome/108.0.5359.128 Mobile Safari/537.36 (compatible; AhrefsSiteAudit/6.1; +http://ahrefs.com/robot/site-audit)"
202.8.43.235 - - [27/Dec/2024:11:06:29 -0500] "GET /?b=334595966 HTTP/1.1" 301 0 "-" "Mozilla/5.0 (Linux; Android 13) AppleWebKit/537.36 (KHTML, like Gecko) Chrome/108.0.5359.128 Mobile Safari/537.36 (compatible; AhrefsSiteAudit/6.1; +http://ahrefs.com/robot/site-audit)"
202.8.43.235 - - [27/Dec/2024:11:06:31 -0500] "GET /?b=28637866 HTTP/1.1" 301 0 "-" "Mozilla/5.0 (Linux; Android 13) AppleWebKit/537.36 (KHTML, like Gecko) Chrome/108.0.5359.128 Mobile Safari/537.36 (compatible; AhrefsSiteAudit/6.1; +http://ahrefs.com/robot/site-audit)"
202.8.43.233 - - [27/Dec/2024:11:06:33 -0500] "GET /?b=140400966 HTTP/1.1" 301 0 "-" "Mozilla/5.0 (Linux; Android 13) AppleWebKit/537.36 (KHTML, like Gecko) Chrome/108.0.5359.128 Mobile Safari/537.36 (compatible; AhrefsSiteAudit/6.1; +http://ahrefs.com/robot/site-audit)"
202.8.43.235 - - [27/Dec/2024:11:06:35 -0500] "GET /?b=87204266 HTTP/1.1" 301 0 "-" "Mozilla/5.0 (Linux; Android 13) AppleWebKit/537.36 (KHTML, like Gecko) Chrome/108.0.5359.128 Mobile Safari/537.36 (compatible; AhrefsSiteAudit/6.1; +http://ahrefs.com/robot/site-audit)"
52.167.144.182 - - [27/Dec/2024:11:06:34 -0500] "GET /ltulm/b1926539.html HTTP/1.1" 200 79621 "-" "Mozilla/5.0 AppleWebKit/537.36 (KHTML, like Gecko; compatible; bingbot/2.0; +http://www.bing.com/bingbot.htm) Chrome/116.0.1938.76 Safari/537.36"
185.191.171.5 - - [27/Dec/2024:11:06:37 -0500] "GET /?b=11245266 HTTP/1.1" 200 21064 "-" "Mozilla/5.0 (compatible; SemrushBot/7~bl; +http://www.semrush.com/bot.html)"
202.8.43.233 - - [27/Dec/2024:11:06:37 -0500] "GET /?b=352499366 HTTP/1.1" 301 0 "-" "Mozilla/5.0 (Linux; Android 13) AppleWebKit/537.36 (KHTML, like Gecko) Chrome/108.0.5359.128 Mobile Safari/537.36 (compatible; AhrefsSiteAudit/6.1; +http://ahrefs.com/robot/site-audit)"
202.8.43.235 - - [27/Dec/2024:11:06:39 -0500] "GET /?b=10776866 HTTP/1.1" 301 0 "-" "Mozilla/5.0 (Linux; Android 13) AppleWebKit/537.36 (KHTML, like Gecko) Chrome/108.0.5359.128 Mobile Safari/537.36 (compatible; AhrefsSiteAudit/6.1; +http://ahrefs.com/robot/site-audit)"
185.191.171.2 - - [27/Dec/2024:11:06:41 -0500] "GET /?b=30631466 HTTP/1.1" 200 21068 "-" "Mozilla/5.0 (compatible; SemrushBot/7~bl; +http://www.semrush.com/bot.html)"
202.8.43.235 - - [27/Dec/2024:11:06:41 -0500] "GET /?b=330572266 HTTP/1.1" 301 0 "-" "Mozilla/5.0 (Linux; Android 13) AppleWebKit/537.36 (KHTML, like Gecko) Chrome/108.0.5359.128 Mobile Safari/537.36 (compatible; AhrefsSiteAudit/6.1; +http://ahrefs.com/robot/site-audit)"
202.8.43.234 - - [27/Dec/2024:11:06:43 -0500] "GET /?b=135448466 HTTP/1.1" 301 0 "-" "Mozilla/5.0 (Linux; Android 13) AppleWebKit/537.36 (KHTML, like Gecko) Chrome/108.0.5359.128 Mobile Safari/537.36 (compatible; AhrefsSiteAudit/6.1; +http://ahrefs.com/robot/site-audit)"
202.8.43.234 - - [27/Dec/2024:11:06:45 -0500] "GET /?b=37332466 HTTP/1.1" 301 0 "-" "Mozilla/5.0 (Linux; Android 13) AppleWebKit/537.36 (KHTML, like Gecko) Chrome/108.0.5359.128 Mobile Safari/537.36 (compatible; AhrefsSiteAudit/6.1; +http://ahrefs.com/robot/site-audit)"
202.8.43.235 - - [27/Dec/2024:11:06:47 -0500] "GET /?b=312925066 HTTP/1.1" 301 0 "-" "Mozilla/5.0 (Linux; Android 13) AppleWebKit/537.36 (KHTML, like Gecko) Chrome/108.0.5359.128 Mobile Safari/537.36 (compatible; AhrefsSiteAudit/6.1; +http://ahrefs.com/robot/site-audit)"
52.167.144.172 - - [27/Dec/2024:11:06:47 -0500] "GET /aenjy/t2816329.html HTTP/1.1" 200 80938 "-" "Mozilla/5.0 AppleWebKit/537.36 (KHTML, like Gecko; compatible; bingbot/2.0; +http://www.bing.com/bingbot.htm) Chrome/116.0.1938.76 Safari/537.36"
66.29.132.124 - - [27/Dec/2024:11:06:49 -0500] "POST /wp-cron.php?doing_wp_cron=1735315609.7527101039886474609375 HTTP/1.1" 200 0 "-" "WordPress/6.7.1; https://blog.diixadigital.com"
202.8.43.236 - - [27/Dec/2024:11:06:49 -0500] "GET /?b=393666 HTTP/1.1" 301 0 "-" "Mozilla/5.0 (Linux; Android 13) AppleWebKit/537.36 (KHTML, like Gecko) Chrome/108.0.5359.128 Mobile Safari/537.36 (compatible; AhrefsSiteAudit/6.1; +http://ahrefs.com/robot/site-audit)"
66.29.132.124 - - [27/Dec/2024:11:06:50 -0500] "POST /wp-admin/admin-ajax.php?action=async_litespeed&nonce=5d7cece248&litespeed_type=imgoptm HTTP/1.1" 200 21 "-" "WordPress/6.7.1; https://blog.diixadigital.com"
202.8.43.233 - - [27/Dec/2024:11:06:51 -0500] "GET /?b=276352066 HTTP/1.1" 301 0 "-" "Mozilla/5.0 (Linux; Android 13) AppleWebKit/537.36 (KHTML, like Gecko) Chrome/108.0.5359.128 Mobile Safari/537.36 (compatible; AhrefsSiteAudit/6.1; +http://ahrefs.com/robot/site-audit)"
52.167.144.172 - - [27/Dec/2024:11:06:50 -0500] "GET /mtzed/c1447854.html HTTP/1.1" 200 83829 "-" "Mozilla/5.0 AppleWebKit/537.36 (KHTML, like Gecko; compatible; bingbot/2.0; +http://www.bing.com/bingbot.htm) Chrome/116.0.1938.76 Safari/537.36"
52.167.144.172 - - [27/Dec/2024:11:06:52 -0500] "GET /nmfay/s1107478.html HTTP/1.1" 200 81267 "-" "Mozilla/5.0 AppleWebKit/537.36 (KHTML, like Gecko; compatible; bingbot/2.0; +http://www.bing.com/bingbot.htm) Chrome/116.0.1938.76 Safari/537.36"
202.8.43.234 - - [27/Dec/2024:11:06:53 -0500] "GET /?b=218267466 HTTP/1.1" 301 0 "-" "Mozilla/5.0 (Linux; Android 13) AppleWebKit/537.36 (KHTML, like Gecko) Chrome/108.0.5359.128 Mobile Safari/537.36 (compatible; AhrefsSiteAudit/6.1; +http://ahrefs.com/robot/site-audit)"
202.8.43.234 - - [27/Dec/2024:11:06:55 -0500] "GET /?b=199141166 HTTP/1.1" 301 0 "-" "Mozilla/5.0 (Linux; Android 13) AppleWebKit/537.36 (KHTML, like Gecko) Chrome/108.0.5359.128 Mobile Safari/537.36 (compatible; AhrefsSiteAudit/6.1; +http://ahrefs.com/robot/site-audit)"
202.8.43.236 - - [27/Dec/2024:11:06:57 -0500] "GET /?b=170283066 HTTP/1.1" 301 0 "-" "Mozilla/5.0 (Linux; Android 13) AppleWebKit/537.36 (KHTML, like Gecko) Chrome/108.0.5359.128 Mobile Safari/537.36 (compatible; AhrefsSiteAudit/6.1; +http://ahrefs.com/robot/site-audit)"
85.208.96.195 - - [27/Dec/2024:11:06:57 -0500] "GET /?b=291727666 HTTP/1.1" 200 21077 "-" "Mozilla/5.0 (compatible; SemrushBot/7~bl; +http://www.semrush.com/bot.html)"
202.8.43.234 - - [27/Dec/2024:11:06:59 -0500] "GET /?b=2177666 HTTP/1.1" 301 0 "-" "Mozilla/5.0 (Linux; Android 13) AppleWebKit/537.36 (KHTML, like Gecko) Chrome/108.0.5359.128 Mobile Safari/537.36 (compatible; AhrefsSiteAudit/6.1; +http://ahrefs.com/robot/site-audit)"
202.8.43.233 - - [27/Dec/2024:11:07:01 -0500] "GET /?b=263311266 HTTP/1.1" 301 0 "-" "Mozilla/5.0 (Linux; Android 13) AppleWebKit/537.36 (KHTML, like Gecko) Chrome/108.0.5359.128 Mobile Safari/537.36 (compatible; AhrefsSiteAudit/6.1; +http://ahrefs.com/robot/site-audit)"
202.8.43.232 - - [27/Dec/2024:11:07:03 -0500] "GET /?b=57046666 HTTP/1.1" 301 0 "-" "Mozilla/5.0 (Linux; Android 13) AppleWebKit/537.36 (KHTML, like Gecko) Chrome/108.0.5359.128 Mobile Safari/537.36 (compatible; AhrefsSiteAudit/6.1; +http://ahrefs.com/robot/site-audit)"
202.8.43.233 - - [27/Dec/2024:11:07:05 -0500] "GET /?b=307067066 HTTP/1.1" 301 0 "-" "Mozilla/5.0 (Linux; Android 13) AppleWebKit/537.36 (KHTML, like Gecko) Chrome/108.0.5359.128 Mobile Safari/537.36 (compatible; AhrefsSiteAudit/6.1; +http://ahrefs.com/robot/site-audit)"
185.191.171.1 - - [27/Dec/2024:11:07:06 -0500] "GET /?b=282732966 HTTP/1.1" 200 21061 "-" "Mozilla/5.0 (compatible; SemrushBot/7~bl; +http://www.semrush.com/bot.html)"
202.8.43.233 - - [27/Dec/2024:11:07:07 -0500] "GET /?b=300284866 HTTP/1.1" 301 0 "-" "Mozilla/5.0 (Linux; Android 13) AppleWebKit/537.36 (KHTML, like Gecko) Chrome/108.0.5359.128 Mobile Safari/537.36 (compatible; AhrefsSiteAudit/6.1; +http://ahrefs.com/robot/site-audit)"
202.8.43.236 - - [27/Dec/2024:11:07:09 -0500] "GET /?b=14935966 HTTP/1.1" 301 0 "-" "Mozilla/5.0 (Linux; Android 13) AppleWebKit/537.36 (KHTML, like Gecko) Chrome/108.0.5359.128 Mobile Safari/537.36 (compatible; AhrefsSiteAudit/6.1; +http://ahrefs.com/robot/site-audit)"
202.8.43.232 - - [27/Dec/2024:11:07:11 -0500] "GET /?b=60778366 HTTP/1.1" 301 0 "-" "Mozilla/5.0 (Linux; Android 13) AppleWebKit/537.36 (KHTML, like Gecko) Chrome/108.0.5359.128 Mobile Safari/537.36 (compatible; AhrefsSiteAudit/6.1; +http://ahrefs.com/robot/site-audit)"
202.8.43.232 - - [27/Dec/2024:11:07:13 -0500] "GET /?b=98315566 HTTP/1.1" 301 0 "-" "Mozilla/5.0 (Linux; Android 13) AppleWebKit/537.36 (KHTML, like Gecko) Chrome/108.0.5359.128 Mobile Safari/537.36 (compatible; AhrefsSiteAudit/6.1; +http://ahrefs.com/robot/site-audit)"
66.249.68.69 - - [27/Dec/2024:11:07:13 -0500] "GET /?b=96293866 HTTP/1.1" 200 80170 "-" "Mozilla/5.0 (Linux; Android 6.0.1; Nexus 5X Build/MMB29P) AppleWebKit/537.36 (KHTML, like Gecko) Chrome/131.0.6778.139 Mobile Safari/537.36 (compatible; GoogleOther)"
202.8.43.236 - - [27/Dec/2024:11:07:15 -0500] "GET /?b=283438366 HTTP/1.1" 301 0 "-" "Mozilla/5.0 (Linux; Android 13) AppleWebKit/537.36 (KHTML, like Gecko) Chrome/108.0.5359.128 Mobile Safari/537.36 (compatible; AhrefsSiteAudit/6.1; +http://ahrefs.com/robot/site-audit)"
202.8.43.233 - - [27/Dec/2024:11:07:17 -0500] "GET /?b=295488766 HTTP/1.1" 301 0 "-" "Mozilla/5.0 (Linux; Android 13) AppleWebKit/537.36 (KHTML, like Gecko) Chrome/108.0.5359.128 Mobile Safari/537.36 (compatible; AhrefsSiteAudit/6.1; +http://ahrefs.com/robot/site-audit)"
85.208.96.206 - - [27/Dec/2024:11:07:18 -0500] "GET /?b=223771866 HTTP/1.1" 200 21064 "-" "Mozilla/5.0 (compatible; SemrushBot/7~bl; +http://www.semrush.com/bot.html)"
202.8.43.236 - - [27/Dec/2024:11:07:19 -0500] "GET /?b=89623566 HTTP/1.1" 301 0 "-" "Mozilla/5.0 (Linux; Android 13) AppleWebKit/537.36 (KHTML, like Gecko) Chrome/108.0.5359.128 Mobile Safari/537.36 (compatible; AhrefsSiteAudit/6.1; +http://ahrefs.com/robot/site-audit)"
202.8.43.232 - - [27/Dec/2024:11:07:21 -0500] "GET /?b=13214266 HTTP/1.1" 301 0 "-" "Mozilla/5.0 (Linux; Android 13) AppleWebKit/537.36 (KHTML, like Gecko) Chrome/108.0.5359.128 Mobile Safari/537.36 (compatible; AhrefsSiteAudit/6.1; +http://ahrefs.com/robot/site-audit)"
52.167.144.167 - - [27/Dec/2024:11:07:22 -0500] "GET /ufffi/z1888447.html HTTP/1.1" 200 80642 "-" "Mozilla/5.0 AppleWebKit/537.36 (KHTML, like Gecko; compatible; bingbot/2.0; +http://www.bing.com/bingbot.htm) Chrome/116.0.1938.76 Safari/537.36"
66.29.132.124 - - [27/Dec/2024:11:07:23 -0500] "POST /wp-cron.php?doing_wp_cron=1735315643.7365810871124267578125 HTTP/1.1" 200 0 "-" "WordPress/6.7.1; https://blog.diixadigital.com"
202.8.43.234 - - [27/Dec/2024:11:07:23 -0500] "GET /?b=239084866 HTTP/1.1" 301 0 "-" "Mozilla/5.0 (Linux; Android 13) AppleWebKit/537.36 (KHTML, like Gecko) Chrome/108.0.5359.128 Mobile Safari/537.36 (compatible; AhrefsSiteAudit/6.1; +http://ahrefs.com/robot/site-audit)"
52.167.144.167 - - [27/Dec/2024:11:07:23 -0500] "GET /izdha/f1620263.html HTTP/1.1" 200 81007 "-" "Mozilla/5.0 AppleWebKit/537.36 (KHTML, like Gecko; compatible; bingbot/2.0; +http://www.bing.com/bingbot.htm) Chrome/116.0.1938.76 Safari/537.36"
202.8.43.236 - - [27/Dec/2024:11:07:25 -0500] "GET /?b=106747566 HTTP/1.1" 301 0 "-" "Mozilla/5.0 (Linux; Android 13) AppleWebKit/537.36 (KHTML, like Gecko) Chrome/108.0.5359.128 Mobile Safari/537.36 (compatible; AhrefsSiteAudit/6.1; +http://ahrefs.com/robot/site-audit)"
202.8.43.234 - - [27/Dec/2024:11:07:27 -0500] "GET /?b=55956966 HTTP/1.1" 301 0 "-" "Mozilla/5.0 (Linux; Android 13) AppleWebKit/537.36 (KHTML, like Gecko) Chrome/108.0.5359.128 Mobile Safari/537.36 (compatible; AhrefsSiteAudit/6.1; +http://ahrefs.com/robot/site-audit)"
202.8.43.234 - - [27/Dec/2024:11:07:29 -0500] "GET /?b=53068166 HTTP/1.1" 301 0 "-" "Mozilla/5.0 (Linux; Android 13) AppleWebKit/537.36 (KHTML, like Gecko) Chrome/108.0.5359.128 Mobile Safari/537.36 (compatible; AhrefsSiteAudit/6.1; +http://ahrefs.com/robot/site-audit)"
202.8.43.234 - - [27/Dec/2024:11:07:31 -0500] "GET /?b=79061466 HTTP/1.1" 301 0 "-" "Mozilla/5.0 (Linux; Android 13) AppleWebKit/537.36 (KHTML, like Gecko) Chrome/108.0.5359.128 Mobile Safari/537.36 (compatible; AhrefsSiteAudit/6.1; +http://ahrefs.com/robot/site-audit)"
185.191.171.2 - - [27/Dec/2024:11:07:32 -0500] "GET /?b=132766 HTTP/1.1" 200 21071 "-" "Mozilla/5.0 (compatible; SemrushBot/7~bl; +http://www.semrush.com/bot.html)"
202.8.43.232 - - [27/Dec/2024:11:07:33 -0500] "GET /?b=19038866 HTTP/1.1" 301 0 "-" "Mozilla/5.0 (Linux; Android 13) AppleWebKit/537.36 (KHTML, like Gecko) Chrome/108.0.5359.128 Mobile Safari/537.36 (compatible; AhrefsSiteAudit/6.1; +http://ahrefs.com/robot/site-audit)"
202.8.43.232 - - [27/Dec/2024:11:07:35 -0500] "GET /?b=53120566 HTTP/1.1" 301 0 "-" "Mozilla/5.0 (Linux; Android 13) AppleWebKit/537.36 (KHTML, like Gecko) Chrome/108.0.5359.128 Mobile Safari/537.36 (compatible; AhrefsSiteAudit/6.1; +http://ahrefs.com/robot/site-audit)"
202.8.43.234 - - [27/Dec/2024:11:07:37 -0500] "GET /?b=264133966 HTTP/1.1" 301 0 "-" "Mozilla/5.0 (Linux; Android 13) AppleWebKit/537.36 (KHTML, like Gecko) Chrome/108.0.5359.128 Mobile Safari/537.36 (compatible; AhrefsSiteAudit/6.1; +http://ahrefs.com/robot/site-audit)"
202.8.43.236 - - [27/Dec/2024:11:07:39 -0500] "GET /?b=150786966 HTTP/1.1" 301 0 "-" "Mozilla/5.0 (Linux; Android 13) AppleWebKit/537.36 (KHTML, like Gecko) Chrome/108.0.5359.128 Mobile Safari/537.36 (compatible; AhrefsSiteAudit/6.1; +http://ahrefs.com/robot/site-audit)"
202.8.43.235 - - [27/Dec/2024:11:07:41 -0500] "GET /?b=281087866 HTTP/1.1" 301 0 "-" "Mozilla/5.0 (Linux; Android 13) AppleWebKit/537.36 (KHTML, like Gecko) Chrome/108.0.5359.128 Mobile Safari/537.36 (compatible; AhrefsSiteAudit/6.1; +http://ahrefs.com/robot/site-audit)"
202.8.43.236 - - [27/Dec/2024:11:07:43 -0500] "GET /?b=168157266 HTTP/1.1" 301 0 "-" "Mozilla/5.0 (Linux; Android 13) AppleWebKit/537.36 (KHTML, like Gecko) Chrome/108.0.5359.128 Mobile Safari/537.36 (compatible; AhrefsSiteAudit/6.1; +http://ahrefs.com/robot/site-audit)"
38.130.107.42 - - [27/Dec/2024:11:07:45 -0500] "GET /-/ HTTP/1.1" 404 42 "-" "Mozilla/5.0 (Windows NT 6.1; Win64; x64) AppleWebKit/537.36 (KHTML, like Gecko) Chrome/40.0.2214.85 Safari/537.36"
202.8.43.234 - - [27/Dec/2024:11:07:45 -0500] "GET /?b=158418566 HTTP/1.1" 301 0 "-" "Mozilla/5.0 (Linux; Android 13) AppleWebKit/537.36 (KHTML, like Gecko) Chrome/108.0.5359.128 Mobile Safari/537.36 (compatible; AhrefsSiteAudit/6.1; +http://ahrefs.com/robot/site-audit)"
202.8.43.232 - - [27/Dec/2024:11:07:47 -0500] "GET /?b=326093866 HTTP/1.1" 301 0 "-" "Mozilla/5.0 (Linux; Android 13) AppleWebKit/537.36 (KHTML, like Gecko) Chrome/108.0.5359.128 Mobile Safari/537.36 (compatible; AhrefsSiteAudit/6.1; +http://ahrefs.com/robot/site-audit)"
