66.29.132.124 - - [27/Dec/2024:11:07:49 -0500] "POST /wp-cron.php?doing_wp_cron=1735315669.7292459011077880859375 HTTP/1.1" 200 0 "-" "WordPress/6.7.1; https://blog.diixadigital.com"
202.8.43.233 - - [27/Dec/2024:11:07:49 -0500] "GET /?b=19954466 HTTP/1.1" 301 0 "-" "Mozilla/5.0 (Linux; Android 13) AppleWebKit/537.36 (KHTML, like Gecko) Chrome/108.0.5359.128 Mobile Safari/537.36 (compatible; AhrefsSiteAudit/6.1; +http://ahrefs.com/robot/site-audit)"
66.29.132.124 - - [27/Dec/2024:11:07:49 -0500] "POST /wp-admin/admin-ajax.php?action=async_litespeed&nonce=5d7cece248&litespeed_type=imgoptm HTTP/1.1" 200 21 "-" "WordPress/6.7.1; https://blog.diixadigital.com"
202.8.43.234 - - [27/Dec/2024:11:07:51 -0500] "GET /?b=297883566 HTTP/1.1" 301 0 "-" "Mozilla/5.0 (Linux; Android 13) AppleWebKit/537.36 (KHTML, like Gecko) Chrome/108.0.5359.128 Mobile Safari/537.36 (compatible; AhrefsSiteAudit/6.1; +http://ahrefs.com/robot/site-audit)"
202.8.43.232 - - [27/Dec/2024:11:07:53 -0500] "GET /?b=317100666 HTTP/1.1" 301 0 "-" "Mozilla/5.0 (Linux; Android 13) AppleWebKit/537.36 (KHTML, like Gecko) Chrome/108.0.5359.128 Mobile Safari/537.36 (compatible; AhrefsSiteAudit/6.1; +http://ahrefs.com/robot/site-audit)"
202.8.43.232 - - [27/Dec/2024:11:07:55 -0500] "GET /?b=212993966 HTTP/1.1" 301 0 "-" "Mozilla/5.0 (Linux; Android 13) AppleWebKit/537.36 (KHTML, like Gecko) Chrome/108.0.5359.128 Mobile Safari/537.36 (compatible; AhrefsSiteAudit/6.1; +http://ahrefs.com/robot/site-audit)"
85.208.96.208 - - [27/Dec/2024:11:07:57 -0500] "GET /?b=279944766 HTTP/1.1" 200 21055 "-" "Mozilla/5.0 (compatible; SemrushBot/7~bl; +http://www.semrush.com/bot.html)"
202.8.43.233 - - [27/Dec/2024:11:07:57 -0500] "GET /?b=218833366 HTTP/1.1" 301 0 "-" "Mozilla/5.0 (Linux; Android 13) AppleWebKit/537.36 (KHTML, like Gecko) Chrome/108.0.5359.128 Mobile Safari/537.36 (compatible; AhrefsSiteAudit/6.1; +http://ahrefs.com/robot/site-audit)"
202.8.43.236 - - [27/Dec/2024:11:07:59 -0500] "GET /?b=21630466 HTTP/1.1" 301 0 "-" "Mozilla/5.0 (Linux; Android 13) AppleWebKit/537.36 (KHTML, like Gecko) Chrome/108.0.5359.128 Mobile Safari/537.36 (compatible; AhrefsSiteAudit/6.1; +http://ahrefs.com/robot/site-audit)"
52.167.144.172 - - [27/Dec/2024:11:07:58 -0500] "GET /zwxmt/d1686821.html HTTP/1.1" 200 79585 "-" "Mozilla/5.0 AppleWebKit/537.36 (KHTML, like Gecko; compatible; bingbot/2.0; +http://www.bing.com/bingbot.htm) Chrome/116.0.1938.76 Safari/537.36"
202.8.43.234 - - [27/Dec/2024:11:08:01 -0500] "GET /?b=198743966 HTTP/1.1" 301 0 "-" "Mozilla/5.0 (Linux; Android 13) AppleWebKit/537.36 (KHTML, like Gecko) Chrome/108.0.5359.128 Mobile Safari/537.36 (compatible; AhrefsSiteAudit/6.1; +http://ahrefs.com/robot/site-audit)"
202.8.43.232 - - [27/Dec/2024:11:08:03 -0500] "GET /?b=295160666 HTTP/1.1" 301 0 "-" "Mozilla/5.0 (Linux; Android 13) AppleWebKit/537.36 (KHTML, like Gecko) Chrome/108.0.5359.128 Mobile Safari/537.36 (compatible; AhrefsSiteAudit/6.1; +http://ahrefs.com/robot/site-audit)"
52.167.144.172 - - [27/Dec/2024:11:08:02 -0500] "GET /lzzvi/t575441.html HTTP/1.1" 200 80521 "-" "Mozilla/5.0 AppleWebKit/537.36 (KHTML, like Gecko; compatible; bingbot/2.0; +http://www.bing.com/bingbot.htm) Chrome/116.0.1938.76 Safari/537.36"
202.8.43.232 - - [27/Dec/2024:11:08:05 -0500] "GET /?b=187413766 HTTP/1.1" 301 0 "-" "Mozilla/5.0 (Linux; Android 13) AppleWebKit/537.36 (KHTML, like Gecko) Chrome/108.0.5359.128 Mobile Safari/537.36 (compatible; AhrefsSiteAudit/6.1; +http://ahrefs.com/robot/site-audit)"
52.167.144.182 - - [27/Dec/2024:11:08:05 -0500] "GET /ifeog/m2554164.html HTTP/1.1" 200 79935 "-" "Mozilla/5.0 AppleWebKit/537.36 (KHTML, like Gecko; compatible; bingbot/2.0; +http://www.bing.com/bingbot.htm) Chrome/116.0.1938.76 Safari/537.36"
202.8.43.232 - - [27/Dec/2024:11:08:07 -0500] "GET /?b=88265966 HTTP/1.1" 301 0 "-" "Mozilla/5.0 (Linux; Android 13) AppleWebKit/537.36 (KHTML, like Gecko) Chrome/108.0.5359.128 Mobile Safari/537.36 (compatible; AhrefsSiteAudit/6.1; +http://ahrefs.com/robot/site-audit)"
202.8.43.233 - - [27/Dec/2024:11:08:09 -0500] "GET /?b=253529966 HTTP/1.1" 301 0 "-" "Mozilla/5.0 (Linux; Android 13) AppleWebKit/537.36 (KHTML, like Gecko) Chrome/108.0.5359.128 Mobile Safari/537.36 (compatible; AhrefsSiteAudit/6.1; +http://ahrefs.com/robot/site-audit)"
202.8.43.233 - - [27/Dec/2024:11:08:11 -0500] "GET /?b=189702466 HTTP/1.1" 301 0 "-" "Mozilla/5.0 (Linux; Android 13) AppleWebKit/537.36 (KHTML, like Gecko) Chrome/108.0.5359.128 Mobile Safari/537.36 (compatible; AhrefsSiteAudit/6.1; +http://ahrefs.com/robot/site-audit)"
202.8.43.233 - - [27/Dec/2024:11:08:13 -0500] "GET /?b=345286366 HTTP/1.1" 301 0 "-" "Mozilla/5.0 (Linux; Android 13) AppleWebKit/537.36 (KHTML, like Gecko) Chrome/108.0.5359.128 Mobile Safari/537.36 (compatible; AhrefsSiteAudit/6.1; +http://ahrefs.com/robot/site-audit)"
202.8.43.235 - - [27/Dec/2024:11:08:16 -0500] "GET /?b=305267166 HTTP/1.1" 301 0 "-" "Mozilla/5.0 (Linux; Android 13) AppleWebKit/537.36 (KHTML, like Gecko) Chrome/108.0.5359.128 Mobile Safari/537.36 (compatible; AhrefsSiteAudit/6.1; +http://ahrefs.com/robot/site-audit)"
85.208.96.210 - - [27/Dec/2024:11:08:16 -0500] "GET /?b=265154166 HTTP/1.1" 200 21062 "-" "Mozilla/5.0 (compatible; SemrushBot/7~bl; +http://www.semrush.com/bot.html)"
66.249.68.70 - - [27/Dec/2024:11:08:16 -0500] "GET /?b=117731166 HTTP/1.1" 200 79522 "-" "Mozilla/5.0 (Linux; Android 6.0.1; Nexus 5X Build/MMB29P) AppleWebKit/537.36 (KHTML, like Gecko) Chrome/131.0.6778.139 Mobile Safari/537.36 (compatible; GoogleOther)"
202.8.43.236 - - [27/Dec/2024:11:08:17 -0500] "GET /?b=77793166 HTTP/1.1" 301 0 "-" "Mozilla/5.0 (Linux; Android 13) AppleWebKit/537.36 (KHTML, like Gecko) Chrome/108.0.5359.128 Mobile Safari/537.36 (compatible; AhrefsSiteAudit/6.1; +http://ahrefs.com/robot/site-audit)"
202.8.43.232 - - [27/Dec/2024:11:08:19 -0500] "GET /?b=337951666 HTTP/1.1" 301 0 "-" "Mozilla/5.0 (Linux; Android 13) AppleWebKit/537.36 (KHTML, like Gecko) Chrome/108.0.5359.128 Mobile Safari/537.36 (compatible; AhrefsSiteAudit/6.1; +http://ahrefs.com/robot/site-audit)"
202.8.43.234 - - [27/Dec/2024:11:08:21 -0500] "GET /?b=238002866 HTTP/1.1" 301 0 "-" "Mozilla/5.0 (Linux; Android 13) AppleWebKit/537.36 (KHTML, like Gecko) Chrome/108.0.5359.128 Mobile Safari/537.36 (compatible; AhrefsSiteAudit/6.1; +http://ahrefs.com/robot/site-audit)"
66.29.132.124 - - [27/Dec/2024:11:08:23 -0500] "POST /wp-cron.php?doing_wp_cron=1735315703.9597959518432617187500 HTTP/1.1" 200 0 "-" "WordPress/6.7.1; https://blog.diixadigital.com"
202.8.43.234 - - [27/Dec/2024:11:08:23 -0500] "GET /?b=99292366 HTTP/1.1" 301 0 "-" "Mozilla/5.0 (Linux; Android 13) AppleWebKit/537.36 (KHTML, like Gecko) Chrome/108.0.5359.128 Mobile Safari/537.36 (compatible; AhrefsSiteAudit/6.1; +http://ahrefs.com/robot/site-audit)"
202.8.43.232 - - [27/Dec/2024:11:08:25 -0500] "GET /?b=348236366 HTTP/1.1" 301 0 "-" "Mozilla/5.0 (Linux; Android 13) AppleWebKit/537.36 (KHTML, like Gecko) Chrome/108.0.5359.128 Mobile Safari/537.36 (compatible; AhrefsSiteAudit/6.1; +http://ahrefs.com/robot/site-audit)"
185.191.171.7 - - [27/Dec/2024:11:08:25 -0500] "GET /?b=158665466 HTTP/1.1" 200 21065 "-" "Mozilla/5.0 (compatible; SemrushBot/7~bl; +http://www.semrush.com/bot.html)"
202.8.43.234 - - [27/Dec/2024:11:08:27 -0500] "GET /?b=38399166 HTTP/1.1" 301 0 "-" "Mozilla/5.0 (Linux; Android 13) AppleWebKit/537.36 (KHTML, like Gecko) Chrome/108.0.5359.128 Mobile Safari/537.36 (compatible; AhrefsSiteAudit/6.1; +http://ahrefs.com/robot/site-audit)"
202.8.43.233 - - [27/Dec/2024:11:08:29 -0500] "GET /?b=244705566 HTTP/1.1" 301 0 "-" "Mozilla/5.0 (Linux; Android 13) AppleWebKit/537.36 (KHTML, like Gecko) Chrome/108.0.5359.128 Mobile Safari/537.36 (compatible; AhrefsSiteAudit/6.1; +http://ahrefs.com/robot/site-audit)"
202.8.43.235 - - [27/Dec/2024:11:08:31 -0500] "GET /?b=97306766 HTTP/1.1" 301 0 "-" "Mozilla/5.0 (Linux; Android 13) AppleWebKit/537.36 (KHTML, like Gecko) Chrome/108.0.5359.128 Mobile Safari/537.36 (compatible; AhrefsSiteAudit/6.1; +http://ahrefs.com/robot/site-audit)"
85.208.96.198 - - [27/Dec/2024:11:08:33 -0500] "GET /?b=343166966 HTTP/1.1" 200 21071 "-" "Mozilla/5.0 (compatible; SemrushBot/7~bl; +http://www.semrush.com/bot.html)"
202.8.43.233 - - [27/Dec/2024:11:08:33 -0500] "GET /?b=10041266 HTTP/1.1" 301 0 "-" "Mozilla/5.0 (Linux; Android 13) AppleWebKit/537.36 (KHTML, like Gecko) Chrome/108.0.5359.128 Mobile Safari/537.36 (compatible; AhrefsSiteAudit/6.1; +http://ahrefs.com/robot/site-audit)"
202.8.43.233 - - [27/Dec/2024:11:08:35 -0500] "GET /?b=192445666 HTTP/1.1" 301 0 "-" "Mozilla/5.0 (Linux; Android 13) AppleWebKit/537.36 (KHTML, like Gecko) Chrome/108.0.5359.128 Mobile Safari/537.36 (compatible; AhrefsSiteAudit/6.1; +http://ahrefs.com/robot/site-audit)"
202.8.43.233 - - [27/Dec/2024:11:08:37 -0500] "GET /?b=119219966 HTTP/1.1" 301 0 "-" "Mozilla/5.0 (Linux; Android 13) AppleWebKit/537.36 (KHTML, like Gecko) Chrome/108.0.5359.128 Mobile Safari/537.36 (compatible; AhrefsSiteAudit/6.1; +http://ahrefs.com/robot/site-audit)"
202.8.43.236 - - [27/Dec/2024:11:08:39 -0500] "GET /?b=5332966 HTTP/1.1" 301 0 "-" "Mozilla/5.0 (Linux; Android 13) AppleWebKit/537.36 (KHTML, like Gecko) Chrome/108.0.5359.128 Mobile Safari/537.36 (compatible; AhrefsSiteAudit/6.1; +http://ahrefs.com/robot/site-audit)"
202.8.43.235 - - [27/Dec/2024:11:08:41 -0500] "GET /?b=319397266 HTTP/1.1" 301 0 "-" "Mozilla/5.0 (Linux; Android 13) AppleWebKit/537.36 (KHTML, like Gecko) Chrome/108.0.5359.128 Mobile Safari/537.36 (compatible; AhrefsSiteAudit/6.1; +http://ahrefs.com/robot/site-audit)"
202.8.43.233 - - [27/Dec/2024:11:08:43 -0500] "GET /?b=170517466 HTTP/1.1" 301 0 "-" "Mozilla/5.0 (Linux; Android 13) AppleWebKit/537.36 (KHTML, like Gecko) Chrome/108.0.5359.128 Mobile Safari/537.36 (compatible; AhrefsSiteAudit/6.1; +http://ahrefs.com/robot/site-audit)"
202.8.43.233 - - [27/Dec/2024:11:08:45 -0500] "GET /?b=343308966 HTTP/1.1" 301 0 "-" "Mozilla/5.0 (Linux; Android 13) AppleWebKit/537.36 (KHTML, like Gecko) Chrome/108.0.5359.128 Mobile Safari/537.36 (compatible; AhrefsSiteAudit/6.1; +http://ahrefs.com/robot/site-audit)"
202.8.43.234 - - [27/Dec/2024:11:08:47 -0500] "GET /?b=222515466 HTTP/1.1" 301 0 "-" "Mozilla/5.0 (Linux; Android 13) AppleWebKit/537.36 (KHTML, like Gecko) Chrome/108.0.5359.128 Mobile Safari/537.36 (compatible; AhrefsSiteAudit/6.1; +http://ahrefs.com/robot/site-audit)"
66.29.132.124 - - [27/Dec/2024:11:08:49 -0500] "POST /wp-cron.php?doing_wp_cron=1735315729.6813130378723144531250 HTTP/1.1" 200 0 "-" "WordPress/6.7.1; https://blog.diixadigital.com"
202.8.43.235 - - [27/Dec/2024:11:08:49 -0500] "GET /?b=144943266 HTTP/1.1" 301 0 "-" "Mozilla/5.0 (Linux; Android 13) AppleWebKit/537.36 (KHTML, like Gecko) Chrome/108.0.5359.128 Mobile Safari/537.36 (compatible; AhrefsSiteAudit/6.1; +http://ahrefs.com/robot/site-audit)"
66.29.132.124 - - [27/Dec/2024:11:08:49 -0500] "POST /wp-admin/admin-ajax.php?action=async_litespeed&nonce=5d7cece248&litespeed_type=imgoptm HTTP/1.1" 200 21 "-" "WordPress/6.7.1; https://blog.diixadigital.com"
202.8.43.236 - - [27/Dec/2024:11:08:51 -0500] "GET /?b=178331566 HTTP/1.1" 301 0 "-" "Mozilla/5.0 (Linux; Android 13) AppleWebKit/537.36 (KHTML, like Gecko) Chrome/108.0.5359.128 Mobile Safari/537.36 (compatible; AhrefsSiteAudit/6.1; +http://ahrefs.com/robot/site-audit)"
202.8.43.235 - - [27/Dec/2024:11:08:53 -0500] "GET /?b=6562466 HTTP/1.1" 301 0 "-" "Mozilla/5.0 (Linux; Android 13) AppleWebKit/537.36 (KHTML, like Gecko) Chrome/108.0.5359.128 Mobile Safari/537.36 (compatible; AhrefsSiteAudit/6.1; +http://ahrefs.com/robot/site-audit)"
202.8.43.232 - - [27/Dec/2024:11:08:55 -0500] "GET /?b=44030566 HTTP/1.1" 301 0 "-" "Mozilla/5.0 (Linux; Android 13) AppleWebKit/537.36 (KHTML, like Gecko) Chrome/108.0.5359.128 Mobile Safari/537.36 (compatible; AhrefsSiteAudit/6.1; +http://ahrefs.com/robot/site-audit)"
185.191.171.9 - - [27/Dec/2024:11:08:57 -0500] "GET /?b=72158066 HTTP/1.1" 200 21058 "-" "Mozilla/5.0 (compatible; SemrushBot/7~bl; +http://www.semrush.com/bot.html)"
202.8.43.232 - - [27/Dec/2024:11:08:57 -0500] "GET /?b=249349066 HTTP/1.1" 301 0 "-" "Mozilla/5.0 (Linux; Android 13) AppleWebKit/537.36 (KHTML, like Gecko) Chrome/108.0.5359.128 Mobile Safari/537.36 (compatible; AhrefsSiteAudit/6.1; +http://ahrefs.com/robot/site-audit)"
202.8.43.232 - - [27/Dec/2024:11:08:59 -0500] "GET /?b=67967266 HTTP/1.1" 301 0 "-" "Mozilla/5.0 (Linux; Android 13) AppleWebKit/537.36 (KHTML, like Gecko) Chrome/108.0.5359.128 Mobile Safari/537.36 (compatible; AhrefsSiteAudit/6.1; +http://ahrefs.com/robot/site-audit)"
85.208.96.207 - - [27/Dec/2024:11:09:00 -0500] "GET /?b=49333366 HTTP/1.1" 200 21076 "-" "Mozilla/5.0 (compatible; SemrushBot/7~bl; +http://www.semrush.com/bot.html)"
202.8.43.235 - - [27/Dec/2024:11:09:01 -0500] "GET /?b=39511566 HTTP/1.1" 301 0 "-" "Mozilla/5.0 (Linux; Android 13) AppleWebKit/537.36 (KHTML, like Gecko) Chrome/108.0.5359.128 Mobile Safari/537.36 (compatible; AhrefsSiteAudit/6.1; +http://ahrefs.com/robot/site-audit)"
52.167.144.167 - - [27/Dec/2024:11:09:02 -0500] "GET /tfkrn/i2345016.html HTTP/1.1" 200 79460 "-" "Mozilla/5.0 AppleWebKit/537.36 (KHTML, like Gecko; compatible; bingbot/2.0; +http://www.bing.com/bingbot.htm) Chrome/116.0.1938.76 Safari/537.36"
202.8.43.233 - - [27/Dec/2024:11:09:03 -0500] "GET /?b=347420166 HTTP/1.1" 301 0 "-" "Mozilla/5.0 (Linux; Android 13) AppleWebKit/537.36 (KHTML, like Gecko) Chrome/108.0.5359.128 Mobile Safari/537.36 (compatible; AhrefsSiteAudit/6.1; +http://ahrefs.com/robot/site-audit)"
185.191.171.14 - - [27/Dec/2024:11:09:04 -0500] "GET /?b=105083866 HTTP/1.1" 200 21072 "-" "Mozilla/5.0 (compatible; SemrushBot/7~bl; +http://www.semrush.com/bot.html)"
202.8.43.233 - - [27/Dec/2024:11:09:05 -0500] "GET /?b=165074566 HTTP/1.1" 301 0 "-" "Mozilla/5.0 (Linux; Android 13) AppleWebKit/537.36 (KHTML, like Gecko) Chrome/108.0.5359.128 Mobile Safari/537.36 (compatible; AhrefsSiteAudit/6.1; +http://ahrefs.com/robot/site-audit)"
202.8.43.234 - - [27/Dec/2024:11:09:07 -0500] "GET /?b=349998266 HTTP/1.1" 301 0 "-" "Mozilla/5.0 (Linux; Android 13) AppleWebKit/537.36 (KHTML, like Gecko) Chrome/108.0.5359.128 Mobile Safari/537.36 (compatible; AhrefsSiteAudit/6.1; +http://ahrefs.com/robot/site-audit)"
185.191.171.3 - - [27/Dec/2024:11:09:08 -0500] "GET /?b=143258866 HTTP/1.1" 200 21079 "-" "Mozilla/5.0 (compatible; SemrushBot/7~bl; +http://www.semrush.com/bot.html)"
202.8.43.233 - - [27/Dec/2024:11:09:09 -0500] "GET /?b=215650066 HTTP/1.1" 301 0 "-" "Mozilla/5.0 (Linux; Android 13) AppleWebKit/537.36 (KHTML, like Gecko) Chrome/108.0.5359.128 Mobile Safari/537.36 (compatible; AhrefsSiteAudit/6.1; +http://ahrefs.com/robot/site-audit)"
202.8.43.236 - - [27/Dec/2024:11:09:11 -0500] "GET /?b=340781466 HTTP/1.1" 301 0 "-" "Mozilla/5.0 (Linux; Android 13) AppleWebKit/537.36 (KHTML, like Gecko) Chrome/108.0.5359.128 Mobile Safari/537.36 (compatible; AhrefsSiteAudit/6.1; +http://ahrefs.com/robot/site-audit)"
202.8.43.234 - - [27/Dec/2024:11:09:13 -0500] "GET /?b=124407766 HTTP/1.1" 301 0 "-" "Mozilla/5.0 (Linux; Android 13) AppleWebKit/537.36 (KHTML, like Gecko) Chrome/108.0.5359.128 Mobile Safari/537.36 (compatible; AhrefsSiteAudit/6.1; +http://ahrefs.com/robot/site-audit)"
202.8.43.233 - - [27/Dec/2024:11:09:15 -0500] "GET /?b=76580566 HTTP/1.1" 301 0 "-" "Mozilla/5.0 (Linux; Android 13) AppleWebKit/537.36 (KHTML, like Gecko) Chrome/108.0.5359.128 Mobile Safari/537.36 (compatible; AhrefsSiteAudit/6.1; +http://ahrefs.com/robot/site-audit)"
202.8.43.235 - - [27/Dec/2024:11:09:17 -0500] "GET /?b=76981866 HTTP/1.1" 301 0 "-" "Mozilla/5.0 (Linux; Android 13) AppleWebKit/537.36 (KHTML, like Gecko) Chrome/108.0.5359.128 Mobile Safari/537.36 (compatible; AhrefsSiteAudit/6.1; +http://ahrefs.com/robot/site-audit)"
202.8.43.233 - - [27/Dec/2024:11:09:19 -0500] "GET /?b=181802366 HTTP/1.1" 301 0 "-" "Mozilla/5.0 (Linux; Android 13) AppleWebKit/537.36 (KHTML, like Gecko) Chrome/108.0.5359.128 Mobile Safari/537.36 (compatible; AhrefsSiteAudit/6.1; +http://ahrefs.com/robot/site-audit)"
66.249.68.70 - - [27/Dec/2024:11:09:18 -0500] "GET /?b=296340666 HTTP/1.1" 200 80424 "-" "Mozilla/5.0 (Linux; Android 6.0.1; Nexus 5X Build/MMB29P) AppleWebKit/537.36 (KHTML, like Gecko) Chrome/131.0.6778.139 Mobile Safari/537.36 (compatible; GoogleOther)"
202.8.43.235 - - [27/Dec/2024:11:09:21 -0500] "GET /?b=104021666 HTTP/1.1" 301 0 "-" "Mozilla/5.0 (Linux; Android 13) AppleWebKit/537.36 (KHTML, like Gecko) Chrome/108.0.5359.128 Mobile Safari/537.36 (compatible; AhrefsSiteAudit/6.1; +http://ahrefs.com/robot/site-audit)"
66.29.132.124 - - [27/Dec/2024:11:09:23 -0500] "POST /wp-cron.php?doing_wp_cron=1735315763.7445609569549560546875 HTTP/1.1" 200 0 "-" "WordPress/6.7.1; https://blog.diixadigital.com"
202.8.43.234 - - [27/Dec/2024:11:09:23 -0500] "GET /?b=141215266 HTTP/1.1" 301 0 "-" "Mozilla/5.0 (Linux; Android 13) AppleWebKit/537.36 (KHTML, like Gecko) Chrome/108.0.5359.128 Mobile Safari/537.36 (compatible; AhrefsSiteAudit/6.1; +http://ahrefs.com/robot/site-audit)"
202.8.43.232 - - [27/Dec/2024:11:09:25 -0500] "GET /?b=110312266 HTTP/1.1" 301 0 "-" "Mozilla/5.0 (Linux; Android 13) AppleWebKit/537.36 (KHTML, like Gecko) Chrome/108.0.5359.128 Mobile Safari/537.36 (compatible; AhrefsSiteAudit/6.1; +http://ahrefs.com/robot/site-audit)"
185.191.171.18 - - [27/Dec/2024:11:09:26 -0500] "GET /?b=193806266 HTTP/1.1" 200 21073 "-" "Mozilla/5.0 (compatible; SemrushBot/7~bl; +http://www.semrush.com/bot.html)"
202.8.43.233 - - [27/Dec/2024:11:09:27 -0500] "GET /?b=104651266 HTTP/1.1" 301 0 "-" "Mozilla/5.0 (Linux; Android 13) AppleWebKit/537.36 (KHTML, like Gecko) Chrome/108.0.5359.128 Mobile Safari/537.36 (compatible; AhrefsSiteAudit/6.1; +http://ahrefs.com/robot/site-audit)"
202.8.43.234 - - [27/Dec/2024:11:09:29 -0500] "GET /?b=77989266 HTTP/1.1" 301 0 "-" "Mozilla/5.0 (Linux; Android 13) AppleWebKit/537.36 (KHTML, like Gecko) Chrome/108.0.5359.128 Mobile Safari/537.36 (compatible; AhrefsSiteAudit/6.1; +http://ahrefs.com/robot/site-audit)"
202.8.43.234 - - [27/Dec/2024:11:09:31 -0500] "GET /?b=164327266 HTTP/1.1" 301 0 "-" "Mozilla/5.0 (Linux; Android 13) AppleWebKit/537.36 (KHTML, like Gecko) Chrome/108.0.5359.128 Mobile Safari/537.36 (compatible; AhrefsSiteAudit/6.1; +http://ahrefs.com/robot/site-audit)"
202.8.43.235 - - [27/Dec/2024:11:09:33 -0500] "GET /?b=215174366 HTTP/1.1" 301 0 "-" "Mozilla/5.0 (Linux; Android 13) AppleWebKit/537.36 (KHTML, like Gecko) Chrome/108.0.5359.128 Mobile Safari/537.36 (compatible; AhrefsSiteAudit/6.1; +http://ahrefs.com/robot/site-audit)"
202.8.43.234 - - [27/Dec/2024:11:09:35 -0500] "GET /?b=9869966 HTTP/1.1" 301 0 "-" "Mozilla/5.0 (Linux; Android 13) AppleWebKit/537.36 (KHTML, like Gecko) Chrome/108.0.5359.128 Mobile Safari/537.36 (compatible; AhrefsSiteAudit/6.1; +http://ahrefs.com/robot/site-audit)"
202.8.43.233 - - [27/Dec/2024:11:09:37 -0500] "GET /?b=5225066 HTTP/1.1" 301 0 "-" "Mozilla/5.0 (Linux; Android 13) AppleWebKit/537.36 (KHTML, like Gecko) Chrome/108.0.5359.128 Mobile Safari/537.36 (compatible; AhrefsSiteAudit/6.1; +http://ahrefs.com/robot/site-audit)"
202.8.43.234 - - [27/Dec/2024:11:09:39 -0500] "GET /?b=129086466 HTTP/1.1" 301 0 "-" "Mozilla/5.0 (Linux; Android 13) AppleWebKit/537.36 (KHTML, like Gecko) Chrome/108.0.5359.128 Mobile Safari/537.36 (compatible; AhrefsSiteAudit/6.1; +http://ahrefs.com/robot/site-audit)"
202.8.43.233 - - [27/Dec/2024:11:09:41 -0500] "GET /?b=331307666 HTTP/1.1" 301 0 "-" "Mozilla/5.0 (Linux; Android 13) AppleWebKit/537.36 (KHTML, like Gecko) Chrome/108.0.5359.128 Mobile Safari/537.36 (compatible; AhrefsSiteAudit/6.1; +http://ahrefs.com/robot/site-audit)"
202.8.43.236 - - [27/Dec/2024:11:09:43 -0500] "GET /?b=55512566 HTTP/1.1" 301 0 "-" "Mozilla/5.0 (Linux; Android 13) AppleWebKit/537.36 (KHTML, like Gecko) Chrome/108.0.5359.128 Mobile Safari/537.36 (compatible; AhrefsSiteAudit/6.1; +http://ahrefs.com/robot/site-audit)"
202.8.43.234 - - [27/Dec/2024:11:09:45 -0500] "GET /?b=39786566 HTTP/1.1" 301 0 "-" "Mozilla/5.0 (Linux; Android 13) AppleWebKit/537.36 (KHTML, like Gecko) Chrome/108.0.5359.128 Mobile Safari/537.36 (compatible; AhrefsSiteAudit/6.1; +http://ahrefs.com/robot/site-audit)"
202.8.43.236 - - [27/Dec/2024:11:09:47 -0500] "GET /?b=278196966 HTTP/1.1" 301 0 "-" "Mozilla/5.0 (Linux; Android 13) AppleWebKit/537.36 (KHTML, like Gecko) Chrome/108.0.5359.128 Mobile Safari/537.36 (compatible; AhrefsSiteAudit/6.1; +http://ahrefs.com/robot/site-audit)"
66.29.132.124 - - [27/Dec/2024:11:09:50 -0500] "POST /wp-cron.php?doing_wp_cron=1735315790.0716259479522705078125 HTTP/1.1" 200 0 "-" "WordPress/6.7.1; https://blog.diixadigital.com"
202.8.43.234 - - [27/Dec/2024:11:09:49 -0500] "GET /?b=162957166 HTTP/1.1" 301 0 "-" "Mozilla/5.0 (Linux; Android 13) AppleWebKit/537.36 (KHTML, like Gecko) Chrome/108.0.5359.128 Mobile Safari/537.36 (compatible; AhrefsSiteAudit/6.1; +http://ahrefs.com/robot/site-audit)"
66.29.132.124 - - [27/Dec/2024:11:09:50 -0500] "POST /wp-admin/admin-ajax.php?action=async_litespeed&nonce=5d7cece248&litespeed_type=imgoptm HTTP/1.1" 200 21 "-" "WordPress/6.7.1; https://blog.diixadigital.com"
202.8.43.236 - - [27/Dec/2024:11:09:51 -0500] "GET /?b=79998766 HTTP/1.1" 301 0 "-" "Mozilla/5.0 (Linux; Android 13) AppleWebKit/537.36 (KHTML, like Gecko) Chrome/108.0.5359.128 Mobile Safari/537.36 (compatible; AhrefsSiteAudit/6.1; +http://ahrefs.com/robot/site-audit)"
185.191.171.10 - - [27/Dec/2024:11:09:53 -0500] "GET /?b=143014866 HTTP/1.1" 200 21078 "-" "Mozilla/5.0 (compatible; SemrushBot/7~bl; +http://www.semrush.com/bot.html)"
202.8.43.235 - - [27/Dec/2024:11:09:53 -0500] "GET /?b=17153066 HTTP/1.1" 301 0 "-" "Mozilla/5.0 (Linux; Android 13) AppleWebKit/537.36 (KHTML, like Gecko) Chrome/108.0.5359.128 Mobile Safari/537.36 (compatible; AhrefsSiteAudit/6.1; +http://ahrefs.com/robot/site-audit)"
202.8.43.233 - - [27/Dec/2024:11:09:55 -0500] "GET /?b=22704566 HTTP/1.1" 301 0 "-" "Mozilla/5.0 (Linux; Android 13) AppleWebKit/537.36 (KHTML, like Gecko) Chrome/108.0.5359.128 Mobile Safari/537.36 (compatible; AhrefsSiteAudit/6.1; +http://ahrefs.com/robot/site-audit)"
202.8.43.234 - - [27/Dec/2024:11:09:57 -0500] "GET /?b=315100666 HTTP/1.1" 301 0 "-" "Mozilla/5.0 (Linux; Android 13) AppleWebKit/537.36 (KHTML, like Gecko) Chrome/108.0.5359.128 Mobile Safari/537.36 (compatible; AhrefsSiteAudit/6.1; +http://ahrefs.com/robot/site-audit)"
85.208.96.204 - - [27/Dec/2024:11:09:58 -0500] "GET /?b=301498666 HTTP/1.1" 200 21056 "-" "Mozilla/5.0 (compatible; SemrushBot/7~bl; +http://www.semrush.com/bot.html)"
202.8.43.236 - - [27/Dec/2024:11:09:59 -0500] "GET /?b=232222766 HTTP/1.1" 301 0 "-" "Mozilla/5.0 (Linux; Android 13) AppleWebKit/537.36 (KHTML, like Gecko) Chrome/108.0.5359.128 Mobile Safari/537.36 (compatible; AhrefsSiteAudit/6.1; +http://ahrefs.com/robot/site-audit)"
202.8.43.232 - - [27/Dec/2024:11:10:01 -0500] "GET /?b=136355466 HTTP/1.1" 301 0 "-" "Mozilla/5.0 (Linux; Android 13) AppleWebKit/537.36 (KHTML, like Gecko) Chrome/108.0.5359.128 Mobile Safari/537.36 (compatible; AhrefsSiteAudit/6.1; +http://ahrefs.com/robot/site-audit)"
202.8.43.233 - - [27/Dec/2024:11:10:03 -0500] "GET /?b=29748566 HTTP/1.1" 301 0 "-" "Mozilla/5.0 (Linux; Android 13) AppleWebKit/537.36 (KHTML, like Gecko) Chrome/108.0.5359.128 Mobile Safari/537.36 (compatible; AhrefsSiteAudit/6.1; +http://ahrefs.com/robot/site-audit)"
185.191.171.19 - - [27/Dec/2024:11:10:04 -0500] "GET /?b=90271466 HTTP/1.1" 200 21068 "-" "Mozilla/5.0 (compatible; SemrushBot/7~bl; +http://www.semrush.com/bot.html)"
202.8.43.234 - - [27/Dec/2024:11:10:05 -0500] "GET /?b=94681166 HTTP/1.1" 301 0 "-" "Mozilla/5.0 (Linux; Android 13) AppleWebKit/537.36 (KHTML, like Gecko) Chrome/108.0.5359.128 Mobile Safari/537.36 (compatible; AhrefsSiteAudit/6.1; +http://ahrefs.com/robot/site-audit)"
202.8.43.232 - - [27/Dec/2024:11:10:07 -0500] "GET /?b=222965766 HTTP/1.1" 301 0 "-" "Mozilla/5.0 (Linux; Android 13) AppleWebKit/537.36 (KHTML, like Gecko) Chrome/108.0.5359.128 Mobile Safari/537.36 (compatible; AhrefsSiteAudit/6.1; +http://ahrefs.com/robot/site-audit)"
202.8.43.232 - - [27/Dec/2024:11:10:09 -0500] "GET /?b=122058166 HTTP/1.1" 301 0 "-" "Mozilla/5.0 (Linux; Android 13) AppleWebKit/537.36 (KHTML, like Gecko) Chrome/108.0.5359.128 Mobile Safari/537.36 (compatible; AhrefsSiteAudit/6.1; +http://ahrefs.com/robot/site-audit)"
202.8.43.233 - - [27/Dec/2024:11:10:11 -0500] "GET /?b=249648466 HTTP/1.1" 301 0 "-" "Mozilla/5.0 (Linux; Android 13) AppleWebKit/537.36 (KHTML, like Gecko) Chrome/108.0.5359.128 Mobile Safari/537.36 (compatible; AhrefsSiteAudit/6.1; +http://ahrefs.com/robot/site-audit)"
185.191.171.11 - - [27/Dec/2024:11:10:12 -0500] "GET /?b=62968666 HTTP/1.1" 200 21069 "-" "Mozilla/5.0 (compatible; SemrushBot/7~bl; +http://www.semrush.com/bot.html)"
202.8.43.233 - - [27/Dec/2024:11:10:13 -0500] "GET /?b=338351266 HTTP/1.1" 301 0 "-" "Mozilla/5.0 (Linux; Android 13) AppleWebKit/537.36 (KHTML, like Gecko) Chrome/108.0.5359.128 Mobile Safari/537.36 (compatible; AhrefsSiteAudit/6.1; +http://ahrefs.com/robot/site-audit)"
202.8.43.236 - - [27/Dec/2024:11:10:15 -0500] "GET /?b=353188466 HTTP/1.1" 301 0 "-" "Mozilla/5.0 (Linux; Android 13) AppleWebKit/537.36 (KHTML, like Gecko) Chrome/108.0.5359.128 Mobile Safari/537.36 (compatible; AhrefsSiteAudit/6.1; +http://ahrefs.com/robot/site-audit)"
202.8.43.236 - - [27/Dec/2024:11:10:17 -0500] "GET /?b=231689166 HTTP/1.1" 301 0 "-" "Mozilla/5.0 (Linux; Android 13) AppleWebKit/537.36 (KHTML, like Gecko) Chrome/108.0.5359.128 Mobile Safari/537.36 (compatible; AhrefsSiteAudit/6.1; +http://ahrefs.com/robot/site-audit)"
202.8.43.235 - - [27/Dec/2024:11:10:20 -0500] "GET /?b=35530866 HTTP/1.1" 301 0 "-" "Mozilla/5.0 (Linux; Android 13) AppleWebKit/537.36 (KHTML, like Gecko) Chrome/108.0.5359.128 Mobile Safari/537.36 (compatible; AhrefsSiteAudit/6.1; +http://ahrefs.com/robot/site-audit)"
185.191.171.5 - - [27/Dec/2024:11:10:19 -0500] "GET /?b=4448566 HTTP/1.1" 200 21066 "-" "Mozilla/5.0 (compatible; SemrushBot/7~bl; +http://www.semrush.com/bot.html)"
66.29.132.124 - - [27/Dec/2024:11:10:22 -0500] "POST /wp-cron.php?doing_wp_cron=1735315822.1745181083679199218750 HTTP/1.1" 200 0 "-" "WordPress/6.7.1; https://blog.diixadigital.com"
202.8.43.234 - - [27/Dec/2024:11:10:21 -0500] "GET /?b=252161466 HTTP/1.1" 301 0 "-" "Mozilla/5.0 (Linux; Android 13) AppleWebKit/537.36 (KHTML, like Gecko) Chrome/108.0.5359.128 Mobile Safari/537.36 (compatible; AhrefsSiteAudit/6.1; +http://ahrefs.com/robot/site-audit)"
52.167.144.167 - - [27/Dec/2024:11:10:21 -0500] "GET /jovrm/b1273445.html HTTP/1.1" 200 79250 "-" "Mozilla/5.0 AppleWebKit/537.36 (KHTML, like Gecko; compatible; bingbot/2.0; +http://www.bing.com/bingbot.htm) Chrome/116.0.1938.76 Safari/537.36"
66.249.68.68 - - [27/Dec/2024:11:10:22 -0500] "GET /?b=89906066 HTTP/1.1" 200 80079 "-" "Mozilla/5.0 (Linux; Android 6.0.1; Nexus 5X Build/MMB29P) AppleWebKit/537.36 (KHTML, like Gecko) Chrome/131.0.6778.139 Mobile Safari/537.36 (compatible; GoogleOther)"
202.8.43.234 - - [27/Dec/2024:11:10:23 -0500] "GET /?b=168778166 HTTP/1.1" 301 0 "-" "Mozilla/5.0 (Linux; Android 13) AppleWebKit/537.36 (KHTML, like Gecko) Chrome/108.0.5359.128 Mobile Safari/537.36 (compatible; AhrefsSiteAudit/6.1; +http://ahrefs.com/robot/site-audit)"
202.8.43.234 - - [27/Dec/2024:11:10:25 -0500] "GET /?b=308329466 HTTP/1.1" 301 0 "-" "Mozilla/5.0 (Linux; Android 13) AppleWebKit/537.36 (KHTML, like Gecko) Chrome/108.0.5359.128 Mobile Safari/537.36 (compatible; AhrefsSiteAudit/6.1; +http://ahrefs.com/robot/site-audit)"
202.8.43.234 - - [27/Dec/2024:11:10:27 -0500] "GET /?b=75081766 HTTP/1.1" 301 0 "-" "Mozilla/5.0 (Linux; Android 13) AppleWebKit/537.36 (KHTML, like Gecko) Chrome/108.0.5359.128 Mobile Safari/537.36 (compatible; AhrefsSiteAudit/6.1; +http://ahrefs.com/robot/site-audit)"
202.8.43.235 - - [27/Dec/2024:11:10:29 -0500] "GET /?b=40780366 HTTP/1.1" 301 0 "-" "Mozilla/5.0 (Linux; Android 13) AppleWebKit/537.36 (KHTML, like Gecko) Chrome/108.0.5359.128 Mobile Safari/537.36 (compatible; AhrefsSiteAudit/6.1; +http://ahrefs.com/robot/site-audit)"
202.8.43.232 - - [27/Dec/2024:11:10:31 -0500] "GET /?b=308867766 HTTP/1.1" 301 0 "-" "Mozilla/5.0 (Linux; Android 13) AppleWebKit/537.36 (KHTML, like Gecko) Chrome/108.0.5359.128 Mobile Safari/537.36 (compatible; AhrefsSiteAudit/6.1; +http://ahrefs.com/robot/site-audit)"
202.8.43.232 - - [27/Dec/2024:11:10:33 -0500] "GET /?b=313643566 HTTP/1.1" 301 0 "-" "Mozilla/5.0 (Linux; Android 13) AppleWebKit/537.36 (KHTML, like Gecko) Chrome/108.0.5359.128 Mobile Safari/537.36 (compatible; AhrefsSiteAudit/6.1; +http://ahrefs.com/robot/site-audit)"
202.8.43.234 - - [27/Dec/2024:11:10:35 -0500] "GET /?b=259961966 HTTP/1.1" 301 0 "-" "Mozilla/5.0 (Linux; Android 13) AppleWebKit/537.36 (KHTML, like Gecko) Chrome/108.0.5359.128 Mobile Safari/537.36 (compatible; AhrefsSiteAudit/6.1; +http://ahrefs.com/robot/site-audit)"
202.8.43.232 - - [27/Dec/2024:11:10:37 -0500] "GET /?b=24481666 HTTP/1.1" 301 0 "-" "Mozilla/5.0 (Linux; Android 13) AppleWebKit/537.36 (KHTML, like Gecko) Chrome/108.0.5359.128 Mobile Safari/537.36 (compatible; AhrefsSiteAudit/6.1; +http://ahrefs.com/robot/site-audit)"
202.8.43.235 - - [27/Dec/2024:11:10:39 -0500] "GET /?b=159616066 HTTP/1.1" 301 0 "-" "Mozilla/5.0 (Linux; Android 13) AppleWebKit/537.36 (KHTML, like Gecko) Chrome/108.0.5359.128 Mobile Safari/537.36 (compatible; AhrefsSiteAudit/6.1; +http://ahrefs.com/robot/site-audit)"
185.191.171.4 - - [27/Dec/2024:11:10:39 -0500] "GET /?b=321134266 HTTP/1.1" 200 21065 "-" "Mozilla/5.0 (compatible; SemrushBot/7~bl; +http://www.semrush.com/bot.html)"
202.8.43.235 - - [27/Dec/2024:11:10:41 -0500] "GET /?b=268783066 HTTP/1.1" 301 0 "-" "Mozilla/5.0 (Linux; Android 13) AppleWebKit/537.36 (KHTML, like Gecko) Chrome/108.0.5359.128 Mobile Safari/537.36 (compatible; AhrefsSiteAudit/6.1; +http://ahrefs.com/robot/site-audit)"
85.208.96.197 - - [27/Dec/2024:11:10:41 -0500] "GET /?b=10887966 HTTP/1.1" 200 21071 "-" "Mozilla/5.0 (compatible; SemrushBot/7~bl; +http://www.semrush.com/bot.html)"
202.8.43.233 - - [27/Dec/2024:11:10:43 -0500] "GET /?b=17312266 HTTP/1.1" 301 0 "-" "Mozilla/5.0 (Linux; Android 13) AppleWebKit/537.36 (KHTML, like Gecko) Chrome/108.0.5359.128 Mobile Safari/537.36 (compatible; AhrefsSiteAudit/6.1; +http://ahrefs.com/robot/site-audit)"
202.8.43.233 - - [27/Dec/2024:11:10:45 -0500] "GET /?b=34195566 HTTP/1.1" 301 0 "-" "Mozilla/5.0 (Linux; Android 13) AppleWebKit/537.36 (KHTML, like Gecko) Chrome/108.0.5359.128 Mobile Safari/537.36 (compatible; AhrefsSiteAudit/6.1; +http://ahrefs.com/robot/site-audit)"
185.191.171.5 - - [27/Dec/2024:11:10:45 -0500] "GET /?b=292851066 HTTP/1.1" 200 21062 "-" "Mozilla/5.0 (compatible; SemrushBot/7~bl; +http://www.semrush.com/bot.html)"
52.167.144.182 - - [27/Dec/2024:11:10:45 -0500] "GET /pjqsj/v1290495.html HTTP/1.1" 200 79268 "-" "Mozilla/5.0 AppleWebKit/537.36 (KHTML, like Gecko; compatible; bingbot/2.0; +http://www.bing.com/bingbot.htm) Chrome/116.0.1938.76 Safari/537.36"
202.8.43.232 - - [27/Dec/2024:11:10:47 -0500] "GET /?b=253914366 HTTP/1.1" 301 0 "-" "Mozilla/5.0 (Linux; Android 13) AppleWebKit/537.36 (KHTML, like Gecko) Chrome/108.0.5359.128 Mobile Safari/537.36 (compatible; AhrefsSiteAudit/6.1; +http://ahrefs.com/robot/site-audit)"
66.29.132.124 - - [27/Dec/2024:11:10:49 -0500] "POST /wp-cron.php?doing_wp_cron=1735315849.7759220600128173828125 HTTP/1.1" 200 0 "-" "WordPress/6.7.1; https://blog.diixadigital.com"
202.8.43.235 - - [27/Dec/2024:11:10:49 -0500] "GET /?b=259535066 HTTP/1.1" 301 0 "-" "Mozilla/5.0 (Linux; Android 13) AppleWebKit/537.36 (KHTML, like Gecko) Chrome/108.0.5359.128 Mobile Safari/537.36 (compatible; AhrefsSiteAudit/6.1; +http://ahrefs.com/robot/site-audit)"
66.29.132.124 - - [27/Dec/2024:11:10:50 -0500] "POST /wp-admin/admin-ajax.php?action=async_litespeed&nonce=5d7cece248&litespeed_type=imgoptm HTTP/1.1" 200 21 "-" "WordPress/6.7.1; https://blog.diixadigital.com"
202.8.43.236 - - [27/Dec/2024:11:10:51 -0500] "GET /?b=132663966 HTTP/1.1" 301 0 "-" "Mozilla/5.0 (Linux; Android 13) AppleWebKit/537.36 (KHTML, like Gecko) Chrome/108.0.5359.128 Mobile Safari/537.36 (compatible; AhrefsSiteAudit/6.1; +http://ahrefs.com/robot/site-audit)"
202.8.43.234 - - [27/Dec/2024:11:10:53 -0500] "GET /?b=164766466 HTTP/1.1" 301 0 "-" "Mozilla/5.0 (Linux; Android 13) AppleWebKit/537.36 (KHTML, like Gecko) Chrome/108.0.5359.128 Mobile Safari/537.36 (compatible; AhrefsSiteAudit/6.1; +http://ahrefs.com/robot/site-audit)"
202.8.43.235 - - [27/Dec/2024:11:10:55 -0500] "GET /?b=117195066 HTTP/1.1" 301 0 "-" "Mozilla/5.0 (Linux; Android 13) AppleWebKit/537.36 (KHTML, like Gecko) Chrome/108.0.5359.128 Mobile Safari/537.36 (compatible; AhrefsSiteAudit/6.1; +http://ahrefs.com/robot/site-audit)"
202.8.43.236 - - [27/Dec/2024:11:10:57 -0500] "GET /?b=91483466 HTTP/1.1" 301 0 "-" "Mozilla/5.0 (Linux; Android 13) AppleWebKit/537.36 (KHTML, like Gecko) Chrome/108.0.5359.128 Mobile Safari/537.36 (compatible; AhrefsSiteAudit/6.1; +http://ahrefs.com/robot/site-audit)"
202.8.43.232 - - [27/Dec/2024:11:10:59 -0500] "GET /?b=25901066 HTTP/1.1" 301 0 "-" "Mozilla/5.0 (Linux; Android 13) AppleWebKit/537.36 (KHTML, like Gecko) Chrome/108.0.5359.128 Mobile Safari/537.36 (compatible; AhrefsSiteAudit/6.1; +http://ahrefs.com/robot/site-audit)"
202.8.43.233 - - [27/Dec/2024:11:11:01 -0500] "GET /?b=210339966 HTTP/1.1" 301 0 "-" "Mozilla/5.0 (Linux; Android 13) AppleWebKit/537.36 (KHTML, like Gecko) Chrome/108.0.5359.128 Mobile Safari/537.36 (compatible; AhrefsSiteAudit/6.1; +http://ahrefs.com/robot/site-audit)"
202.8.43.235 - - [27/Dec/2024:11:11:03 -0500] "GET /?b=186829966 HTTP/1.1" 301 0 "-" "Mozilla/5.0 (Linux; Android 13) AppleWebKit/537.36 (KHTML, like Gecko) Chrome/108.0.5359.128 Mobile Safari/537.36 (compatible; AhrefsSiteAudit/6.1; +http://ahrefs.com/robot/site-audit)"
202.8.43.235 - - [27/Dec/2024:11:11:05 -0500] "GET /?b=278486366 HTTP/1.1" 301 0 "-" "Mozilla/5.0 (Linux; Android 13) AppleWebKit/537.36 (KHTML, like Gecko) Chrome/108.0.5359.128 Mobile Safari/537.36 (compatible; AhrefsSiteAudit/6.1; +http://ahrefs.com/robot/site-audit)"
202.8.43.236 - - [27/Dec/2024:11:11:07 -0500] "GET /?b=196649866 HTTP/1.1" 301 0 "-" "Mozilla/5.0 (Linux; Android 13) AppleWebKit/537.36 (KHTML, like Gecko) Chrome/108.0.5359.128 Mobile Safari/537.36 (compatible; AhrefsSiteAudit/6.1; +http://ahrefs.com/robot/site-audit)"
202.8.43.236 - - [27/Dec/2024:11:11:09 -0500] "GET /?b=132005966 HTTP/1.1" 301 0 "-" "Mozilla/5.0 (Linux; Android 13) AppleWebKit/537.36 (KHTML, like Gecko) Chrome/108.0.5359.128 Mobile Safari/537.36 (compatible; AhrefsSiteAudit/6.1; +http://ahrefs.com/robot/site-audit)"
202.8.43.234 - - [27/Dec/2024:11:11:11 -0500] "GET /?b=181320566 HTTP/1.1" 301 0 "-" "Mozilla/5.0 (Linux; Android 13) AppleWebKit/537.36 (KHTML, like Gecko) Chrome/108.0.5359.128 Mobile Safari/537.36 (compatible; AhrefsSiteAudit/6.1; +http://ahrefs.com/robot/site-audit)"
202.8.43.236 - - [27/Dec/2024:11:11:13 -0500] "GET /?b=276108366 HTTP/1.1" 301 0 "-" "Mozilla/5.0 (Linux; Android 13) AppleWebKit/537.36 (KHTML, like Gecko) Chrome/108.0.5359.128 Mobile Safari/537.36 (compatible; AhrefsSiteAudit/6.1; +http://ahrefs.com/robot/site-audit)"
202.8.43.233 - - [27/Dec/2024:11:11:15 -0500] "GET /?b=118140866 HTTP/1.1" 301 0 "-" "Mozilla/5.0 (Linux; Android 13) AppleWebKit/537.36 (KHTML, like Gecko) Chrome/108.0.5359.128 Mobile Safari/537.36 (compatible; AhrefsSiteAudit/6.1; +http://ahrefs.com/robot/site-audit)"
202.8.43.232 - - [27/Dec/2024:11:11:17 -0500] "GET /?b=271120266 HTTP/1.1" 301 0 "-" "Mozilla/5.0 (Linux; Android 13) AppleWebKit/537.36 (KHTML, like Gecko) Chrome/108.0.5359.128 Mobile Safari/537.36 (compatible; AhrefsSiteAudit/6.1; +http://ahrefs.com/robot/site-audit)"
85.208.96.201 - - [27/Dec/2024:11:11:17 -0500] "GET /?b=81567766 HTTP/1.1" 200 21086 "-" "Mozilla/5.0 (compatible; SemrushBot/7~bl; +http://www.semrush.com/bot.html)"
202.8.43.235 - - [27/Dec/2024:11:11:19 -0500] "GET /?b=174711366 HTTP/1.1" 301 0 "-" "Mozilla/5.0 (Linux; Android 13) AppleWebKit/537.36 (KHTML, like Gecko) Chrome/108.0.5359.128 Mobile Safari/537.36 (compatible; AhrefsSiteAudit/6.1; +http://ahrefs.com/robot/site-audit)"
202.8.43.236 - - [27/Dec/2024:11:11:21 -0500] "GET /?b=159052466 HTTP/1.1" 301 0 "-" "Mozilla/5.0 (Linux; Android 13) AppleWebKit/537.36 (KHTML, like Gecko) Chrome/108.0.5359.128 Mobile Safari/537.36 (compatible; AhrefsSiteAudit/6.1; +http://ahrefs.com/robot/site-audit)"
66.29.132.124 - - [27/Dec/2024:11:11:23 -0500] "POST /wp-cron.php?doing_wp_cron=1735315883.6603240966796875000000 HTTP/1.1" 200 0 "-" "WordPress/6.7.1; https://blog.diixadigital.com"
202.8.43.235 - - [27/Dec/2024:11:11:23 -0500] "GET /?b=118022066 HTTP/1.1" 301 0 "-" "Mozilla/5.0 (Linux; Android 13) AppleWebKit/537.36 (KHTML, like Gecko) Chrome/108.0.5359.128 Mobile Safari/537.36 (compatible; AhrefsSiteAudit/6.1; +http://ahrefs.com/robot/site-audit)"
185.191.171.7 - - [27/Dec/2024:11:11:23 -0500] "GET /?b=289793466 HTTP/1.1" 200 21068 "-" "Mozilla/5.0 (compatible; SemrushBot/7~bl; +http://www.semrush.com/bot.html)"
202.8.43.233 - - [27/Dec/2024:11:11:25 -0500] "GET /?b=200725766 HTTP/1.1" 301 0 "-" "Mozilla/5.0 (Linux; Android 13) AppleWebKit/537.36 (KHTML, like Gecko) Chrome/108.0.5359.128 Mobile Safari/537.36 (compatible; AhrefsSiteAudit/6.1; +http://ahrefs.com/robot/site-audit)"
66.249.68.68 - - [27/Dec/2024:11:11:24 -0500] "GET /?b=301636366 HTTP/1.1" 200 79310 "-" "Mozilla/5.0 (Linux; Android 6.0.1; Nexus 5X Build/MMB29P) AppleWebKit/537.36 (KHTML, like Gecko) Chrome/131.0.6778.139 Mobile Safari/537.36 (compatible; GoogleOther)"
202.8.43.236 - - [27/Dec/2024:11:11:27 -0500] "GET /?b=7004166 HTTP/1.1" 301 0 "-" "Mozilla/5.0 (Linux; Android 13) AppleWebKit/537.36 (KHTML, like Gecko) Chrome/108.0.5359.128 Mobile Safari/537.36 (compatible; AhrefsSiteAudit/6.1; +http://ahrefs.com/robot/site-audit)"
52.167.144.167 - - [27/Dec/2024:11:11:28 -0500] "GET /sddpa/m587784.html HTTP/1.1" 200 79477 "-" "Mozilla/5.0 AppleWebKit/537.36 (KHTML, like Gecko; compatible; bingbot/2.0; +http://www.bing.com/bingbot.htm) Chrome/116.0.1938.76 Safari/537.36"
202.8.43.232 - - [27/Dec/2024:11:11:29 -0500] "GET /?b=182421766 HTTP/1.1" 301 0 "-" "Mozilla/5.0 (Linux; Android 13) AppleWebKit/537.36 (KHTML, like Gecko) Chrome/108.0.5359.128 Mobile Safari/537.36 (compatible; AhrefsSiteAudit/6.1; +http://ahrefs.com/robot/site-audit)"
202.8.43.235 - - [27/Dec/2024:11:11:31 -0500] "GET /?b=203517366 HTTP/1.1" 301 0 "-" "Mozilla/5.0 (Linux; Android 13) AppleWebKit/537.36 (KHTML, like Gecko) Chrome/108.0.5359.128 Mobile Safari/537.36 (compatible; AhrefsSiteAudit/6.1; +http://ahrefs.com/robot/site-audit)"
185.191.171.2 - - [27/Dec/2024:11:11:33 -0500] "GET /?b=180213666 HTTP/1.1" 200 21064 "-" "Mozilla/5.0 (compatible; SemrushBot/7~bl; +http://www.semrush.com/bot.html)"
202.8.43.233 - - [27/Dec/2024:11:11:33 -0500] "GET /?b=277444666 HTTP/1.1" 301 0 "-" "Mozilla/5.0 (Linux; Android 13) AppleWebKit/537.36 (KHTML, like Gecko) Chrome/108.0.5359.128 Mobile Safari/537.36 (compatible; AhrefsSiteAudit/6.1; +http://ahrefs.com/robot/site-audit)"
202.8.43.235 - - [27/Dec/2024:11:11:35 -0500] "GET /?b=354122166 HTTP/1.1" 301 0 "-" "Mozilla/5.0 (Linux; Android 13) AppleWebKit/537.36 (KHTML, like Gecko) Chrome/108.0.5359.128 Mobile Safari/537.36 (compatible; AhrefsSiteAudit/6.1; +http://ahrefs.com/robot/site-audit)"
202.8.43.233 - - [27/Dec/2024:11:11:37 -0500] "GET /?b=256105766 HTTP/1.1" 301 0 "-" "Mozilla/5.0 (Linux; Android 13) AppleWebKit/537.36 (KHTML, like Gecko) Chrome/108.0.5359.128 Mobile Safari/537.36 (compatible; AhrefsSiteAudit/6.1; +http://ahrefs.com/robot/site-audit)"
202.8.43.233 - - [27/Dec/2024:11:11:39 -0500] "GET /?b=295734666 HTTP/1.1" 301 0 "-" "Mozilla/5.0 (Linux; Android 13) AppleWebKit/537.36 (KHTML, like Gecko) Chrome/108.0.5359.128 Mobile Safari/537.36 (compatible; AhrefsSiteAudit/6.1; +http://ahrefs.com/robot/site-audit)"
202.8.43.233 - - [27/Dec/2024:11:11:41 -0500] "GET /?b=12792466 HTTP/1.1" 301 0 "-" "Mozilla/5.0 (Linux; Android 13) AppleWebKit/537.36 (KHTML, like Gecko) Chrome/108.0.5359.128 Mobile Safari/537.36 (compatible; AhrefsSiteAudit/6.1; +http://ahrefs.com/robot/site-audit)"
202.8.43.234 - - [27/Dec/2024:11:11:43 -0500] "GET /?b=188366666 HTTP/1.1" 301 0 "-" "Mozilla/5.0 (Linux; Android 13) AppleWebKit/537.36 (KHTML, like Gecko) Chrome/108.0.5359.128 Mobile Safari/537.36 (compatible; AhrefsSiteAudit/6.1; +http://ahrefs.com/robot/site-audit)"
202.8.43.235 - - [27/Dec/2024:11:11:45 -0500] "GET /?b=16075566 HTTP/1.1" 301 0 "-" "Mozilla/5.0 (Linux; Android 13) AppleWebKit/537.36 (KHTML, like Gecko) Chrome/108.0.5359.128 Mobile Safari/537.36 (compatible; AhrefsSiteAudit/6.1; +http://ahrefs.com/robot/site-audit)"
202.8.43.233 - - [27/Dec/2024:11:11:48 -0500] "GET /?b=128025966 HTTP/1.1" 301 0 "-" "Mozilla/5.0 (Linux; Android 13) AppleWebKit/537.36 (KHTML, like Gecko) Chrome/108.0.5359.128 Mobile Safari/537.36 (compatible; AhrefsSiteAudit/6.1; +http://ahrefs.com/robot/site-audit)"
66.29.132.124 - - [27/Dec/2024:11:11:49 -0500] "POST /wp-cron.php?doing_wp_cron=1735315909.8193209171295166015625 HTTP/1.1" 200 0 "-" "WordPress/6.7.1; https://blog.diixadigital.com"
202.8.43.234 - - [27/Dec/2024:11:11:49 -0500] "GET /?b=305140266 HTTP/1.1" 301 0 "-" "Mozilla/5.0 (Linux; Android 13) AppleWebKit/537.36 (KHTML, like Gecko) Chrome/108.0.5359.128 Mobile Safari/537.36 (compatible; AhrefsSiteAudit/6.1; +http://ahrefs.com/robot/site-audit)"
66.29.132.124 - - [27/Dec/2024:11:11:50 -0500] "POST /wp-admin/admin-ajax.php?action=async_litespeed&nonce=5d7cece248&litespeed_type=imgoptm HTTP/1.1" 200 21 "-" "WordPress/6.7.1; https://blog.diixadigital.com"
202.8.43.233 - - [27/Dec/2024:11:11:51 -0500] "GET /?b=223896466 HTTP/1.1" 301 0 "-" "Mozilla/5.0 (Linux; Android 13) AppleWebKit/537.36 (KHTML, like Gecko) Chrome/108.0.5359.128 Mobile Safari/537.36 (compatible; AhrefsSiteAudit/6.1; +http://ahrefs.com/robot/site-audit)"
202.8.43.232 - - [27/Dec/2024:11:11:53 -0500] "GET /?b=99044466 HTTP/1.1" 301 0 "-" "Mozilla/5.0 (Linux; Android 13) AppleWebKit/537.36 (KHTML, like Gecko) Chrome/108.0.5359.128 Mobile Safari/537.36 (compatible; AhrefsSiteAudit/6.1; +http://ahrefs.com/robot/site-audit)"
202.8.43.236 - - [27/Dec/2024:11:11:55 -0500] "GET /?b=132325266 HTTP/1.1" 301 0 "-" "Mozilla/5.0 (Linux; Android 13) AppleWebKit/537.36 (KHTML, like Gecko) Chrome/108.0.5359.128 Mobile Safari/537.36 (compatible; AhrefsSiteAudit/6.1; +http://ahrefs.com/robot/site-audit)"
202.8.43.236 - - [27/Dec/2024:11:11:57 -0500] "GET /?b=186222266 HTTP/1.1" 301 0 "-" "Mozilla/5.0 (Linux; Android 13) AppleWebKit/537.36 (KHTML, like Gecko) Chrome/108.0.5359.128 Mobile Safari/537.36 (compatible; AhrefsSiteAudit/6.1; +http://ahrefs.com/robot/site-audit)"
202.8.43.236 - - [27/Dec/2024:11:11:59 -0500] "GET /?b=151698366 HTTP/1.1" 301 0 "-" "Mozilla/5.0 (Linux; Android 13) AppleWebKit/537.36 (KHTML, like Gecko) Chrome/108.0.5359.128 Mobile Safari/537.36 (compatible; AhrefsSiteAudit/6.1; +http://ahrefs.com/robot/site-audit)"
202.8.43.234 - - [27/Dec/2024:11:12:01 -0500] "GET /?b=237401866 HTTP/1.1" 301 0 "-" "Mozilla/5.0 (Linux; Android 13) AppleWebKit/537.36 (KHTML, like Gecko) Chrome/108.0.5359.128 Mobile Safari/537.36 (compatible; AhrefsSiteAudit/6.1; +http://ahrefs.com/robot/site-audit)"
202.8.43.234 - - [27/Dec/2024:11:12:03 -0500] "GET /?b=355276666 HTTP/1.1" 301 0 "-" "Mozilla/5.0 (Linux; Android 13) AppleWebKit/537.36 (KHTML, like Gecko) Chrome/108.0.5359.128 Mobile Safari/537.36 (compatible; AhrefsSiteAudit/6.1; +http://ahrefs.com/robot/site-audit)"
202.8.43.234 - - [27/Dec/2024:11:12:05 -0500] "GET /?b=184115666 HTTP/1.1" 301 0 "-" "Mozilla/5.0 (Linux; Android 13) AppleWebKit/537.36 (KHTML, like Gecko) Chrome/108.0.5359.128 Mobile Safari/537.36 (compatible; AhrefsSiteAudit/6.1; +http://ahrefs.com/robot/site-audit)"
202.8.43.232 - - [27/Dec/2024:11:12:07 -0500] "GET /?b=334462966 HTTP/1.1" 301 0 "-" "Mozilla/5.0 (Linux; Android 13) AppleWebKit/537.36 (KHTML, like Gecko) Chrome/108.0.5359.128 Mobile Safari/537.36 (compatible; AhrefsSiteAudit/6.1; +http://ahrefs.com/robot/site-audit)"
202.8.43.234 - - [27/Dec/2024:11:12:09 -0500] "GET /?b=210278966 HTTP/1.1" 301 0 "-" "Mozilla/5.0 (Linux; Android 13) AppleWebKit/537.36 (KHTML, like Gecko) Chrome/108.0.5359.128 Mobile Safari/537.36 (compatible; AhrefsSiteAudit/6.1; +http://ahrefs.com/robot/site-audit)"
202.8.43.232 - - [27/Dec/2024:11:12:11 -0500] "GET /?b=122011966 HTTP/1.1" 301 0 "-" "Mozilla/5.0 (Linux; Android 13) AppleWebKit/537.36 (KHTML, like Gecko) Chrome/108.0.5359.128 Mobile Safari/537.36 (compatible; AhrefsSiteAudit/6.1; +http://ahrefs.com/robot/site-audit)"
202.8.43.233 - - [27/Dec/2024:11:12:13 -0500] "GET /?b=61985166 HTTP/1.1" 301 0 "-" "Mozilla/5.0 (Linux; Android 13) AppleWebKit/537.36 (KHTML, like Gecko) Chrome/108.0.5359.128 Mobile Safari/537.36 (compatible; AhrefsSiteAudit/6.1; +http://ahrefs.com/robot/site-audit)"
85.208.96.205 - - [27/Dec/2024:11:12:14 -0500] "GET /?b=38043266 HTTP/1.1" 200 21057 "-" "Mozilla/5.0 (compatible; SemrushBot/7~bl; +http://www.semrush.com/bot.html)"
202.8.43.233 - - [27/Dec/2024:11:12:15 -0500] "GET /?b=260909966 HTTP/1.1" 301 0 "-" "Mozilla/5.0 (Linux; Android 13) AppleWebKit/537.36 (KHTML, like Gecko) Chrome/108.0.5359.128 Mobile Safari/537.36 (compatible; AhrefsSiteAudit/6.1; +http://ahrefs.com/robot/site-audit)"
52.167.144.157 - - [27/Dec/2024:11:12:15 -0500] "GET /gmvjn/y715404.html HTTP/1.1" 200 80585 "-" "Mozilla/5.0 AppleWebKit/537.36 (KHTML, like Gecko; compatible; bingbot/2.0; +http://www.bing.com/bingbot.htm) Chrome/116.0.1938.76 Safari/537.36"
202.8.43.233 - - [27/Dec/2024:11:12:17 -0500] "GET /?b=139387166 HTTP/1.1" 301 0 "-" "Mozilla/5.0 (Linux; Android 13) AppleWebKit/537.36 (KHTML, like Gecko) Chrome/108.0.5359.128 Mobile Safari/537.36 (compatible; AhrefsSiteAudit/6.1; +http://ahrefs.com/robot/site-audit)"
202.8.43.234 - - [27/Dec/2024:11:12:19 -0500] "GET /?b=223989266 HTTP/1.1" 301 0 "-" "Mozilla/5.0 (Linux; Android 13) AppleWebKit/537.36 (KHTML, like Gecko) Chrome/108.0.5359.128 Mobile Safari/537.36 (compatible; AhrefsSiteAudit/6.1; +http://ahrefs.com/robot/site-audit)"
85.208.96.210 - - [27/Dec/2024:11:12:19 -0500] "GET /?b=150556666 HTTP/1.1" 200 21063 "-" "Mozilla/5.0 (compatible; SemrushBot/7~bl; +http://www.semrush.com/bot.html)"
202.8.43.236 - - [27/Dec/2024:11:12:21 -0500] "GET /?b=276272966 HTTP/1.1" 301 0 "-" "Mozilla/5.0 (Linux; Android 13) AppleWebKit/537.36 (KHTML, like Gecko) Chrome/108.0.5359.128 Mobile Safari/537.36 (compatible; AhrefsSiteAudit/6.1; +http://ahrefs.com/robot/site-audit)"
66.29.132.124 - - [27/Dec/2024:11:12:22 -0500] "POST /wp-cron.php?doing_wp_cron=1735315942.0459530353546142578125 HTTP/1.1" 200 0 "-" "WordPress/6.7.1; https://blog.diixadigital.com"
85.208.96.195 - - [27/Dec/2024:11:12:21 -0500] "GET /?b=193400866 HTTP/1.1" 200 21069 "-" "Mozilla/5.0 (compatible; SemrushBot/7~bl; +http://www.semrush.com/bot.html)"
202.8.43.235 - - [27/Dec/2024:11:12:23 -0500] "GET /?b=31556866 HTTP/1.1" 301 0 "-" "Mozilla/5.0 (Linux; Android 13) AppleWebKit/537.36 (KHTML, like Gecko) Chrome/108.0.5359.128 Mobile Safari/537.36 (compatible; AhrefsSiteAudit/6.1; +http://ahrefs.com/robot/site-audit)"
202.8.43.235 - - [27/Dec/2024:11:12:25 -0500] "GET /?b=46252366 HTTP/1.1" 301 0 "-" "Mozilla/5.0 (Linux; Android 13) AppleWebKit/537.36 (KHTML, like Gecko) Chrome/108.0.5359.128 Mobile Safari/537.36 (compatible; AhrefsSiteAudit/6.1; +http://ahrefs.com/robot/site-audit)"
202.8.43.235 - - [27/Dec/2024:11:12:27 -0500] "GET /?b=184830166 HTTP/1.1" 301 0 "-" "Mozilla/5.0 (Linux; Android 13) AppleWebKit/537.36 (KHTML, like Gecko) Chrome/108.0.5359.128 Mobile Safari/537.36 (compatible; AhrefsSiteAudit/6.1; +http://ahrefs.com/robot/site-audit)"
66.249.68.69 - - [27/Dec/2024:11:12:27 -0500] "GET /?b=67393166 HTTP/1.1" 200 79422 "-" "Mozilla/5.0 (Linux; Android 6.0.1; Nexus 5X Build/MMB29P) AppleWebKit/537.36 (KHTML, like Gecko) Chrome/131.0.6778.139 Mobile Safari/537.36 (compatible; GoogleOther)"
202.8.43.235 - - [27/Dec/2024:11:12:29 -0500] "GET /?b=46548866 HTTP/1.1" 301 0 "-" "Mozilla/5.0 (Linux; Android 13) AppleWebKit/537.36 (KHTML, like Gecko) Chrome/108.0.5359.128 Mobile Safari/537.36 (compatible; AhrefsSiteAudit/6.1; +http://ahrefs.com/robot/site-audit)"
202.8.43.234 - - [27/Dec/2024:11:12:31 -0500] "GET /?b=219387266 HTTP/1.1" 301 0 "-" "Mozilla/5.0 (Linux; Android 13) AppleWebKit/537.36 (KHTML, like Gecko) Chrome/108.0.5359.128 Mobile Safari/537.36 (compatible; AhrefsSiteAudit/6.1; +http://ahrefs.com/robot/site-audit)"
202.8.43.234 - - [27/Dec/2024:11:12:33 -0500] "GET /?b=158413566 HTTP/1.1" 301 0 "-" "Mozilla/5.0 (Linux; Android 13) AppleWebKit/537.36 (KHTML, like Gecko) Chrome/108.0.5359.128 Mobile Safari/537.36 (compatible; AhrefsSiteAudit/6.1; +http://ahrefs.com/robot/site-audit)"
202.8.43.236 - - [27/Dec/2024:11:12:35 -0500] "GET /?b=254692666 HTTP/1.1" 301 0 "-" "Mozilla/5.0 (Linux; Android 13) AppleWebKit/537.36 (KHTML, like Gecko) Chrome/108.0.5359.128 Mobile Safari/537.36 (compatible; AhrefsSiteAudit/6.1; +http://ahrefs.com/robot/site-audit)"
202.8.43.235 - - [27/Dec/2024:11:12:37 -0500] "GET /?b=163494766 HTTP/1.1" 301 0 "-" "Mozilla/5.0 (Linux; Android 13) AppleWebKit/537.36 (KHTML, like Gecko) Chrome/108.0.5359.128 Mobile Safari/537.36 (compatible; AhrefsSiteAudit/6.1; +http://ahrefs.com/robot/site-audit)"
202.8.43.232 - - [27/Dec/2024:11:12:39 -0500] "GET /?b=35456966 HTTP/1.1" 301 0 "-" "Mozilla/5.0 (Linux; Android 13) AppleWebKit/537.36 (KHTML, like Gecko) Chrome/108.0.5359.128 Mobile Safari/537.36 (compatible; AhrefsSiteAudit/6.1; +http://ahrefs.com/robot/site-audit)"
202.8.43.232 - - [27/Dec/2024:11:12:41 -0500] "GET /?b=86321766 HTTP/1.1" 301 0 "-" "Mozilla/5.0 (Linux; Android 13) AppleWebKit/537.36 (KHTML, like Gecko) Chrome/108.0.5359.128 Mobile Safari/537.36 (compatible; AhrefsSiteAudit/6.1; +http://ahrefs.com/robot/site-audit)"
