66.249.68.68 - - [27/Dec/2024:08:35:50 -0500] "GET /?b=16479466 HTTP/1.1" 200 79867 "-" "Mozilla/5.0 (Linux; Android 6.0.1; Nexus 5X Build/MMB29P) AppleWebKit/537.36 (KHTML, like Gecko) Chrome/131.0.6778.139 Mobile Safari/537.36 (compatible; GoogleOther)"
66.29.132.124 - - [27/Dec/2024:08:36:04 -0500] "POST /wp-cron.php?doing_wp_cron=1735306564.3983180522918701171875 HTTP/1.1" 200 0 "-" "WordPress/6.7.1; https://blog.diixadigital.com"
85.208.96.210 - - [27/Dec/2024:08:36:04 -0500] "GET /?b=120189866 HTTP/1.1" 200 21078 "-" "Mozilla/5.0 (compatible; SemrushBot/7~bl; +http://www.semrush.com/bot.html)"
66.29.132.124 - - [27/Dec/2024:08:36:04 -0500] "POST /wp-admin/admin-ajax.php?action=async_litespeed&nonce=5d7cece248&litespeed_type=imgoptm HTTP/1.1" 200 21 "-" "WordPress/6.7.1; https://blog.diixadigital.com"
85.208.96.200 - - [27/Dec/2024:08:36:05 -0500] "GET /robots.txt HTTP/1.1" 200 139 "-" "Mozilla/5.0 (compatible; SemrushBot/7~bl; +http://www.semrush.com/bot.html)"
66.249.68.68 - - [27/Dec/2024:08:36:13 -0500] "GET /?b=260697766 HTTP/1.1" 200 79940 "-" "Mozilla/5.0 (Linux; Android 6.0.1; Nexus 5X Build/MMB29P) AppleWebKit/537.36 (KHTML, like Gecko) Chrome/131.0.6778.139 Mobile Safari/537.36 (compatible; GoogleOther)"
85.208.96.210 - - [27/Dec/2024:08:36:20 -0500] "GET /?b=4865166 HTTP/1.1" 200 21085 "-" "Mozilla/5.0 (compatible; SemrushBot/7~bl; +http://www.semrush.com/bot.html)"
66.29.132.124 - - [27/Dec/2024:08:36:26 -0500] "POST /wp-cron.php?doing_wp_cron=1735306586.8609030246734619140625 HTTP/1.1" 200 0 "-" "WordPress/6.7.1; https://blog.diixadigital.com"
185.191.171.7 - - [27/Dec/2024:08:36:26 -0500] "GET /?b=198701766 HTTP/1.1" 200 21077 "-" "Mozilla/5.0 (compatible; SemrushBot/7~bl; +http://www.semrush.com/bot.html)"
66.249.68.69 - - [27/Dec/2024:08:36:35 -0500] "GET /?b=316386066 HTTP/1.1" 200 82559 "-" "Mozilla/5.0 (Linux; Android 6.0.1; Nexus 5X Build/MMB29P) AppleWebKit/537.36 (KHTML, like Gecko) Chrome/131.0.6778.139 Mobile Safari/537.36 (compatible; GoogleOther)"
185.191.171.5 - - [27/Dec/2024:08:36:43 -0500] "GET /?b=242984766 HTTP/1.1" 200 21071 "-" "Mozilla/5.0 (compatible; SemrushBot/7~bl; +http://www.semrush.com/bot.html)"
66.29.132.124 - - [27/Dec/2024:08:36:52 -0500] "POST /wp-cron.php?doing_wp_cron=1735306612.4381530284881591796875 HTTP/1.1" 200 0 "-" "WordPress/6.7.1; https://blog.diixadigital.com"
185.191.171.1 - - [27/Dec/2024:08:36:52 -0500] "GET /?b=250517666 HTTP/1.1" 200 21067 "-" "Mozilla/5.0 (compatible; SemrushBot/7~bl; +http://www.semrush.com/bot.html)"
66.29.132.124 - - [27/Dec/2024:08:36:53 -0500] "POST /wp-admin/admin-ajax.php?action=async_litespeed&nonce=5d7cece248&litespeed_type=imgoptm HTTP/1.1" 200 21 "-" "WordPress/6.7.1; https://blog.diixadigital.com"
66.249.68.68 - - [27/Dec/2024:08:36:58 -0500] "GET /?b=269963366 HTTP/1.1" 200 79803 "-" "Mozilla/5.0 (Linux; Android 6.0.1; Nexus 5X Build/MMB29P) AppleWebKit/537.36 (KHTML, like Gecko) Chrome/131.0.6778.139 Mobile Safari/537.36 (compatible; GoogleOther)"
185.191.171.8 - - [27/Dec/2024:08:37:15 -0500] "GET /?b=253565966 HTTP/1.1" 200 21064 "-" "Mozilla/5.0 (compatible; SemrushBot/7~bl; +http://www.semrush.com/bot.html)"
66.249.68.68 - - [27/Dec/2024:08:37:21 -0500] "GET /?b=4457866 HTTP/1.1" 200 79924 "-" "Mozilla/5.0 (Linux; Android 6.0.1; Nexus 5X Build/MMB29P) AppleWebKit/537.36 (KHTML, like Gecko) Chrome/131.0.6778.139 Mobile Safari/537.36 (compatible; GoogleOther)"
66.29.132.124 - - [27/Dec/2024:08:37:28 -0500] "POST /wp-cron.php?doing_wp_cron=1735306648.2182741165161132812500 HTTP/1.1" 200 0 "-" "WordPress/6.7.1; https://blog.diixadigital.com"
85.208.96.197 - - [27/Dec/2024:08:37:27 -0500] "GET /?b=6326666 HTTP/1.1" 200 21072 "-" "Mozilla/5.0 (compatible; SemrushBot/7~bl; +http://www.semrush.com/bot.html)"
185.191.171.5 - - [27/Dec/2024:08:37:33 -0500] "GET /?b=307259566 HTTP/1.1" 200 21066 "-" "Mozilla/5.0 (compatible; SemrushBot/7~bl; +http://www.semrush.com/bot.html)"
66.249.68.68 - - [27/Dec/2024:08:37:43 -0500] "GET /?b=283289766 HTTP/1.1" 200 80879 "-" "Mozilla/5.0 (Linux; Android 6.0.1; Nexus 5X Build/MMB29P) AppleWebKit/537.36 (KHTML, like Gecko) Chrome/131.0.6778.139 Mobile Safari/537.36 (compatible; GoogleOther)"
185.191.171.13 - - [27/Dec/2024:08:37:48 -0500] "GET /?b=48121566 HTTP/1.1" 200 21081 "-" "Mozilla/5.0 (compatible; SemrushBot/7~bl; +http://www.semrush.com/bot.html)"
66.29.132.124 - - [27/Dec/2024:08:38:01 -0500] "POST /wp-cron.php?doing_wp_cron=1735306681.4934480190277099609375 HTTP/1.1" 200 0 "-" "WordPress/6.7.1; https://blog.diixadigital.com"
185.191.171.13 - - [27/Dec/2024:08:38:01 -0500] "GET /?b=278886266 HTTP/1.1" 200 21070 "-" "Mozilla/5.0 (compatible; SemrushBot/7~bl; +http://www.semrush.com/bot.html)"
66.29.132.124 - - [27/Dec/2024:08:38:02 -0500] "POST /wp-admin/admin-ajax.php?action=async_litespeed&nonce=5d7cece248&litespeed_type=imgoptm HTTP/1.1" 200 21 "-" "WordPress/6.7.1; https://blog.diixadigital.com"
66.249.68.68 - - [27/Dec/2024:08:38:06 -0500] "GET /?b=227176766 HTTP/1.1" 200 79884 "-" "Mozilla/5.0 (Linux; Android 6.0.1; Nexus 5X Build/MMB29P) AppleWebKit/537.36 (KHTML, like Gecko) Chrome/131.0.6778.139 Mobile Safari/537.36 (compatible; GoogleOther)"
185.191.171.17 - - [27/Dec/2024:08:38:15 -0500] "GET /?b=297954766 HTTP/1.1" 200 21061 "-" "Mozilla/5.0 (compatible; SemrushBot/7~bl; +http://www.semrush.com/bot.html)"
66.249.68.68 - - [27/Dec/2024:08:38:28 -0500] "GET /?b=342346366 HTTP/1.1" 200 79480 "-" "Mozilla/5.0 (Linux; Android 6.0.1; Nexus 5X Build/MMB29P) AppleWebKit/537.36 (KHTML, like Gecko) Chrome/131.0.6778.139 Mobile Safari/537.36 (compatible; GoogleOther)"
66.249.68.68 - - [27/Dec/2024:08:38:51 -0500] "GET /?b=252330266 HTTP/1.1" 200 80699 "-" "Mozilla/5.0 (Linux; Android 6.0.1; Nexus 5X Build/MMB29P) AppleWebKit/537.36 (KHTML, like Gecko) Chrome/131.0.6778.139 Mobile Safari/537.36 (compatible; GoogleOther)"
66.29.132.124 - - [27/Dec/2024:08:38:55 -0500] "POST /wp-cron.php?doing_wp_cron=1735306735.1288089752197265625000 HTTP/1.1" 200 0 "-" "WordPress/6.7.1; https://blog.diixadigital.com"
85.208.96.210 - - [27/Dec/2024:08:38:54 -0500] "GET /?b=226822766 HTTP/1.1" 200 21062 "-" "Mozilla/5.0 (compatible; SemrushBot/7~bl; +http://www.semrush.com/bot.html)"
66.29.132.124 - - [27/Dec/2024:08:38:55 -0500] "POST /wp-admin/admin-ajax.php?action=async_litespeed&nonce=5d7cece248&litespeed_type=imgoptm HTTP/1.1" 200 21 "-" "WordPress/6.7.1; https://blog.diixadigital.com"
185.191.171.3 - - [27/Dec/2024:08:38:57 -0500] "GET /?b=44291366 HTTP/1.1" 200 21079 "-" "Mozilla/5.0 (compatible; SemrushBot/7~bl; +http://www.semrush.com/bot.html)"
85.208.96.208 - - [27/Dec/2024:08:39:01 -0500] "GET /?b=164121166 HTTP/1.1" 200 21065 "-" "Mozilla/5.0 (compatible; SemrushBot/7~bl; +http://www.semrush.com/bot.html)"
185.191.171.16 - - [27/Dec/2024:08:39:07 -0500] "GET /?b=94914366 HTTP/1.1" 200 21080 "-" "Mozilla/5.0 (compatible; SemrushBot/7~bl; +http://www.semrush.com/bot.html)"
66.249.68.70 - - [27/Dec/2024:08:39:14 -0500] "GET /?b=197256366 HTTP/1.1" 200 79837 "-" "Mozilla/5.0 (Linux; Android 6.0.1; Nexus 5X Build/MMB29P) AppleWebKit/537.36 (KHTML, like Gecko) Chrome/131.0.6778.139 Mobile Safari/537.36 (compatible; GoogleOther)"
66.29.132.124 - - [27/Dec/2024:08:39:22 -0500] "POST /wp-cron.php?doing_wp_cron=1735306762.4658730030059814453125 HTTP/1.1" 200 0 "-" "WordPress/6.7.1; https://blog.diixadigital.com"
85.208.96.210 - - [27/Dec/2024:08:39:22 -0500] "GET /?b=5668066 HTTP/1.1" 200 21065 "-" "Mozilla/5.0 (compatible; SemrushBot/7~bl; +http://www.semrush.com/bot.html)"
185.191.171.12 - - [27/Dec/2024:08:39:26 -0500] "GET /?b=259938366 HTTP/1.1" 200 21053 "-" "Mozilla/5.0 (compatible; SemrushBot/7~bl; +http://www.semrush.com/bot.html)"
85.208.96.194 - - [27/Dec/2024:08:39:30 -0500] "GET /?b=128460466 HTTP/1.1" 200 21086 "-" "Mozilla/5.0 (compatible; SemrushBot/7~bl; +http://www.semrush.com/bot.html)"
66.249.68.69 - - [27/Dec/2024:08:39:36 -0500] "GET /?b=158303066 HTTP/1.1" 200 79421 "-" "Mozilla/5.0 (Linux; Android 6.0.1; Nexus 5X Build/MMB29P) AppleWebKit/537.36 (KHTML, like Gecko) Chrome/131.0.6778.139 Mobile Safari/537.36 (compatible; GoogleOther)"
85.208.96.202 - - [27/Dec/2024:08:39:43 -0500] "GET /?b=150887566 HTTP/1.1" 200 21075 "-" "Mozilla/5.0 (compatible; SemrushBot/7~bl; +http://www.semrush.com/bot.html)"
66.29.132.124 - - [27/Dec/2024:08:39:49 -0500] "POST /wp-cron.php?doing_wp_cron=1735306789.8704450130462646484375 HTTP/1.1" 200 0 "-" "WordPress/6.7.1; https://blog.diixadigital.com"
85.208.96.194 - - [27/Dec/2024:08:39:49 -0500] "GET /?b=152808466 HTTP/1.1" 200 21068 "-" "Mozilla/5.0 (compatible; SemrushBot/7~bl; +http://www.semrush.com/bot.html)"
66.29.132.124 - - [27/Dec/2024:08:39:50 -0500] "POST /wp-admin/admin-ajax.php?action=async_litespeed&nonce=5d7cece248&litespeed_type=imgoptm HTTP/1.1" 200 21 "-" "WordPress/6.7.1; https://blog.diixadigital.com"
66.249.68.68 - - [27/Dec/2024:08:39:58 -0500] "GET /?b=50963766 HTTP/1.1" 200 80088 "-" "Mozilla/5.0 (Linux; Android 6.0.1; Nexus 5X Build/MMB29P) AppleWebKit/537.36 (KHTML, like Gecko) Chrome/131.0.6778.139 Mobile Safari/537.36 (compatible; GoogleOther)"
185.191.171.16 - - [27/Dec/2024:08:40:08 -0500] "GET /?b=169186266 HTTP/1.1" 200 21069 "-" "Mozilla/5.0 (compatible; SemrushBot/7~bl; +http://www.semrush.com/bot.html)"
185.191.171.8 - - [27/Dec/2024:08:40:21 -0500] "GET /?b=329890566 HTTP/1.1" 200 21067 "-" "Mozilla/5.0 (compatible; SemrushBot/7~bl; +http://www.semrush.com/bot.html)"
66.249.68.68 - - [27/Dec/2024:08:40:21 -0500] "GET /?b=83260366 HTTP/1.1" 200 80637 "-" "Mozilla/5.0 (Linux; Android 6.0.1; Nexus 5X Build/MMB29P) AppleWebKit/537.36 (KHTML, like Gecko) Chrome/131.0.6778.139 Mobile Safari/537.36 (compatible; GoogleOther)"
66.29.132.124 - - [27/Dec/2024:08:40:24 -0500] "POST /wp-cron.php?doing_wp_cron=1735306824.1000690460205078125000 HTTP/1.1" 200 0 "-" "WordPress/6.7.1; https://blog.diixadigital.com"
185.191.171.6 - - [27/Dec/2024:08:40:23 -0500] "GET /?b=105552066 HTTP/1.1" 200 21064 "-" "Mozilla/5.0 (compatible; SemrushBot/7~bl; +http://www.semrush.com/bot.html)"
40.77.167.78 - - [27/Dec/2024:08:40:31 -0500] "GET /hdwuz/y1750022.html HTTP/1.1" 200 80833 "-" "Mozilla/5.0 AppleWebKit/537.36 (KHTML, like Gecko; compatible; bingbot/2.0; +http://www.bing.com/bingbot.htm) Chrome/116.0.1938.76 Safari/537.36"
85.208.96.206 - - [27/Dec/2024:08:40:36 -0500] "GET /?b=334027366 HTTP/1.1" 200 21064 "-" "Mozilla/5.0 (compatible; SemrushBot/7~bl; +http://www.semrush.com/bot.html)"
66.249.68.68 - - [27/Dec/2024:08:40:43 -0500] "GET /?b=39223666 HTTP/1.1" 200 80112 "-" "Mozilla/5.0 (Linux; Android 6.0.1; Nexus 5X Build/MMB29P) AppleWebKit/537.36 (KHTML, like Gecko) Chrome/131.0.6778.139 Mobile Safari/537.36 (compatible; GoogleOther)"
66.249.68.69 - - [27/Dec/2024:08:41:06 -0500] "GET /?b=203642366 HTTP/1.1" 200 81151 "-" "Mozilla/5.0 (Linux; Android 6.0.1; Nexus 5X Build/MMB29P) AppleWebKit/537.36 (KHTML, like Gecko) Chrome/131.0.6778.139 Mobile Safari/537.36 (compatible; GoogleOther)"
66.29.132.124 - - [27/Dec/2024:08:41:11 -0500] "POST /wp-cron.php?doing_wp_cron=1735306871.7449800968170166015625 HTTP/1.1" 200 0 "-" "WordPress/6.7.1; https://blog.diixadigital.com"
85.208.96.196 - - [27/Dec/2024:08:41:11 -0500] "GET /?b=317906766 HTTP/1.1" 200 21061 "-" "Mozilla/5.0 (compatible; SemrushBot/7~bl; +http://www.semrush.com/bot.html)"
66.29.132.124 - - [27/Dec/2024:08:41:12 -0500] "POST /wp-admin/admin-ajax.php?action=async_litespeed&nonce=5d7cece248&litespeed_type=imgoptm HTTP/1.1" 200 21 "-" "WordPress/6.7.1; https://blog.diixadigital.com"
66.249.68.68 - - [27/Dec/2024:08:41:28 -0500] "GET /?b=19132266 HTTP/1.1" 200 80002 "-" "Mozilla/5.0 (Linux; Android 6.0.1; Nexus 5X Build/MMB29P) AppleWebKit/537.36 (KHTML, like Gecko) Chrome/131.0.6778.139 Mobile Safari/537.36 (compatible; GoogleOther)"
66.29.132.124 - - [27/Dec/2024:08:41:34 -0500] "POST /wp-cron.php?doing_wp_cron=1735306894.6303720474243164062500 HTTP/1.1" 200 0 "-" "WordPress/6.7.1; https://blog.diixadigital.com"
185.191.171.19 - - [27/Dec/2024:08:41:34 -0500] "GET /?b=159422566 HTTP/1.1" 200 21062 "-" "Mozilla/5.0 (compatible; SemrushBot/7~bl; +http://www.semrush.com/bot.html)"
185.191.171.16 - - [27/Dec/2024:08:41:37 -0500] "GET /?b=264609366 HTTP/1.1" 200 21050 "-" "Mozilla/5.0 (compatible; SemrushBot/7~bl; +http://www.semrush.com/bot.html)"
185.191.171.15 - - [27/Dec/2024:08:41:45 -0500] "GET /?b=355605666 HTTP/1.1" 200 21064 "-" "Mozilla/5.0 (compatible; SemrushBot/7~bl; +http://www.semrush.com/bot.html)"
66.29.132.124 - - [27/Dec/2024:08:41:52 -0500] "POST /wp-cron.php?doing_wp_cron=1735306912.7468791007995605468750 HTTP/1.1" 200 0 "-" "WordPress/6.7.1; https://blog.diixadigital.com"
185.191.171.16 - - [27/Dec/2024:08:41:52 -0500] "GET /?b=275933066 HTTP/1.1" 200 21070 "-" "Mozilla/5.0 (compatible; SemrushBot/7~bl; +http://www.semrush.com/bot.html)"
66.249.68.68 - - [27/Dec/2024:08:41:51 -0500] "GET /?b=199522266 HTTP/1.1" 200 79970 "-" "Mozilla/5.0 (Linux; Android 6.0.1; Nexus 5X Build/MMB29P) AppleWebKit/537.36 (KHTML, like Gecko) Chrome/131.0.6778.139 Mobile Safari/537.36 (compatible; GoogleOther)"
66.29.132.124 - - [27/Dec/2024:08:41:52 -0500] "POST /wp-admin/admin-ajax.php?action=async_litespeed&nonce=5d7cece248&litespeed_type=imgoptm HTTP/1.1" 200 21 "-" "WordPress/6.7.1; https://blog.diixadigital.com"
66.249.68.69 - - [27/Dec/2024:08:42:14 -0500] "GET /?b=101876766 HTTP/1.1" 200 81353 "-" "Mozilla/5.0 (Linux; Android 6.0.1; Nexus 5X Build/MMB29P) AppleWebKit/537.36 (KHTML, like Gecko) Chrome/131.0.6778.139 Mobile Safari/537.36 (compatible; GoogleOther)"
85.208.96.210 - - [27/Dec/2024:08:42:17 -0500] "GET /?b=84438466 HTTP/1.1" 200 21063 "-" "Mozilla/5.0 (compatible; SemrushBot/7~bl; +http://www.semrush.com/bot.html)"
85.208.96.196 - - [27/Dec/2024:08:42:19 -0500] "GET /?b=42461966 HTTP/1.1" 200 21062 "-" "Mozilla/5.0 (compatible; SemrushBot/7~bl; +http://www.semrush.com/bot.html)"
40.77.167.65 - - [27/Dec/2024:08:42:24 -0500] "GET /isjhe/i671032.html HTTP/1.1" 200 79733 "-" "Mozilla/5.0 AppleWebKit/537.36 (KHTML, like Gecko; compatible; bingbot/2.0; +http://www.bing.com/bingbot.htm) Chrome/116.0.1938.76 Safari/537.36"
40.77.167.78 - - [27/Dec/2024:08:42:31 -0500] "GET /mdmgb/f2303283.html HTTP/1.1" 200 79708 "-" "Mozilla/5.0 AppleWebKit/537.36 (KHTML, like Gecko; compatible; bingbot/2.0; +http://www.bing.com/bingbot.htm) Chrome/116.0.1938.76 Safari/537.36"
66.249.68.68 - - [27/Dec/2024:08:42:36 -0500] "GET /?b=113582966 HTTP/1.1" 200 79838 "-" "Mozilla/5.0 (Linux; Android 6.0.1; Nexus 5X Build/MMB29P) AppleWebKit/537.36 (KHTML, like Gecko) Chrome/131.0.6778.139 Mobile Safari/537.36 (compatible; GoogleOther)"
66.29.132.124 - - [27/Dec/2024:08:42:50 -0500] "POST /wp-cron.php?doing_wp_cron=1735306970.0157439708709716796875 HTTP/1.1" 200 0 "-" "WordPress/6.7.1; https://blog.diixadigital.com"
185.191.171.6 - - [27/Dec/2024:08:42:49 -0500] "GET /?b=204530066 HTTP/1.1" 200 21069 "-" "Mozilla/5.0 (compatible; SemrushBot/7~bl; +http://www.semrush.com/bot.html)"
66.29.132.124 - - [27/Dec/2024:08:42:50 -0500] "POST /wp-admin/admin-ajax.php?action=async_litespeed&nonce=5d7cece248&litespeed_type=imgoptm HTTP/1.1" 200 21 "-" "WordPress/6.7.1; https://blog.diixadigital.com"
35.202.113.87 - - [27/Dec/2024:08:42:53 -0500] "GET / HTTP/1.1" 200 21072 "http://blog.diixadigital.com" "amphp/http-client @ v5.x"
35.202.113.87 - - [27/Dec/2024:08:42:53 -0500] "GET / HTTP/1.1" 200 21065 "http://blog.diixadigital.com" "amphp/http-client @ v5.x"
185.191.171.12 - - [27/Dec/2024:08:42:56 -0500] "GET /?b=335675266 HTTP/1.1" 200 21066 "-" "Mozilla/5.0 (compatible; SemrushBot/7~bl; +http://www.semrush.com/bot.html)"
85.208.96.211 - - [27/Dec/2024:08:42:58 -0500] "GET /?b=128688066 HTTP/1.1" 200 21064 "-" "Mozilla/5.0 (compatible; SemrushBot/7~bl; +http://www.semrush.com/bot.html)"
66.249.68.68 - - [27/Dec/2024:08:42:59 -0500] "GET /?b=315223766 HTTP/1.1" 200 79849 "-" "Mozilla/5.0 (Linux; Android 6.0.1; Nexus 5X Build/MMB29P) AppleWebKit/537.36 (KHTML, like Gecko) Chrome/131.0.6778.139 Mobile Safari/537.36 (compatible; GoogleOther)"
85.208.96.197 - - [27/Dec/2024:08:43:21 -0500] "GET /?b=198387166 HTTP/1.1" 200 21061 "-" "Mozilla/5.0 (compatible; SemrushBot/7~bl; +http://www.semrush.com/bot.html)"
66.249.68.68 - - [27/Dec/2024:08:43:21 -0500] "GET /?b=248446766 HTTP/1.1" 200 81265 "-" "Mozilla/5.0 (Linux; Android 6.0.1; Nexus 5X Build/MMB29P) AppleWebKit/537.36 (KHTML, like Gecko) Chrome/131.0.6778.139 Mobile Safari/537.36 (compatible; GoogleOther)"
40.77.167.65 - - [27/Dec/2024:08:43:25 -0500] "GET /cptep/o2008894.html HTTP/1.1" 200 81688 "-" "Mozilla/5.0 AppleWebKit/537.36 (KHTML, like Gecko; compatible; bingbot/2.0; +http://www.bing.com/bingbot.htm) Chrome/116.0.1938.76 Safari/537.36"
66.29.132.124 - - [27/Dec/2024:08:43:27 -0500] "POST /wp-cron.php?doing_wp_cron=1735307007.9469499588012695312500 HTTP/1.1" 200 0 "-" "WordPress/6.7.1; https://blog.diixadigital.com"
85.208.96.210 - - [27/Dec/2024:08:43:27 -0500] "GET /?b=45616066 HTTP/1.1" 200 21060 "-" "Mozilla/5.0 (compatible; SemrushBot/7~bl; +http://www.semrush.com/bot.html)"
85.208.96.211 - - [27/Dec/2024:08:43:30 -0500] "GET /?b=15591866 HTTP/1.1" 200 21050 "-" "Mozilla/5.0 (compatible; SemrushBot/7~bl; +http://www.semrush.com/bot.html)"
66.249.68.68 - - [27/Dec/2024:08:43:44 -0500] "GET /?b=12351066 HTTP/1.1" 200 80118 "-" "Mozilla/5.0 (Linux; Android 6.0.1; Nexus 5X Build/MMB29P) AppleWebKit/537.36 (KHTML, like Gecko) Chrome/131.0.6778.139 Mobile Safari/537.36 (compatible; GoogleOther)"
66.29.132.124 - - [27/Dec/2024:08:43:52 -0500] "POST /wp-cron.php?doing_wp_cron=1735307032.4028589725494384765625 HTTP/1.1" 200 0 "-" "WordPress/6.7.1; https://blog.diixadigital.com"
185.191.171.4 - - [27/Dec/2024:08:43:52 -0500] "GET /?b=88191366 HTTP/1.1" 200 21069 "-" "Mozilla/5.0 (compatible; SemrushBot/7~bl; +http://www.semrush.com/bot.html)"
66.29.132.124 - - [27/Dec/2024:08:43:52 -0500] "POST /wp-admin/admin-ajax.php?action=async_litespeed&nonce=5d7cece248&litespeed_type=imgoptm HTTP/1.1" 200 21 "-" "WordPress/6.7.1; https://blog.diixadigital.com"
185.191.171.2 - - [27/Dec/2024:08:43:54 -0500] "GET /?b=293144366 HTTP/1.1" 200 21061 "-" "Mozilla/5.0 (compatible; SemrushBot/7~bl; +http://www.semrush.com/bot.html)"
185.191.171.1 - - [27/Dec/2024:08:44:06 -0500] "GET /?b=259010866 HTTP/1.1" 200 21061 "-" "Mozilla/5.0 (compatible; SemrushBot/7~bl; +http://www.semrush.com/bot.html)"
66.249.68.69 - - [27/Dec/2024:08:44:06 -0500] "GET /?b=266705666 HTTP/1.1" 200 79554 "-" "Mozilla/5.0 (Linux; Android 6.0.1; Nexus 5X Build/MMB29P) AppleWebKit/537.36 (KHTML, like Gecko) Chrome/131.0.6778.139 Mobile Safari/537.36 (compatible; GoogleOther)"
52.167.144.17 - - [27/Dec/2024:08:44:07 -0500] "GET /chpud/l2810029.html HTTP/1.1" 200 79755 "-" "Mozilla/5.0 AppleWebKit/537.36 (KHTML, like Gecko; compatible; bingbot/2.0; +http://www.bing.com/bingbot.htm) Chrome/116.0.1938.76 Safari/537.36"
85.208.96.211 - - [27/Dec/2024:08:44:08 -0500] "GET /?b=173814366 HTTP/1.1" 200 21060 "-" "Mozilla/5.0 (compatible; SemrushBot/7~bl; +http://www.semrush.com/bot.html)"
185.191.171.2 - - [27/Dec/2024:08:44:20 -0500] "GET /?b=65875566 HTTP/1.1" 200 21068 "-" "Mozilla/5.0 (compatible; SemrushBot/7~bl; +http://www.semrush.com/bot.html)"
66.29.132.124 - - [27/Dec/2024:08:44:23 -0500] "POST /wp-cron.php?doing_wp_cron=1735307063.8636779785156250000000 HTTP/1.1" 200 0 "-" "WordPress/6.7.1; https://blog.diixadigital.com"
85.208.96.202 - - [27/Dec/2024:08:44:23 -0500] "GET /?b=323524866 HTTP/1.1" 200 21076 "-" "Mozilla/5.0 (compatible; SemrushBot/7~bl; +http://www.semrush.com/bot.html)"
66.249.68.69 - - [27/Dec/2024:08:44:29 -0500] "GET /?b=184723666 HTTP/1.1" 200 82733 "-" "Mozilla/5.0 (Linux; Android 6.0.1; Nexus 5X Build/MMB29P) AppleWebKit/537.36 (KHTML, like Gecko) Chrome/131.0.6778.139 Mobile Safari/537.36 (compatible; GoogleOther)"
66.249.68.68 - - [27/Dec/2024:08:44:51 -0500] "GET /?b=298617866 HTTP/1.1" 200 79940 "-" "Mozilla/5.0 (Linux; Android 6.0.1; Nexus 5X Build/MMB29P) AppleWebKit/537.36 (KHTML, like Gecko) Chrome/131.0.6778.139 Mobile Safari/537.36 (compatible; GoogleOther)"
106.155.12.207 - - [27/Dec/2024:08:44:54 -0500] "HEAD /-/ HTTP/1.1" 404 0 "-" "Mozilla/5.0 (Windows NT 10.0; Win64; x64) AppleWebKit/537.36 (KHTML, like Gecko) Chrome/117.0.0.0 Safari/537.36 Edg/117.0.2045.36"
106.155.12.207 - - [27/Dec/2024:08:44:55 -0500] "GET /-/ HTTP/1.1" 404 42 "-" "Mozilla/5.0 (Windows NT 10.0; Win64; x64) AppleWebKit/537.36 (KHTML, like Gecko) Chrome/117.0.0.0 Safari/537.36 Edg/117.0.2045.36"
66.29.132.124 - - [27/Dec/2024:08:44:57 -0500] "POST /wp-cron.php?doing_wp_cron=1735307097.0964479446411132812500 HTTP/1.1" 200 0 "-" "WordPress/6.7.1; https://blog.diixadigital.com"
85.208.96.195 - - [27/Dec/2024:08:44:56 -0500] "GET /?b=336742366 HTTP/1.1" 200 21066 "-" "Mozilla/5.0 (compatible; SemrushBot/7~bl; +http://www.semrush.com/bot.html)"
66.29.132.124 - - [27/Dec/2024:08:44:57 -0500] "POST /wp-admin/admin-ajax.php?action=async_litespeed&nonce=5d7cece248&litespeed_type=imgoptm HTTP/1.1" 200 21 "-" "WordPress/6.7.1; https://blog.diixadigital.com"
66.249.68.70 - - [27/Dec/2024:08:45:14 -0500] "GET /?b=140700666 HTTP/1.1" 200 80746 "-" "Mozilla/5.0 (Linux; Android 6.0.1; Nexus 5X Build/MMB29P) AppleWebKit/537.36 (KHTML, like Gecko) Chrome/131.0.6778.139 Mobile Safari/537.36 (compatible; GoogleOther)"
66.29.132.124 - - [27/Dec/2024:08:45:28 -0500] "POST /wp-cron.php?doing_wp_cron=1735307128.4465529918670654296875 HTTP/1.1" 200 0 "-" "WordPress/6.7.1; https://blog.diixadigital.com"
185.191.171.14 - - [27/Dec/2024:08:45:28 -0500] "GET /?b=103889766 HTTP/1.1" 200 21054 "-" "Mozilla/5.0 (compatible; SemrushBot/7~bl; +http://www.semrush.com/bot.html)"
40.77.167.78 - - [27/Dec/2024:08:45:31 -0500] "GET /eswbe/t1890417.html HTTP/1.1" 200 80982 "-" "Mozilla/5.0 AppleWebKit/537.36 (KHTML, like Gecko; compatible; bingbot/2.0; +http://www.bing.com/bingbot.htm) Chrome/116.0.1938.76 Safari/537.36"
185.191.171.12 - - [27/Dec/2024:08:45:35 -0500] "GET /?b=354302466 HTTP/1.1" 200 21065 "-" "Mozilla/5.0 (compatible; SemrushBot/7~bl; +http://www.semrush.com/bot.html)"
40.77.167.78 - - [27/Dec/2024:08:45:34 -0500] "GET /fxlhe/y2368380.html HTTP/1.1" 200 80371 "-" "Mozilla/5.0 AppleWebKit/537.36 (KHTML, like Gecko; compatible; bingbot/2.0; +http://www.bing.com/bingbot.htm) Chrome/116.0.1938.76 Safari/537.36"
66.249.68.68 - - [27/Dec/2024:08:45:36 -0500] "GET /?b=295921566 HTTP/1.1" 200 79609 "-" "Mozilla/5.0 (Linux; Android 6.0.1; Nexus 5X Build/MMB29P) AppleWebKit/537.36 (KHTML, like Gecko) Chrome/131.0.6778.139 Mobile Safari/537.36 (compatible; GoogleOther)"
185.191.171.16 - - [27/Dec/2024:08:45:38 -0500] "GET /?b=114760666 HTTP/1.1" 200 21066 "-" "Mozilla/5.0 (compatible; SemrushBot/7~bl; +http://www.semrush.com/bot.html)"
185.191.171.11 - - [27/Dec/2024:08:45:47 -0500] "GET /?b=350371366 HTTP/1.1" 200 21059 "-" "Mozilla/5.0 (compatible; SemrushBot/7~bl; +http://www.semrush.com/bot.html)"
66.29.132.124 - - [27/Dec/2024:08:45:53 -0500] "POST /wp-cron.php?doing_wp_cron=1735307153.8821508884429931640625 HTTP/1.1" 200 0 "-" "WordPress/6.7.1; https://blog.diixadigital.com"
185.191.171.2 - - [27/Dec/2024:08:45:53 -0500] "GET /?b=195102766 HTTP/1.1" 200 21067 "-" "Mozilla/5.0 (compatible; SemrushBot/7~bl; +http://www.semrush.com/bot.html)"
66.29.132.124 - - [27/Dec/2024:08:45:54 -0500] "POST /wp-admin/admin-ajax.php?action=async_litespeed&nonce=5d7cece248&litespeed_type=imgoptm HTTP/1.1" 200 21 "-" "WordPress/6.7.1; https://blog.diixadigital.com"
66.249.68.68 - - [27/Dec/2024:08:45:59 -0500] "GET /?b=294055966 HTTP/1.1" 200 79855 "-" "Mozilla/5.0 (Linux; Android 6.0.1; Nexus 5X Build/MMB29P) AppleWebKit/537.36 (KHTML, like Gecko) Chrome/131.0.6778.139 Mobile Safari/537.36 (compatible; GoogleOther)"
185.191.171.14 - - [27/Dec/2024:08:46:03 -0500] "GET /?b=341456466 HTTP/1.1" 200 21059 "-" "Mozilla/5.0 (compatible; SemrushBot/7~bl; +http://www.semrush.com/bot.html)"
40.77.167.65 - - [27/Dec/2024:08:46:03 -0500] "GET /mrsen/a1854050.html HTTP/1.1" 200 81154 "-" "Mozilla/5.0 AppleWebKit/537.36 (KHTML, like Gecko; compatible; bingbot/2.0; +http://www.bing.com/bingbot.htm) Chrome/116.0.1938.76 Safari/537.36"
40.77.167.78 - - [27/Dec/2024:08:46:12 -0500] "GET /qlrqx/q766148.html HTTP/1.1" 200 79829 "-" "Mozilla/5.0 AppleWebKit/537.36 (KHTML, like Gecko; compatible; bingbot/2.0; +http://www.bing.com/bingbot.htm) Chrome/116.0.1938.76 Safari/537.36"
49.105.93.235 - - [27/Dec/2024:08:46:17 -0500] "HEAD /-/ HTTP/1.1" 404 0 "-" "Mozilla/5.0 (Linux; Android 10; K) AppleWebKit/537.36 (KHTML, like Gecko) Chrome/117.0.0.0 Mobile Safari/537.36 EdgA/117.0.2045.65"
49.105.93.235 - - [27/Dec/2024:08:46:18 -0500] "GET /-/ HTTP/1.1" 404 42 "-" "Mozilla/5.0 (Linux; Android 10; K) AppleWebKit/537.36 (KHTML, like Gecko) Chrome/117.0.0.0 Mobile Safari/537.36 EdgA/117.0.2045.65"
66.29.132.124 - - [27/Dec/2024:08:46:22 -0500] "POST /wp-cron.php?doing_wp_cron=1735307182.5339701175689697265625 HTTP/1.1" 200 0 "-" "WordPress/6.7.1; https://blog.diixadigital.com"
185.191.171.3 - - [27/Dec/2024:08:46:22 -0500] "GET /?b=90327166 HTTP/1.1" 200 21069 "-" "Mozilla/5.0 (compatible; SemrushBot/7~bl; +http://www.semrush.com/bot.html)"
66.249.68.68 - - [27/Dec/2024:08:46:22 -0500] "GET /?b=107111266 HTTP/1.1" 200 81049 "-" "Mozilla/5.0 (Linux; Android 6.0.1; Nexus 5X Build/MMB29P) AppleWebKit/537.36 (KHTML, like Gecko) Chrome/131.0.6778.139 Mobile Safari/537.36 (compatible; GoogleOther)"
185.191.171.5 - - [27/Dec/2024:08:46:40 -0500] "GET /?b=328635266 HTTP/1.1" 200 21059 "-" "Mozilla/5.0 (compatible; SemrushBot/7~bl; +http://www.semrush.com/bot.html)"
85.208.96.205 - - [27/Dec/2024:08:46:41 -0500] "GET /robots.txt HTTP/1.1" 200 139 "-" "Mozilla/5.0 (compatible; SemrushBot/7~bl; +http://www.semrush.com/bot.html)"
66.29.132.124 - - [27/Dec/2024:08:47:02 -0500] "POST /wp-cron.php?doing_wp_cron=1735307222.5287070274353027343750 HTTP/1.1" 200 0 "-" "WordPress/6.7.1; https://blog.diixadigital.com"
185.191.171.12 - - [27/Dec/2024:08:47:02 -0500] "GET /?b=203737566 HTTP/1.1" 200 21061 "-" "Mozilla/5.0 (compatible; SemrushBot/7~bl; +http://www.semrush.com/bot.html)"
66.29.132.124 - - [27/Dec/2024:08:47:02 -0500] "POST /wp-admin/admin-ajax.php?action=async_litespeed&nonce=5d7cece248&litespeed_type=imgoptm HTTP/1.1" 200 21 "-" "WordPress/6.7.1; https://blog.diixadigital.com"
66.249.68.68 - - [27/Dec/2024:08:47:04 -0500] "GET /?b=89720166 HTTP/1.1" 200 80344 "-" "Mozilla/5.0 (Linux; Android 6.0.1; Nexus 5X Build/MMB29P) AppleWebKit/537.36 (KHTML, like Gecko) Chrome/131.0.6778.139 Mobile Safari/537.36 (compatible; GoogleOther)"
66.249.68.70 - - [27/Dec/2024:08:47:05 -0500] "GET /?b=84774266 HTTP/1.1" 200 81004 "-" "Mozilla/5.0 (Linux; Android 6.0.1; Nexus 5X Build/MMB29P) AppleWebKit/537.36 (KHTML, like Gecko) Chrome/131.0.6778.139 Mobile Safari/537.36 (compatible; GoogleOther)"
85.208.96.208 - - [27/Dec/2024:08:47:16 -0500] "GET /?b=339517066 HTTP/1.1" 200 21060 "-" "Mozilla/5.0 (compatible; SemrushBot/7~bl; +http://www.semrush.com/bot.html)"
66.249.68.68 - - [27/Dec/2024:08:47:15 -0500] "GET /?b=143341566 HTTP/1.1" 200 81592 "-" "Mozilla/5.0 (Linux; Android 6.0.1; Nexus 5X Build/MMB29P) AppleWebKit/537.36 (KHTML, like Gecko) Chrome/131.0.6778.139 Mobile Safari/537.36 (compatible; GoogleOther)"
66.29.132.124 - - [27/Dec/2024:08:47:23 -0500] "POST /wp-cron.php?doing_wp_cron=1735307243.1609311103820800781250 HTTP/1.1" 200 0 "-" "WordPress/6.7.1; https://blog.diixadigital.com"
85.208.96.197 - - [27/Dec/2024:08:47:22 -0500] "GET /?b=140478966 HTTP/1.1" 200 21060 "-" "Mozilla/5.0 (compatible; SemrushBot/7~bl; +http://www.semrush.com/bot.html)"
66.249.68.68 - - [27/Dec/2024:08:47:29 -0500] "GET /?b=80696066 HTTP/1.1" 200 80841 "-" "Mozilla/5.0 (Linux; Android 6.0.1; Nexus 5X Build/MMB29P) AppleWebKit/537.36 (KHTML, like Gecko) Chrome/131.0.6778.139 Mobile Safari/537.36 (compatible; GoogleOther)"
85.208.96.194 - - [27/Dec/2024:08:47:33 -0500] "GET /?b=223239666 HTTP/1.1" 200 21064 "-" "Mozilla/5.0 (compatible; SemrushBot/7~bl; +http://www.semrush.com/bot.html)"
85.208.96.205 - - [27/Dec/2024:08:47:36 -0500] "GET /?b=29452266 HTTP/1.1" 200 21064 "-" "Mozilla/5.0 (compatible; SemrushBot/7~bl; +http://www.semrush.com/bot.html)"
66.249.68.69 - - [27/Dec/2024:08:47:52 -0500] "GET /?b=300142366 HTTP/1.1" 200 79560 "-" "Mozilla/5.0 (Linux; Android 6.0.1; Nexus 5X Build/MMB29P) AppleWebKit/537.36 (KHTML, like Gecko) Chrome/131.0.6778.139 Mobile Safari/537.36 (compatible; GoogleOther)"
66.29.132.124 - - [27/Dec/2024:08:47:53 -0500] "POST /wp-cron.php?doing_wp_cron=1735307273.6663990020751953125000 HTTP/1.1" 200 0 "-" "WordPress/6.7.1; https://blog.diixadigital.com"
185.191.171.2 - - [27/Dec/2024:08:47:53 -0500] "GET /?b=328627566 HTTP/1.1" 200 21057 "-" "Mozilla/5.0 (compatible; SemrushBot/7~bl; +http://www.semrush.com/bot.html)"
66.29.132.124 - - [27/Dec/2024:08:47:54 -0500] "POST /wp-admin/admin-ajax.php?action=async_litespeed&nonce=5d7cece248&litespeed_type=imgoptm HTTP/1.1" 200 21 "-" "WordPress/6.7.1; https://blog.diixadigital.com"
85.208.96.196 - - [27/Dec/2024:08:48:01 -0500] "GET /?b=340861466 HTTP/1.1" 200 21060 "-" "Mozilla/5.0 (compatible; SemrushBot/7~bl; +http://www.semrush.com/bot.html)"
85.208.96.206 - - [27/Dec/2024:08:48:08 -0500] "GET /?b=312839466 HTTP/1.1" 200 21068 "-" "Mozilla/5.0 (compatible; SemrushBot/7~bl; +http://www.semrush.com/bot.html)"
87.166.52.129 - - [27/Dec/2024:08:48:14 -0500] "GET /-/ HTTP/1.0" 302 0 "-" "Mozilla/5.0 (Windows NT 10.0; Win64; x64) AppleWebKit/537.36 (KHTML, like Gecko) Chrome/123.0.0.0 Safari/537.36"
87.166.52.129 - - [27/Dec/2024:08:48:15 -0500] "GET /favicon.ico HTTP/1.0" 404 1251 "https://blog.diixadigital.com/-/" "Mozilla/5.0 (Windows NT 10.0; Win64; x64) AppleWebKit/537.36 (KHTML, like Gecko) Chrome/123.0.0.0 Safari/537.36"
66.249.68.69 - - [27/Dec/2024:08:48:14 -0500] "GET /?b=125967566 HTTP/1.1" 200 81108 "-" "Mozilla/5.0 (Linux; Android 6.0.1; Nexus 5X Build/MMB29P) AppleWebKit/537.36 (KHTML, like Gecko) Chrome/131.0.6778.139 Mobile Safari/537.36 (compatible; GoogleOther)"
85.208.96.210 - - [27/Dec/2024:08:48:19 -0500] "GET /?b=329386366 HTTP/1.1" 200 21066 "-" "Mozilla/5.0 (compatible; SemrushBot/7~bl; +http://www.semrush.com/bot.html)"
66.29.132.124 - - [27/Dec/2024:08:48:23 -0500] "POST /wp-cron.php?doing_wp_cron=1735307303.0685770511627197265625 HTTP/1.1" 200 0 "-" "WordPress/6.7.1; https://blog.diixadigital.com"
185.191.171.16 - - [27/Dec/2024:08:48:22 -0500] "GET /?b=200424566 HTTP/1.1" 200 21065 "-" "Mozilla/5.0 (compatible; SemrushBot/7~bl; +http://www.semrush.com/bot.html)"
85.208.96.209 - - [27/Dec/2024:08:48:36 -0500] "GET /?b=113442166 HTTP/1.1" 200 21065 "-" "Mozilla/5.0 (compatible; SemrushBot/7~bl; +http://www.semrush.com/bot.html)"
66.249.68.68 - - [27/Dec/2024:08:48:37 -0500] "GET /?b=218761866 HTTP/1.1" 200 80062 "-" "Mozilla/5.0 (Linux; Android 6.0.1; Nexus 5X Build/MMB29P) AppleWebKit/537.36 (KHTML, like Gecko) Chrome/131.0.6778.139 Mobile Safari/537.36 (compatible; GoogleOther)"
66.29.132.124 - - [27/Dec/2024:08:48:56 -0500] "POST /wp-cron.php?doing_wp_cron=1735307336.5776550769805908203125 HTTP/1.1" 200 0 "-" "WordPress/6.7.1; https://blog.diixadigital.com"
85.208.96.204 - - [27/Dec/2024:08:48:56 -0500] "GET /?b=191538766 HTTP/1.1" 200 21080 "-" "Mozilla/5.0 (compatible; SemrushBot/7~bl; +http://www.semrush.com/bot.html)"
66.29.132.124 - - [27/Dec/2024:08:48:56 -0500] "POST /wp-admin/admin-ajax.php?action=async_litespeed&nonce=5d7cece248&litespeed_type=imgoptm HTTP/1.1" 200 21 "-" "WordPress/6.7.1; https://blog.diixadigital.com"
66.249.68.68 - - [27/Dec/2024:08:48:59 -0500] "GET /?b=123328466 HTTP/1.1" 200 80803 "-" "Mozilla/5.0 (Linux; Android 6.0.1; Nexus 5X Build/MMB29P) AppleWebKit/537.36 (KHTML, like Gecko) Chrome/131.0.6778.139 Mobile Safari/537.36 (compatible; GoogleOther)"
66.249.68.68 - - [27/Dec/2024:08:49:22 -0500] "GET /?b=173556466 HTTP/1.1" 200 81652 "-" "Mozilla/5.0 (Linux; Android 6.0.1; Nexus 5X Build/MMB29P) AppleWebKit/537.36 (KHTML, like Gecko) Chrome/131.0.6778.139 Mobile Safari/537.36 (compatible; GoogleOther)"
66.29.132.124 - - [27/Dec/2024:08:49:34 -0500] "POST /wp-cron.php?doing_wp_cron=1735307374.7966721057891845703125 HTTP/1.1" 200 0 "-" "WordPress/6.7.1; https://blog.diixadigital.com"
85.208.96.194 - - [27/Dec/2024:08:49:34 -0500] "GET /?b=96649466 HTTP/1.1" 200 21070 "-" "Mozilla/5.0 (compatible; SemrushBot/7~bl; +http://www.semrush.com/bot.html)"
66.249.68.68 - - [27/Dec/2024:08:49:44 -0500] "GET /?b=12446366 HTTP/1.1" 200 79796 "-" "Mozilla/5.0 (Linux; Android 6.0.1; Nexus 5X Build/MMB29P) AppleWebKit/537.36 (KHTML, like Gecko) Chrome/131.0.6778.139 Mobile Safari/537.36 (compatible; GoogleOther)"
185.191.171.19 - - [27/Dec/2024:08:49:46 -0500] "GET /?b=295710766 HTTP/1.1" 200 21063 "-" "Mozilla/5.0 (compatible; SemrushBot/7~bl; +http://www.semrush.com/bot.html)"
66.29.132.124 - - [27/Dec/2024:08:49:53 -0500] "POST /wp-cron.php?doing_wp_cron=1735307393.1388180255889892578125 HTTP/1.1" 200 0 "-" "WordPress/6.7.1; https://blog.diixadigital.com"
85.208.96.193 - - [27/Dec/2024:08:49:52 -0500] "GET /?b=269836666 HTTP/1.1" 200 21076 "-" "Mozilla/5.0 (compatible; SemrushBot/7~bl; +http://www.semrush.com/bot.html)"
66.29.132.124 - - [27/Dec/2024:08:49:53 -0500] "POST /wp-admin/admin-ajax.php?action=async_litespeed&nonce=5d7cece248&litespeed_type=imgoptm HTTP/1.1" 200 21 "-" "WordPress/6.7.1; https://blog.diixadigital.com"
85.208.96.199 - - [27/Dec/2024:08:49:58 -0500] "GET /?b=3667966 HTTP/1.1" 200 21075 "-" "Mozilla/5.0 (compatible; SemrushBot/7~bl; +http://www.semrush.com/bot.html)"
185.191.171.7 - - [27/Dec/2024:08:50:03 -0500] "GET /?b=226698966 HTTP/1.1" 200 21069 "-" "Mozilla/5.0 (compatible; SemrushBot/7~bl; +http://www.semrush.com/bot.html)"
85.208.96.202 - - [27/Dec/2024:08:50:05 -0500] "GET /?b=297033266 HTTP/1.1" 200 21070 "-" "Mozilla/5.0 (compatible; SemrushBot/7~bl; +http://www.semrush.com/bot.html)"
66.249.68.69 - - [27/Dec/2024:08:50:07 -0500] "GET /?b=343723666 HTTP/1.1" 200 79860 "-" "Mozilla/5.0 (Linux; Android 6.0.1; Nexus 5X Build/MMB29P) AppleWebKit/537.36 (KHTML, like Gecko) Chrome/131.0.6778.139 Mobile Safari/537.36 (compatible; GoogleOther)"
40.77.167.22 - - [27/Dec/2024:08:50:09 -0500] "GET /usnts/k2402582.html HTTP/1.1" 200 81306 "-" "Mozilla/5.0 AppleWebKit/537.36 (KHTML, like Gecko; compatible; bingbot/2.0; +http://www.bing.com/bingbot.htm) Chrome/116.0.1938.76 Safari/537.36"
40.77.167.22 - - [27/Dec/2024:08:50:11 -0500] "GET /ibuvl/y519910.html HTTP/1.1" 200 80478 "-" "Mozilla/5.0 AppleWebKit/537.36 (KHTML, like Gecko; compatible; bingbot/2.0; +http://www.bing.com/bingbot.htm) Chrome/116.0.1938.76 Safari/537.36"
202.8.43.232 - - [27/Dec/2024:08:50:20 -0500] "GET /?b=321683366 HTTP/1.1" 301 0 "-" "Mozilla/5.0 (Linux; Android 13) AppleWebKit/537.36 (KHTML, like Gecko) Chrome/108.0.5359.128 Mobile Safari/537.36 (compatible; AhrefsSiteAudit/6.1; +http://ahrefs.com/robot/site-audit)"
52.167.144.198 - - [27/Dec/2024:08:50:21 -0500] "GET /ltxzv/i2289584.html HTTP/1.1" 200 80763 "-" "Mozilla/5.0 AppleWebKit/537.36 (KHTML, like Gecko; compatible; bingbot/2.0; +http://www.bing.com/bingbot.htm) Chrome/116.0.1938.76 Safari/537.36"
40.77.167.65 - - [27/Dec/2024:08:50:25 -0500] "GET /vjbva/m1506078.html HTTP/1.1" 200 81900 "-" "Mozilla/5.0 AppleWebKit/537.36 (KHTML, like Gecko; compatible; bingbot/2.0; +http://www.bing.com/bingbot.htm) Chrome/116.0.1938.76 Safari/537.36"
66.29.132.124 - - [27/Dec/2024:08:50:28 -0500] "POST /wp-cron.php?doing_wp_cron=1735307428.3879981040954589843750 HTTP/1.1" 200 0 "-" "WordPress/6.7.1; https://blog.diixadigital.com"
202.8.43.232 - - [27/Dec/2024:08:50:28 -0500] "GET /?b=110434966 HTTP/1.1" 301 0 "-" "Mozilla/5.0 (Linux; Android 13) AppleWebKit/537.36 (KHTML, like Gecko) Chrome/108.0.5359.128 Mobile Safari/537.36 (compatible; AhrefsSiteAudit/6.1; +http://ahrefs.com/robot/site-audit)"
66.249.68.69 - - [27/Dec/2024:08:50:30 -0500] "GET /?b=280910966 HTTP/1.1" 200 80051 "-" "Mozilla/5.0 (Linux; Android 6.0.1; Nexus 5X Build/MMB29P) AppleWebKit/537.36 (KHTML, like Gecko) Chrome/131.0.6778.139 Mobile Safari/537.36 (compatible; GoogleOther)"
40.77.167.22 - - [27/Dec/2024:08:50:31 -0500] "GET /fnbhs/y770108.html HTTP/1.1" 200 80073 "-" "Mozilla/5.0 AppleWebKit/537.36 (KHTML, like Gecko; compatible; bingbot/2.0; +http://www.bing.com/bingbot.htm) Chrome/116.0.1938.76 Safari/537.36"
202.8.43.232 - - [27/Dec/2024:08:50:34 -0500] "GET /?b=124238366 HTTP/1.1" 301 0 "-" "Mozilla/5.0 (Linux; Android 13) AppleWebKit/537.36 (KHTML, like Gecko) Chrome/108.0.5359.128 Mobile Safari/537.36 (compatible; AhrefsSiteAudit/6.1; +http://ahrefs.com/robot/site-audit)"
185.191.171.7 - - [27/Dec/2024:08:50:34 -0500] "GET /?b=108569566 HTTP/1.1" 200 21067 "-" "Mozilla/5.0 (compatible; SemrushBot/7~bl; +http://www.semrush.com/bot.html)"
202.8.43.232 - - [27/Dec/2024:08:50:36 -0500] "GET /?b=319377666 HTTP/1.1" 301 0 "-" "Mozilla/5.0 (Linux; Android 13) AppleWebKit/537.36 (KHTML, like Gecko) Chrome/108.0.5359.128 Mobile Safari/537.36 (compatible; AhrefsSiteAudit/6.1; +http://ahrefs.com/robot/site-audit)"
85.208.96.197 - - [27/Dec/2024:08:50:43 -0500] "GET /?b=66725766 HTTP/1.1" 200 21075 "-" "Mozilla/5.0 (compatible; SemrushBot/7~bl; +http://www.semrush.com/bot.html)"
52.167.144.198 - - [27/Dec/2024:08:50:43 -0500] "GET /ghtkr/t1677893.html HTTP/1.1" 200 79525 "-" "Mozilla/5.0 AppleWebKit/537.36 (KHTML, like Gecko; compatible; bingbot/2.0; +http://www.bing.com/bingbot.htm) Chrome/116.0.1938.76 Safari/537.36"
202.8.43.233 - - [27/Dec/2024:08:50:46 -0500] "GET /?b=247227466 HTTP/1.1" 301 0 "-" "Mozilla/5.0 (Linux; Android 13) AppleWebKit/537.36 (KHTML, like Gecko) Chrome/108.0.5359.128 Mobile Safari/537.36 (compatible; AhrefsSiteAudit/6.1; +http://ahrefs.com/robot/site-audit)"
202.8.43.232 - - [27/Dec/2024:08:50:48 -0500] "GET /?b=192633766 HTTP/1.1" 301 0 "-" "Mozilla/5.0 (Linux; Android 13) AppleWebKit/537.36 (KHTML, like Gecko) Chrome/108.0.5359.128 Mobile Safari/537.36 (compatible; AhrefsSiteAudit/6.1; +http://ahrefs.com/robot/site-audit)"
66.29.132.124 - - [27/Dec/2024:08:50:52 -0500] "POST /wp-cron.php?doing_wp_cron=1735307452.4084858894348144531250 HTTP/1.1" 200 0 "-" "WordPress/6.7.1; https://blog.diixadigital.com"
202.8.43.232 - - [27/Dec/2024:08:50:52 -0500] "GET /?b=176594366 HTTP/1.1" 301 0 "-" "Mozilla/5.0 (Linux; Android 13) AppleWebKit/537.36 (KHTML, like Gecko) Chrome/108.0.5359.128 Mobile Safari/537.36 (compatible; AhrefsSiteAudit/6.1; +http://ahrefs.com/robot/site-audit)"
66.29.132.124 - - [27/Dec/2024:08:50:52 -0500] "POST /wp-admin/admin-ajax.php?action=async_litespeed&nonce=5d7cece248&litespeed_type=imgoptm HTTP/1.1" 200 21 "-" "WordPress/6.7.1; https://blog.diixadigital.com"
66.249.68.68 - - [27/Dec/2024:08:50:52 -0500] "GET /?b=68579566 HTTP/1.1" 200 79707 "-" "Mozilla/5.0 (Linux; Android 6.0.1; Nexus 5X Build/MMB29P) AppleWebKit/537.36 (KHTML, like Gecko) Chrome/131.0.6778.139 Mobile Safari/537.36 (compatible; GoogleOther)"
202.8.43.236 - - [27/Dec/2024:08:50:54 -0500] "GET /?b=133504766 HTTP/1.1" 301 0 "-" "Mozilla/5.0 (Linux; Android 13) AppleWebKit/537.36 (KHTML, like Gecko) Chrome/108.0.5359.128 Mobile Safari/537.36 (compatible; AhrefsSiteAudit/6.1; +http://ahrefs.com/robot/site-audit)"
202.8.43.233 - - [27/Dec/2024:08:50:58 -0500] "GET /?b=94389166 HTTP/1.1" 301 0 "-" "Mozilla/5.0 (Linux; Android 13) AppleWebKit/537.36 (KHTML, like Gecko) Chrome/108.0.5359.128 Mobile Safari/537.36 (compatible; AhrefsSiteAudit/6.1; +http://ahrefs.com/robot/site-audit)"
202.8.43.233 - - [27/Dec/2024:08:51:00 -0500] "GET /?b=33743866 HTTP/1.1" 301 0 "-" "Mozilla/5.0 (Linux; Android 13) AppleWebKit/537.36 (KHTML, like Gecko) Chrome/108.0.5359.128 Mobile Safari/537.36 (compatible; AhrefsSiteAudit/6.1; +http://ahrefs.com/robot/site-audit)"
202.8.43.236 - - [27/Dec/2024:08:51:02 -0500] "GET /?b=85080566 HTTP/1.1" 301 0 "-" "Mozilla/5.0 (Linux; Android 13) AppleWebKit/537.36 (KHTML, like Gecko) Chrome/108.0.5359.128 Mobile Safari/537.36 (compatible; AhrefsSiteAudit/6.1; +http://ahrefs.com/robot/site-audit)"
202.8.43.236 - - [27/Dec/2024:08:51:08 -0500] "GET /?b=322253666 HTTP/1.1" 301 0 "-" "Mozilla/5.0 (Linux; Android 13) AppleWebKit/537.36 (KHTML, like Gecko) Chrome/108.0.5359.128 Mobile Safari/537.36 (compatible; AhrefsSiteAudit/6.1; +http://ahrefs.com/robot/site-audit)"
202.8.43.232 - - [27/Dec/2024:08:51:10 -0500] "GET /?b=191316166 HTTP/1.1" 301 0 "-" "Mozilla/5.0 (Linux; Android 13) AppleWebKit/537.36 (KHTML, like Gecko) Chrome/108.0.5359.128 Mobile Safari/537.36 (compatible; AhrefsSiteAudit/6.1; +http://ahrefs.com/robot/site-audit)"
202.8.43.233 - - [27/Dec/2024:08:51:12 -0500] "GET /?b=293705766 HTTP/1.1" 301 0 "-" "Mozilla/5.0 (Linux; Android 13) AppleWebKit/537.36 (KHTML, like Gecko) Chrome/108.0.5359.128 Mobile Safari/537.36 (compatible; AhrefsSiteAudit/6.1; +http://ahrefs.com/robot/site-audit)"
202.8.43.232 - - [27/Dec/2024:08:51:14 -0500] "GET /?b=45547566 HTTP/1.1" 301 0 "-" "Mozilla/5.0 (Linux; Android 13) AppleWebKit/537.36 (KHTML, like Gecko) Chrome/108.0.5359.128 Mobile Safari/537.36 (compatible; AhrefsSiteAudit/6.1; +http://ahrefs.com/robot/site-audit)"
66.249.68.69 - - [27/Dec/2024:08:51:15 -0500] "GET /?b=351004266 HTTP/1.1" 200 80961 "-" "Mozilla/5.0 (Linux; Android 6.0.1; Nexus 5X Build/MMB29P) AppleWebKit/537.36 (KHTML, like Gecko) Chrome/131.0.6778.139 Mobile Safari/537.36 (compatible; GoogleOther)"
202.8.43.233 - - [27/Dec/2024:08:51:16 -0500] "GET /?b=108517966 HTTP/1.1" 301 0 "-" "Mozilla/5.0 (Linux; Android 13) AppleWebKit/537.36 (KHTML, like Gecko) Chrome/108.0.5359.128 Mobile Safari/537.36 (compatible; AhrefsSiteAudit/6.1; +http://ahrefs.com/robot/site-audit)"
85.208.96.204 - - [27/Dec/2024:08:51:16 -0500] "GET /?b=198506566 HTTP/1.1" 200 21065 "-" "Mozilla/5.0 (compatible; SemrushBot/7~bl; +http://www.semrush.com/bot.html)"
202.8.43.232 - - [27/Dec/2024:08:51:20 -0500] "GET /?b=354112266 HTTP/1.1" 301 0 "-" "Mozilla/5.0 (Linux; Android 13) AppleWebKit/537.36 (KHTML, like Gecko) Chrome/108.0.5359.128 Mobile Safari/537.36 (compatible; AhrefsSiteAudit/6.1; +http://ahrefs.com/robot/site-audit)"
85.208.96.196 - - [27/Dec/2024:08:51:20 -0500] "GET /?b=159382766 HTTP/1.1" 200 21081 "-" "Mozilla/5.0 (compatible; SemrushBot/7~bl; +http://www.semrush.com/bot.html)"
66.29.132.124 - - [27/Dec/2024:08:51:22 -0500] "POST /wp-cron.php?doing_wp_cron=1735307482.4071009159088134765625 HTTP/1.1" 200 0 "-" "WordPress/6.7.1; https://blog.diixadigital.com"
202.8.43.232 - - [27/Dec/2024:08:51:22 -0500] "GET /?b=314406766 HTTP/1.1" 301 0 "-" "Mozilla/5.0 (Linux; Android 13) AppleWebKit/537.36 (KHTML, like Gecko) Chrome/108.0.5359.128 Mobile Safari/537.36 (compatible; AhrefsSiteAudit/6.1; +http://ahrefs.com/robot/site-audit)"
202.8.43.236 - - [27/Dec/2024:08:51:24 -0500] "GET /?b=291870566 HTTP/1.1" 301 0 "-" "Mozilla/5.0 (Linux; Android 13) AppleWebKit/537.36 (KHTML, like Gecko) Chrome/108.0.5359.128 Mobile Safari/537.36 (compatible; AhrefsSiteAudit/6.1; +http://ahrefs.com/robot/site-audit)"
202.8.43.232 - - [27/Dec/2024:08:51:28 -0500] "GET /?b=282309066 HTTP/1.1" 301 0 "-" "Mozilla/5.0 (Linux; Android 13) AppleWebKit/537.36 (KHTML, like Gecko) Chrome/108.0.5359.128 Mobile Safari/537.36 (compatible; AhrefsSiteAudit/6.1; +http://ahrefs.com/robot/site-audit)"
202.8.43.232 - - [27/Dec/2024:08:51:32 -0500] "GET /?b=129949166 HTTP/1.1" 301 0 "-" "Mozilla/5.0 (Linux; Android 13) AppleWebKit/537.36 (KHTML, like Gecko) Chrome/108.0.5359.128 Mobile Safari/537.36 (compatible; AhrefsSiteAudit/6.1; +http://ahrefs.com/robot/site-audit)"
185.191.171.6 - - [27/Dec/2024:08:51:35 -0500] "GET /?b=291163966 HTTP/1.1" 200 21068 "-" "Mozilla/5.0 (compatible; SemrushBot/7~bl; +http://www.semrush.com/bot.html)"
66.249.68.69 - - [27/Dec/2024:08:51:37 -0500] "GET /?b=315190866 HTTP/1.1" 200 79770 "-" "Mozilla/5.0 (Linux; Android 6.0.1; Nexus 5X Build/MMB29P) AppleWebKit/537.36 (KHTML, like Gecko) Chrome/131.0.6778.139 Mobile Safari/537.36 (compatible; GoogleOther)"
185.191.171.11 - - [27/Dec/2024:08:51:38 -0500] "GET /?b=296702066 HTTP/1.1" 200 21068 "-" "Mozilla/5.0 (compatible; SemrushBot/7~bl; +http://www.semrush.com/bot.html)"
202.8.43.235 - - [27/Dec/2024:08:51:39 -0500] "GET /?b=170423066 HTTP/1.1" 301 0 "-" "Mozilla/5.0 (Linux; Android 13) AppleWebKit/537.36 (KHTML, like Gecko) Chrome/108.0.5359.128 Mobile Safari/537.36 (compatible; AhrefsSiteAudit/6.1; +http://ahrefs.com/robot/site-audit)"
202.8.43.235 - - [27/Dec/2024:08:51:39 -0500] "GET /?b=141360166 HTTP/1.1" 301 0 "-" "Mozilla/5.0 (Linux; Android 13) AppleWebKit/537.36 (KHTML, like Gecko) Chrome/108.0.5359.128 Mobile Safari/537.36 (compatible; AhrefsSiteAudit/6.1; +http://ahrefs.com/robot/site-audit)"
202.8.43.233 - - [27/Dec/2024:08:51:40 -0500] "GET /?b=172305566 HTTP/1.1" 301 0 "-" "Mozilla/5.0 (Linux; Android 13) AppleWebKit/537.36 (KHTML, like Gecko) Chrome/108.0.5359.128 Mobile Safari/537.36 (compatible; AhrefsSiteAudit/6.1; +http://ahrefs.com/robot/site-audit)"
202.8.43.235 - - [27/Dec/2024:08:51:42 -0500] "GET /?b=182838466 HTTP/1.1" 301 0 "-" "Mozilla/5.0 (Linux; Android 13) AppleWebKit/537.36 (KHTML, like Gecko) Chrome/108.0.5359.128 Mobile Safari/537.36 (compatible; AhrefsSiteAudit/6.1; +http://ahrefs.com/robot/site-audit)"
52.167.144.198 - - [27/Dec/2024:08:51:43 -0500] "GET /mcqrx/x2385227.html HTTP/1.1" 200 79525 "-" "Mozilla/5.0 AppleWebKit/537.36 (KHTML, like Gecko; compatible; bingbot/2.0; +http://www.bing.com/bingbot.htm) Chrome/116.0.1938.76 Safari/537.36"
202.8.43.235 - - [27/Dec/2024:08:51:46 -0500] "GET /?b=316628866 HTTP/1.1" 301 0 "-" "Mozilla/5.0 (Linux; Android 13) AppleWebKit/537.36 (KHTML, like Gecko) Chrome/108.0.5359.128 Mobile Safari/537.36 (compatible; AhrefsSiteAudit/6.1; +http://ahrefs.com/robot/site-audit)"
185.191.171.10 - - [27/Dec/2024:08:51:46 -0500] "GET /?b=319622866 HTTP/1.1" 200 21074 "-" "Mozilla/5.0 (compatible; SemrushBot/7~bl; +http://www.semrush.com/bot.html)"
202.8.43.232 - - [27/Dec/2024:08:51:48 -0500] "GET /?b=317529066 HTTP/1.1" 301 0 "-" "Mozilla/5.0 (Linux; Android 13) AppleWebKit/537.36 (KHTML, like Gecko) Chrome/108.0.5359.128 Mobile Safari/537.36 (compatible; AhrefsSiteAudit/6.1; +http://ahrefs.com/robot/site-audit)"
66.29.132.124 - - [27/Dec/2024:08:51:54 -0500] "POST /wp-cron.php?doing_wp_cron=1735307514.6599619388580322265625 HTTP/1.1" 200 0 "-" "WordPress/6.7.1; https://blog.diixadigital.com"
202.8.43.232 - - [27/Dec/2024:08:51:54 -0500] "GET /?b=206623666 HTTP/1.1" 301 0 "-" "Mozilla/5.0 (Linux; Android 13) AppleWebKit/537.36 (KHTML, like Gecko) Chrome/108.0.5359.128 Mobile Safari/537.36 (compatible; AhrefsSiteAudit/6.1; +http://ahrefs.com/robot/site-audit)"
66.29.132.124 - - [27/Dec/2024:08:51:54 -0500] "POST /wp-admin/admin-ajax.php?action=async_litespeed&nonce=5d7cece248&litespeed_type=imgoptm HTTP/1.1" 200 21 "-" "WordPress/6.7.1; https://blog.diixadigital.com"
202.8.43.233 - - [27/Dec/2024:08:51:56 -0500] "GET /?b=238520066 HTTP/1.1" 301 0 "-" "Mozilla/5.0 (Linux; Android 13) AppleWebKit/537.36 (KHTML, like Gecko) Chrome/108.0.5359.128 Mobile Safari/537.36 (compatible; AhrefsSiteAudit/6.1; +http://ahrefs.com/robot/site-audit)"
85.208.96.209 - - [27/Dec/2024:08:51:56 -0500] "GET /?b=163646466 HTTP/1.1" 200 21052 "-" "Mozilla/5.0 (compatible; SemrushBot/7~bl; +http://www.semrush.com/bot.html)"
202.8.43.236 - - [27/Dec/2024:08:51:58 -0500] "GET /?b=155247166 HTTP/1.1" 301 0 "-" "Mozilla/5.0 (Linux; Android 13) AppleWebKit/537.36 (KHTML, like Gecko) Chrome/108.0.5359.128 Mobile Safari/537.36 (compatible; AhrefsSiteAudit/6.1; +http://ahrefs.com/robot/site-audit)"
202.8.43.233 - - [27/Dec/2024:08:52:00 -0500] "GET /?b=65831066 HTTP/1.1" 301 0 "-" "Mozilla/5.0 (Linux; Android 13) AppleWebKit/537.36 (KHTML, like Gecko) Chrome/108.0.5359.128 Mobile Safari/537.36 (compatible; AhrefsSiteAudit/6.1; +http://ahrefs.com/robot/site-audit)"
66.249.68.69 - - [27/Dec/2024:08:52:00 -0500] "GET /?b=265871266 HTTP/1.1" 200 80718 "-" "Mozilla/5.0 (Linux; Android 6.0.1; Nexus 5X Build/MMB29P) AppleWebKit/537.36 (KHTML, like Gecko) Chrome/131.0.6778.139 Mobile Safari/537.36 (compatible; GoogleOther)"
85.208.96.209 - - [27/Dec/2024:08:52:03 -0500] "GET /?b=347734866 HTTP/1.1" 200 21060 "-" "Mozilla/5.0 (compatible; SemrushBot/7~bl; +http://www.semrush.com/bot.html)"
202.8.43.233 - - [27/Dec/2024:08:52:04 -0500] "GET /?b=9898666 HTTP/1.1" 301 0 "-" "Mozilla/5.0 (Linux; Android 13) AppleWebKit/537.36 (KHTML, like Gecko) Chrome/108.0.5359.128 Mobile Safari/537.36 (compatible; AhrefsSiteAudit/6.1; +http://ahrefs.com/robot/site-audit)"
202.8.43.235 - - [27/Dec/2024:08:52:06 -0500] "GET /?b=251643866 HTTP/1.1" 301 0 "-" "Mozilla/5.0 (Linux; Android 13) AppleWebKit/537.36 (KHTML, like Gecko) Chrome/108.0.5359.128 Mobile Safari/537.36 (compatible; AhrefsSiteAudit/6.1; +http://ahrefs.com/robot/site-audit)"
202.8.43.235 - - [27/Dec/2024:08:52:08 -0500] "GET /?b=264366866 HTTP/1.1" 301 0 "-" "Mozilla/5.0 (Linux; Android 13) AppleWebKit/537.36 (KHTML, like Gecko) Chrome/108.0.5359.128 Mobile Safari/537.36 (compatible; AhrefsSiteAudit/6.1; +http://ahrefs.com/robot/site-audit)"
202.8.43.236 - - [27/Dec/2024:08:52:10 -0500] "GET /?b=299274966 HTTP/1.1" 301 0 "-" "Mozilla/5.0 (Linux; Android 13) AppleWebKit/537.36 (KHTML, like Gecko) Chrome/108.0.5359.128 Mobile Safari/537.36 (compatible; AhrefsSiteAudit/6.1; +http://ahrefs.com/robot/site-audit)"
185.191.171.1 - - [27/Dec/2024:08:52:10 -0500] "GET /?b=249645666 HTTP/1.1" 200 21072 "-" "Mozilla/5.0 (compatible; SemrushBot/7~bl; +http://www.semrush.com/bot.html)"
202.8.43.235 - - [27/Dec/2024:08:52:12 -0500] "GET /?b=41461366 HTTP/1.1" 301 0 "-" "Mozilla/5.0 (Linux; Android 13) AppleWebKit/537.36 (KHTML, like Gecko) Chrome/108.0.5359.128 Mobile Safari/537.36 (compatible; AhrefsSiteAudit/6.1; +http://ahrefs.com/robot/site-audit)"
