66.29.132.124 - - [25/Dec/2024:15:50:11 -0500] "POST /wp-cron.php?doing_wp_cron=1735159811.3820750713348388671875 HTTP/1.1" 200 0 "-" "WordPress/6.7.1; https://misswavenigeria.com"
79.142.79.51 - - [25/Dec/2024:15:50:09 -0500] "GET / HTTP/1.0" 200 109055 "https://misswavenigeria.com/" "Mozilla/5.0 (Windows NT 10.0; Win64; x64) AppleWebKit/537.36 (KHTML, like Gecko) Chrome/103.0.5060.66 Safari/537.36"
66.29.132.124 - - [25/Dec/2024:15:50:12 -0500] "POST /wp-admin/admin-ajax.php?action=async_litespeed&nonce=ldxCT3p9WMPy4lVr5Vaw1uZeDvvABBcH&litespeed_type=imgoptm HTTP/1.1" 200 21 "-" "WordPress/6.7.1; https://misswavenigeria.com"
79.142.79.51 - - [25/Dec/2024:15:50:14 -0500] "GET /register/ HTTP/1.0" 200 75922 "https://misswavenigeria.com/register/" "Mozilla/5.0 (Windows NT 10.0; Win64; x64) AppleWebKit/537.36 (KHTML, like Gecko) Chrome/103.0.5060.66 Safari/537.36"
79.142.79.51 - - [25/Dec/2024:15:50:16 -0500] "POST /register/ HTTP/1.0" 200 76048 "https://misswavenigeria.com/register/" "Mozilla/5.0 (Windows NT 10.0; Win64; x64) AppleWebKit/537.36 (KHTML, like Gecko) Chrome/103.0.5060.66 Safari/537.36"
66.29.132.124 - - [25/Dec/2024:15:51:35 -0500] "POST /wp-cron.php?doing_wp_cron=1735159895.0498940944671630859375 HTTP/1.1" 200 0 "-" "WordPress/6.7.1; https://misswavenigeria.com"
79.142.79.51 - - [25/Dec/2024:15:51:34 -0500] "GET /register/ HTTP/1.0" 200 75922 "https://misswavenigeria.com/" "Mozilla/5.0 (Windows NT 10.0; Win64; x64) AppleWebKit/537.36 (KHTML, like Gecko) Chrome/103.0.5060.66 Safari/537.36"
66.29.132.124 - - [25/Dec/2024:15:51:35 -0500] "POST /wp-admin/admin-ajax.php?action=async_litespeed&nonce=hShfnBcu7m95JG5ooOjKPiX6KdfmEO3u&litespeed_type=imgoptm HTTP/1.1" 200 21 "-" "WordPress/6.7.1; https://misswavenigeria.com"
66.29.132.124 - - [25/Dec/2024:15:52:43 -0500] "POST /wp-cron.php?doing_wp_cron=1735159963.3510990142822265625000 HTTP/1.1" 200 0 "-" "WordPress/6.7.1; https://misswavenigeria.com"
66.249.74.5 - - [25/Dec/2024:15:52:43 -0500] "GET /goods/T537829?k=product HTTP/1.1" 301 0 "-" "Mozilla/5.0 (Linux; Android 6.0.1; Nexus 5X Build/MMB29P) AppleWebKit/537.36 (KHTML, like Gecko) Chrome/131.0.6778.139 Mobile Safari/537.36 (compatible; Googlebot/2.1; +http://www.google.com/bot.html)"
66.29.132.124 - - [25/Dec/2024:15:52:43 -0500] "POST /wp-admin/admin-ajax.php?action=async_litespeed&nonce=Jn3sdbHBXbPFXb6V5tEd3LYLYeBf4Lzh&litespeed_type=imgoptm HTTP/1.1" 200 21 "-" "WordPress/6.7.1; https://misswavenigeria.com"
66.29.132.124 - - [25/Dec/2024:15:52:52 -0500] "POST /wp-cron.php?doing_wp_cron=1735159972.5840439796447753906250 HTTP/1.1" 200 0 "-" "WordPress/6.7.1; https://misswavenigeria.com"
66.249.65.99 - - [25/Dec/2024:15:52:52 -0500] "GET /goods/T537829?k=product HTTP/1.1" 404 15612 "-" "Mozilla/5.0 (Linux; Android 6.0.1; Nexus 5X Build/MMB29P) AppleWebKit/537.36 (KHTML, like Gecko) Chrome/131.0.6778.139 Mobile Safari/537.36 (compatible; Googlebot/2.1; +http://www.google.com/bot.html)"
66.29.132.124 - - [25/Dec/2024:15:52:52 -0500] "POST /wp-admin/admin-ajax.php?action=async_litespeed&nonce=nV9UyW4wQQbJqcraNUMwDMYoKF96ojnt&litespeed_type=imgoptm HTTP/1.1" 200 21 "-" "WordPress/6.7.1; https://misswavenigeria.com"
79.142.79.51 - - [25/Dec/2024:15:53:22 -0500] "GET / HTTP/1.0" 200 109053 "https://misswavenigeria.com/" "Mozilla/5.0 (Windows NT 10.0; Win64; x64) AppleWebKit/537.36 (KHTML, like Gecko) Chrome/103.0.0.0 Safari/537.36 Herring/95.1.8810.11"
79.142.79.51 - - [25/Dec/2024:15:53:25 -0500] "GET /register/ HTTP/1.0" 200 75922 "https://misswavenigeria.com/register/" "Mozilla/5.0 (Windows NT 10.0; Win64; x64) AppleWebKit/537.36 (KHTML, like Gecko) Chrome/103.0.0.0 Safari/537.36 Herring/95.1.8810.11"
66.29.132.124 - - [25/Dec/2024:15:53:26 -0500] "POST /wp-cron.php?doing_wp_cron=1735160006.8490149974822998046875 HTTP/1.1" 200 0 "-" "WordPress/6.7.1; https://misswavenigeria.com"
79.142.79.51 - - [25/Dec/2024:15:53:26 -0500] "POST /register/ HTTP/1.0" 200 76048 "https://misswavenigeria.com/register/" "Mozilla/5.0 (Windows NT 10.0; Win64; x64) AppleWebKit/537.36 (KHTML, like Gecko) Chrome/103.0.0.0 Safari/537.36 Herring/95.1.8810.11"
66.29.132.124 - - [25/Dec/2024:15:54:43 -0500] "POST /wp-cron.php?doing_wp_cron=1735160083.2846009731292724609375 HTTP/1.1" 200 0 "-" "WordPress/6.7.1; https://misswavenigeria.com"
79.142.79.51 - - [25/Dec/2024:15:54:43 -0500] "GET /register/ HTTP/1.0" 200 75922 "https://misswavenigeria.com/" "Mozilla/5.0 (Windows NT 10.0; Win64; x64) AppleWebKit/537.36 (KHTML, like Gecko) Chrome/103.0.0.0 Safari/537.36 Herring/95.1.8810.11"
66.29.132.124 - - [25/Dec/2024:15:54:43 -0500] "POST /wp-admin/admin-ajax.php?action=async_litespeed&nonce=VZ70HhtIjZPgs3ZRq28y0Tkj829QtDzW&litespeed_type=imgoptm HTTP/1.1" 200 21 "-" "WordPress/6.7.1; https://misswavenigeria.com"
66.29.132.124 - - [25/Dec/2024:15:56:32 -0500] "POST /wp-cron.php?doing_wp_cron=1735160192.4486279487609863281250 HTTP/1.1" 200 0 "-" "WordPress/6.7.1; https://misswavenigeria.com"
79.142.79.51 - - [25/Dec/2024:15:56:31 -0500] "GET / HTTP/1.0" 200 109055 "https://misswavenigeria.com/" "Mozilla/5.0 (Windows NT 6.1; Win64; x64) AppleWebKit/537.36 (KHTML, like Gecko) Chrome/103.0.0.0 Safari/537.36"
66.29.132.124 - - [25/Dec/2024:15:56:32 -0500] "POST /wp-admin/admin-ajax.php?action=async_litespeed&nonce=nynWHJgap8QIBKB5a6uXMi3VuSClgB1F&litespeed_type=imgoptm HTTP/1.1" 200 21 "-" "WordPress/6.7.1; https://misswavenigeria.com"
79.142.79.51 - - [25/Dec/2024:15:56:34 -0500] "GET /register/ HTTP/1.0" 200 75922 "https://misswavenigeria.com/register/" "Mozilla/5.0 (Windows NT 6.1; Win64; x64) AppleWebKit/537.36 (KHTML, like Gecko) Chrome/103.0.0.0 Safari/537.36"
79.142.79.51 - - [25/Dec/2024:15:56:36 -0500] "POST /register/ HTTP/1.0" 200 76048 "https://misswavenigeria.com/register/" "Mozilla/5.0 (Windows NT 6.1; Win64; x64) AppleWebKit/537.36 (KHTML, like Gecko) Chrome/103.0.0.0 Safari/537.36"
66.29.132.124 - - [25/Dec/2024:15:57:43 -0500] "POST /wp-cron.php?doing_wp_cron=1735160263.5676019191741943359375 HTTP/1.1" 200 0 "-" "WordPress/6.7.1; https://misswavenigeria.com"
79.142.79.51 - - [25/Dec/2024:15:57:43 -0500] "GET /register/ HTTP/1.0" 200 75922 "https://misswavenigeria.com/" "Mozilla/5.0 (Windows NT 6.1; Win64; x64) AppleWebKit/537.36 (KHTML, like Gecko) Chrome/103.0.0.0 Safari/537.36"
66.29.132.124 - - [25/Dec/2024:15:57:43 -0500] "POST /wp-admin/admin-ajax.php?action=async_litespeed&nonce=lyiHSVm5wv7UInwszP8E9k4GsOT0NBcF&litespeed_type=imgoptm HTTP/1.1" 200 21 "-" "WordPress/6.7.1; https://misswavenigeria.com"
66.29.132.124 - - [25/Dec/2024:15:59:42 -0500] "POST /wp-cron.php?doing_wp_cron=1735160382.9043760299682617187500 HTTP/1.1" 200 0 "-" "WordPress/6.7.1; https://misswavenigeria.com"
79.142.79.51 - - [25/Dec/2024:15:59:41 -0500] "GET / HTTP/1.0" 200 109051 "https://misswavenigeria.com/" "Mozilla/5.0 (Windows NT 6.1) AppleWebKit/537.36 (KHTML, like Gecko) Chrome/103.0.5060.114 Safari/537.36"
66.29.132.124 - - [25/Dec/2024:15:59:43 -0500] "POST /wp-admin/admin-ajax.php?action=async_litespeed&nonce=WGXemSC4X49J0wXQvF98ETdOUlrBs1ZB&litespeed_type=imgoptm HTTP/1.1" 200 21 "-" "WordPress/6.7.1; https://misswavenigeria.com"
79.142.79.51 - - [25/Dec/2024:15:59:45 -0500] "GET /register/ HTTP/1.0" 200 75922 "https://misswavenigeria.com/register/" "Mozilla/5.0 (Windows NT 6.1) AppleWebKit/537.36 (KHTML, like Gecko) Chrome/103.0.5060.114 Safari/537.36"
79.142.79.51 - - [25/Dec/2024:15:59:46 -0500] "POST /register/ HTTP/1.0" 200 76048 "https://misswavenigeria.com/register/" "Mozilla/5.0 (Windows NT 6.1) AppleWebKit/537.36 (KHTML, like Gecko) Chrome/103.0.5060.114 Safari/537.36"
66.29.132.124 - - [25/Dec/2024:16:01:16 -0500] "POST /wp-cron.php?doing_wp_cron=1735160476.0013780593872070312500 HTTP/1.1" 200 0 "-" "WordPress/6.7.1; https://misswavenigeria.com"
79.142.79.51 - - [25/Dec/2024:16:01:15 -0500] "GET /register/ HTTP/1.0" 200 75922 "https://misswavenigeria.com/" "Mozilla/5.0 (Windows NT 6.1) AppleWebKit/537.36 (KHTML, like Gecko) Chrome/103.0.5060.114 Safari/537.36"
66.29.132.124 - - [25/Dec/2024:16:01:16 -0500] "POST /wp-admin/admin-ajax.php?action=async_litespeed&nonce=HrlzazBphWuYevprbxK8Hn3GVLR6Q6S1&litespeed_type=imgoptm HTTP/1.1" 200 21 "-" "WordPress/6.7.1; https://misswavenigeria.com"
66.249.65.99 - - [25/Dec/2024:16:06:20 -0500] "GET /guide/760ml HTTP/1.1" 404 15611 "-" "Mozilla/5.0 (Linux; Android 6.0.1; Nexus 5X Build/MMB29P) AppleWebKit/537.36 (KHTML, like Gecko) Chrome/131.0.6778.139 Mobile Safari/537.36 (compatible; Googlebot/2.1; +http://www.google.com/bot.html)"
66.29.132.124 - - [25/Dec/2024:16:02:54 -0500] "POST /wp-cron.php?doing_wp_cron=1735160574.6183760166168212890625 HTTP/1.1" 200 0 "-" "WordPress/6.7.1; https://misswavenigeria.com"
79.142.79.51 - - [25/Dec/2024:16:02:52 -0500] "GET / HTTP/1.0" 200 109055 "https://misswavenigeria.com/" "Mozilla/5.0 (Windows NT 10.0; Win64; x64) AppleWebKit/537.36 (KHTML, like Gecko) Chrome/103.0.5042.0 Safari/537.36"
66.29.132.124 - - [25/Dec/2024:16:02:54 -0500] "POST /wp-admin/admin-ajax.php?action=async_litespeed&nonce=LhhKVdWSUwr7AQ3sKEmEPiflAAMJS0dT&litespeed_type=imgoptm HTTP/1.1" 200 21 "-" "WordPress/6.7.1; https://misswavenigeria.com"
79.142.79.51 - - [25/Dec/2024:16:02:56 -0500] "GET /register/ HTTP/1.0" 200 75922 "https://misswavenigeria.com/register/" "Mozilla/5.0 (Windows NT 10.0; Win64; x64) AppleWebKit/537.36 (KHTML, like Gecko) Chrome/103.0.5042.0 Safari/537.36"
66.249.74.6 - - [25/Dec/2024:16:03:23 -0500] "GET /goods/V363371?k=product HTTP/1.1" 301 0 "-" "Mozilla/5.0 (Linux; Android 6.0.1; Nexus 5X Build/MMB29P) AppleWebKit/537.36 (KHTML, like Gecko) Chrome/131.0.6778.139 Mobile Safari/537.36 (compatible; Googlebot/2.1; +http://www.google.com/bot.html)"
66.29.132.124 - - [25/Dec/2024:16:03:30 -0500] "POST /wp-cron.php?doing_wp_cron=1735160610.0287280082702636718750 HTTP/1.1" 200 0 "-" "WordPress/6.7.1; https://misswavenigeria.com"
66.249.65.99 - - [25/Dec/2024:16:03:29 -0500] "GET /goods/V363371?k=product HTTP/1.1" 404 15610 "-" "Mozilla/5.0 (Linux; Android 6.0.1; Nexus 5X Build/MMB29P) AppleWebKit/537.36 (KHTML, like Gecko) Chrome/131.0.6778.139 Mobile Safari/537.36 (compatible; Googlebot/2.1; +http://www.google.com/bot.html)"
66.249.74.4 - - [25/Dec/2024:16:03:41 -0500] "GET /goods/V792917?k=product HTTP/1.1" 301 0 "-" "Mozilla/5.0 (Linux; Android 6.0.1; Nexus 5X Build/MMB29P) AppleWebKit/537.36 (KHTML, like Gecko) Chrome/131.0.6778.139 Mobile Safari/537.36 (compatible; Googlebot/2.1; +http://www.google.com/bot.html)"
66.249.65.98 - - [25/Dec/2024:16:03:47 -0500] "GET /goods/V792917?k=product HTTP/1.1" 404 15610 "-" "Mozilla/5.0 (Linux; Android 6.0.1; Nexus 5X Build/MMB29P) AppleWebKit/537.36 (KHTML, like Gecko) Chrome/131.0.6778.139 Mobile Safari/537.36 (compatible; Googlebot/2.1; +http://www.google.com/bot.html)"
79.142.79.51 - - [25/Dec/2024:16:02:58 -0500] "POST /register/ HTTP/1.0" 200 76048 "https://misswavenigeria.com/register/" "Mozilla/5.0 (Windows NT 10.0; Win64; x64) AppleWebKit/537.36 (KHTML, like Gecko) Chrome/103.0.5042.0 Safari/537.36"
66.29.132.124 - - [25/Dec/2024:16:04:49 -0500] "POST /wp-cron.php?doing_wp_cron=1735160689.6167690753936767578125 HTTP/1.1" 200 0 "-" "WordPress/6.7.1; https://misswavenigeria.com"
79.142.79.51 - - [25/Dec/2024:16:04:49 -0500] "GET /register/ HTTP/1.0" 200 75922 "https://misswavenigeria.com/" "Mozilla/5.0 (Windows NT 10.0; Win64; x64) AppleWebKit/537.36 (KHTML, like Gecko) Chrome/103.0.5042.0 Safari/537.36"
66.29.132.124 - - [25/Dec/2024:16:04:49 -0500] "POST /wp-admin/admin-ajax.php?action=async_litespeed&nonce=MXugUBvReuFy5cXilAWbxOm4L7fYPwQf&litespeed_type=imgoptm HTTP/1.1" 200 21 "-" "WordPress/6.7.1; https://misswavenigeria.com"
66.29.132.124 - - [25/Dec/2024:16:06:07 -0500] "POST /wp-cron.php?doing_wp_cron=1735160767.3274331092834472656250 HTTP/1.1" 200 0 "-" "WordPress/6.7.1; https://misswavenigeria.com"
79.142.79.51 - - [25/Dec/2024:16:06:07 -0500] "GET / HTTP/1.0" 200 109053 "https://misswavenigeria.com/" "Mozilla/5.0 (Windows NT 6.1; WOW64) AppleWebKit/537.36 (KHTML, like Gecko) Chrome/103.0.0.0 Safari/537.36"
66.29.132.124 - - [25/Dec/2024:16:06:07 -0500] "POST /wp-admin/admin-ajax.php?action=async_litespeed&nonce=4o5WSDkV0i6qDHQdKoEdqZvl9GmHCVA9&litespeed_type=imgoptm HTTP/1.1" 200 21 "-" "WordPress/6.7.1; https://misswavenigeria.com"
79.142.79.51 - - [25/Dec/2024:16:06:09 -0500] "GET /register/ HTTP/1.0" 200 75922 "https://misswavenigeria.com/register/" "Mozilla/5.0 (Windows NT 6.1; WOW64) AppleWebKit/537.36 (KHTML, like Gecko) Chrome/103.0.0.0 Safari/537.36"
79.142.79.51 - - [25/Dec/2024:16:06:11 -0500] "POST /register/ HTTP/1.0" 200 76048 "https://misswavenigeria.com/register/" "Mozilla/5.0 (Windows NT 6.1; WOW64) AppleWebKit/537.36 (KHTML, like Gecko) Chrome/103.0.0.0 Safari/537.36"
66.29.132.124 - - [25/Dec/2024:16:08:25 -0500] "POST /wp-cron.php?doing_wp_cron=1735160905.8586359024047851562500 HTTP/1.1" 200 0 "-" "WordPress/6.7.1; https://misswavenigeria.com"
79.142.79.51 - - [25/Dec/2024:16:08:25 -0500] "GET /register/ HTTP/1.0" 200 75922 "https://misswavenigeria.com/" "Mozilla/5.0 (Windows NT 6.1; WOW64) AppleWebKit/537.36 (KHTML, like Gecko) Chrome/103.0.0.0 Safari/537.36"
66.29.132.124 - - [25/Dec/2024:16:08:26 -0500] "POST /wp-admin/admin-ajax.php?action=async_litespeed&nonce=4ysBiG4bzqyf741FkwrS76c3wiR2JaFy&litespeed_type=imgoptm HTTP/1.1" 200 21 "-" "WordPress/6.7.1; https://misswavenigeria.com"
66.29.132.124 - - [25/Dec/2024:16:09:19 -0500] "POST /wp-cron.php?doing_wp_cron=1735160959.0951020717620849609375 HTTP/1.1" 200 0 "-" "WordPress/6.7.1; https://misswavenigeria.com"
79.142.79.51 - - [25/Dec/2024:16:09:18 -0500] "GET / HTTP/1.0" 200 109055 "https://misswavenigeria.com/" "Mozilla/5.0 (Windows NT 6.1; Win64; x64) AppleWebKit/537.36 (KHTML, like Gecko) Chrome/103.0.0.0 Safari/537.36"
66.29.132.124 - - [25/Dec/2024:16:09:19 -0500] "POST /wp-admin/admin-ajax.php?action=async_litespeed&nonce=FzDsZuGeT00Qjz9NgN6jmgVT2lR9yKrU&litespeed_type=imgoptm HTTP/1.1" 200 21 "-" "WordPress/6.7.1; https://misswavenigeria.com"
79.142.79.51 - - [25/Dec/2024:16:09:21 -0500] "GET /register/ HTTP/1.0" 200 75922 "https://misswavenigeria.com/register/" "Mozilla/5.0 (Windows NT 6.1; Win64; x64) AppleWebKit/537.36 (KHTML, like Gecko) Chrome/103.0.0.0 Safari/537.36"
79.142.79.51 - - [25/Dec/2024:16:09:23 -0500] "POST /register/ HTTP/1.0" 200 76048 "https://misswavenigeria.com/register/" "Mozilla/5.0 (Windows NT 6.1; Win64; x64) AppleWebKit/537.36 (KHTML, like Gecko) Chrome/103.0.0.0 Safari/537.36"
66.29.132.124 - - [25/Dec/2024:16:11:06 -0500] "POST /wp-cron.php?doing_wp_cron=1735161066.4706060886383056640625 HTTP/1.1" 200 0 "-" "WordPress/6.7.1; https://misswavenigeria.com"
79.142.79.51 - - [25/Dec/2024:16:11:06 -0500] "GET /register/ HTTP/1.0" 200 75922 "https://misswavenigeria.com/" "Mozilla/5.0 (Windows NT 6.1; Win64; x64) AppleWebKit/537.36 (KHTML, like Gecko) Chrome/103.0.0.0 Safari/537.36"
66.29.132.124 - - [25/Dec/2024:16:11:06 -0500] "POST /wp-admin/admin-ajax.php?action=async_litespeed&nonce=YYqL9Cg489epVsH43UlaWAUxCUB1V0Zh&litespeed_type=imgoptm HTTP/1.1" 200 21 "-" "WordPress/6.7.1; https://misswavenigeria.com"
66.29.132.124 - - [25/Dec/2024:16:12:27 -0500] "POST /wp-cron.php?doing_wp_cron=1735161147.6028339862823486328125 HTTP/1.1" 200 0 "-" "WordPress/6.7.1; https://misswavenigeria.com"
79.142.79.51 - - [25/Dec/2024:16:12:27 -0500] "GET / HTTP/1.0" 200 109055 "https://misswavenigeria.com/" "Mozilla/5.0 (Windows NT 6.3; Win64; x64) AppleWebKit/537.36 (KHTML, like Gecko) Chrome/103.0.5060.53 Safari/537.36"
66.29.132.124 - - [25/Dec/2024:16:12:27 -0500] "POST /wp-admin/admin-ajax.php?action=async_litespeed&nonce=s0BCpEBxLolaUAuX359HAQVYJptmmjoq&litespeed_type=imgoptm HTTP/1.1" 200 21 "-" "WordPress/6.7.1; https://misswavenigeria.com"
79.142.79.51 - - [25/Dec/2024:16:12:29 -0500] "GET /register/ HTTP/1.0" 200 75922 "https://misswavenigeria.com/register/" "Mozilla/5.0 (Windows NT 6.3; Win64; x64) AppleWebKit/537.36 (KHTML, like Gecko) Chrome/103.0.5060.53 Safari/537.36"
79.142.79.51 - - [25/Dec/2024:16:12:31 -0500] "POST /register/ HTTP/1.0" 200 76048 "https://misswavenigeria.com/register/" "Mozilla/5.0 (Windows NT 6.3; Win64; x64) AppleWebKit/537.36 (KHTML, like Gecko) Chrome/103.0.5060.53 Safari/537.36"
66.29.132.124 - - [25/Dec/2024:16:14:01 -0500] "POST /wp-cron.php?doing_wp_cron=1735161241.5652000904083251953125 HTTP/1.1" 200 0 "-" "WordPress/6.7.1; https://misswavenigeria.com"
79.142.79.51 - - [25/Dec/2024:16:13:59 -0500] "GET /register/ HTTP/1.0" 200 75922 "https://misswavenigeria.com/" "Mozilla/5.0 (Windows NT 6.3; Win64; x64) AppleWebKit/537.36 (KHTML, like Gecko) Chrome/103.0.5060.53 Safari/537.36"
66.29.132.124 - - [25/Dec/2024:16:14:03 -0500] "POST /wp-admin/admin-ajax.php?action=async_litespeed&nonce=QEJ17wcxGIMhnA1ucpOKFRd6AQmD2Xi9&litespeed_type=imgoptm HTTP/1.1" 200 0 "-" "WordPress/6.7.1; https://misswavenigeria.com"
66.29.132.124 - - [25/Dec/2024:16:15:06 -0500] "POST /wp-cron.php?doing_wp_cron=1735161305.9609379768371582031250 HTTP/1.1" 200 0 "-" "WordPress/6.7.1; https://misswavenigeria.com"
66.249.74.5 - - [25/Dec/2024:16:15:03 -0500] "GET /goods/Y697344?k=product HTTP/1.1" 301 0 "-" "Mozilla/5.0 (Linux; Android 6.0.1; Nexus 5X Build/MMB29P) AppleWebKit/537.36 (KHTML, like Gecko) Chrome/131.0.6778.139 Mobile Safari/537.36 (compatible; Googlebot/2.1; +http://www.google.com/bot.html)"
66.29.132.124 - - [25/Dec/2024:16:15:10 -0500] "POST /wp-admin/admin-ajax.php?action=async_litespeed&nonce=EmCCdHdBUpe084DXUULV0qj8rMNIGDA3&litespeed_type=imgoptm HTTP/1.1" 200 0 "-" "WordPress/6.7.1; https://misswavenigeria.com"
66.249.65.99 - - [25/Dec/2024:16:15:07 -0500] "GET /goods/Y697344?k=product HTTP/1.1" 404 15611 "-" "Mozilla/5.0 (Linux; Android 6.0.1; Nexus 5X Build/MMB29P) AppleWebKit/537.36 (KHTML, like Gecko) Chrome/131.0.6778.139 Mobile Safari/537.36 (compatible; Googlebot/2.1; +http://www.google.com/bot.html)"
66.29.132.124 - - [25/Dec/2024:16:15:34 -0500] "POST /wp-cron.php?doing_wp_cron=1735161334.5591928958892822265625 HTTP/1.1" 200 0 "-" "WordPress/6.7.1; https://misswavenigeria.com"
66.249.65.98 - - [25/Dec/2024:16:15:30 -0500] "GET /goods/3011.html HTTP/1.1" 404 15611 "-" "Mozilla/5.0 (Linux; Android 6.0.1; Nexus 5X Build/MMB29P) AppleWebKit/537.36 (KHTML, like Gecko) Chrome/131.0.6778.139 Mobile Safari/537.36 (compatible; Googlebot/2.1; +http://www.google.com/bot.html)"
79.142.79.51 - - [25/Dec/2024:16:15:33 -0500] "GET / HTTP/1.0" 200 109051 "https://misswavenigeria.com/" "Mozilla/5.0 (Windows NT 10.0; Win64; x64) AppleWebKit/537.36 (KHTML, like Gecko) Chrome/103.0.5060.114 Safari/537.36"
79.142.79.51 - - [25/Dec/2024:16:15:45 -0500] "GET /register/ HTTP/1.0" 200 75922 "https://misswavenigeria.com/register/" "Mozilla/5.0 (Windows NT 10.0; Win64; x64) AppleWebKit/537.36 (KHTML, like Gecko) Chrome/103.0.5060.114 Safari/537.36"
66.29.132.124 - - [25/Dec/2024:16:15:50 -0500] "POST /wp-cron.php?doing_wp_cron=1735161350.8596611022949218750000 HTTP/1.1" 200 0 "-" "WordPress/6.7.1; https://misswavenigeria.com"
66.29.132.124 - - [25/Dec/2024:16:15:56 -0500] "POST /wp-admin/admin-ajax.php?action=async_litespeed&nonce=cnNokQra3zMp53uGiQCJGdrcrN1uzQVe&litespeed_type=imgoptm HTTP/1.1" 200 0 "-" "WordPress/6.7.1; https://misswavenigeria.com"
66.249.74.4 - - [25/Dec/2024:16:15:56 -0500] "GET /goods/E883952?k=product HTTP/1.1" 301 0 "-" "Mozilla/5.0 (Linux; Android 6.0.1; Nexus 5X Build/MMB29P) AppleWebKit/537.36 (KHTML, like Gecko) Chrome/131.0.6778.139 Mobile Safari/537.36 (compatible; Googlebot/2.1; +http://www.google.com/bot.html)"
66.249.65.99 - - [25/Dec/2024:16:16:03 -0500] "GET /goods/E883952?k=product HTTP/1.1" 404 15612 "-" "Mozilla/5.0 (Linux; Android 6.0.1; Nexus 5X Build/MMB29P) AppleWebKit/537.36 (KHTML, like Gecko) Chrome/131.0.6778.139 Mobile Safari/537.36 (compatible; Googlebot/2.1; +http://www.google.com/bot.html)"
79.142.79.51 - - [25/Dec/2024:16:15:47 -0500] "POST /register/ HTTP/1.0" 200 0 "https://misswavenigeria.com/register/" "Mozilla/5.0 (Windows NT 10.0; Win64; x64) AppleWebKit/537.36 (KHTML, like Gecko) Chrome/103.0.5060.114 Safari/537.36"
79.142.79.51 - - [25/Dec/2024:16:18:18 -0500] "GET /register/ HTTP/1.0" 200 75922 "https://misswavenigeria.com/" "Mozilla/5.0 (Windows NT 10.0; Win64; x64) AppleWebKit/537.36 (KHTML, like Gecko) Chrome/103.0.5060.114 Safari/537.36"
79.142.79.51 - - [25/Dec/2024:16:18:41 -0500] "GET / HTTP/1.0" 200 109051 "https://misswavenigeria.com/" "Mozilla/5.0 (Windows NT 6.1; Win64; x64) AppleWebKit/537.36 (KHTML, like Gecko) Chrome/103.0.0.0 Safari/537.36"
79.142.79.51 - - [25/Dec/2024:16:18:43 -0500] "GET /register/ HTTP/1.0" 200 75922 "https://misswavenigeria.com/register/" "Mozilla/5.0 (Windows NT 6.1; Win64; x64) AppleWebKit/537.36 (KHTML, like Gecko) Chrome/103.0.0.0 Safari/537.36"
66.29.132.124 - - [25/Dec/2024:16:18:46 -0500] "POST /wp-cron.php?doing_wp_cron=1735161526.6602621078491210937500 HTTP/1.1" 200 0 "-" "WordPress/6.7.1; https://misswavenigeria.com"
66.29.132.124 - - [25/Dec/2024:16:18:49 -0500] "POST /wp-admin/admin-ajax.php?action=async_litespeed&nonce=a3yFfZBVqQkJekfGKK20pDuSOImCKb8i&litespeed_type=imgoptm HTTP/1.1" 200 0 "-" "WordPress/6.7.1; https://misswavenigeria.com"
79.142.79.51 - - [25/Dec/2024:16:18:44 -0500] "POST /register/ HTTP/1.0" 200 0 "https://misswavenigeria.com/register/" "Mozilla/5.0 (Windows NT 6.1; Win64; x64) AppleWebKit/537.36 (KHTML, like Gecko) Chrome/103.0.0.0 Safari/537.36"
79.142.79.51 - - [25/Dec/2024:16:21:15 -0500] "GET /register/ HTTP/1.0" 200 75922 "https://misswavenigeria.com/" "Mozilla/5.0 (Windows NT 6.1; Win64; x64) AppleWebKit/537.36 (KHTML, like Gecko) Chrome/103.0.0.0 Safari/537.36"
79.142.79.51 - - [25/Dec/2024:16:21:47 -0500] "GET / HTTP/1.0" 200 109051 "https://misswavenigeria.com/" "Mozilla/5.0 (Windows NT 6.3; Win64; x64) AppleWebKit/537.36 (KHTML, like Gecko) Chrome/103.0.0.0 Safari/537.36"
79.142.79.51 - - [25/Dec/2024:16:21:49 -0500] "GET /register/ HTTP/1.0" 200 75922 "https://misswavenigeria.com/register/" "Mozilla/5.0 (Windows NT 6.3; Win64; x64) AppleWebKit/537.36 (KHTML, like Gecko) Chrome/103.0.0.0 Safari/537.36"
66.29.132.124 - - [25/Dec/2024:16:21:51 -0500] "POST /wp-cron.php?doing_wp_cron=1735161711.2193360328674316406250 HTTP/1.1" 200 0 "-" "WordPress/6.7.1; https://misswavenigeria.com"
66.29.132.124 - - [25/Dec/2024:16:21:52 -0500] "POST /wp-admin/admin-ajax.php?action=async_litespeed&nonce=VESnVZZllFuLxhPktgn4ORpQUT13UsHe&litespeed_type=imgoptm HTTP/1.1" 200 0 "-" "WordPress/6.7.1; https://misswavenigeria.com"
79.142.79.51 - - [25/Dec/2024:16:21:50 -0500] "POST /register/ HTTP/1.0" 200 0 "https://misswavenigeria.com/register/" "Mozilla/5.0 (Windows NT 6.3; Win64; x64) AppleWebKit/537.36 (KHTML, like Gecko) Chrome/103.0.0.0 Safari/537.36"
79.142.79.51 - - [25/Dec/2024:16:24:21 -0500] "GET /register/ HTTP/1.0" 200 75922 "https://misswavenigeria.com/" "Mozilla/5.0 (Windows NT 6.3; Win64; x64) AppleWebKit/537.36 (KHTML, like Gecko) Chrome/103.0.0.0 Safari/537.36"
79.142.79.51 - - [25/Dec/2024:16:24:51 -0500] "GET / HTTP/1.0" 200 109051 "https://misswavenigeria.com/" "Mozilla/5.0 (Windows NT 10.0; Win64; x64) AppleWebKit/537.36 (KHTML, like Gecko) Chrome/103.0.5042.0 Safari/537.36"
79.142.79.51 - - [25/Dec/2024:16:24:53 -0500] "GET /register/ HTTP/1.0" 200 75922 "https://misswavenigeria.com/register/" "Mozilla/5.0 (Windows NT 10.0; Win64; x64) AppleWebKit/537.36 (KHTML, like Gecko) Chrome/103.0.5042.0 Safari/537.36"
66.29.132.124 - - [25/Dec/2024:16:25:01 -0500] "POST /wp-cron.php?doing_wp_cron=1735161900.7676129341125488281250 HTTP/1.1" 200 0 "-" "WordPress/6.7.1; https://misswavenigeria.com"
66.29.132.124 - - [25/Dec/2024:16:25:05 -0500] "POST /wp-admin/admin-ajax.php?action=async_litespeed&nonce=vLCvw0ksMas1zcNoMYiB7CJPyLjuSZ3v&litespeed_type=imgoptm HTTP/1.1" 200 0 "-" "WordPress/6.7.1; https://misswavenigeria.com"
79.142.79.51 - - [25/Dec/2024:16:24:55 -0500] "POST /register/ HTTP/1.0" 200 0 "https://misswavenigeria.com/register/" "Mozilla/5.0 (Windows NT 10.0; Win64; x64) AppleWebKit/537.36 (KHTML, like Gecko) Chrome/103.0.5042.0 Safari/537.36"
79.142.79.51 - - [25/Dec/2024:16:27:26 -0500] "GET /register/ HTTP/1.0" 200 75922 "https://misswavenigeria.com/" "Mozilla/5.0 (Windows NT 10.0; Win64; x64) AppleWebKit/537.36 (KHTML, like Gecko) Chrome/103.0.5042.0 Safari/537.36"
66.29.132.124 - - [25/Dec/2024:16:27:50 -0500] "POST /wp-cron.php?doing_wp_cron=1735162069.9614479541778564453125 HTTP/1.1" 200 0 "-" "WordPress/6.7.1; https://misswavenigeria.com"
66.249.74.4 - - [25/Dec/2024:16:27:45 -0500] "GET /goods/A277966?k=product HTTP/1.1" 301 0 "-" "Mozilla/5.0 (Linux; Android 6.0.1; Nexus 5X Build/MMB29P) AppleWebKit/537.36 (KHTML, like Gecko) Chrome/131.0.6778.139 Mobile Safari/537.36 (compatible; Googlebot/2.1; +http://www.google.com/bot.html)"
66.249.65.98 - - [25/Dec/2024:16:27:51 -0500] "GET /goods/A277966?k=product HTTP/1.1" 404 15613 "-" "Mozilla/5.0 (Linux; Android 6.0.1; Nexus 5X Build/MMB29P) AppleWebKit/537.36 (KHTML, like Gecko) Chrome/131.0.6778.139 Mobile Safari/537.36 (compatible; Googlebot/2.1; +http://www.google.com/bot.html)"
79.142.79.51 - - [25/Dec/2024:16:27:55 -0500] "GET / HTTP/1.0" 200 109051 "https://misswavenigeria.com/" "Mozilla/5.0 (Windows NT 6.3; Win64; x64) AppleWebKit/537.36 (KHTML, like Gecko) Chrome/103.0.5060.53 Safari/537.36"
66.29.132.124 - - [25/Dec/2024:16:27:55 -0500] "POST /wp-admin/admin-ajax.php?action=async_litespeed&nonce=znKQKIhhEtry174QEWn9h2lU379XJTGr&litespeed_type=imgoptm HTTP/1.1" 200 0 "-" "WordPress/6.7.1; https://misswavenigeria.com"
79.142.79.51 - - [25/Dec/2024:16:27:57 -0500] "GET /register/ HTTP/1.0" 200 75922 "https://misswavenigeria.com/register/" "Mozilla/5.0 (Windows NT 6.3; Win64; x64) AppleWebKit/537.36 (KHTML, like Gecko) Chrome/103.0.5060.53 Safari/537.36"
66.29.132.124 - - [25/Dec/2024:16:30:25 -0500] "POST /wp-cron.php?doing_wp_cron=1735162225.2594449520111083984375 HTTP/1.1" 200 0 "-" "WordPress/6.7.1; https://misswavenigeria.com"
66.249.74.4 - - [25/Dec/2024:16:30:21 -0500] "GET /goods/B398815?k=product HTTP/1.1" 301 0 "-" "Mozilla/5.0 (Linux; Android 6.0.1; Nexus 5X Build/MMB29P) AppleWebKit/537.36 (KHTML, like Gecko) Chrome/131.0.6778.139 Mobile Safari/537.36 (compatible; Googlebot/2.1; +http://www.google.com/bot.html)"
79.142.79.51 - - [25/Dec/2024:16:27:59 -0500] "POST /register/ HTTP/1.0" 200 0 "https://misswavenigeria.com/register/" "Mozilla/5.0 (Windows NT 6.3; Win64; x64) AppleWebKit/537.36 (KHTML, like Gecko) Chrome/103.0.5060.53 Safari/537.36"
79.142.79.51 - - [25/Dec/2024:16:30:30 -0500] "GET /register/ HTTP/1.0" 200 75922 "https://misswavenigeria.com/" "Mozilla/5.0 (Windows NT 6.3; Win64; x64) AppleWebKit/537.36 (KHTML, like Gecko) Chrome/103.0.5060.53 Safari/537.36"
66.29.132.124 - - [25/Dec/2024:16:30:32 -0500] "POST /wp-admin/admin-ajax.php?action=async_litespeed&nonce=glvB65nGfC9vGL3aam9g1lSnDp8fTsb0&litespeed_type=imgoptm HTTP/1.1" 200 0 "-" "WordPress/6.7.1; https://misswavenigeria.com"
66.249.65.100 - - [25/Dec/2024:16:30:26 -0500] "GET /goods/B398815?k=product HTTP/1.1" 404 15610 "-" "Mozilla/5.0 (Linux; Android 6.0.1; Nexus 5X Build/MMB29P) AppleWebKit/537.36 (KHTML, like Gecko) Chrome/131.0.6778.139 Mobile Safari/537.36 (compatible; Googlebot/2.1; +http://www.google.com/bot.html)"
79.142.79.51 - - [25/Dec/2024:16:31:04 -0500] "GET / HTTP/1.0" 200 109051 "https://misswavenigeria.com/" "Mozilla/5.0 (Windows NT 6.1; WOW64) AppleWebKit/537.36 (KHTML, like Gecko) Chrome/103.0.0.0 Safari/537.36"
79.142.79.51 - - [25/Dec/2024:16:31:06 -0500] "GET /register/ HTTP/1.0" 200 75922 "https://misswavenigeria.com/register/" "Mozilla/5.0 (Windows NT 6.1; WOW64) AppleWebKit/537.36 (KHTML, like Gecko) Chrome/103.0.0.0 Safari/537.36"
66.29.132.124 - - [25/Dec/2024:16:31:13 -0500] "POST /wp-cron.php?doing_wp_cron=1735162273.5626990795135498046875 HTTP/1.1" 200 0 "-" "WordPress/6.7.1; https://misswavenigeria.com"
66.29.132.124 - - [25/Dec/2024:16:31:20 -0500] "POST /wp-admin/admin-ajax.php?action=async_litespeed&nonce=UAdbZnc9umDpeofsrjFOM9xOyXgtY56Y&litespeed_type=imgoptm HTTP/1.1" 200 0 "-" "WordPress/6.7.1; https://misswavenigeria.com"
66.29.132.124 - - [25/Dec/2024:16:31:29 -0500] "POST /wp-cron.php?doing_wp_cron=1735162289.3606379032135009765625 HTTP/1.1" 200 0 "-" "WordPress/6.7.1; https://misswavenigeria.com"
66.29.132.124 - - [25/Dec/2024:16:33:36 -0500] "POST /wp-cron.php?doing_wp_cron=1735162416.3718900680541992187500 HTTP/1.1" 200 0 "-" "WordPress/6.7.1; https://misswavenigeria.com"
66.249.74.5 - - [25/Dec/2024:16:33:32 -0500] "GET /goods/J279925?k=product HTTP/1.1" 301 0 "-" "Mozilla/5.0 (Linux; Android 6.0.1; Nexus 5X Build/MMB29P) AppleWebKit/537.36 (KHTML, like Gecko) Chrome/131.0.6778.139 Mobile Safari/537.36 (compatible; Googlebot/2.1; +http://www.google.com/bot.html)"
66.249.65.98 - - [25/Dec/2024:16:33:37 -0500] "GET /robots.txt HTTP/1.1" 200 99 "-" "Mozilla/5.0 (compatible; Googlebot/2.1; +http://www.google.com/bot.html)"
79.142.79.51 - - [25/Dec/2024:16:31:07 -0500] "POST /register/ HTTP/1.0" 200 0 "https://misswavenigeria.com/register/" "Mozilla/5.0 (Windows NT 6.1; WOW64) AppleWebKit/537.36 (KHTML, like Gecko) Chrome/103.0.0.0 Safari/537.36"
79.142.79.51 - - [25/Dec/2024:16:33:38 -0500] "GET /register/ HTTP/1.0" 200 75922 "https://misswavenigeria.com/" "Mozilla/5.0 (Windows NT 6.1; WOW64) AppleWebKit/537.36 (KHTML, like Gecko) Chrome/103.0.0.0 Safari/537.36"
66.249.65.99 - - [25/Dec/2024:16:33:37 -0500] "GET /goods/J279925?k=product HTTP/1.1" 404 15610 "-" "Mozilla/5.0 (Linux; Android 6.0.1; Nexus 5X Build/MMB29P) AppleWebKit/537.36 (KHTML, like Gecko) Chrome/131.0.6778.139 Mobile Safari/537.36 (compatible; Googlebot/2.1; +http://www.google.com/bot.html)"
66.29.132.124 - - [25/Dec/2024:16:33:40 -0500] "POST /wp-admin/admin-ajax.php?action=async_litespeed&nonce=5aHJ9DdE2VNmyBFCoQcqI0JBn1oDFWz4&litespeed_type=imgoptm HTTP/1.1" 200 0 "-" "WordPress/6.7.1; https://misswavenigeria.com"
79.142.79.51 - - [25/Dec/2024:16:34:16 -0500] "GET / HTTP/1.0" 200 109051 "https://misswavenigeria.com/" "Mozilla/5.0 (Windows NT 10.0; Win64; x64) AppleWebKit/537.36 (KHTML, like Gecko) Chrome/103.0.5060.134 Safari/537.36"
79.142.79.51 - - [25/Dec/2024:16:34:18 -0500] "GET /register/ HTTP/1.0" 200 75922 "https://misswavenigeria.com/register/" "Mozilla/5.0 (Windows NT 10.0; Win64; x64) AppleWebKit/537.36 (KHTML, like Gecko) Chrome/103.0.5060.134 Safari/537.36"
66.29.132.124 - - [25/Dec/2024:16:34:22 -0500] "POST /wp-cron.php?doing_wp_cron=1735162462.5704019069671630859375 HTTP/1.1" 200 0 "-" "WordPress/6.7.1; https://misswavenigeria.com"
66.29.132.124 - - [25/Dec/2024:16:34:25 -0500] "POST /wp-admin/admin-ajax.php?action=async_litespeed&nonce=86yUGZGKMgI2cxUHaXQNOHw8KN4WTdoc&litespeed_type=imgoptm HTTP/1.1" 200 0 "-" "WordPress/6.7.1; https://misswavenigeria.com"
79.142.79.51 - - [25/Dec/2024:16:34:19 -0500] "POST /register/ HTTP/1.0" 200 0 "https://misswavenigeria.com/register/" "Mozilla/5.0 (Windows NT 10.0; Win64; x64) AppleWebKit/537.36 (KHTML, like Gecko) Chrome/103.0.5060.134 Safari/537.36"
79.142.79.51 - - [25/Dec/2024:16:36:50 -0500] "GET /register/ HTTP/1.0" 200 75922 "https://misswavenigeria.com/" "Mozilla/5.0 (Windows NT 10.0; Win64; x64) AppleWebKit/537.36 (KHTML, like Gecko) Chrome/103.0.5060.134 Safari/537.36"
79.142.79.51 - - [25/Dec/2024:16:37:23 -0500] "GET / HTTP/1.0" 200 109051 "https://misswavenigeria.com/" "Mozilla/5.0 (Windows NT 10.0; Win64; x64) AppleWebKit/537.36 (KHTML, like Gecko) Chrome/103.0.5042.0 Safari/537.36"
79.142.79.51 - - [25/Dec/2024:16:37:25 -0500] "GET /register/ HTTP/1.0" 200 75922 "https://misswavenigeria.com/register/" "Mozilla/5.0 (Windows NT 10.0; Win64; x64) AppleWebKit/537.36 (KHTML, like Gecko) Chrome/103.0.5042.0 Safari/537.36"
66.29.132.124 - - [25/Dec/2024:16:37:30 -0500] "POST /wp-cron.php?doing_wp_cron=1735162650.6738491058349609375000 HTTP/1.1" 200 0 "-" "WordPress/6.7.1; https://misswavenigeria.com"
66.29.132.124 - - [25/Dec/2024:16:37:34 -0500] "POST /wp-admin/admin-ajax.php?action=async_litespeed&nonce=IDmhYcRgnr8BKAZzg7G6lz3cFuLl0rEy&litespeed_type=imgoptm HTTP/1.1" 200 0 "-" "WordPress/6.7.1; https://misswavenigeria.com"
66.29.132.124 - - [25/Dec/2024:16:38:01 -0500] "POST /wp-cron.php?doing_wp_cron=1735162681.1637210845947265625000 HTTP/1.1" 200 0 "-" "WordPress/6.7.1; https://misswavenigeria.com"
66.249.74.4 - - [25/Dec/2024:16:37:59 -0500] "GET /goods/O275588?k=product HTTP/1.1" 301 0 "-" "Mozilla/5.0 (Linux; Android 6.0.1; Nexus 5X Build/MMB29P) AppleWebKit/537.36 (KHTML, like Gecko) Chrome/131.0.6778.139 Mobile Safari/537.36 (compatible; Googlebot/2.1; +http://www.google.com/bot.html)"
66.249.65.99 - - [25/Dec/2024:16:38:01 -0500] "GET /robots.txt HTTP/1.1" 200 99 "-" "Mozilla/5.0 (compatible; Googlebot/2.1; +http://www.google.com/bot.html)"
66.29.132.124 - - [25/Dec/2024:16:38:02 -0500] "POST /wp-admin/admin-ajax.php?action=async_litespeed&nonce=ImHDxaVRxH4H7KXnp7VNrsI4kuQjHbrH&litespeed_type=imgoptm HTTP/1.1" 200 0 "-" "WordPress/6.7.1; https://misswavenigeria.com"
66.249.65.98 - - [25/Dec/2024:16:38:02 -0500] "GET /goods/O275588?k=product HTTP/1.1" 404 15610 "-" "Mozilla/5.0 (Linux; Android 6.0.1; Nexus 5X Build/MMB29P) AppleWebKit/537.36 (KHTML, like Gecko) Chrome/131.0.6778.139 Mobile Safari/537.36 (compatible; Googlebot/2.1; +http://www.google.com/bot.html)"
66.29.132.124 - - [25/Dec/2024:16:39:16 -0500] "POST /wp-cron.php?doing_wp_cron=1735162756.8603370189666748046875 HTTP/1.1" 200 0 "-" "WordPress/6.7.1; https://misswavenigeria.com"
66.249.74.4 - - [25/Dec/2024:16:39:14 -0500] "GET /goods/I966064?k=product HTTP/1.1" 301 0 "-" "Mozilla/5.0 (Linux; Android 6.0.1; Nexus 5X Build/MMB29P) AppleWebKit/537.36 (KHTML, like Gecko) Chrome/131.0.6778.139 Mobile Safari/537.36 (compatible; Googlebot/2.1; +http://www.google.com/bot.html)"
66.249.65.100 - - [25/Dec/2024:16:39:17 -0500] "GET /robots.txt HTTP/1.1" 200 99 "-" "Mozilla/5.0 (compatible; Googlebot/2.1; +http://www.google.com/bot.html)"
66.29.132.124 - - [25/Dec/2024:16:39:19 -0500] "POST /wp-admin/admin-ajax.php?action=async_litespeed&nonce=2xEPgfefcH6Ebg4AkYyQ40mZrmMbpEFv&litespeed_type=imgoptm HTTP/1.1" 200 0 "-" "WordPress/6.7.1; https://misswavenigeria.com"
66.249.65.99 - - [25/Dec/2024:16:39:19 -0500] "GET /goods/I966064?k=product HTTP/1.1" 404 15611 "-" "Mozilla/5.0 (Linux; Android 6.0.1; Nexus 5X Build/MMB29P) AppleWebKit/537.36 (KHTML, like Gecko) Chrome/131.0.6778.139 Mobile Safari/537.36 (compatible; Googlebot/2.1; +http://www.google.com/bot.html)"
66.249.65.98 - - [25/Dec/2024:16:39:42 -0500] "GET /guide/Ve HTTP/1.1" 404 15610 "-" "Mozilla/5.0 (Linux; Android 6.0.1; Nexus 5X Build/MMB29P) AppleWebKit/537.36 (KHTML, like Gecko) Chrome/131.0.6778.139 Mobile Safari/537.36 (compatible; Googlebot/2.1; +http://www.google.com/bot.html)"
79.142.79.51 - - [25/Dec/2024:16:37:27 -0500] "POST /register/ HTTP/1.0" 200 0 "https://misswavenigeria.com/register/" "Mozilla/5.0 (Windows NT 10.0; Win64; x64) AppleWebKit/537.36 (KHTML, like Gecko) Chrome/103.0.5042.0 Safari/537.36"
66.29.132.124 - - [25/Dec/2024:16:39:44 -0500] "POST /wp-cron.php?doing_wp_cron=1735162784.7634649276733398437500 HTTP/1.1" 200 0 "-" "WordPress/6.7.1; https://misswavenigeria.com"
79.142.79.51 - - [25/Dec/2024:16:39:58 -0500] "GET /register/ HTTP/1.0" 200 75922 "https://misswavenigeria.com/" "Mozilla/5.0 (Windows NT 10.0; Win64; x64) AppleWebKit/537.36 (KHTML, like Gecko) Chrome/103.0.5042.0 Safari/537.36"
79.142.79.51 - - [25/Dec/2024:16:40:31 -0500] "GET / HTTP/1.0" 200 109051 "https://misswavenigeria.com/" "Mozilla/5.0 (Windows NT 6.3; Win64; x64) AppleWebKit/537.36 (KHTML, like Gecko) Chrome/103.0.5060.53 Safari/537.36"
79.142.79.51 - - [25/Dec/2024:16:40:33 -0500] "GET /register/ HTTP/1.0" 200 75922 "https://misswavenigeria.com/register/" "Mozilla/5.0 (Windows NT 6.3; Win64; x64) AppleWebKit/537.36 (KHTML, like Gecko) Chrome/103.0.5060.53 Safari/537.36"
66.29.132.124 - - [25/Dec/2024:16:40:37 -0500] "POST /wp-cron.php?doing_wp_cron=1735162837.1661429405212402343750 HTTP/1.1" 200 0 "-" "WordPress/6.7.1; https://misswavenigeria.com"
66.29.132.124 - - [25/Dec/2024:16:40:39 -0500] "POST /wp-admin/admin-ajax.php?action=async_litespeed&nonce=1N2BSfsx6zH7e8AAImHuTcSyoMbEyR66&litespeed_type=imgoptm HTTP/1.1" 200 0 "-" "WordPress/6.7.1; https://misswavenigeria.com"
79.142.79.51 - - [25/Dec/2024:16:40:34 -0500] "POST /register/ HTTP/1.0" 200 0 "https://misswavenigeria.com/register/" "Mozilla/5.0 (Windows NT 6.3; Win64; x64) AppleWebKit/537.36 (KHTML, like Gecko) Chrome/103.0.5060.53 Safari/537.36"
79.142.79.51 - - [25/Dec/2024:16:43:05 -0500] "GET /register/ HTTP/1.0" 200 75922 "https://misswavenigeria.com/" "Mozilla/5.0 (Windows NT 6.3; Win64; x64) AppleWebKit/537.36 (KHTML, like Gecko) Chrome/103.0.5060.53 Safari/537.36"
79.142.79.51 - - [25/Dec/2024:16:43:38 -0500] "GET / HTTP/1.0" 200 109051 "https://misswavenigeria.com/" "Mozilla/5.0 (Windows NT 10.0) AppleWebKit/537.36 (KHTML, like Gecko) Chrome/103.0.0.0 Safari/537.36"
79.142.79.51 - - [25/Dec/2024:16:43:40 -0500] "GET /register/ HTTP/1.0" 200 75922 "https://misswavenigeria.com/register/" "Mozilla/5.0 (Windows NT 10.0) AppleWebKit/537.36 (KHTML, like Gecko) Chrome/103.0.0.0 Safari/537.36"
66.29.132.124 - - [25/Dec/2024:16:43:49 -0500] "POST /wp-cron.php?doing_wp_cron=1735163029.0593569278717041015625 HTTP/1.1" 200 0 "-" "WordPress/6.7.1; https://misswavenigeria.com"
66.29.132.124 - - [25/Dec/2024:16:43:54 -0500] "POST /wp-admin/admin-ajax.php?action=async_litespeed&nonce=Tuc4e7YKJDNJYJ0NI27VHpVjVBHeWzXN&litespeed_type=imgoptm HTTP/1.1" 200 0 "-" "WordPress/6.7.1; https://misswavenigeria.com"
181.214.206.167 - - [25/Dec/2024:16:44:21 -0500] "GET /contact/ HTTP/1.0" 200 77724 "https://misswavenigeria.com/contact/" "Mozilla/5.0 (Windows NT 10.0.0; Win64; x64; ) AppleWebKit/537.36 (KHTML, like Gecko) Chrome/124.0.6367.119 Chrome/124.0.6367.119 Not-A.Brand/99  Safari/537.36"
66.29.132.124 - - [25/Dec/2024:16:44:30 -0500] "POST /wp-cron.php?doing_wp_cron=1735163070.3612310886383056640625 HTTP/1.1" 200 0 "-" "WordPress/6.7.1; https://misswavenigeria.com"
181.214.206.167 - - [25/Dec/2024:16:44:27 -0500] "POST /contact/ HTTP/1.0" 200 77740 "https://misswavenigeria.com/contact/" "Mozilla/5.0 (Windows NT 10.0.0; Win64; x64; ) AppleWebKit/537.36 (KHTML, like Gecko) Chrome/124.0.6367.119 Chrome/124.0.6367.119 Not-A.Brand/99  Safari/537.36"
79.142.79.51 - - [25/Dec/2024:16:43:42 -0500] "POST /register/ HTTP/1.0" 200 0 "https://misswavenigeria.com/register/" "Mozilla/5.0 (Windows NT 10.0) AppleWebKit/537.36 (KHTML, like Gecko) Chrome/103.0.0.0 Safari/537.36"
79.142.79.51 - - [25/Dec/2024:16:46:12 -0500] "GET /register/ HTTP/1.0" 200 75922 "https://misswavenigeria.com/" "Mozilla/5.0 (Windows NT 10.0) AppleWebKit/537.36 (KHTML, like Gecko) Chrome/103.0.0.0 Safari/537.36"
79.142.79.51 - - [25/Dec/2024:16:46:48 -0500] "GET / HTTP/1.0" 200 109051 "https://misswavenigeria.com/" "Mozilla/5.0 (Windows NT 6.3) AppleWebKit/537.36 (KHTML, like Gecko) Chrome/103.0.0.0 Safari/537.36"
79.142.79.51 - - [25/Dec/2024:16:46:50 -0500] "GET /register/ HTTP/1.0" 200 75922 "https://misswavenigeria.com/register/" "Mozilla/5.0 (Windows NT 6.3) AppleWebKit/537.36 (KHTML, like Gecko) Chrome/103.0.0.0 Safari/537.36"
66.29.132.124 - - [25/Dec/2024:16:46:57 -0500] "POST /wp-cron.php?doing_wp_cron=1735163216.9634668827056884765625 HTTP/1.1" 200 0 "-" "WordPress/6.7.1; https://misswavenigeria.com"
66.29.132.124 - - [25/Dec/2024:16:47:03 -0500] "POST /wp-admin/admin-ajax.php?action=async_litespeed&nonce=6BeszIGCnfIIKMrsBJ6Q4R8Fej0BFIUK&litespeed_type=imgoptm HTTP/1.1" 200 0 "-" "WordPress/6.7.1; https://misswavenigeria.com"
79.142.79.51 - - [25/Dec/2024:16:46:52 -0500] "POST /register/ HTTP/1.0" 200 0 "https://misswavenigeria.com/register/" "Mozilla/5.0 (Windows NT 6.3) AppleWebKit/537.36 (KHTML, like Gecko) Chrome/103.0.0.0 Safari/537.36"
79.142.79.51 - - [25/Dec/2024:16:49:22 -0500] "GET /register/ HTTP/1.0" 200 75922 "https://misswavenigeria.com/" "Mozilla/5.0 (Windows NT 6.3) AppleWebKit/537.36 (KHTML, like Gecko) Chrome/103.0.0.0 Safari/537.36"
79.142.79.51 - - [25/Dec/2024:16:49:57 -0500] "GET / HTTP/1.0" 200 109051 "https://misswavenigeria.com/" "Mozilla/5.0 (Windows NT 6.3; Win64; x64) AppleWebKit/537.36 (KHTML, like Gecko) Chrome/103.0.5060.53 Safari/537.36"
79.142.79.51 - - [25/Dec/2024:16:49:59 -0500] "GET /register/ HTTP/1.0" 200 75922 "https://misswavenigeria.com/register/" "Mozilla/5.0 (Windows NT 6.3; Win64; x64) AppleWebKit/537.36 (KHTML, like Gecko) Chrome/103.0.5060.53 Safari/537.36"
66.29.132.124 - - [25/Dec/2024:16:50:05 -0500] "POST /wp-cron.php?doing_wp_cron=1735163405.0881481170654296875000 HTTP/1.1" 200 0 "-" "WordPress/6.7.1; https://misswavenigeria.com"
66.29.132.124 - - [25/Dec/2024:16:50:09 -0500] "POST /wp-admin/admin-ajax.php?action=async_litespeed&nonce=JI1sjF9qP5folCNRizN59vqEKRm9wgIc&litespeed_type=imgoptm HTTP/1.1" 200 0 "-" "WordPress/6.7.1; https://misswavenigeria.com"
79.142.79.51 - - [25/Dec/2024:16:50:01 -0500] "POST /register/ HTTP/1.0" 200 0 "https://misswavenigeria.com/register/" "Mozilla/5.0 (Windows NT 6.3; Win64; x64) AppleWebKit/537.36 (KHTML, like Gecko) Chrome/103.0.5060.53 Safari/537.36"
79.142.79.51 - - [25/Dec/2024:16:52:31 -0500] "GET /register/ HTTP/1.0" 200 75922 "https://misswavenigeria.com/" "Mozilla/5.0 (Windows NT 6.3; Win64; x64) AppleWebKit/537.36 (KHTML, like Gecko) Chrome/103.0.5060.53 Safari/537.36"
66.29.132.124 - - [25/Dec/2024:16:52:46 -0500] "POST /wp-cron.php?doing_wp_cron=1735163566.8274180889129638671875 HTTP/1.1" 200 0 "-" "WordPress/6.7.1; https://misswavenigeria.com"
66.249.65.98 - - [25/Dec/2024:16:52:46 -0500] "GET /goods/142893.html HTTP/1.1" 404 15611 "-" "Mozilla/5.0 (Linux; Android 6.0.1; Nexus 5X Build/MMB29P) AppleWebKit/537.36 (KHTML, like Gecko) Chrome/131.0.6778.139 Mobile Safari/537.36 (compatible; Googlebot/2.1; +http://www.google.com/bot.html)"
66.29.132.124 - - [25/Dec/2024:16:52:47 -0500] "POST /wp-admin/admin-ajax.php?action=async_litespeed&nonce=fVBuAw8gRkaxAIR4gvazMHJDqWgmXA2l&litespeed_type=imgoptm HTTP/1.1" 200 21 "-" "WordPress/6.7.1; https://misswavenigeria.com"
79.142.79.51 - - [25/Dec/2024:16:53:05 -0500] "GET / HTTP/1.0" 200 109051 "https://misswavenigeria.com/" "Mozilla/5.0 (Windows NT 10.0; WOW64) AppleWebKit/537.36 (KHTML, like Gecko) Chrome/103.0.5060.114 Safari/537.36"
79.142.79.51 - - [25/Dec/2024:16:53:07 -0500] "GET /register/ HTTP/1.0" 200 75922 "https://misswavenigeria.com/register/" "Mozilla/5.0 (Windows NT 10.0; WOW64) AppleWebKit/537.36 (KHTML, like Gecko) Chrome/103.0.5060.114 Safari/537.36"
66.29.132.124 - - [25/Dec/2024:16:53:09 -0500] "POST /wp-cron.php?doing_wp_cron=1735163589.1587219238281250000000 HTTP/1.1" 200 0 "-" "WordPress/6.7.1; https://misswavenigeria.com"
66.29.132.124 - - [25/Dec/2024:16:53:09 -0500] "POST /wp-admin/admin-ajax.php?action=async_litespeed&nonce=6zZo6OdUbBGcF0bIeG5d7h8FNDaCmUC1&litespeed_type=imgoptm HTTP/1.1" 200 21 "-" "WordPress/6.7.1; https://misswavenigeria.com"
79.142.79.51 - - [25/Dec/2024:16:53:08 -0500] "POST /register/ HTTP/1.0" 200 0 "https://misswavenigeria.com/register/" "Mozilla/5.0 (Windows NT 10.0; WOW64) AppleWebKit/537.36 (KHTML, like Gecko) Chrome/103.0.5060.114 Safari/537.36"
79.142.79.51 - - [25/Dec/2024:16:55:39 -0500] "GET /register/ HTTP/1.0" 200 75922 "https://misswavenigeria.com/" "Mozilla/5.0 (Windows NT 10.0; WOW64) AppleWebKit/537.36 (KHTML, like Gecko) Chrome/103.0.5060.114 Safari/537.36"
79.142.79.51 - - [25/Dec/2024:16:56:15 -0500] "GET / HTTP/1.0" 200 109051 "https://misswavenigeria.com/" "Mozilla/5.0 (Windows NT 6.3; Win64; x64) AppleWebKit/537.36 (KHTML, like Gecko) Chrome/103.0.5060.114 Safari/537.36"
79.142.79.51 - - [25/Dec/2024:16:56:17 -0500] "GET /register/ HTTP/1.0" 200 75922 "https://misswavenigeria.com/register/" "Mozilla/5.0 (Windows NT 6.3; Win64; x64) AppleWebKit/537.36 (KHTML, like Gecko) Chrome/103.0.5060.114 Safari/537.36"
66.29.132.124 - - [25/Dec/2024:16:56:19 -0500] "POST /wp-cron.php?doing_wp_cron=1735163779.6788189411163330078125 HTTP/1.1" 200 0 "-" "WordPress/6.7.1; https://misswavenigeria.com"
66.29.132.124 - - [25/Dec/2024:16:56:19 -0500] "POST /wp-admin/admin-ajax.php?action=async_litespeed&nonce=o9Ev00mwycoi8DVo1v8jlSXF9oBN95LW&litespeed_type=imgoptm HTTP/1.1" 200 21 "-" "WordPress/6.7.1; https://misswavenigeria.com"
79.142.79.51 - - [25/Dec/2024:16:56:19 -0500] "POST /register/ HTTP/1.0" 200 76048 "https://misswavenigeria.com/register/" "Mozilla/5.0 (Windows NT 6.3; Win64; x64) AppleWebKit/537.36 (KHTML, like Gecko) Chrome/103.0.5060.114 Safari/537.36"
66.29.132.124 - - [25/Dec/2024:16:57:47 -0500] "POST /wp-cron.php?doing_wp_cron=1735163867.8100299835205078125000 HTTP/1.1" 200 0 "-" "WordPress/6.7.1; https://misswavenigeria.com"
79.142.79.51 - - [25/Dec/2024:16:57:47 -0500] "GET /register/ HTTP/1.0" 200 75922 "https://misswavenigeria.com/" "Mozilla/5.0 (Windows NT 6.3; Win64; x64) AppleWebKit/537.36 (KHTML, like Gecko) Chrome/103.0.5060.114 Safari/537.36"
66.29.132.124 - - [25/Dec/2024:16:57:48 -0500] "POST /wp-admin/admin-ajax.php?action=async_litespeed&nonce=AvjjxA0bfl5X0vIWkqofuerO73R4ES6b&litespeed_type=imgoptm HTTP/1.1" 200 21 "-" "WordPress/6.7.1; https://misswavenigeria.com"
66.29.132.124 - - [25/Dec/2024:16:59:26 -0500] "POST /wp-cron.php?doing_wp_cron=1735163966.2025959491729736328125 HTTP/1.1" 200 0 "-" "WordPress/6.7.1; https://misswavenigeria.com"
79.142.79.51 - - [25/Dec/2024:16:59:23 -0500] "GET / HTTP/1.0" 200 109055 "https://misswavenigeria.com/" "Mozilla/5.0 (Windows NT 6.3; WOW64) AppleWebKit/537.36 (KHTML, like Gecko) Chrome/103.0.5060.114 Safari/537.36"
66.29.132.124 - - [25/Dec/2024:16:59:26 -0500] "POST /wp-admin/admin-ajax.php?action=async_litespeed&nonce=UOipQBBFaSISmlVjw9gLui3D1BWqYBHk&litespeed_type=imgoptm HTTP/1.1" 200 21 "-" "WordPress/6.7.1; https://misswavenigeria.com"
79.142.79.51 - - [25/Dec/2024:16:59:28 -0500] "GET /register/ HTTP/1.0" 200 75922 "https://misswavenigeria.com/register/" "Mozilla/5.0 (Windows NT 6.3; WOW64) AppleWebKit/537.36 (KHTML, like Gecko) Chrome/103.0.5060.114 Safari/537.36"
79.142.79.51 - - [25/Dec/2024:16:59:30 -0500] "POST /register/ HTTP/1.0" 200 76048 "https://misswavenigeria.com/register/" "Mozilla/5.0 (Windows NT 6.3; WOW64) AppleWebKit/537.36 (KHTML, like Gecko) Chrome/103.0.5060.114 Safari/537.36"
66.29.132.124 - - [25/Dec/2024:17:00:58 -0500] "POST /wp-cron.php?doing_wp_cron=1735164058.5044779777526855468750 HTTP/1.1" 200 0 "-" "WordPress/6.7.1; https://misswavenigeria.com"
79.142.79.51 - - [25/Dec/2024:17:00:58 -0500] "GET /register/ HTTP/1.0" 200 75922 "https://misswavenigeria.com/" "Mozilla/5.0 (Windows NT 6.3; WOW64) AppleWebKit/537.36 (KHTML, like Gecko) Chrome/103.0.5060.114 Safari/537.36"
66.29.132.124 - - [25/Dec/2024:17:00:58 -0500] "POST /wp-admin/admin-ajax.php?action=async_litespeed&nonce=AMDkxQRLH2SUfoMUcombIqiD71po0S56&litespeed_type=imgoptm HTTP/1.1" 200 21 "-" "WordPress/6.7.1; https://misswavenigeria.com"
66.29.132.124 - - [25/Dec/2024:17:02:36 -0500] "POST /wp-cron.php?doing_wp_cron=1735164156.4930460453033447265625 HTTP/1.1" 200 0 "-" "WordPress/6.7.1; https://misswavenigeria.com"
79.142.79.51 - - [25/Dec/2024:17:02:34 -0500] "GET / HTTP/1.0" 200 109055 "https://misswavenigeria.com/" "Mozilla/5.0 (Windows NT 10.0; Win64; x64) AppleWebKit/537.36 (KHTML, like Gecko) Chrome/103.0.0.0 Safari/537.36 OpenWave/97.4.2043.44"
66.29.132.124 - - [25/Dec/2024:17:02:36 -0500] "POST /wp-admin/admin-ajax.php?action=async_litespeed&nonce=bHDFCZIwtpP7yiwZRjDNoy0Lt7fqlODq&litespeed_type=imgoptm HTTP/1.1" 200 21 "-" "WordPress/6.7.1; https://misswavenigeria.com"
79.142.79.51 - - [25/Dec/2024:17:02:38 -0500] "GET /register/ HTTP/1.0" 200 75922 "https://misswavenigeria.com/register/" "Mozilla/5.0 (Windows NT 10.0; Win64; x64) AppleWebKit/537.36 (KHTML, like Gecko) Chrome/103.0.0.0 Safari/537.36 OpenWave/97.4.2043.44"
79.142.79.51 - - [25/Dec/2024:17:02:40 -0500] "POST /register/ HTTP/1.0" 200 76048 "https://misswavenigeria.com/register/" "Mozilla/5.0 (Windows NT 10.0; Win64; x64) AppleWebKit/537.36 (KHTML, like Gecko) Chrome/103.0.0.0 Safari/537.36 OpenWave/97.4.2043.44"
66.29.132.124 - - [25/Dec/2024:17:03:51 -0500] "POST /wp-cron.php?doing_wp_cron=1735164231.3993189334869384765625 HTTP/1.1" 200 0 "-" "WordPress/6.7.1; https://misswavenigeria.com"
79.142.79.51 - - [25/Dec/2024:17:03:51 -0500] "GET /register/ HTTP/1.0" 200 75922 "https://misswavenigeria.com/" "Mozilla/5.0 (Windows NT 10.0; Win64; x64) AppleWebKit/537.36 (KHTML, like Gecko) Chrome/103.0.0.0 Safari/537.36 OpenWave/97.4.2043.44"
66.29.132.124 - - [25/Dec/2024:17:03:51 -0500] "POST /wp-admin/admin-ajax.php?action=async_litespeed&nonce=tSXJ2P63kyuLeEwljMg1p6MMOq3PLgpK&litespeed_type=imgoptm HTTP/1.1" 200 21 "-" "WordPress/6.7.1; https://misswavenigeria.com"
66.29.132.124 - - [25/Dec/2024:17:05:47 -0500] "POST /wp-cron.php?doing_wp_cron=1735164347.7787249088287353515625 HTTP/1.1" 200 0 "-" "WordPress/6.7.1; https://misswavenigeria.com"
79.142.79.51 - - [25/Dec/2024:17:05:46 -0500] "GET / HTTP/1.0" 200 109055 "https://misswavenigeria.com/" "Mozilla/5.0 (Windows NT 10.0; Win64; x64) AppleWebKit/537.36 (KHTML, like Gecko) Chrome/103.0.0.0 Safari/537.36 Herring/95.1.8810.11"
66.29.132.124 - - [25/Dec/2024:17:05:48 -0500] "POST /wp-admin/admin-ajax.php?action=async_litespeed&nonce=5oSHMk51YMpM7oNkcMU3Mp2eRc5cH6YO&litespeed_type=imgoptm HTTP/1.1" 200 21 "-" "WordPress/6.7.1; https://misswavenigeria.com"
79.142.79.51 - - [25/Dec/2024:17:05:50 -0500] "GET /register/ HTTP/1.0" 200 75922 "https://misswavenigeria.com/register/" "Mozilla/5.0 (Windows NT 10.0; Win64; x64) AppleWebKit/537.36 (KHTML, like Gecko) Chrome/103.0.0.0 Safari/537.36 Herring/95.1.8810.11"
66.29.132.124 - - [25/Dec/2024:17:05:51 -0500] "POST /wp-cron.php?doing_wp_cron=1735164351.7731380462646484375000 HTTP/1.1" 200 0 "-" "WordPress/6.7.1; https://misswavenigeria.com"
