66.29.132.124 - - [25/Dec/2024:17:05:51 -0500] "POST /wp-admin/admin-ajax.php?action=async_litespeed&nonce=geJbulhssODGDLgzI8euSVglW5zPpeRf&litespeed_type=imgoptm HTTP/1.1" 200 21 "-" "WordPress/6.7.1; https://misswavenigeria.com"
79.142.79.51 - - [25/Dec/2024:17:05:51 -0500] "POST /register/ HTTP/1.0" 200 76048 "https://misswavenigeria.com/register/" "Mozilla/5.0 (Windows NT 10.0; Win64; x64) AppleWebKit/537.36 (KHTML, like Gecko) Chrome/103.0.0.0 Safari/537.36 Herring/95.1.8810.11"
66.29.132.124 - - [25/Dec/2024:17:06:56 -0500] "POST /wp-cron.php?doing_wp_cron=1735164416.9085650444030761718750 HTTP/1.1" 200 0 "-" "WordPress/6.7.1; https://misswavenigeria.com"
79.142.79.51 - - [25/Dec/2024:17:06:56 -0500] "GET /register/ HTTP/1.0" 200 75922 "https://misswavenigeria.com/" "Mozilla/5.0 (Windows NT 10.0; Win64; x64) AppleWebKit/537.36 (KHTML, like Gecko) Chrome/103.0.0.0 Safari/537.36 Herring/95.1.8810.11"
66.29.132.124 - - [25/Dec/2024:17:06:57 -0500] "POST /wp-admin/admin-ajax.php?action=async_litespeed&nonce=LIV3JbtgutptsidAFjHMTuJTGI60yaN9&litespeed_type=imgoptm HTTP/1.1" 200 21 "-" "WordPress/6.7.1; https://misswavenigeria.com"
66.29.132.124 - - [25/Dec/2024:17:08:53 -0500] "POST /wp-cron.php?doing_wp_cron=1735164533.7916500568389892578125 HTTP/1.1" 200 0 "-" "WordPress/6.7.1; https://misswavenigeria.com"
79.142.79.51 - - [25/Dec/2024:17:08:52 -0500] "GET / HTTP/1.0" 200 109053 "https://misswavenigeria.com/" "Mozilla/5.0 (Windows NT 10.0; WOW64) AppleWebKit/537.36 (KHTML, like Gecko) Chrome/103.0.5060.114 Safari/537.36"
66.29.132.124 - - [25/Dec/2024:17:08:54 -0500] "POST /wp-admin/admin-ajax.php?action=async_litespeed&nonce=f9Nl0A5fwvrOZuFgvGK2fIll2TfMf7uh&litespeed_type=imgoptm HTTP/1.1" 200 21 "-" "WordPress/6.7.1; https://misswavenigeria.com"
79.142.79.51 - - [25/Dec/2024:17:08:56 -0500] "GET /register/ HTTP/1.0" 200 75922 "https://misswavenigeria.com/register/" "Mozilla/5.0 (Windows NT 10.0; WOW64) AppleWebKit/537.36 (KHTML, like Gecko) Chrome/103.0.5060.114 Safari/537.36"
79.142.79.51 - - [25/Dec/2024:17:08:57 -0500] "POST /register/ HTTP/1.0" 200 76048 "https://misswavenigeria.com/register/" "Mozilla/5.0 (Windows NT 10.0; WOW64) AppleWebKit/537.36 (KHTML, like Gecko) Chrome/103.0.5060.114 Safari/537.36"
66.29.132.124 - - [25/Dec/2024:17:10:07 -0500] "POST /wp-cron.php?doing_wp_cron=1735164607.8837978839874267578125 HTTP/1.1" 200 0 "-" "WordPress/6.7.1; https://misswavenigeria.com"
79.142.79.51 - - [25/Dec/2024:17:10:07 -0500] "GET /register/ HTTP/1.0" 200 75922 "https://misswavenigeria.com/" "Mozilla/5.0 (Windows NT 10.0; WOW64) AppleWebKit/537.36 (KHTML, like Gecko) Chrome/103.0.5060.114 Safari/537.36"
66.29.132.124 - - [25/Dec/2024:17:10:08 -0500] "POST /wp-admin/admin-ajax.php?action=async_litespeed&nonce=OrrJ4mlHBCj4P8HkT0Hgs2dLNgrpH70Q&litespeed_type=imgoptm HTTP/1.1" 200 21 "-" "WordPress/6.7.1; https://misswavenigeria.com"
66.29.132.124 - - [25/Dec/2024:17:12:03 -0500] "POST /wp-cron.php?doing_wp_cron=1735164723.1964750289916992187500 HTTP/1.1" 200 0 "-" "WordPress/6.7.1; https://misswavenigeria.com"
79.142.79.51 - - [25/Dec/2024:17:12:01 -0500] "GET / HTTP/1.0" 200 109055 "https://misswavenigeria.com/" "Mozilla/5.0 (Windows NT 10.0; WOW64) AppleWebKit/537.36 (KHTML, like Gecko) Chrome/103.0.5060.114 Safari/537.36"
66.29.132.124 - - [25/Dec/2024:17:12:03 -0500] "POST /wp-admin/admin-ajax.php?action=async_litespeed&nonce=LhBXibKN9QSnGmlvsK1tR8ybViYCobkK&litespeed_type=imgoptm HTTP/1.1" 200 21 "-" "WordPress/6.7.1; https://misswavenigeria.com"
79.142.79.51 - - [25/Dec/2024:17:12:05 -0500] "GET /register/ HTTP/1.0" 200 75922 "https://misswavenigeria.com/register/" "Mozilla/5.0 (Windows NT 10.0; WOW64) AppleWebKit/537.36 (KHTML, like Gecko) Chrome/103.0.5060.114 Safari/537.36"
79.142.79.51 - - [25/Dec/2024:17:12:07 -0500] "POST /register/ HTTP/1.0" 200 76048 "https://misswavenigeria.com/register/" "Mozilla/5.0 (Windows NT 10.0; WOW64) AppleWebKit/537.36 (KHTML, like Gecko) Chrome/103.0.5060.114 Safari/537.36"
66.29.132.124 - - [25/Dec/2024:17:13:07 -0500] "POST /wp-cron.php?doing_wp_cron=1735164787.4878270626068115234375 HTTP/1.1" 200 0 "-" "WordPress/6.7.1; https://misswavenigeria.com"
79.142.79.51 - - [25/Dec/2024:17:13:07 -0500] "GET /register/ HTTP/1.0" 200 75922 "https://misswavenigeria.com/" "Mozilla/5.0 (Windows NT 10.0; WOW64) AppleWebKit/537.36 (KHTML, like Gecko) Chrome/103.0.5060.114 Safari/537.36"
66.29.132.124 - - [25/Dec/2024:17:13:07 -0500] "POST /wp-admin/admin-ajax.php?action=async_litespeed&nonce=95jEEdvL2diwrFwEYYQ7wkitNgi68J6x&litespeed_type=imgoptm HTTP/1.1" 200 21 "-" "WordPress/6.7.1; https://misswavenigeria.com"
66.29.132.124 - - [25/Dec/2024:17:15:15 -0500] "POST /wp-cron.php?doing_wp_cron=1735164915.3742909431457519531250 HTTP/1.1" 200 0 "-" "WordPress/6.7.1; https://misswavenigeria.com"
79.142.79.51 - - [25/Dec/2024:17:15:13 -0500] "GET / HTTP/1.0" 200 109053 "https://misswavenigeria.com/" "Mozilla/5.0 (Windows NT 6.1; Win64; x64) AppleWebKit/537.36 (KHTML, like Gecko) Chrome/103.0.5060.66 Safari/537.36"
66.29.132.124 - - [25/Dec/2024:17:15:15 -0500] "POST /wp-admin/admin-ajax.php?action=async_litespeed&nonce=4lAer0epsKBGKkofyGmMjY5451Gq07z3&litespeed_type=imgoptm HTTP/1.1" 200 21 "-" "WordPress/6.7.1; https://misswavenigeria.com"
79.142.79.51 - - [25/Dec/2024:17:15:17 -0500] "GET /register/ HTTP/1.0" 200 75922 "https://misswavenigeria.com/register/" "Mozilla/5.0 (Windows NT 6.1; Win64; x64) AppleWebKit/537.36 (KHTML, like Gecko) Chrome/103.0.5060.66 Safari/537.36"
79.142.79.51 - - [25/Dec/2024:17:15:19 -0500] "POST /register/ HTTP/1.0" 200 76048 "https://misswavenigeria.com/register/" "Mozilla/5.0 (Windows NT 6.1; Win64; x64) AppleWebKit/537.36 (KHTML, like Gecko) Chrome/103.0.5060.66 Safari/537.36"
66.29.132.124 - - [25/Dec/2024:17:16:14 -0500] "POST /wp-cron.php?doing_wp_cron=1735164974.6962718963623046875000 HTTP/1.1" 200 0 "-" "WordPress/6.7.1; https://misswavenigeria.com"
79.142.79.51 - - [25/Dec/2024:17:16:14 -0500] "GET /register/ HTTP/1.0" 200 75922 "https://misswavenigeria.com/" "Mozilla/5.0 (Windows NT 6.1; Win64; x64) AppleWebKit/537.36 (KHTML, like Gecko) Chrome/103.0.5060.66 Safari/537.36"
66.29.132.124 - - [25/Dec/2024:17:16:14 -0500] "POST /wp-admin/admin-ajax.php?action=async_litespeed&nonce=FaFNgobcKTxEcpZ3VlzC1DSLiB7PPxbF&litespeed_type=imgoptm HTTP/1.1" 200 21 "-" "WordPress/6.7.1; https://misswavenigeria.com"
66.29.132.124 - - [25/Dec/2024:17:18:24 -0500] "POST /wp-cron.php?doing_wp_cron=1735165104.5152080059051513671875 HTTP/1.1" 200 0 "-" "WordPress/6.7.1; https://misswavenigeria.com"
79.142.79.51 - - [25/Dec/2024:17:18:22 -0500] "GET / HTTP/1.0" 200 109053 "https://misswavenigeria.com/" "Mozilla/5.0 (Windows NT 6.1) AppleWebKit/537.36 (KHTML, like Gecko) Chrome/103.0.5060.114 Safari/537.36"
66.29.132.124 - - [25/Dec/2024:17:18:24 -0500] "POST /wp-admin/admin-ajax.php?action=async_litespeed&nonce=kY5OJRnSROIheYKShondvjNM9G9pGvs9&litespeed_type=imgoptm HTTP/1.1" 200 21 "-" "WordPress/6.7.1; https://misswavenigeria.com"
79.142.79.51 - - [25/Dec/2024:17:18:26 -0500] "GET /register/ HTTP/1.0" 200 75922 "https://misswavenigeria.com/register/" "Mozilla/5.0 (Windows NT 6.1) AppleWebKit/537.36 (KHTML, like Gecko) Chrome/103.0.5060.114 Safari/537.36"
66.29.132.124 - - [25/Dec/2024:17:18:28 -0500] "POST /wp-cron.php?doing_wp_cron=1735165108.5623950958251953125000 HTTP/1.1" 200 0 "-" "WordPress/6.7.1; https://misswavenigeria.com"
79.142.79.51 - - [25/Dec/2024:17:18:28 -0500] "POST /register/ HTTP/1.0" 200 76048 "https://misswavenigeria.com/register/" "Mozilla/5.0 (Windows NT 6.1) AppleWebKit/537.36 (KHTML, like Gecko) Chrome/103.0.5060.114 Safari/537.36"
66.29.132.124 - - [25/Dec/2024:17:19:43 -0500] "POST /wp-cron.php?doing_wp_cron=1735165183.6998529434204101562500 HTTP/1.1" 200 0 "-" "WordPress/6.7.1; https://misswavenigeria.com"
79.142.79.51 - - [25/Dec/2024:17:19:43 -0500] "GET /register/ HTTP/1.0" 200 75922 "https://misswavenigeria.com/" "Mozilla/5.0 (Windows NT 6.1) AppleWebKit/537.36 (KHTML, like Gecko) Chrome/103.0.5060.114 Safari/537.36"
66.29.132.124 - - [25/Dec/2024:17:19:43 -0500] "POST /wp-admin/admin-ajax.php?action=async_litespeed&nonce=OrPeIKLiNWbxveErCzhtB8yDqeIMsTqr&litespeed_type=imgoptm HTTP/1.1" 200 21 "-" "WordPress/6.7.1; https://misswavenigeria.com"
66.29.132.124 - - [25/Dec/2024:17:21:31 -0500] "POST /wp-cron.php?doing_wp_cron=1735165290.9979879856109619140625 HTTP/1.1" 200 0 "-" "WordPress/6.7.1; https://misswavenigeria.com"
79.142.79.51 - - [25/Dec/2024:17:21:29 -0500] "GET / HTTP/1.0" 200 109055 "https://misswavenigeria.com/" "Mozilla/5.0 (Windows NT 10.0; Win64; x64) AppleWebKit/537.36 (KHTML, like Gecko) Chrome/103.0.5060.134 Safari/537.36"
66.29.132.124 - - [25/Dec/2024:17:21:31 -0500] "POST /wp-admin/admin-ajax.php?action=async_litespeed&nonce=753ezJrdW7slUti54UuZMHy7nZBu3SUa&litespeed_type=imgoptm HTTP/1.1" 200 21 "-" "WordPress/6.7.1; https://misswavenigeria.com"
79.142.79.51 - - [25/Dec/2024:17:21:33 -0500] "GET /register/ HTTP/1.0" 200 75922 "https://misswavenigeria.com/register/" "Mozilla/5.0 (Windows NT 10.0; Win64; x64) AppleWebKit/537.36 (KHTML, like Gecko) Chrome/103.0.5060.134 Safari/537.36"
66.29.132.124 - - [25/Dec/2024:17:22:26 -0500] "POST /wp-cron.php?doing_wp_cron=1735165346.1289091110229492187500 HTTP/1.1" 200 0 "-" "WordPress/6.7.1; https://misswavenigeria.com"
66.249.74.4 - - [25/Dec/2024:17:22:25 -0500] "GET /buy/105464XS.html?product_id=436 HTTP/1.1" 301 0 "-" "Mozilla/5.0 (Linux; Android 6.0.1; Nexus 5X Build/MMB29P) AppleWebKit/537.36 (KHTML, like Gecko) Chrome/131.0.6778.139 Mobile Safari/537.36 (compatible; Googlebot/2.1; +http://www.google.com/bot.html)"
66.29.132.124 - - [25/Dec/2024:17:22:26 -0500] "POST /wp-admin/admin-ajax.php?action=async_litespeed&nonce=d0v5rw88Rn2xC8HK3KunmVKjzgOnLxjG&litespeed_type=imgoptm HTTP/1.1" 200 21 "-" "WordPress/6.7.1; https://misswavenigeria.com"
66.249.65.99 - - [25/Dec/2024:17:22:26 -0500] "GET /buy/105464XS.html?product_id=436 HTTP/1.1" 404 15611 "-" "Mozilla/5.0 (Linux; Android 6.0.1; Nexus 5X Build/MMB29P) AppleWebKit/537.36 (KHTML, like Gecko) Chrome/131.0.6778.139 Mobile Safari/537.36 (compatible; Googlebot/2.1; +http://www.google.com/bot.html)"
66.249.74.4 - - [25/Dec/2024:17:22:31 -0500] "GET /goods/U159894?k=product HTTP/1.1" 301 0 "-" "Mozilla/5.0 (Linux; Android 6.0.1; Nexus 5X Build/MMB29P) AppleWebKit/537.36 (KHTML, like Gecko) Chrome/131.0.6778.139 Mobile Safari/537.36 (compatible; Googlebot/2.1; +http://www.google.com/bot.html)"
66.249.65.98 - - [25/Dec/2024:17:22:31 -0500] "GET /goods/U159894?k=product HTTP/1.1" 404 15611 "-" "Mozilla/5.0 (Linux; Android 6.0.1; Nexus 5X Build/MMB29P) AppleWebKit/537.36 (KHTML, like Gecko) Chrome/131.0.6778.139 Mobile Safari/537.36 (compatible; Googlebot/2.1; +http://www.google.com/bot.html)"
79.142.79.51 - - [25/Dec/2024:17:21:34 -0500] "POST /register/ HTTP/1.0" 200 76048 "https://misswavenigeria.com/register/" "Mozilla/5.0 (Windows NT 10.0; Win64; x64) AppleWebKit/537.36 (KHTML, like Gecko) Chrome/103.0.5060.134 Safari/537.36"
79.142.79.51 - - [25/Dec/2024:17:22:33 -0500] "GET /register/ HTTP/1.0" 200 75922 "https://misswavenigeria.com/" "Mozilla/5.0 (Windows NT 10.0; Win64; x64) AppleWebKit/537.36 (KHTML, like Gecko) Chrome/103.0.5060.134 Safari/537.36"
66.29.132.124 - - [25/Dec/2024:17:24:39 -0500] "POST /wp-cron.php?doing_wp_cron=1735165479.4352819919586181640625 HTTP/1.1" 200 0 "-" "WordPress/6.7.1; https://misswavenigeria.com"
79.142.79.51 - - [25/Dec/2024:17:24:38 -0500] "GET / HTTP/1.0" 200 109055 "https://misswavenigeria.com/" "Mozilla/5.0 (Windows NT 6.1; Win64; x64) AppleWebKit/537.36 (KHTML, like Gecko) Chrome/103.0.0.0 Safari/537.36"
66.29.132.124 - - [25/Dec/2024:17:24:39 -0500] "POST /wp-admin/admin-ajax.php?action=async_litespeed&nonce=pYcLMDooLqOZi9VH7XqpK3NSNb0iyuB9&litespeed_type=imgoptm HTTP/1.1" 200 21 "-" "WordPress/6.7.1; https://misswavenigeria.com"
79.142.79.51 - - [25/Dec/2024:17:24:41 -0500] "GET /register/ HTTP/1.0" 200 75922 "https://misswavenigeria.com/register/" "Mozilla/5.0 (Windows NT 6.1; Win64; x64) AppleWebKit/537.36 (KHTML, like Gecko) Chrome/103.0.0.0 Safari/537.36"
79.142.79.51 - - [25/Dec/2024:17:24:43 -0500] "POST /register/ HTTP/1.0" 200 76048 "https://misswavenigeria.com/register/" "Mozilla/5.0 (Windows NT 6.1; Win64; x64) AppleWebKit/537.36 (KHTML, like Gecko) Chrome/103.0.0.0 Safari/537.36"
66.29.132.124 - - [25/Dec/2024:17:25:45 -0500] "POST /wp-cron.php?doing_wp_cron=1735165545.6214270591735839843750 HTTP/1.1" 200 0 "-" "WordPress/6.7.1; https://misswavenigeria.com"
79.142.79.51 - - [25/Dec/2024:17:25:45 -0500] "GET /register/ HTTP/1.0" 200 75922 "https://misswavenigeria.com/" "Mozilla/5.0 (Windows NT 6.1; Win64; x64) AppleWebKit/537.36 (KHTML, like Gecko) Chrome/103.0.0.0 Safari/537.36"
66.29.132.124 - - [25/Dec/2024:17:25:45 -0500] "POST /wp-admin/admin-ajax.php?action=async_litespeed&nonce=Z9Tl5MjzH0olpOeHscwJBnxF8XAmxTHE&litespeed_type=imgoptm HTTP/1.1" 200 21 "-" "WordPress/6.7.1; https://misswavenigeria.com"
163.20.23.3 - - [25/Dec/2024:17:26:45 -0500] "GET /rex/index.php HTTP/1.1" 200 10548 "-" "Custom User Agent"
66.29.132.124 - - [25/Dec/2024:17:27:44 -0500] "POST /wp-cron.php?doing_wp_cron=1735165664.8108000755310058593750 HTTP/1.1" 200 0 "-" "WordPress/6.7.1; https://misswavenigeria.com"
79.142.79.51 - - [25/Dec/2024:17:27:44 -0500] "GET / HTTP/1.0" 200 109053 "https://misswavenigeria.com/" "Mozilla/5.0 (Windows NT 6.1; Win64; x64) AppleWebKit/537.36 (KHTML, like Gecko) Chrome/103.0.0.0 Safari/537.36"
66.29.132.124 - - [25/Dec/2024:17:27:44 -0500] "POST /wp-admin/admin-ajax.php?action=async_litespeed&nonce=54lKLvXUFYNeyXnrIszpHpIaPsbYlj87&litespeed_type=imgoptm HTTP/1.1" 200 21 "-" "WordPress/6.7.1; https://misswavenigeria.com"
79.142.79.51 - - [25/Dec/2024:17:27:46 -0500] "GET /register/ HTTP/1.0" 200 75922 "https://misswavenigeria.com/register/" "Mozilla/5.0 (Windows NT 6.1; Win64; x64) AppleWebKit/537.36 (KHTML, like Gecko) Chrome/103.0.0.0 Safari/537.36"
79.142.79.51 - - [25/Dec/2024:17:27:48 -0500] "POST /register/ HTTP/1.0" 200 76048 "https://misswavenigeria.com/register/" "Mozilla/5.0 (Windows NT 6.1; Win64; x64) AppleWebKit/537.36 (KHTML, like Gecko) Chrome/103.0.0.0 Safari/537.36"
66.29.132.124 - - [25/Dec/2024:17:28:50 -0500] "POST /wp-cron.php?doing_wp_cron=1735165730.7768199443817138671875 HTTP/1.1" 200 0 "-" "WordPress/6.7.1; https://misswavenigeria.com"
79.142.79.51 - - [25/Dec/2024:17:28:50 -0500] "GET /register/ HTTP/1.0" 200 75922 "https://misswavenigeria.com/" "Mozilla/5.0 (Windows NT 6.1; Win64; x64) AppleWebKit/537.36 (KHTML, like Gecko) Chrome/103.0.0.0 Safari/537.36"
66.29.132.124 - - [25/Dec/2024:17:28:50 -0500] "POST /wp-admin/admin-ajax.php?action=async_litespeed&nonce=xDsp8oHHkzEX2pMijBxFLSZ3pdsvj0WQ&litespeed_type=imgoptm HTTP/1.1" 200 21 "-" "WordPress/6.7.1; https://misswavenigeria.com"
66.29.132.124 - - [25/Dec/2024:17:30:52 -0500] "POST /wp-cron.php?doing_wp_cron=1735165852.6459679603576660156250 HTTP/1.1" 200 0 "-" "WordPress/6.7.1; https://misswavenigeria.com"
79.142.79.51 - - [25/Dec/2024:17:30:50 -0500] "GET / HTTP/1.0" 200 109053 "https://misswavenigeria.com/" "Mozilla/5.0 (Windows NT 6.1; WOW64) AppleWebKit/537.36 (KHTML, like Gecko) Chrome/103.0.0.0 Safari/537.36"
66.29.132.124 - - [25/Dec/2024:17:30:52 -0500] "POST /wp-admin/admin-ajax.php?action=async_litespeed&nonce=8jdUaxX5FSSyH0rc6eeXv1NR3qac39Ev&litespeed_type=imgoptm HTTP/1.1" 200 21 "-" "WordPress/6.7.1; https://misswavenigeria.com"
79.142.79.51 - - [25/Dec/2024:17:30:54 -0500] "GET /register/ HTTP/1.0" 200 75922 "https://misswavenigeria.com/register/" "Mozilla/5.0 (Windows NT 6.1; WOW64) AppleWebKit/537.36 (KHTML, like Gecko) Chrome/103.0.0.0 Safari/537.36"
79.142.79.51 - - [25/Dec/2024:17:30:56 -0500] "POST /register/ HTTP/1.0" 200 76048 "https://misswavenigeria.com/register/" "Mozilla/5.0 (Windows NT 6.1; WOW64) AppleWebKit/537.36 (KHTML, like Gecko) Chrome/103.0.0.0 Safari/537.36"
66.29.132.124 - - [25/Dec/2024:17:32:05 -0500] "POST /wp-cron.php?doing_wp_cron=1735165925.4569120407104492187500 HTTP/1.1" 200 0 "-" "WordPress/6.7.1; https://misswavenigeria.com"
79.142.79.51 - - [25/Dec/2024:17:32:05 -0500] "GET /register/ HTTP/1.0" 200 75922 "https://misswavenigeria.com/" "Mozilla/5.0 (Windows NT 6.1; WOW64) AppleWebKit/537.36 (KHTML, like Gecko) Chrome/103.0.0.0 Safari/537.36"
66.29.132.124 - - [25/Dec/2024:17:32:05 -0500] "POST /wp-admin/admin-ajax.php?action=async_litespeed&nonce=gHQuOuVU0ZfKilsIi7im6b4e3iH2EQws&litespeed_type=imgoptm HTTP/1.1" 200 21 "-" "WordPress/6.7.1; https://misswavenigeria.com"
66.29.132.124 - - [25/Dec/2024:17:33:56 -0500] "POST /wp-cron.php?doing_wp_cron=1735166036.1360490322113037109375 HTTP/1.1" 200 0 "-" "WordPress/6.7.1; https://misswavenigeria.com"
79.142.79.51 - - [25/Dec/2024:17:33:54 -0500] "GET / HTTP/1.0" 200 109055 "https://misswavenigeria.com/" "Mozilla/5.0 (Windows NT 10.0; Win64; x64) AppleWebKit/537.36 (KHTML, like Gecko) Chrome/103.0.5060.134 Safari/537.36"
66.29.132.124 - - [25/Dec/2024:17:33:56 -0500] "POST /wp-admin/admin-ajax.php?action=async_litespeed&nonce=RbyCRGD081t39rrvjYP9v0QH2mbD4QS3&litespeed_type=imgoptm HTTP/1.1" 200 21 "-" "WordPress/6.7.1; https://misswavenigeria.com"
79.142.79.51 - - [25/Dec/2024:17:33:58 -0500] "GET /register/ HTTP/1.0" 200 75922 "https://misswavenigeria.com/register/" "Mozilla/5.0 (Windows NT 10.0; Win64; x64) AppleWebKit/537.36 (KHTML, like Gecko) Chrome/103.0.5060.134 Safari/537.36"
79.142.79.51 - - [25/Dec/2024:17:34:00 -0500] "POST /register/ HTTP/1.0" 200 76048 "https://misswavenigeria.com/register/" "Mozilla/5.0 (Windows NT 10.0; Win64; x64) AppleWebKit/537.36 (KHTML, like Gecko) Chrome/103.0.5060.134 Safari/537.36"
66.29.132.124 - - [25/Dec/2024:17:35:19 -0500] "POST /wp-cron.php?doing_wp_cron=1735166119.8742759227752685546875 HTTP/1.1" 200 0 "-" "WordPress/6.7.1; https://misswavenigeria.com"
79.142.79.51 - - [25/Dec/2024:17:35:19 -0500] "GET /register/ HTTP/1.0" 200 75922 "https://misswavenigeria.com/" "Mozilla/5.0 (Windows NT 10.0; Win64; x64) AppleWebKit/537.36 (KHTML, like Gecko) Chrome/103.0.5060.134 Safari/537.36"
66.29.132.124 - - [25/Dec/2024:17:35:20 -0500] "POST /wp-admin/admin-ajax.php?action=async_litespeed&nonce=zdO5VWuhjxyaUpk4wR1wouoMUDIK8XUm&litespeed_type=imgoptm HTTP/1.1" 200 21 "-" "WordPress/6.7.1; https://misswavenigeria.com"
66.29.132.124 - - [25/Dec/2024:17:37:02 -0500] "POST /wp-cron.php?doing_wp_cron=1735166222.6389639377593994140625 HTTP/1.1" 200 0 "-" "WordPress/6.7.1; https://misswavenigeria.com"
79.142.79.51 - - [25/Dec/2024:17:37:01 -0500] "GET / HTTP/1.0" 200 109053 "https://misswavenigeria.com/" "Mozilla/5.0 (Windows NT 6.1) AppleWebKit/537.36 (KHTML, like Gecko) Chrome/103.0.0.0 Safari/537.36"
66.29.132.124 - - [25/Dec/2024:17:37:02 -0500] "POST /wp-admin/admin-ajax.php?action=async_litespeed&nonce=nT7KEQ71UliYtYoPackOVXjkZ4K8Jo8C&litespeed_type=imgoptm HTTP/1.1" 200 21 "-" "WordPress/6.7.1; https://misswavenigeria.com"
79.142.79.51 - - [25/Dec/2024:17:37:05 -0500] "GET /register/ HTTP/1.0" 200 75922 "https://misswavenigeria.com/register/" "Mozilla/5.0 (Windows NT 6.1) AppleWebKit/537.36 (KHTML, like Gecko) Chrome/103.0.0.0 Safari/537.36"
79.142.79.51 - - [25/Dec/2024:17:37:06 -0500] "POST /register/ HTTP/1.0" 200 76048 "https://misswavenigeria.com/register/" "Mozilla/5.0 (Windows NT 6.1) AppleWebKit/537.36 (KHTML, like Gecko) Chrome/103.0.0.0 Safari/537.36"
66.29.132.124 - - [25/Dec/2024:17:38:20 -0500] "POST /wp-cron.php?doing_wp_cron=1735166300.4971361160278320312500 HTTP/1.1" 200 0 "-" "WordPress/6.7.1; https://misswavenigeria.com"
79.142.79.51 - - [25/Dec/2024:17:38:20 -0500] "GET /register/ HTTP/1.0" 200 75922 "https://misswavenigeria.com/" "Mozilla/5.0 (Windows NT 6.1) AppleWebKit/537.36 (KHTML, like Gecko) Chrome/103.0.0.0 Safari/537.36"
66.29.132.124 - - [25/Dec/2024:17:38:20 -0500] "POST /wp-admin/admin-ajax.php?action=async_litespeed&nonce=5lWfV752LQjWVlxLZWNwhnFp87PW6qH1&litespeed_type=imgoptm HTTP/1.1" 200 21 "-" "WordPress/6.7.1; https://misswavenigeria.com"
66.29.132.124 - - [25/Dec/2024:17:40:07 -0500] "POST /wp-cron.php?doing_wp_cron=1735166407.8030309677124023437500 HTTP/1.1" 200 0 "-" "WordPress/6.7.1; https://misswavenigeria.com"
79.142.79.51 - - [25/Dec/2024:17:40:05 -0500] "GET / HTTP/1.0" 200 109055 "https://misswavenigeria.com/" "Mozilla/5.0 (Windows NT 6.1; Win64; x64) AppleWebKit/537.36 (KHTML, like Gecko) Chrome/103.0.0.0 Safari/537.36"
66.29.132.124 - - [25/Dec/2024:17:40:08 -0500] "POST /wp-admin/admin-ajax.php?action=async_litespeed&nonce=V9RWD5cucxuex1krRjoPgsCPAcgjX5zz&litespeed_type=imgoptm HTTP/1.1" 200 21 "-" "WordPress/6.7.1; https://misswavenigeria.com"
79.142.79.51 - - [25/Dec/2024:17:40:10 -0500] "GET /register/ HTTP/1.0" 200 75922 "https://misswavenigeria.com/register/" "Mozilla/5.0 (Windows NT 6.1; Win64; x64) AppleWebKit/537.36 (KHTML, like Gecko) Chrome/103.0.0.0 Safari/537.36"
79.142.79.51 - - [25/Dec/2024:17:40:11 -0500] "POST /register/ HTTP/1.0" 200 76048 "https://misswavenigeria.com/register/" "Mozilla/5.0 (Windows NT 6.1; Win64; x64) AppleWebKit/537.36 (KHTML, like Gecko) Chrome/103.0.0.0 Safari/537.36"
66.29.132.124 - - [25/Dec/2024:17:41:18 -0500] "POST /wp-cron.php?doing_wp_cron=1735166478.1797869205474853515625 HTTP/1.1" 200 0 "-" "WordPress/6.7.1; https://misswavenigeria.com"
79.142.79.51 - - [25/Dec/2024:17:41:18 -0500] "GET /register/ HTTP/1.0" 200 75922 "https://misswavenigeria.com/" "Mozilla/5.0 (Windows NT 6.1; Win64; x64) AppleWebKit/537.36 (KHTML, like Gecko) Chrome/103.0.0.0 Safari/537.36"
66.29.132.124 - - [25/Dec/2024:17:41:18 -0500] "POST /wp-admin/admin-ajax.php?action=async_litespeed&nonce=Wv0cYUotaYhzoi4OuYYg6uZC6D1MaMaL&litespeed_type=imgoptm HTTP/1.1" 200 21 "-" "WordPress/6.7.1; https://misswavenigeria.com"
66.29.132.124 - - [25/Dec/2024:17:43:15 -0500] "POST /wp-cron.php?doing_wp_cron=1735166595.1397790908813476562500 HTTP/1.1" 200 0 "-" "WordPress/6.7.1; https://misswavenigeria.com"
79.142.79.51 - - [25/Dec/2024:17:43:13 -0500] "GET / HTTP/1.0" 200 109055 "https://misswavenigeria.com/" "Mozilla/5.0 (Windows NT 6.1; WOW64) AppleWebKit/537.36 (KHTML, like Gecko) Chrome/103.0.0.0 Safari/537.36"
66.29.132.124 - - [25/Dec/2024:17:43:15 -0500] "POST /wp-admin/admin-ajax.php?action=async_litespeed&nonce=3B5xlRqgRKIvn98BwN3cVCz4aXFVaQQP&litespeed_type=imgoptm HTTP/1.1" 200 21 "-" "WordPress/6.7.1; https://misswavenigeria.com"
79.142.79.51 - - [25/Dec/2024:17:43:17 -0500] "GET /register/ HTTP/1.0" 200 75922 "https://misswavenigeria.com/register/" "Mozilla/5.0 (Windows NT 6.1; WOW64) AppleWebKit/537.36 (KHTML, like Gecko) Chrome/103.0.0.0 Safari/537.36"
79.142.79.51 - - [25/Dec/2024:17:43:18 -0500] "POST /register/ HTTP/1.0" 200 76048 "https://misswavenigeria.com/register/" "Mozilla/5.0 (Windows NT 6.1; WOW64) AppleWebKit/537.36 (KHTML, like Gecko) Chrome/103.0.0.0 Safari/537.36"
66.29.132.124 - - [25/Dec/2024:17:44:24 -0500] "POST /wp-cron.php?doing_wp_cron=1735166664.3272409439086914062500 HTTP/1.1" 200 0 "-" "WordPress/6.7.1; https://misswavenigeria.com"
79.142.79.51 - - [25/Dec/2024:17:44:24 -0500] "GET /register/ HTTP/1.0" 200 75922 "https://misswavenigeria.com/" "Mozilla/5.0 (Windows NT 6.1; WOW64) AppleWebKit/537.36 (KHTML, like Gecko) Chrome/103.0.0.0 Safari/537.36"
66.29.132.124 - - [25/Dec/2024:17:44:24 -0500] "POST /wp-admin/admin-ajax.php?action=async_litespeed&nonce=oxh6ivhNDTCzIrCCuzngGTlTwN0baXRE&litespeed_type=imgoptm HTTP/1.1" 200 21 "-" "WordPress/6.7.1; https://misswavenigeria.com"
66.29.132.124 - - [25/Dec/2024:17:46:24 -0500] "POST /wp-cron.php?doing_wp_cron=1735166784.1826450824737548828125 HTTP/1.1" 200 0 "-" "WordPress/6.7.1; https://misswavenigeria.com"
79.142.79.51 - - [25/Dec/2024:17:46:22 -0500] "GET / HTTP/1.0" 200 109055 "https://misswavenigeria.com/" "Mozilla/5.0 (Windows NT 6.3) AppleWebKit/537.36 (KHTML, like Gecko) Chrome/103.0.0.0 Safari/537.36"
66.29.132.124 - - [25/Dec/2024:17:46:24 -0500] "POST /wp-admin/admin-ajax.php?action=async_litespeed&nonce=Qla2JQ7ls9LohVQDNDw9OmqUXq6yAnuo&litespeed_type=imgoptm HTTP/1.1" 200 21 "-" "WordPress/6.7.1; https://misswavenigeria.com"
79.142.79.51 - - [25/Dec/2024:17:46:26 -0500] "GET /register/ HTTP/1.0" 200 75922 "https://misswavenigeria.com/register/" "Mozilla/5.0 (Windows NT 6.3) AppleWebKit/537.36 (KHTML, like Gecko) Chrome/103.0.0.0 Safari/537.36"
66.29.132.124 - - [25/Dec/2024:17:46:28 -0500] "POST /wp-cron.php?doing_wp_cron=1735166788.2804749011993408203125 HTTP/1.1" 200 0 "-" "WordPress/6.7.1; https://misswavenigeria.com"
79.142.79.51 - - [25/Dec/2024:17:46:28 -0500] "POST /register/ HTTP/1.0" 200 76048 "https://misswavenigeria.com/register/" "Mozilla/5.0 (Windows NT 6.3) AppleWebKit/537.36 (KHTML, like Gecko) Chrome/103.0.0.0 Safari/537.36"
66.29.132.124 - - [25/Dec/2024:17:47:55 -0500] "POST /wp-cron.php?doing_wp_cron=1735166875.2420449256896972656250 HTTP/1.1" 200 0 "-" "WordPress/6.7.1; https://misswavenigeria.com"
79.142.79.51 - - [25/Dec/2024:17:47:55 -0500] "GET /register/ HTTP/1.0" 200 75922 "https://misswavenigeria.com/" "Mozilla/5.0 (Windows NT 6.3) AppleWebKit/537.36 (KHTML, like Gecko) Chrome/103.0.0.0 Safari/537.36"
66.29.132.124 - - [25/Dec/2024:17:47:55 -0500] "POST /wp-admin/admin-ajax.php?action=async_litespeed&nonce=UyuQDSZ5Ep7zVKQ37b612MhgckneRyWH&litespeed_type=imgoptm HTTP/1.1" 200 21 "-" "WordPress/6.7.1; https://misswavenigeria.com"
66.29.132.124 - - [25/Dec/2024:17:49:30 -0500] "POST /wp-cron.php?doing_wp_cron=1735166970.5037651062011718750000 HTTP/1.1" 200 0 "-" "WordPress/6.7.1; https://misswavenigeria.com"
79.142.79.51 - - [25/Dec/2024:17:49:28 -0500] "GET / HTTP/1.0" 200 109053 "https://misswavenigeria.com/" "Mozilla/5.0 (Windows NT 6.3; WOW64) AppleWebKit/537.36 (KHTML, like Gecko) Chrome/103.0.5060.114 Safari/537.36"
66.29.132.124 - - [25/Dec/2024:17:49:30 -0500] "POST /wp-admin/admin-ajax.php?action=async_litespeed&nonce=LW7cFO8UtX4c72M9xZ6pdLRvC4Sm0QIN&litespeed_type=imgoptm HTTP/1.1" 200 21 "-" "WordPress/6.7.1; https://misswavenigeria.com"
79.142.79.51 - - [25/Dec/2024:17:49:32 -0500] "GET /register/ HTTP/1.0" 200 75922 "https://misswavenigeria.com/register/" "Mozilla/5.0 (Windows NT 6.3; WOW64) AppleWebKit/537.36 (KHTML, like Gecko) Chrome/103.0.5060.114 Safari/537.36"
79.142.79.51 - - [25/Dec/2024:17:49:34 -0500] "POST /register/ HTTP/1.0" 200 76048 "https://misswavenigeria.com/register/" "Mozilla/5.0 (Windows NT 6.3; WOW64) AppleWebKit/537.36 (KHTML, like Gecko) Chrome/103.0.5060.114 Safari/537.36"
66.29.132.124 - - [25/Dec/2024:17:50:50 -0500] "POST /wp-cron.php?doing_wp_cron=1735167050.8291881084442138671875 HTTP/1.1" 200 0 "-" "WordPress/6.7.1; https://misswavenigeria.com"
79.142.79.51 - - [25/Dec/2024:17:50:50 -0500] "GET /register/ HTTP/1.0" 200 75922 "https://misswavenigeria.com/" "Mozilla/5.0 (Windows NT 6.3; WOW64) AppleWebKit/537.36 (KHTML, like Gecko) Chrome/103.0.5060.114 Safari/537.36"
66.29.132.124 - - [25/Dec/2024:17:50:50 -0500] "POST /wp-admin/admin-ajax.php?action=async_litespeed&nonce=fhDQ2uySHmQNkqqmNmE7bVk41m9eAnnI&litespeed_type=imgoptm HTTP/1.1" 200 21 "-" "WordPress/6.7.1; https://misswavenigeria.com"
66.29.132.124 - - [25/Dec/2024:17:52:36 -0500] "POST /wp-cron.php?doing_wp_cron=1735167156.1765611171722412109375 HTTP/1.1" 200 0 "-" "WordPress/6.7.1; https://misswavenigeria.com"
79.142.79.51 - - [25/Dec/2024:17:52:34 -0500] "GET / HTTP/1.0" 200 109053 "https://misswavenigeria.com/" "Mozilla/5.0 (Windows NT 6.3; Win64; x64) AppleWebKit/537.36 (KHTML, like Gecko) Chrome/103.0.5060.114 Safari/537.36"
66.29.132.124 - - [25/Dec/2024:17:52:36 -0500] "POST /wp-admin/admin-ajax.php?action=async_litespeed&nonce=ni6nvN3Srny2FUAysSkkLyX6h7f81uYl&litespeed_type=imgoptm HTTP/1.1" 200 21 "-" "WordPress/6.7.1; https://misswavenigeria.com"
79.142.79.51 - - [25/Dec/2024:17:52:38 -0500] "GET /register/ HTTP/1.0" 200 75922 "https://misswavenigeria.com/register/" "Mozilla/5.0 (Windows NT 6.3; Win64; x64) AppleWebKit/537.36 (KHTML, like Gecko) Chrome/103.0.5060.114 Safari/537.36"
79.142.79.51 - - [25/Dec/2024:17:52:39 -0500] "POST /register/ HTTP/1.0" 200 76048 "https://misswavenigeria.com/register/" "Mozilla/5.0 (Windows NT 6.3; Win64; x64) AppleWebKit/537.36 (KHTML, like Gecko) Chrome/103.0.5060.114 Safari/537.36"
66.29.132.124 - - [25/Dec/2024:17:53:38 -0500] "POST /wp-cron.php?doing_wp_cron=1735167218.7195730209350585937500 HTTP/1.1" 200 0 "-" "WordPress/6.7.1; https://misswavenigeria.com"
79.142.79.51 - - [25/Dec/2024:17:53:38 -0500] "GET /register/ HTTP/1.0" 200 75922 "https://misswavenigeria.com/" "Mozilla/5.0 (Windows NT 6.3; Win64; x64) AppleWebKit/537.36 (KHTML, like Gecko) Chrome/103.0.5060.114 Safari/537.36"
66.29.132.124 - - [25/Dec/2024:17:53:38 -0500] "POST /wp-admin/admin-ajax.php?action=async_litespeed&nonce=ijDcqPl5TsKJxZ1sSTranAHr2yXSONmd&litespeed_type=imgoptm HTTP/1.1" 200 21 "-" "WordPress/6.7.1; https://misswavenigeria.com"
66.29.132.124 - - [25/Dec/2024:17:55:42 -0500] "POST /wp-cron.php?doing_wp_cron=1735167342.6875629425048828125000 HTTP/1.1" 200 0 "-" "WordPress/6.7.1; https://misswavenigeria.com"
79.142.79.51 - - [25/Dec/2024:17:55:41 -0500] "GET / HTTP/1.0" 200 109055 "https://misswavenigeria.com/" "Mozilla/5.0 (Windows NT 6.3) AppleWebKit/537.36 (KHTML, like Gecko) Chrome/103.0.0.0 Safari/537.36"
66.29.132.124 - - [25/Dec/2024:17:55:42 -0500] "POST /wp-admin/admin-ajax.php?action=async_litespeed&nonce=QfmocHJZ4LODn1rxdgk900KnTyhtUoWx&litespeed_type=imgoptm HTTP/1.1" 200 21 "-" "WordPress/6.7.1; https://misswavenigeria.com"
79.142.79.51 - - [25/Dec/2024:17:55:44 -0500] "GET /register/ HTTP/1.0" 200 75922 "https://misswavenigeria.com/register/" "Mozilla/5.0 (Windows NT 6.3) AppleWebKit/537.36 (KHTML, like Gecko) Chrome/103.0.0.0 Safari/537.36"
79.142.79.51 - - [25/Dec/2024:17:55:46 -0500] "POST /register/ HTTP/1.0" 200 76048 "https://misswavenigeria.com/register/" "Mozilla/5.0 (Windows NT 6.3) AppleWebKit/537.36 (KHTML, like Gecko) Chrome/103.0.0.0 Safari/537.36"
66.29.132.124 - - [25/Dec/2024:17:56:47 -0500] "POST /wp-cron.php?doing_wp_cron=1735167407.8789319992065429687500 HTTP/1.1" 200 0 "-" "WordPress/6.7.1; https://misswavenigeria.com"
79.142.79.51 - - [25/Dec/2024:17:56:47 -0500] "GET /register/ HTTP/1.0" 200 75922 "https://misswavenigeria.com/" "Mozilla/5.0 (Windows NT 6.3) AppleWebKit/537.36 (KHTML, like Gecko) Chrome/103.0.0.0 Safari/537.36"
66.29.132.124 - - [25/Dec/2024:17:56:48 -0500] "POST /wp-admin/admin-ajax.php?action=async_litespeed&nonce=OqemI5SKtsXmNTEkntlfbc3Kl9w2teIg&litespeed_type=imgoptm HTTP/1.1" 200 21 "-" "WordPress/6.7.1; https://misswavenigeria.com"
66.29.132.124 - - [25/Dec/2024:17:58:48 -0500] "POST /wp-cron.php?doing_wp_cron=1735167528.0024180412292480468750 HTTP/1.1" 200 0 "-" "WordPress/6.7.1; https://misswavenigeria.com"
79.142.79.51 - - [25/Dec/2024:17:58:46 -0500] "GET / HTTP/1.0" 200 109053 "https://misswavenigeria.com/" "Mozilla/5.0 (Windows NT 6.3; Win64; x64) AppleWebKit/537.36 (KHTML, like Gecko) Chrome/103.0.5060.114 Safari/537.36"
66.29.132.124 - - [25/Dec/2024:17:58:48 -0500] "POST /wp-admin/admin-ajax.php?action=async_litespeed&nonce=fLZVmQV49viM5Pb1M9QZN5FjdSYKxLSc&litespeed_type=imgoptm HTTP/1.1" 200 21 "-" "WordPress/6.7.1; https://misswavenigeria.com"
79.142.79.51 - - [25/Dec/2024:17:58:50 -0500] "GET /register/ HTTP/1.0" 200 75922 "https://misswavenigeria.com/register/" "Mozilla/5.0 (Windows NT 6.3; Win64; x64) AppleWebKit/537.36 (KHTML, like Gecko) Chrome/103.0.5060.114 Safari/537.36"
66.29.132.124 - - [25/Dec/2024:17:58:52 -0500] "POST /wp-cron.php?doing_wp_cron=1735167532.0306138992309570312500 HTTP/1.1" 200 0 "-" "WordPress/6.7.1; https://misswavenigeria.com"
66.29.132.124 - - [25/Dec/2024:17:58:52 -0500] "POST /wp-admin/admin-ajax.php?action=async_litespeed&nonce=cuxkr0uhtF9ZVDCc0MHnGIjM3LuiMqNd&litespeed_type=imgoptm HTTP/1.1" 200 21 "-" "WordPress/6.7.1; https://misswavenigeria.com"
79.142.79.51 - - [25/Dec/2024:17:58:51 -0500] "POST /register/ HTTP/1.0" 200 76048 "https://misswavenigeria.com/register/" "Mozilla/5.0 (Windows NT 6.3; Win64; x64) AppleWebKit/537.36 (KHTML, like Gecko) Chrome/103.0.5060.114 Safari/537.36"
66.29.132.124 - - [25/Dec/2024:17:59:53 -0500] "POST /wp-cron.php?doing_wp_cron=1735167593.9156379699707031250000 HTTP/1.1" 200 0 "-" "WordPress/6.7.1; https://misswavenigeria.com"
79.142.79.51 - - [25/Dec/2024:17:59:53 -0500] "GET /register/ HTTP/1.0" 200 75922 "https://misswavenigeria.com/" "Mozilla/5.0 (Windows NT 6.3; Win64; x64) AppleWebKit/537.36 (KHTML, like Gecko) Chrome/103.0.5060.114 Safari/537.36"
66.29.132.124 - - [25/Dec/2024:17:59:54 -0500] "POST /wp-admin/admin-ajax.php?action=async_litespeed&nonce=NsXSF7TygMo835h5cB0DJrESLhU5jKwl&litespeed_type=imgoptm HTTP/1.1" 200 21 "-" "WordPress/6.7.1; https://misswavenigeria.com"
66.29.132.124 - - [25/Dec/2024:18:01:58 -0500] "POST /wp-cron.php?doing_wp_cron=1735167718.9714920520782470703125 HTTP/1.1" 200 0 "-" "WordPress/6.7.1; https://misswavenigeria.com"
79.142.79.51 - - [25/Dec/2024:18:01:57 -0500] "GET / HTTP/1.0" 200 109053 "https://misswavenigeria.com/" "Mozilla/5.0 (Windows NT 6.1; Win64; x64) AppleWebKit/537.36 (KHTML, like Gecko) Chrome/103.0.5060.66 Safari/537.36"
66.29.132.124 - - [25/Dec/2024:18:01:59 -0500] "POST /wp-admin/admin-ajax.php?action=async_litespeed&nonce=90hOzyHilm2akxMX2xJHynZCwvNfzOju&litespeed_type=imgoptm HTTP/1.1" 200 21 "-" "WordPress/6.7.1; https://misswavenigeria.com"
79.142.79.51 - - [25/Dec/2024:18:02:01 -0500] "GET /register/ HTTP/1.0" 200 75922 "https://misswavenigeria.com/register/" "Mozilla/5.0 (Windows NT 6.1; Win64; x64) AppleWebKit/537.36 (KHTML, like Gecko) Chrome/103.0.5060.66 Safari/537.36"
79.142.79.51 - - [25/Dec/2024:18:02:02 -0500] "POST /register/ HTTP/1.0" 200 76048 "https://misswavenigeria.com/register/" "Mozilla/5.0 (Windows NT 6.1; Win64; x64) AppleWebKit/537.36 (KHTML, like Gecko) Chrome/103.0.5060.66 Safari/537.36"
66.29.132.124 - - [25/Dec/2024:18:03:04 -0500] "POST /wp-cron.php?doing_wp_cron=1735167784.7862870693206787109375 HTTP/1.1" 200 0 "-" "WordPress/6.7.1; https://misswavenigeria.com"
79.142.79.51 - - [25/Dec/2024:18:03:04 -0500] "GET /register/ HTTP/1.0" 200 75922 "https://misswavenigeria.com/" "Mozilla/5.0 (Windows NT 6.1; Win64; x64) AppleWebKit/537.36 (KHTML, like Gecko) Chrome/103.0.5060.66 Safari/537.36"
66.29.132.124 - - [25/Dec/2024:18:03:04 -0500] "POST /wp-admin/admin-ajax.php?action=async_litespeed&nonce=qAX4bsIY8lnsvoKEGQD9NLYXglqIsRBW&litespeed_type=imgoptm HTTP/1.1" 200 21 "-" "WordPress/6.7.1; https://misswavenigeria.com"
66.29.132.124 - - [25/Dec/2024:18:05:05 -0500] "POST /wp-cron.php?doing_wp_cron=1735167905.8004660606384277343750 HTTP/1.1" 200 0 "-" "WordPress/6.7.1; https://misswavenigeria.com"
79.142.79.51 - - [25/Dec/2024:18:05:03 -0500] "GET / HTTP/1.0" 200 109053 "https://misswavenigeria.com/" "Mozilla/5.0 (Windows NT 6.2; Win64; x64) AppleWebKit/537.36 (KHTML, like Gecko) Chrome/103.0.0.0 Safari/537.36"
66.29.132.124 - - [25/Dec/2024:18:05:06 -0500] "POST /wp-admin/admin-ajax.php?action=async_litespeed&nonce=LwNXjsz5f3IiEGCujF3j5IXjLYInufdp&litespeed_type=imgoptm HTTP/1.1" 200 21 "-" "WordPress/6.7.1; https://misswavenigeria.com"
79.142.79.51 - - [25/Dec/2024:18:05:07 -0500] "GET /register/ HTTP/1.0" 200 75922 "https://misswavenigeria.com/register/" "Mozilla/5.0 (Windows NT 6.2; Win64; x64) AppleWebKit/537.36 (KHTML, like Gecko) Chrome/103.0.0.0 Safari/537.36"
79.142.79.51 - - [25/Dec/2024:18:05:09 -0500] "POST /register/ HTTP/1.0" 200 76048 "https://misswavenigeria.com/register/" "Mozilla/5.0 (Windows NT 6.2; Win64; x64) AppleWebKit/537.36 (KHTML, like Gecko) Chrome/103.0.0.0 Safari/537.36"
66.29.132.124 - - [25/Dec/2024:18:06:07 -0500] "POST /wp-cron.php?doing_wp_cron=1735167967.2492690086364746093750 HTTP/1.1" 200 0 "-" "WordPress/6.7.1; https://misswavenigeria.com"
79.142.79.51 - - [25/Dec/2024:18:06:07 -0500] "GET /register/ HTTP/1.0" 200 75922 "https://misswavenigeria.com/" "Mozilla/5.0 (Windows NT 6.2; Win64; x64) AppleWebKit/537.36 (KHTML, like Gecko) Chrome/103.0.0.0 Safari/537.36"
66.29.132.124 - - [25/Dec/2024:18:06:07 -0500] "POST /wp-admin/admin-ajax.php?action=async_litespeed&nonce=XWEyZSFQX3ovTctGm42J7Ozs8XBoBJbC&litespeed_type=imgoptm HTTP/1.1" 200 21 "-" "WordPress/6.7.1; https://misswavenigeria.com"
66.29.132.124 - - [25/Dec/2024:18:08:09 -0500] "POST /wp-cron.php?doing_wp_cron=1735168089.8661289215087890625000 HTTP/1.1" 200 0 "-" "WordPress/6.7.1; https://misswavenigeria.com"
79.142.79.51 - - [25/Dec/2024:18:08:08 -0500] "GET / HTTP/1.0" 200 109055 "https://misswavenigeria.com/" "Mozilla/5.0 (Windows NT 10.0; WOW64) AppleWebKit/537.36 (KHTML, like Gecko) Chrome/103.0.5060.114 Safari/537.36"
66.29.132.124 - - [25/Dec/2024:18:08:10 -0500] "POST /wp-admin/admin-ajax.php?action=async_litespeed&nonce=6OspRXRWHzL2kX9gV1exJwNpod1msZxk&litespeed_type=imgoptm HTTP/1.1" 200 21 "-" "WordPress/6.7.1; https://misswavenigeria.com"
79.142.79.51 - - [25/Dec/2024:18:08:12 -0500] "GET /register/ HTTP/1.0" 200 75922 "https://misswavenigeria.com/register/" "Mozilla/5.0 (Windows NT 10.0; WOW64) AppleWebKit/537.36 (KHTML, like Gecko) Chrome/103.0.5060.114 Safari/537.36"
79.142.79.51 - - [25/Dec/2024:18:08:13 -0500] "POST /register/ HTTP/1.0" 200 76048 "https://misswavenigeria.com/register/" "Mozilla/5.0 (Windows NT 10.0; WOW64) AppleWebKit/537.36 (KHTML, like Gecko) Chrome/103.0.5060.114 Safari/537.36"
66.29.132.124 - - [25/Dec/2024:18:09:12 -0500] "POST /wp-cron.php?doing_wp_cron=1735168152.8897290229797363281250 HTTP/1.1" 200 0 "-" "WordPress/6.7.1; https://misswavenigeria.com"
79.142.79.51 - - [25/Dec/2024:18:09:12 -0500] "GET /register/ HTTP/1.0" 200 75922 "https://misswavenigeria.com/" "Mozilla/5.0 (Windows NT 10.0; WOW64) AppleWebKit/537.36 (KHTML, like Gecko) Chrome/103.0.5060.114 Safari/537.36"
66.29.132.124 - - [25/Dec/2024:18:09:13 -0500] "POST /wp-admin/admin-ajax.php?action=async_litespeed&nonce=Dw24YZ49TOFm7j5zv0bKJmbx6TBD3eE6&litespeed_type=imgoptm HTTP/1.1" 200 21 "-" "WordPress/6.7.1; https://misswavenigeria.com"
66.29.132.124 - - [25/Dec/2024:18:11:15 -0500] "POST /wp-cron.php?doing_wp_cron=1735168275.4038341045379638671875 HTTP/1.1" 200 0 "-" "WordPress/6.7.1; https://misswavenigeria.com"
79.142.79.51 - - [25/Dec/2024:18:11:13 -0500] "GET / HTTP/1.0" 200 109055 "https://misswavenigeria.com/" "Mozilla/5.0 (Windows NT 10.0; Win64; x64) AppleWebKit/537.36 (KHTML, like Gecko) Chrome/103.0.5042.0 Safari/537.36"
66.29.132.124 - - [25/Dec/2024:18:11:15 -0500] "POST /wp-admin/admin-ajax.php?action=async_litespeed&nonce=4zTqhr41V5dNFPdHonuo8dhNIYrYfjya&litespeed_type=imgoptm HTTP/1.1" 200 21 "-" "WordPress/6.7.1; https://misswavenigeria.com"
79.142.79.51 - - [25/Dec/2024:18:11:17 -0500] "GET /register/ HTTP/1.0" 200 75922 "https://misswavenigeria.com/register/" "Mozilla/5.0 (Windows NT 10.0; Win64; x64) AppleWebKit/537.36 (KHTML, like Gecko) Chrome/103.0.5042.0 Safari/537.36"
79.142.79.51 - - [25/Dec/2024:18:11:19 -0500] "POST /register/ HTTP/1.0" 200 76048 "https://misswavenigeria.com/register/" "Mozilla/5.0 (Windows NT 10.0; Win64; x64) AppleWebKit/537.36 (KHTML, like Gecko) Chrome/103.0.5042.0 Safari/537.36"
66.29.132.124 - - [25/Dec/2024:18:12:26 -0500] "POST /wp-cron.php?doing_wp_cron=1735168346.1085429191589355468750 HTTP/1.1" 200 0 "-" "WordPress/6.7.1; https://misswavenigeria.com"
79.142.79.51 - - [25/Dec/2024:18:12:25 -0500] "GET /register/ HTTP/1.0" 200 75922 "https://misswavenigeria.com/" "Mozilla/5.0 (Windows NT 10.0; Win64; x64) AppleWebKit/537.36 (KHTML, like Gecko) Chrome/103.0.5042.0 Safari/537.36"
66.29.132.124 - - [25/Dec/2024:18:12:26 -0500] "POST /wp-admin/admin-ajax.php?action=async_litespeed&nonce=cJowOxnBcSVH22nhgbEEE6nfADzeXJmn&litespeed_type=imgoptm HTTP/1.1" 200 21 "-" "WordPress/6.7.1; https://misswavenigeria.com"
66.29.132.124 - - [25/Dec/2024:18:14:22 -0500] "POST /wp-cron.php?doing_wp_cron=1735168462.1247920989990234375000 HTTP/1.1" 200 0 "-" "WordPress/6.7.1; https://misswavenigeria.com"
79.142.79.51 - - [25/Dec/2024:18:14:20 -0500] "GET / HTTP/1.0" 200 109053 "https://misswavenigeria.com/" "Mozilla/5.0 (Windows NT 10.0; Win64; x64) AppleWebKit/537.36 (KHTML, like Gecko) Chrome/103.0.5060.66 Safari/537.36"
66.29.132.124 - - [25/Dec/2024:18:14:22 -0500] "POST /wp-admin/admin-ajax.php?action=async_litespeed&nonce=efiPg6p1i0QoLtfhpq7hmKuMzIKdXgBi&litespeed_type=imgoptm HTTP/1.1" 200 21 "-" "WordPress/6.7.1; https://misswavenigeria.com"
79.142.79.51 - - [25/Dec/2024:18:14:24 -0500] "GET /register/ HTTP/1.0" 200 75922 "https://misswavenigeria.com/register/" "Mozilla/5.0 (Windows NT 10.0; Win64; x64) AppleWebKit/537.36 (KHTML, like Gecko) Chrome/103.0.5060.66 Safari/537.36"
66.29.132.124 - - [25/Dec/2024:18:14:26 -0500] "POST /wp-cron.php?doing_wp_cron=1735168466.0810201168060302734375 HTTP/1.1" 200 0 "-" "WordPress/6.7.1; https://misswavenigeria.com"
79.142.79.51 - - [25/Dec/2024:18:14:25 -0500] "POST /register/ HTTP/1.0" 200 76048 "https://misswavenigeria.com/register/" "Mozilla/5.0 (Windows NT 10.0; Win64; x64) AppleWebKit/537.36 (KHTML, like Gecko) Chrome/103.0.5060.66 Safari/537.36"
66.29.132.124 - - [25/Dec/2024:18:15:25 -0500] "POST /wp-cron.php?doing_wp_cron=1735168525.3260650634765625000000 HTTP/1.1" 200 0 "-" "WordPress/6.7.1; https://misswavenigeria.com"
79.142.79.51 - - [25/Dec/2024:18:15:25 -0500] "GET /register/ HTTP/1.0" 200 75922 "https://misswavenigeria.com/" "Mozilla/5.0 (Windows NT 10.0; Win64; x64) AppleWebKit/537.36 (KHTML, like Gecko) Chrome/103.0.5060.66 Safari/537.36"
66.29.132.124 - - [25/Dec/2024:18:15:25 -0500] "POST /wp-admin/admin-ajax.php?action=async_litespeed&nonce=YH9a7xdmwWp7Ifoiuj3b74RCaAs1WmrV&litespeed_type=imgoptm HTTP/1.1" 200 21 "-" "WordPress/6.7.1; https://misswavenigeria.com"
66.29.132.124 - - [25/Dec/2024:18:17:30 -0500] "POST /wp-cron.php?doing_wp_cron=1735168650.6467230319976806640625 HTTP/1.1" 200 0 "-" "WordPress/6.7.1; https://misswavenigeria.com"
79.142.79.51 - - [25/Dec/2024:18:17:29 -0500] "GET / HTTP/1.0" 200 109053 "https://misswavenigeria.com/" "Mozilla/5.0 (Windows NT 10.0; WOW64) AppleWebKit/537.36 (KHTML, like Gecko) Chrome/103.0.0.0 Safari/537.36"
66.29.132.124 - - [25/Dec/2024:18:17:30 -0500] "POST /wp-admin/admin-ajax.php?action=async_litespeed&nonce=8Ny2K1i9ahn5n5obWRyBNRP1TVGdwh7l&litespeed_type=imgoptm HTTP/1.1" 200 21 "-" "WordPress/6.7.1; https://misswavenigeria.com"
79.142.79.51 - - [25/Dec/2024:18:17:32 -0500] "GET /register/ HTTP/1.0" 200 75922 "https://misswavenigeria.com/register/" "Mozilla/5.0 (Windows NT 10.0; WOW64) AppleWebKit/537.36 (KHTML, like Gecko) Chrome/103.0.0.0 Safari/537.36"
79.142.79.51 - - [25/Dec/2024:18:17:34 -0500] "POST /register/ HTTP/1.0" 200 76048 "https://misswavenigeria.com/register/" "Mozilla/5.0 (Windows NT 10.0; WOW64) AppleWebKit/537.36 (KHTML, like Gecko) Chrome/103.0.0.0 Safari/537.36"
66.29.132.124 - - [25/Dec/2024:18:18:31 -0500] "POST /wp-cron.php?doing_wp_cron=1735168710.9990530014038085937500 HTTP/1.1" 200 0 "-" "WordPress/6.7.1; https://misswavenigeria.com"
79.142.79.51 - - [25/Dec/2024:18:18:30 -0500] "GET /register/ HTTP/1.0" 200 75922 "https://misswavenigeria.com/" "Mozilla/5.0 (Windows NT 10.0; WOW64) AppleWebKit/537.36 (KHTML, like Gecko) Chrome/103.0.0.0 Safari/537.36"
66.29.132.124 - - [25/Dec/2024:18:18:31 -0500] "POST /wp-admin/admin-ajax.php?action=async_litespeed&nonce=zVTjT2ErbnN739eFVHl9HGi2gEwA2flQ&litespeed_type=imgoptm HTTP/1.1" 200 21 "-" "WordPress/6.7.1; https://misswavenigeria.com"
66.29.132.124 - - [25/Dec/2024:18:20:40 -0500] "POST /wp-cron.php?doing_wp_cron=1735168840.0604701042175292968750 HTTP/1.1" 200 0 "-" "WordPress/6.7.1; https://misswavenigeria.com"
79.142.79.51 - - [25/Dec/2024:18:20:38 -0500] "GET / HTTP/1.0" 200 109053 "https://misswavenigeria.com/" "Mozilla/5.0 (Windows NT 10.0; Win64; x64) AppleWebKit/537.36 (KHTML, like Gecko) Chrome/103.0.0.0 Safari/537.36 OpenWave/97.4.2043.44"
66.29.132.124 - - [25/Dec/2024:18:20:40 -0500] "POST /wp-admin/admin-ajax.php?action=async_litespeed&nonce=HvL97fKT1PYQzggE5f6MFRplmTXLlnEQ&litespeed_type=imgoptm HTTP/1.1" 200 21 "-" "WordPress/6.7.1; https://misswavenigeria.com"
79.142.79.51 - - [25/Dec/2024:18:20:42 -0500] "GET /register/ HTTP/1.0" 200 75922 "https://misswavenigeria.com/register/" "Mozilla/5.0 (Windows NT 10.0; Win64; x64) AppleWebKit/537.36 (KHTML, like Gecko) Chrome/103.0.0.0 Safari/537.36 OpenWave/97.4.2043.44"
79.142.79.51 - - [25/Dec/2024:18:20:43 -0500] "POST /register/ HTTP/1.0" 200 76048 "https://misswavenigeria.com/register/" "Mozilla/5.0 (Windows NT 10.0; Win64; x64) AppleWebKit/537.36 (KHTML, like Gecko) Chrome/103.0.0.0 Safari/537.36 OpenWave/97.4.2043.44"
66.29.132.124 - - [25/Dec/2024:18:21:44 -0500] "POST /wp-cron.php?doing_wp_cron=1735168904.0827870368957519531250 HTTP/1.1" 200 0 "-" "WordPress/6.7.1; https://misswavenigeria.com"
79.142.79.51 - - [25/Dec/2024:18:21:43 -0500] "GET /register/ HTTP/1.0" 200 75922 "https://misswavenigeria.com/" "Mozilla/5.0 (Windows NT 10.0; Win64; x64) AppleWebKit/537.36 (KHTML, like Gecko) Chrome/103.0.0.0 Safari/537.36 OpenWave/97.4.2043.44"
66.29.132.124 - - [25/Dec/2024:18:21:44 -0500] "POST /wp-admin/admin-ajax.php?action=async_litespeed&nonce=eK1oxtHvUxv3LbLByiCbQuKjHRnxE0Bf&litespeed_type=imgoptm HTTP/1.1" 200 21 "-" "WordPress/6.7.1; https://misswavenigeria.com"
66.29.132.124 - - [25/Dec/2024:18:23:45 -0500] "POST /wp-cron.php?doing_wp_cron=1735169025.4558970928192138671875 HTTP/1.1" 200 0 "-" "WordPress/6.7.1; https://misswavenigeria.com"
79.142.79.51 - - [25/Dec/2024:18:23:44 -0500] "GET / HTTP/1.0" 200 109053 "https://misswavenigeria.com/" "Mozilla/5.0 (Windows NT 10.0; Win64; x64) AppleWebKit/537.36 (KHTML, like Gecko) Chrome/103.0.5042.0 Safari/537.36"
66.29.132.124 - - [25/Dec/2024:18:23:45 -0500] "POST /wp-admin/admin-ajax.php?action=async_litespeed&nonce=ACA6ZyaiS2hP9cHEFbkisp4DCm19xZay&litespeed_type=imgoptm HTTP/1.1" 200 21 "-" "WordPress/6.7.1; https://misswavenigeria.com"
79.142.79.51 - - [25/Dec/2024:18:23:47 -0500] "GET /register/ HTTP/1.0" 200 75922 "https://misswavenigeria.com/register/" "Mozilla/5.0 (Windows NT 10.0; Win64; x64) AppleWebKit/537.36 (KHTML, like Gecko) Chrome/103.0.5042.0 Safari/537.36"
66.29.132.124 - - [25/Dec/2024:18:23:49 -0500] "POST /wp-cron.php?doing_wp_cron=1735169029.4159719944000244140625 HTTP/1.1" 200 0 "-" "WordPress/6.7.1; https://misswavenigeria.com"
66.29.132.124 - - [25/Dec/2024:18:23:49 -0500] "POST /wp-admin/admin-ajax.php?action=async_litespeed&nonce=9aIlIsDJ2CAhNRr3dghc3ArdJQwLECV9&litespeed_type=imgoptm HTTP/1.1" 200 21 "-" "WordPress/6.7.1; https://misswavenigeria.com"
66.249.65.100 - - [25/Dec/2024:18:24:13 -0500] "GET /robots.txt HTTP/1.1" 200 99 "-" "Mozilla/5.0 (compatible; Googlebot/2.1; +http://www.google.com/bot.html)"
66.249.65.99 - - [25/Dec/2024:18:24:18 -0500] "GET / HTTP/1.1" 200 20847 "-" "Mozilla/5.0 (Linux; Android 6.0.1; Nexus 5X Build/MMB29P) AppleWebKit/537.36 (KHTML, like Gecko) Chrome/131.0.6778.139 Mobile Safari/537.36 (compatible; Googlebot/2.1; +http://www.google.com/bot.html)"
66.249.65.98 - - [25/Dec/2024:18:24:20 -0500] "GET /wp-content/plugins/ombre-features/css/lightgallery.css?ver=1.0 HTTP/1.1" 200 5579 "https://misswavenigeria.com/" "Mozilla/5.0 (Linux; Android 6.0.1; Nexus 5X Build/MMB29P) AppleWebKit/537.36 (KHTML, like Gecko) Chrome/131.0.6778.139 Mobile Safari/537.36 (compatible; Googlebot/2.1; +http://www.google.com/bot.html)"
66.249.65.99 - - [25/Dec/2024:18:24:20 -0500] "GET /wp-content/plugins/ombre-features/css/ecwid.css?ver=1.0 HTTP/1.1" 200 4175 "https://misswavenigeria.com/" "Mozilla/5.0 (Linux; Android 6.0.1; Nexus 5X Build/MMB29P) AppleWebKit/537.36 (KHTML, like Gecko) Chrome/131.0.6778.139 Mobile Safari/537.36 (compatible; Googlebot/2.1; +http://www.google.com/bot.html)"
66.249.65.99 - - [25/Dec/2024:18:24:20 -0500] "GET /wp-includes/css/dashicons.min.css?ver=6.7.1 HTTP/1.1" 200 35110 "https://misswavenigeria.com/" "Mozilla/5.0 (Linux; Android 6.0.1; Nexus 5X Build/MMB29P) AppleWebKit/537.36 (KHTML, like Gecko) Chrome/131.0.6778.139 Mobile Safari/537.36 (compatible; Googlebot/2.1; +http://www.google.com/bot.html)"
66.249.65.99 - - [25/Dec/2024:18:24:21 -0500] "GET /wp-content/themes/ombre/js/fakeloader.js?ver=1.0.0 HTTP/1.1" 200 584 "https://misswavenigeria.com/" "Mozilla/5.0 (Linux; Android 6.0.1; Nexus 5X Build/MMB29P) AppleWebKit/537.36 (KHTML, like Gecko) Chrome/131.0.6778.139 Mobile Safari/537.36 (compatible; Googlebot/2.1; +http://www.google.com/bot.html)"
66.29.132.124 - - [25/Dec/2024:18:24:44 -0500] "POST /wp-cron.php?doing_wp_cron=1735169084.3590569496154785156250 HTTP/1.1" 200 0 "-" "WordPress/6.7.1; https://misswavenigeria.com"
185.233.3.42 - - [25/Dec/2024:18:24:44 -0500] "POST /wp-content/db-cache.php HTTP/1.1" 404 15562 "-" "Mozilla/4.0 (compatible; MSIE 6.0; Windows NT 5.1; SV1)"
79.142.79.51 - - [25/Dec/2024:18:23:49 -0500] "POST /register/ HTTP/1.0" 200 76048 "https://misswavenigeria.com/register/" "Mozilla/5.0 (Windows NT 10.0; Win64; x64) AppleWebKit/537.36 (KHTML, like Gecko) Chrome/103.0.5042.0 Safari/537.36"
66.29.132.124 - - [25/Dec/2024:18:24:52 -0500] "POST /wp-cron.php?doing_wp_cron=1735169092.2939550876617431640625 HTTP/1.1" 200 0 "-" "WordPress/6.7.1; https://misswavenigeria.com"
79.142.79.51 - - [25/Dec/2024:18:24:52 -0500] "GET /register/ HTTP/1.0" 200 75922 "https://misswavenigeria.com/" "Mozilla/5.0 (Windows NT 10.0; Win64; x64) AppleWebKit/537.36 (KHTML, like Gecko) Chrome/103.0.5042.0 Safari/537.36"
66.29.132.124 - - [25/Dec/2024:18:24:52 -0500] "POST /wp-admin/admin-ajax.php?action=async_litespeed&nonce=pA1U9t9h1QKp3HaimKOyNKkEgOtaEHpV&litespeed_type=imgoptm HTTP/1.1" 200 21 "-" "WordPress/6.7.1; https://misswavenigeria.com"
66.29.132.124 - - [25/Dec/2024:18:26:49 -0500] "POST /wp-cron.php?doing_wp_cron=1735169209.1251020431518554687500 HTTP/1.1" 200 0 "-" "WordPress/6.7.1; https://misswavenigeria.com"
79.142.79.51 - - [25/Dec/2024:18:26:47 -0500] "GET / HTTP/1.0" 200 109053 "https://misswavenigeria.com/" "Mozilla/5.0 (Windows NT 10.0; Win64; x64) AppleWebKit/537.36 (KHTML, like Gecko) Chrome/103.0.5060.66 Safari/537.36"
