66.29.132.124 - - [25/Dec/2024:18:26:49 -0500] "POST /wp-admin/admin-ajax.php?action=async_litespeed&nonce=iKdlT7qELlUUjXyftt5ndbrlCeZy8VeZ&litespeed_type=imgoptm HTTP/1.1" 200 21 "-" "WordPress/6.7.1; https://misswavenigeria.com"
79.142.79.51 - - [25/Dec/2024:18:26:51 -0500] "GET /register/ HTTP/1.0" 200 75922 "https://misswavenigeria.com/register/" "Mozilla/5.0 (Windows NT 10.0; Win64; x64) AppleWebKit/537.36 (KHTML, like Gecko) Chrome/103.0.5060.66 Safari/537.36"
79.142.79.51 - - [25/Dec/2024:18:26:52 -0500] "POST /register/ HTTP/1.0" 200 76048 "https://misswavenigeria.com/register/" "Mozilla/5.0 (Windows NT 10.0; Win64; x64) AppleWebKit/537.36 (KHTML, like Gecko) Chrome/103.0.5060.66 Safari/537.36"
66.29.132.124 - - [25/Dec/2024:18:27:54 -0500] "POST /wp-cron.php?doing_wp_cron=1735169274.7637751102447509765625 HTTP/1.1" 200 0 "-" "WordPress/6.7.1; https://misswavenigeria.com"
79.142.79.51 - - [25/Dec/2024:18:27:54 -0500] "GET /register/ HTTP/1.0" 200 75922 "https://misswavenigeria.com/" "Mozilla/5.0 (Windows NT 10.0; Win64; x64) AppleWebKit/537.36 (KHTML, like Gecko) Chrome/103.0.5060.66 Safari/537.36"
66.29.132.124 - - [25/Dec/2024:18:27:54 -0500] "POST /wp-admin/admin-ajax.php?action=async_litespeed&nonce=7hDCfkrzjpGyUbxyZbDLdbVt6NsbSItc&litespeed_type=imgoptm HTTP/1.1" 200 21 "-" "WordPress/6.7.1; https://misswavenigeria.com"
66.29.132.124 - - [25/Dec/2024:18:29:55 -0500] "POST /wp-cron.php?doing_wp_cron=1735169395.1059710979461669921875 HTTP/1.1" 200 0 "-" "WordPress/6.7.1; https://misswavenigeria.com"
79.142.79.51 - - [25/Dec/2024:18:29:53 -0500] "GET / HTTP/1.0" 200 109053 "https://misswavenigeria.com/" "Mozilla/5.0 (Windows NT 6.3) AppleWebKit/537.36 (KHTML, like Gecko) Chrome/103.0.0.0 Safari/537.36"
66.29.132.124 - - [25/Dec/2024:18:29:55 -0500] "POST /wp-admin/admin-ajax.php?action=async_litespeed&nonce=CtkHn9sURl7lbuaIBpQKxYCV65ipKwCa&litespeed_type=imgoptm HTTP/1.1" 200 21 "-" "WordPress/6.7.1; https://misswavenigeria.com"
79.142.79.51 - - [25/Dec/2024:18:29:57 -0500] "GET /register/ HTTP/1.0" 200 75922 "https://misswavenigeria.com/register/" "Mozilla/5.0 (Windows NT 6.3) AppleWebKit/537.36 (KHTML, like Gecko) Chrome/103.0.0.0 Safari/537.36"
79.142.79.51 - - [25/Dec/2024:18:29:58 -0500] "POST /register/ HTTP/1.0" 200 76048 "https://misswavenigeria.com/register/" "Mozilla/5.0 (Windows NT 6.3) AppleWebKit/537.36 (KHTML, like Gecko) Chrome/103.0.0.0 Safari/537.36"
66.29.132.124 - - [25/Dec/2024:18:31:15 -0500] "POST /wp-cron.php?doing_wp_cron=1735169475.9241299629211425781250 HTTP/1.1" 200 0 "-" "WordPress/6.7.1; https://misswavenigeria.com"
79.142.79.51 - - [25/Dec/2024:18:31:15 -0500] "GET /register/ HTTP/1.0" 200 75922 "https://misswavenigeria.com/" "Mozilla/5.0 (Windows NT 6.3) AppleWebKit/537.36 (KHTML, like Gecko) Chrome/103.0.0.0 Safari/537.36"
66.29.132.124 - - [25/Dec/2024:18:31:16 -0500] "POST /wp-admin/admin-ajax.php?action=async_litespeed&nonce=7oOOhEcerAw1LTFrfzKZSuib82QswcD4&litespeed_type=imgoptm HTTP/1.1" 200 21 "-" "WordPress/6.7.1; https://misswavenigeria.com"
66.29.132.124 - - [25/Dec/2024:18:32:35 -0500] "POST /wp-cron.php?doing_wp_cron=1735169555.6209990978240966796875 HTTP/1.1" 200 0 "-" "WordPress/6.7.1; https://misswavenigeria.com"
172.81.133.244 - - [25/Dec/2024:18:32:35 -0500] "GET / HTTP/1.1" 200 109053 "-" "Mozilla/5.0 (Windows NT 10.0; Win64; x64) AppleWebKit/537.36 (KHTML, like Gecko) Chrome/113.0.0.0 Safari/537.36"
66.29.132.124 - - [25/Dec/2024:18:32:35 -0500] "POST /wp-admin/admin-ajax.php?action=async_litespeed&nonce=gc8yhQzVsnlSHfhBxMpXu8WCm87fjWiG&litespeed_type=imgoptm HTTP/1.1" 200 21 "-" "WordPress/6.7.1; https://misswavenigeria.com"
79.142.79.51 - - [25/Dec/2024:18:32:58 -0500] "GET / HTTP/1.0" 200 109053 "https://misswavenigeria.com/" "Mozilla/5.0 (Windows NT 10.0; Win64; x64) AppleWebKit/537.36 (KHTML, like Gecko) Chrome/103.0.5042.0 Safari/537.36"
79.142.79.51 - - [25/Dec/2024:18:33:00 -0500] "GET /register/ HTTP/1.0" 200 75922 "https://misswavenigeria.com/register/" "Mozilla/5.0 (Windows NT 10.0; Win64; x64) AppleWebKit/537.36 (KHTML, like Gecko) Chrome/103.0.5042.0 Safari/537.36"
66.29.132.124 - - [25/Dec/2024:18:33:02 -0500] "POST /wp-cron.php?doing_wp_cron=1735169582.7419381141662597656250 HTTP/1.1" 200 0 "-" "WordPress/6.7.1; https://misswavenigeria.com"
66.29.132.124 - - [25/Dec/2024:18:33:02 -0500] "POST /wp-admin/admin-ajax.php?action=async_litespeed&nonce=K6J6JIHI55DByuRLcAr0UJ9VJP3FKKIM&litespeed_type=imgoptm HTTP/1.1" 200 21 "-" "WordPress/6.7.1; https://misswavenigeria.com"
79.142.79.51 - - [25/Dec/2024:18:33:02 -0500] "POST /register/ HTTP/1.0" 200 76048 "https://misswavenigeria.com/register/" "Mozilla/5.0 (Windows NT 10.0; Win64; x64) AppleWebKit/537.36 (KHTML, like Gecko) Chrome/103.0.5042.0 Safari/537.36"
66.29.132.124 - - [25/Dec/2024:18:33:59 -0500] "POST /wp-cron.php?doing_wp_cron=1735169639.0404689311981201171875 HTTP/1.1" 200 0 "-" "WordPress/6.7.1; https://misswavenigeria.com"
79.142.79.51 - - [25/Dec/2024:18:33:58 -0500] "GET /register/ HTTP/1.0" 200 75922 "https://misswavenigeria.com/" "Mozilla/5.0 (Windows NT 10.0; Win64; x64) AppleWebKit/537.36 (KHTML, like Gecko) Chrome/103.0.5042.0 Safari/537.36"
66.29.132.124 - - [25/Dec/2024:18:33:59 -0500] "POST /wp-admin/admin-ajax.php?action=async_litespeed&nonce=MzuFO9aNgrrO4jBY4eZK7znknjdL3y04&litespeed_type=imgoptm HTTP/1.1" 200 21 "-" "WordPress/6.7.1; https://misswavenigeria.com"
66.29.132.124 - - [25/Dec/2024:18:36:07 -0500] "POST /wp-cron.php?doing_wp_cron=1735169767.7337219715118408203125 HTTP/1.1" 200 0 "-" "WordPress/6.7.1; https://misswavenigeria.com"
79.142.79.51 - - [25/Dec/2024:18:36:06 -0500] "GET / HTTP/1.0" 200 109053 "https://misswavenigeria.com/" "Mozilla/5.0 (Windows NT 6.1; Win64; x64) AppleWebKit/537.36 (KHTML, like Gecko) Chrome/103.0.5060.66 Safari/537.36"
66.29.132.124 - - [25/Dec/2024:18:36:07 -0500] "POST /wp-admin/admin-ajax.php?action=async_litespeed&nonce=5EBZDIn6259AnWvtxRrCkJNm3cjqas5l&litespeed_type=imgoptm HTTP/1.1" 200 21 "-" "WordPress/6.7.1; https://misswavenigeria.com"
79.142.79.51 - - [25/Dec/2024:18:36:09 -0500] "GET /register/ HTTP/1.0" 200 75922 "https://misswavenigeria.com/register/" "Mozilla/5.0 (Windows NT 6.1; Win64; x64) AppleWebKit/537.36 (KHTML, like Gecko) Chrome/103.0.5060.66 Safari/537.36"
79.142.79.51 - - [25/Dec/2024:18:36:11 -0500] "POST /register/ HTTP/1.0" 200 76048 "https://misswavenigeria.com/register/" "Mozilla/5.0 (Windows NT 6.1; Win64; x64) AppleWebKit/537.36 (KHTML, like Gecko) Chrome/103.0.5060.66 Safari/537.36"
66.29.132.124 - - [25/Dec/2024:18:37:10 -0500] "POST /wp-cron.php?doing_wp_cron=1735169830.1531519889831542968750 HTTP/1.1" 200 0 "-" "WordPress/6.7.1; https://misswavenigeria.com"
79.142.79.51 - - [25/Dec/2024:18:37:10 -0500] "GET /register/ HTTP/1.0" 200 75922 "https://misswavenigeria.com/" "Mozilla/5.0 (Windows NT 6.1; Win64; x64) AppleWebKit/537.36 (KHTML, like Gecko) Chrome/103.0.5060.66 Safari/537.36"
66.29.132.124 - - [25/Dec/2024:18:37:10 -0500] "POST /wp-admin/admin-ajax.php?action=async_litespeed&nonce=OofIvFoXFEop92bddvkSFJ2nSMewuCEv&litespeed_type=imgoptm HTTP/1.1" 200 21 "-" "WordPress/6.7.1; https://misswavenigeria.com"
66.29.132.124 - - [25/Dec/2024:18:39:16 -0500] "POST /wp-cron.php?doing_wp_cron=1735169956.1952879428863525390625 HTTP/1.1" 200 0 "-" "WordPress/6.7.1; https://misswavenigeria.com"
79.142.79.51 - - [25/Dec/2024:18:39:14 -0500] "GET / HTTP/1.0" 200 109053 "https://misswavenigeria.com/" "Mozilla/5.0 (Windows NT 6.1; WOW64) AppleWebKit/537.36 (KHTML, like Gecko) Chrome/103.0.0.0 Safari/537.36"
66.29.132.124 - - [25/Dec/2024:18:39:16 -0500] "POST /wp-admin/admin-ajax.php?action=async_litespeed&nonce=Mt7mFWfEHfjCNkcpAgCGsHm3sUL0YYKw&litespeed_type=imgoptm HTTP/1.1" 200 21 "-" "WordPress/6.7.1; https://misswavenigeria.com"
79.142.79.51 - - [25/Dec/2024:18:39:18 -0500] "GET /register/ HTTP/1.0" 200 75922 "https://misswavenigeria.com/register/" "Mozilla/5.0 (Windows NT 6.1; WOW64) AppleWebKit/537.36 (KHTML, like Gecko) Chrome/103.0.0.0 Safari/537.36"
79.142.79.51 - - [25/Dec/2024:18:39:20 -0500] "POST /register/ HTTP/1.0" 200 76048 "https://misswavenigeria.com/register/" "Mozilla/5.0 (Windows NT 6.1; WOW64) AppleWebKit/537.36 (KHTML, like Gecko) Chrome/103.0.0.0 Safari/537.36"
66.29.132.124 - - [25/Dec/2024:18:40:23 -0500] "POST /wp-cron.php?doing_wp_cron=1735170023.2315399646759033203125 HTTP/1.1" 200 0 "-" "WordPress/6.7.1; https://misswavenigeria.com"
79.142.79.51 - - [25/Dec/2024:18:40:23 -0500] "GET /register/ HTTP/1.0" 200 75922 "https://misswavenigeria.com/" "Mozilla/5.0 (Windows NT 6.1; WOW64) AppleWebKit/537.36 (KHTML, like Gecko) Chrome/103.0.0.0 Safari/537.36"
66.29.132.124 - - [25/Dec/2024:18:40:23 -0500] "POST /wp-admin/admin-ajax.php?action=async_litespeed&nonce=aEOKCfKOAUMZ61jG1EHfWwWYU1Vf1sPp&litespeed_type=imgoptm HTTP/1.1" 200 21 "-" "WordPress/6.7.1; https://misswavenigeria.com"
66.29.132.124 - - [25/Dec/2024:18:42:21 -0500] "POST /wp-cron.php?doing_wp_cron=1735170141.9336049556732177734375 HTTP/1.1" 200 0 "-" "WordPress/6.7.1; https://misswavenigeria.com"
79.142.79.51 - - [25/Dec/2024:18:42:20 -0500] "GET / HTTP/1.0" 200 109055 "https://misswavenigeria.com/" "Mozilla/5.0 (Windows NT 6.1) AppleWebKit/537.36 (KHTML, like Gecko) Chrome/103.0.0.0 Safari/537.36"
66.29.132.124 - - [25/Dec/2024:18:42:22 -0500] "POST /wp-admin/admin-ajax.php?action=async_litespeed&nonce=IlvqKc2KWKCVMU3pM07AK3KlpIoqu5VN&litespeed_type=imgoptm HTTP/1.1" 200 21 "-" "WordPress/6.7.1; https://misswavenigeria.com"
79.142.79.51 - - [25/Dec/2024:18:42:25 -0500] "GET /register/ HTTP/1.0" 200 75922 "https://misswavenigeria.com/register/" "Mozilla/5.0 (Windows NT 6.1) AppleWebKit/537.36 (KHTML, like Gecko) Chrome/103.0.0.0 Safari/537.36"
66.29.132.124 - - [25/Dec/2024:18:42:27 -0500] "POST /wp-cron.php?doing_wp_cron=1735170147.1881558895111083984375 HTTP/1.1" 200 0 "-" "WordPress/6.7.1; https://misswavenigeria.com"
79.142.79.51 - - [25/Dec/2024:18:42:27 -0500] "POST /register/ HTTP/1.0" 200 76048 "https://misswavenigeria.com/register/" "Mozilla/5.0 (Windows NT 6.1) AppleWebKit/537.36 (KHTML, like Gecko) Chrome/103.0.0.0 Safari/537.36"
66.29.132.124 - - [25/Dec/2024:18:43:23 -0500] "POST /wp-cron.php?doing_wp_cron=1735170203.0417840480804443359375 HTTP/1.1" 200 0 "-" "WordPress/6.7.1; https://misswavenigeria.com"
79.142.79.51 - - [25/Dec/2024:18:43:22 -0500] "GET /register/ HTTP/1.0" 200 75922 "https://misswavenigeria.com/" "Mozilla/5.0 (Windows NT 6.1) AppleWebKit/537.36 (KHTML, like Gecko) Chrome/103.0.0.0 Safari/537.36"
66.29.132.124 - - [25/Dec/2024:18:43:23 -0500] "POST /wp-admin/admin-ajax.php?action=async_litespeed&nonce=92pYYdUQJWSYwht9cNzObzx3uL1Ae3dW&litespeed_type=imgoptm HTTP/1.1" 200 21 "-" "WordPress/6.7.1; https://misswavenigeria.com"
66.29.132.124 - - [25/Dec/2024:18:45:31 -0500] "POST /wp-cron.php?doing_wp_cron=1735170331.1503729820251464843750 HTTP/1.1" 200 0 "-" "WordPress/6.7.1; https://misswavenigeria.com"
79.142.79.51 - - [25/Dec/2024:18:45:29 -0500] "GET / HTTP/1.0" 200 109053 "https://misswavenigeria.com/" "Mozilla/5.0 (Windows NT 10.0; Win64; x64) AppleWebKit/537.36 (KHTML, like Gecko) Chrome/103.0.5060.66 Safari/537.36"
66.29.132.124 - - [25/Dec/2024:18:45:31 -0500] "POST /wp-admin/admin-ajax.php?action=async_litespeed&nonce=BCpsAysU6OvAQq6gKFN8GVGYcq56sNDy&litespeed_type=imgoptm HTTP/1.1" 200 21 "-" "WordPress/6.7.1; https://misswavenigeria.com"
79.142.79.51 - - [25/Dec/2024:18:45:33 -0500] "GET /register/ HTTP/1.0" 200 75922 "https://misswavenigeria.com/register/" "Mozilla/5.0 (Windows NT 10.0; Win64; x64) AppleWebKit/537.36 (KHTML, like Gecko) Chrome/103.0.5060.66 Safari/537.36"
79.142.79.51 - - [25/Dec/2024:18:45:34 -0500] "POST /register/ HTTP/1.0" 200 76048 "https://misswavenigeria.com/register/" "Mozilla/5.0 (Windows NT 10.0; Win64; x64) AppleWebKit/537.36 (KHTML, like Gecko) Chrome/103.0.5060.66 Safari/537.36"
66.29.132.124 - - [25/Dec/2024:18:46:32 -0500] "POST /wp-cron.php?doing_wp_cron=1735170392.3202099800109863281250 HTTP/1.1" 200 0 "-" "WordPress/6.7.1; https://misswavenigeria.com"
79.142.79.51 - - [25/Dec/2024:18:46:32 -0500] "GET /register/ HTTP/1.0" 200 75922 "https://misswavenigeria.com/" "Mozilla/5.0 (Windows NT 10.0; Win64; x64) AppleWebKit/537.36 (KHTML, like Gecko) Chrome/103.0.5060.66 Safari/537.36"
66.29.132.124 - - [25/Dec/2024:18:46:32 -0500] "POST /wp-admin/admin-ajax.php?action=async_litespeed&nonce=ycKYmjTuOTqGxYiK5IrDEHdbC0w74CPg&litespeed_type=imgoptm HTTP/1.1" 200 21 "-" "WordPress/6.7.1; https://misswavenigeria.com"
66.29.132.124 - - [25/Dec/2024:18:48:36 -0500] "POST /wp-cron.php?doing_wp_cron=1735170516.6152520179748535156250 HTTP/1.1" 200 0 "-" "WordPress/6.7.1; https://misswavenigeria.com"
79.142.79.51 - - [25/Dec/2024:18:48:35 -0500] "GET / HTTP/1.0" 200 109051 "https://misswavenigeria.com/" "Mozilla/5.0 (Windows NT 10.0; Win64; x64) AppleWebKit/537.36 (KHTML, like Gecko) Chrome/103.0.5042.0 Safari/537.36"
66.29.132.124 - - [25/Dec/2024:18:48:36 -0500] "POST /wp-admin/admin-ajax.php?action=async_litespeed&nonce=0BgyEUH22CrUpl9CfNrXl5FfO9nAhbbA&litespeed_type=imgoptm HTTP/1.1" 200 21 "-" "WordPress/6.7.1; https://misswavenigeria.com"
79.142.79.51 - - [25/Dec/2024:18:48:38 -0500] "GET /register/ HTTP/1.0" 200 75922 "https://misswavenigeria.com/register/" "Mozilla/5.0 (Windows NT 10.0; Win64; x64) AppleWebKit/537.36 (KHTML, like Gecko) Chrome/103.0.5042.0 Safari/537.36"
79.142.79.51 - - [25/Dec/2024:18:48:40 -0500] "POST /register/ HTTP/1.0" 200 76048 "https://misswavenigeria.com/register/" "Mozilla/5.0 (Windows NT 10.0; Win64; x64) AppleWebKit/537.36 (KHTML, like Gecko) Chrome/103.0.5042.0 Safari/537.36"
66.29.132.124 - - [25/Dec/2024:18:49:38 -0500] "POST /wp-cron.php?doing_wp_cron=1735170578.1849370002746582031250 HTTP/1.1" 200 0 "-" "WordPress/6.7.1; https://misswavenigeria.com"
79.142.79.51 - - [25/Dec/2024:18:49:38 -0500] "GET /register/ HTTP/1.0" 200 75922 "https://misswavenigeria.com/" "Mozilla/5.0 (Windows NT 10.0; Win64; x64) AppleWebKit/537.36 (KHTML, like Gecko) Chrome/103.0.5042.0 Safari/537.36"
66.29.132.124 - - [25/Dec/2024:18:49:38 -0500] "POST /wp-admin/admin-ajax.php?action=async_litespeed&nonce=sgxHTfJlVjoq3BDk1CRCpJNEnSpFCEy6&litespeed_type=imgoptm HTTP/1.1" 200 21 "-" "WordPress/6.7.1; https://misswavenigeria.com"
66.29.132.124 - - [25/Dec/2024:18:51:44 -0500] "POST /wp-cron.php?doing_wp_cron=1735170704.1278710365295410156250 HTTP/1.1" 200 0 "-" "WordPress/6.7.1; https://misswavenigeria.com"
79.142.79.51 - - [25/Dec/2024:18:51:42 -0500] "GET / HTTP/1.0" 200 109055 "https://misswavenigeria.com/" "Mozilla/5.0 (Windows NT 6.1) AppleWebKit/537.36 (KHTML, like Gecko) Chrome/103.0.5060.114 Safari/537.36"
66.29.132.124 - - [25/Dec/2024:18:51:44 -0500] "POST /wp-admin/admin-ajax.php?action=async_litespeed&nonce=ufSa1cnZOEKxCDAU6CNxsUmFLclokRZF&litespeed_type=imgoptm HTTP/1.1" 200 21 "-" "WordPress/6.7.1; https://misswavenigeria.com"
79.142.79.51 - - [25/Dec/2024:18:51:46 -0500] "GET /register/ HTTP/1.0" 200 75922 "https://misswavenigeria.com/register/" "Mozilla/5.0 (Windows NT 6.1) AppleWebKit/537.36 (KHTML, like Gecko) Chrome/103.0.5060.114 Safari/537.36"
20.42.10.187 - - [25/Dec/2024:18:51:47 -0500] "GET /robots.txt HTTP/1.1" 301 0 "-" "Mozilla/5.0 AppleWebKit/537.36 (KHTML, like Gecko); compatible; OAI-SearchBot/1.0; +https://openai.com/searchbot"
51.8.102.13 - - [25/Dec/2024:18:51:47 -0500] "GET /robots.txt HTTP/1.1" 200 99 "-" "Mozilla/5.0 AppleWebKit/537.36 (KHTML, like Gecko); compatible; OAI-SearchBot/1.0; +https://openai.com/searchbot"
66.29.132.124 - - [25/Dec/2024:18:52:19 -0500] "POST /wp-cron.php?doing_wp_cron=1735170739.0227310657501220703125 HTTP/1.1" 200 0 "-" "WordPress/6.7.1; https://misswavenigeria.com"
66.249.74.4 - - [25/Dec/2024:18:52:18 -0500] "GET /goods/J880135?k=product HTTP/1.1" 301 0 "-" "Mozilla/5.0 (Linux; Android 6.0.1; Nexus 5X Build/MMB29P) AppleWebKit/537.36 (KHTML, like Gecko) Chrome/131.0.6778.139 Mobile Safari/537.36 (compatible; Googlebot/2.1; +http://www.google.com/bot.html)"
66.29.132.124 - - [25/Dec/2024:18:52:19 -0500] "POST /wp-admin/admin-ajax.php?action=async_litespeed&nonce=sIpndKAXu3JdBYMLam554svqpQhujIHk&litespeed_type=imgoptm HTTP/1.1" 200 21 "-" "WordPress/6.7.1; https://misswavenigeria.com"
66.249.65.100 - - [25/Dec/2024:18:52:19 -0500] "GET /goods/J880135?k=product HTTP/1.1" 404 15610 "-" "Mozilla/5.0 (Linux; Android 6.0.1; Nexus 5X Build/MMB29P) AppleWebKit/537.36 (KHTML, like Gecko) Chrome/131.0.6778.139 Mobile Safari/537.36 (compatible; Googlebot/2.1; +http://www.google.com/bot.html)"
79.142.79.51 - - [25/Dec/2024:18:51:47 -0500] "POST /register/ HTTP/1.0" 200 76048 "https://misswavenigeria.com/register/" "Mozilla/5.0 (Windows NT 6.1) AppleWebKit/537.36 (KHTML, like Gecko) Chrome/103.0.5060.114 Safari/537.36"
66.29.132.124 - - [25/Dec/2024:18:52:57 -0500] "POST /wp-cron.php?doing_wp_cron=1735170777.5193769931793212890625 HTTP/1.1" 200 0 "-" "WordPress/6.7.1; https://misswavenigeria.com"
79.142.79.51 - - [25/Dec/2024:18:52:57 -0500] "GET /register/ HTTP/1.0" 200 75922 "https://misswavenigeria.com/" "Mozilla/5.0 (Windows NT 6.1) AppleWebKit/537.36 (KHTML, like Gecko) Chrome/103.0.5060.114 Safari/537.36"
66.29.132.124 - - [25/Dec/2024:18:52:57 -0500] "POST /wp-admin/admin-ajax.php?action=async_litespeed&nonce=r8OhwE29rVhxZGT7e2HnAYj2nLKPS6MU&litespeed_type=imgoptm HTTP/1.1" 200 21 "-" "WordPress/6.7.1; https://misswavenigeria.com"
66.249.74.6 - - [25/Dec/2024:18:53:15 -0500] "GET /goods/W561570?k=product HTTP/1.1" 301 0 "-" "Mozilla/5.0 (Linux; Android 6.0.1; Nexus 5X Build/MMB29P) AppleWebKit/537.36 (KHTML, like Gecko) Chrome/131.0.6778.139 Mobile Safari/537.36 (compatible; Googlebot/2.1; +http://www.google.com/bot.html)"
66.249.65.100 - - [25/Dec/2024:18:53:15 -0500] "GET /goods/W561570?k=product HTTP/1.1" 404 15610 "-" "Mozilla/5.0 (Linux; Android 6.0.1; Nexus 5X Build/MMB29P) AppleWebKit/537.36 (KHTML, like Gecko) Chrome/131.0.6778.139 Mobile Safari/537.36 (compatible; Googlebot/2.1; +http://www.google.com/bot.html)"
66.29.132.124 - - [25/Dec/2024:18:54:36 -0500] "POST /wp-cron.php?doing_wp_cron=1735170876.8367040157318115234375 HTTP/1.1" 200 0 "-" "WordPress/6.7.1; https://misswavenigeria.com"
199.45.154.152 - - [25/Dec/2024:18:54:36 -0500] "GET / HTTP/1.1" 301 0 "-" "Mozilla/5.0 (compatible; CensysInspect/1.1; +https://about.censys.io/)"
66.29.132.124 - - [25/Dec/2024:18:54:37 -0500] "POST /wp-admin/admin-ajax.php?action=async_litespeed&nonce=LY3sFkGXXe4dnE5RWlb852YgFfDae1om&litespeed_type=imgoptm HTTP/1.1" 200 21 "-" "WordPress/6.7.1; https://misswavenigeria.com"
79.142.79.51 - - [25/Dec/2024:18:54:48 -0500] "GET / HTTP/1.0" 200 109053 "https://misswavenigeria.com/" "Mozilla/5.0 (Windows NT 6.2; Win64; x64) AppleWebKit/537.36 (KHTML, like Gecko) Chrome/103.0.0.0 Safari/537.36"
79.142.79.51 - - [25/Dec/2024:18:54:50 -0500] "GET /register/ HTTP/1.0" 200 75922 "https://misswavenigeria.com/register/" "Mozilla/5.0 (Windows NT 6.2; Win64; x64) AppleWebKit/537.36 (KHTML, like Gecko) Chrome/103.0.0.0 Safari/537.36"
199.45.154.152 - - [25/Dec/2024:18:54:50 -0500] "GET / HTTP/1.1" 200 24482 "-" "Mozilla/5.0 (compatible; CensysInspect/1.1; +https://about.censys.io/)"
199.45.154.152 - - [25/Dec/2024:18:54:51 -0500] "GET /wp-content/uploads/2023/08/cropped-Logo-1-1-2-scaled-1-32x32.jpg HTTP/1.1" 200 1013 "-" "Mozilla/5.0 (compatible; CensysInspect/1.1; +https://about.censys.io/)"
66.29.132.124 - - [25/Dec/2024:18:54:52 -0500] "POST /wp-cron.php?doing_wp_cron=1735170892.1136450767517089843750 HTTP/1.1" 200 0 "-" "WordPress/6.7.1; https://misswavenigeria.com"
66.29.132.124 - - [25/Dec/2024:18:54:52 -0500] "POST /wp-admin/admin-ajax.php?action=async_litespeed&nonce=qOvu16uspEysK1QEOCIkVVeH9CBm8VX4&litespeed_type=imgoptm HTTP/1.1" 200 21 "-" "WordPress/6.7.1; https://misswavenigeria.com"
199.45.154.152 - - [25/Dec/2024:18:54:52 -0500] "GET /wp-content/uploads/2023/08/cropped-Logo-1-1-2-scaled-1-192x192.jpg HTTP/1.1" 200 5929 "-" "Mozilla/5.0 (compatible; CensysInspect/1.1; +https://about.censys.io/)"
199.45.154.152 - - [25/Dec/2024:18:54:53 -0500] "GET /wp-content/uploads/2023/08/cropped-Logo-1-1-2-scaled-1-180x180.jpg HTTP/1.1" 200 5288 "-" "Mozilla/5.0 (compatible; CensysInspect/1.1; +https://about.censys.io/)"
199.45.154.152 - - [25/Dec/2024:18:54:54 -0500] "GET /favicon.ico HTTP/1.1" 404 1251 "-" "Mozilla/5.0 (compatible; CensysInspect/1.1; +https://about.censys.io/)"
79.142.79.51 - - [25/Dec/2024:18:54:51 -0500] "POST /register/ HTTP/1.0" 200 76048 "https://misswavenigeria.com/register/" "Mozilla/5.0 (Windows NT 6.2; Win64; x64) AppleWebKit/537.36 (KHTML, like Gecko) Chrome/103.0.0.0 Safari/537.36"
66.29.132.124 - - [25/Dec/2024:18:55:56 -0500] "POST /wp-cron.php?doing_wp_cron=1735170956.5145299434661865234375 HTTP/1.1" 200 0 "-" "WordPress/6.7.1; https://misswavenigeria.com"
79.142.79.51 - - [25/Dec/2024:18:55:56 -0500] "GET /register/ HTTP/1.0" 200 75922 "https://misswavenigeria.com/" "Mozilla/5.0 (Windows NT 6.2; Win64; x64) AppleWebKit/537.36 (KHTML, like Gecko) Chrome/103.0.0.0 Safari/537.36"
66.29.132.124 - - [25/Dec/2024:18:55:56 -0500] "POST /wp-admin/admin-ajax.php?action=async_litespeed&nonce=QvqL21W62B5UzREdsbtBwSJZOrADyPxO&litespeed_type=imgoptm HTTP/1.1" 200 21 "-" "WordPress/6.7.1; https://misswavenigeria.com"
66.29.132.124 - - [25/Dec/2024:18:57:53 -0500] "POST /wp-cron.php?doing_wp_cron=1735171073.5724608898162841796875 HTTP/1.1" 200 0 "-" "WordPress/6.7.1; https://misswavenigeria.com"
79.142.79.51 - - [25/Dec/2024:18:57:52 -0500] "GET / HTTP/1.0" 200 109055 "https://misswavenigeria.com/" "Mozilla/5.0 (Windows NT 6.3; Win64; x64) AppleWebKit/537.36 (KHTML, like Gecko) Chrome/103.0.5060.53 Safari/537.36"
66.29.132.124 - - [25/Dec/2024:18:57:53 -0500] "POST /wp-admin/admin-ajax.php?action=async_litespeed&nonce=TXXhKh1laCwmYrKVmUzi5CYYhtTIZAJC&litespeed_type=imgoptm HTTP/1.1" 200 21 "-" "WordPress/6.7.1; https://misswavenigeria.com"
79.142.79.51 - - [25/Dec/2024:18:57:55 -0500] "GET /register/ HTTP/1.0" 200 75922 "https://misswavenigeria.com/register/" "Mozilla/5.0 (Windows NT 6.3; Win64; x64) AppleWebKit/537.36 (KHTML, like Gecko) Chrome/103.0.5060.53 Safari/537.36"
79.142.79.51 - - [25/Dec/2024:18:57:57 -0500] "POST /register/ HTTP/1.0" 200 76048 "https://misswavenigeria.com/register/" "Mozilla/5.0 (Windows NT 6.3; Win64; x64) AppleWebKit/537.36 (KHTML, like Gecko) Chrome/103.0.5060.53 Safari/537.36"
66.29.132.124 - - [25/Dec/2024:18:59:07 -0500] "POST /wp-cron.php?doing_wp_cron=1735171147.1400759220123291015625 HTTP/1.1" 200 0 "-" "WordPress/6.7.1; https://misswavenigeria.com"
79.142.79.51 - - [25/Dec/2024:18:59:06 -0500] "GET /register/ HTTP/1.0" 200 75922 "https://misswavenigeria.com/" "Mozilla/5.0 (Windows NT 6.3; Win64; x64) AppleWebKit/537.36 (KHTML, like Gecko) Chrome/103.0.5060.53 Safari/537.36"
66.29.132.124 - - [25/Dec/2024:18:59:07 -0500] "POST /wp-admin/admin-ajax.php?action=async_litespeed&nonce=tsL6bGiG1AWQJqmAJWCzM5DmJFIodmEb&litespeed_type=imgoptm HTTP/1.1" 200 21 "-" "WordPress/6.7.1; https://misswavenigeria.com"
66.29.132.124 - - [25/Dec/2024:19:01:06 -0500] "POST /wp-cron.php?doing_wp_cron=1735171266.8072850704193115234375 HTTP/1.1" 200 0 "-" "WordPress/6.7.1; https://misswavenigeria.com"
79.142.79.51 - - [25/Dec/2024:19:01:05 -0500] "GET / HTTP/1.0" 200 109055 "https://misswavenigeria.com/" "Mozilla/5.0 (Windows NT 10.0; Win64; x64) AppleWebKit/537.36 (KHTML, like Gecko) Chrome/103.0.5060.114 Safari/537.36"
66.29.132.124 - - [25/Dec/2024:19:01:07 -0500] "POST /wp-admin/admin-ajax.php?action=async_litespeed&nonce=49n3DqB71BJQjfcePgjcKSilTTkFcmHU&litespeed_type=imgoptm HTTP/1.1" 200 21 "-" "WordPress/6.7.1; https://misswavenigeria.com"
79.142.79.51 - - [25/Dec/2024:19:01:09 -0500] "GET /register/ HTTP/1.0" 200 75922 "https://misswavenigeria.com/register/" "Mozilla/5.0 (Windows NT 10.0; Win64; x64) AppleWebKit/537.36 (KHTML, like Gecko) Chrome/103.0.5060.114 Safari/537.36"
79.142.79.51 - - [25/Dec/2024:19:01:10 -0500] "POST /register/ HTTP/1.0" 200 76048 "https://misswavenigeria.com/register/" "Mozilla/5.0 (Windows NT 10.0; Win64; x64) AppleWebKit/537.36 (KHTML, like Gecko) Chrome/103.0.5060.114 Safari/537.36"
66.29.132.124 - - [25/Dec/2024:19:02:10 -0500] "POST /wp-cron.php?doing_wp_cron=1735171330.6972360610961914062500 HTTP/1.1" 200 0 "-" "WordPress/6.7.1; https://misswavenigeria.com"
79.142.79.51 - - [25/Dec/2024:19:02:10 -0500] "GET /register/ HTTP/1.0" 200 75922 "https://misswavenigeria.com/" "Mozilla/5.0 (Windows NT 10.0; Win64; x64) AppleWebKit/537.36 (KHTML, like Gecko) Chrome/103.0.5060.114 Safari/537.36"
66.29.132.124 - - [25/Dec/2024:19:02:10 -0500] "POST /wp-admin/admin-ajax.php?action=async_litespeed&nonce=GldoXRZPL19NKUU6Xl9di0WrLJuLTtyF&litespeed_type=imgoptm HTTP/1.1" 200 21 "-" "WordPress/6.7.1; https://misswavenigeria.com"
66.29.132.124 - - [25/Dec/2024:19:04:19 -0500] "POST /wp-cron.php?doing_wp_cron=1735171459.3312311172485351562500 HTTP/1.1" 200 0 "-" "WordPress/6.7.1; https://misswavenigeria.com"
79.142.79.51 - - [25/Dec/2024:19:04:17 -0500] "GET / HTTP/1.0" 200 109055 "https://misswavenigeria.com/" "Mozilla/5.0 (Windows NT 10.0; Win64; x64) AppleWebKit/537.36 (KHTML, like Gecko) Chrome/103.0.0.0 Safari/537.36"
66.29.132.124 - - [25/Dec/2024:19:04:19 -0500] "POST /wp-admin/admin-ajax.php?action=async_litespeed&nonce=EKysZDnLc3K9RcncLlGB1XkSeggQod7x&litespeed_type=imgoptm HTTP/1.1" 200 21 "-" "WordPress/6.7.1; https://misswavenigeria.com"
79.142.79.51 - - [25/Dec/2024:19:04:21 -0500] "GET /register/ HTTP/1.0" 200 75922 "https://misswavenigeria.com/register/" "Mozilla/5.0 (Windows NT 10.0; Win64; x64) AppleWebKit/537.36 (KHTML, like Gecko) Chrome/103.0.0.0 Safari/537.36"
79.142.79.51 - - [25/Dec/2024:19:04:23 -0500] "POST /register/ HTTP/1.0" 200 76048 "https://misswavenigeria.com/register/" "Mozilla/5.0 (Windows NT 10.0; Win64; x64) AppleWebKit/537.36 (KHTML, like Gecko) Chrome/103.0.0.0 Safari/537.36"
66.29.132.124 - - [25/Dec/2024:19:05:38 -0500] "POST /wp-cron.php?doing_wp_cron=1735171538.8243060111999511718750 HTTP/1.1" 200 0 "-" "WordPress/6.7.1; https://misswavenigeria.com"
79.142.79.51 - - [25/Dec/2024:19:05:38 -0500] "GET /register/ HTTP/1.0" 200 75922 "https://misswavenigeria.com/" "Mozilla/5.0 (Windows NT 10.0; Win64; x64) AppleWebKit/537.36 (KHTML, like Gecko) Chrome/103.0.0.0 Safari/537.36"
66.29.132.124 - - [25/Dec/2024:19:05:39 -0500] "POST /wp-admin/admin-ajax.php?action=async_litespeed&nonce=JdsqSmrYh6N8ay7GLGmuQjTBsxAfjk8p&litespeed_type=imgoptm HTTP/1.1" 200 21 "-" "WordPress/6.7.1; https://misswavenigeria.com"
66.29.132.124 - - [25/Dec/2024:19:07:28 -0500] "POST /wp-cron.php?doing_wp_cron=1735171648.8101680278778076171875 HTTP/1.1" 200 0 "-" "WordPress/6.7.1; https://misswavenigeria.com"
79.142.79.51 - - [25/Dec/2024:19:07:26 -0500] "GET / HTTP/1.0" 200 109055 "https://misswavenigeria.com/" "Mozilla/5.0 (Windows NT 6.3; WOW64) AppleWebKit/537.36 (KHTML, like Gecko) Chrome/103.0.5060.114 Safari/537.36"
66.29.132.124 - - [25/Dec/2024:19:07:29 -0500] "POST /wp-admin/admin-ajax.php?action=async_litespeed&nonce=3sG58Ildr45KT0R6roBTa6LcfbOTBvGs&litespeed_type=imgoptm HTTP/1.1" 200 21 "-" "WordPress/6.7.1; https://misswavenigeria.com"
79.142.79.51 - - [25/Dec/2024:19:07:31 -0500] "GET /register/ HTTP/1.0" 200 75922 "https://misswavenigeria.com/register/" "Mozilla/5.0 (Windows NT 6.3; WOW64) AppleWebKit/537.36 (KHTML, like Gecko) Chrome/103.0.5060.114 Safari/537.36"
79.142.79.51 - - [25/Dec/2024:19:07:32 -0500] "POST /register/ HTTP/1.0" 200 76048 "https://misswavenigeria.com/register/" "Mozilla/5.0 (Windows NT 6.3; WOW64) AppleWebKit/537.36 (KHTML, like Gecko) Chrome/103.0.5060.114 Safari/537.36"
66.29.132.124 - - [25/Dec/2024:19:08:48 -0500] "POST /wp-cron.php?doing_wp_cron=1735171728.6077311038970947265625 HTTP/1.1" 200 0 "-" "WordPress/6.7.1; https://misswavenigeria.com"
79.142.79.51 - - [25/Dec/2024:19:08:48 -0500] "GET /register/ HTTP/1.0" 200 75922 "https://misswavenigeria.com/" "Mozilla/5.0 (Windows NT 6.3; WOW64) AppleWebKit/537.36 (KHTML, like Gecko) Chrome/103.0.5060.114 Safari/537.36"
66.29.132.124 - - [25/Dec/2024:19:08:48 -0500] "POST /wp-admin/admin-ajax.php?action=async_litespeed&nonce=aINUr86ohWRMh5Yb7fUL19fVCzq941Vx&litespeed_type=imgoptm HTTP/1.1" 200 21 "-" "WordPress/6.7.1; https://misswavenigeria.com"
66.29.132.124 - - [25/Dec/2024:19:09:22 -0500] "POST /wp-cron.php?doing_wp_cron=1735171762.1892800331115722656250 HTTP/1.1" 200 0 "-" "WordPress/6.7.1; https://misswavenigeria.com"
66.249.65.99 - - [25/Dec/2024:19:09:21 -0500] "GET /goods/422015.html HTTP/1.1" 404 15611 "-" "Mozilla/5.0 (Linux; Android 6.0.1; Nexus 5X Build/MMB29P) AppleWebKit/537.36 (KHTML, like Gecko) Chrome/131.0.6778.139 Mobile Safari/537.36 (compatible; Googlebot/2.1; +http://www.google.com/bot.html)"
66.29.132.124 - - [25/Dec/2024:19:09:22 -0500] "POST /wp-admin/admin-ajax.php?action=async_litespeed&nonce=0GLFx8cqXW0KauQglrW04DJG2lNw5555&litespeed_type=imgoptm HTTP/1.1" 200 21 "-" "WordPress/6.7.1; https://misswavenigeria.com"
66.29.132.124 - - [25/Dec/2024:19:10:41 -0500] "POST /wp-cron.php?doing_wp_cron=1735171841.3386778831481933593750 HTTP/1.1" 200 0 "-" "WordPress/6.7.1; https://misswavenigeria.com"
79.142.79.51 - - [25/Dec/2024:19:10:41 -0500] "GET / HTTP/1.0" 200 109055 "https://misswavenigeria.com/" "Mozilla/5.0 (Windows NT 6.3; Win64; x64) AppleWebKit/537.36 (KHTML, like Gecko) Chrome/103.0.0.0 Safari/537.36"
66.29.132.124 - - [25/Dec/2024:19:10:41 -0500] "POST /wp-admin/admin-ajax.php?action=async_litespeed&nonce=2WpoEqrpXbJBiogrrZsIH1r3pJAbqddP&litespeed_type=imgoptm HTTP/1.1" 200 21 "-" "WordPress/6.7.1; https://misswavenigeria.com"
79.142.79.51 - - [25/Dec/2024:19:10:43 -0500] "GET /register/ HTTP/1.0" 200 75922 "https://misswavenigeria.com/register/" "Mozilla/5.0 (Windows NT 6.3; Win64; x64) AppleWebKit/537.36 (KHTML, like Gecko) Chrome/103.0.0.0 Safari/537.36"
66.29.132.124 - - [25/Dec/2024:19:11:56 -0500] "POST /wp-cron.php?doing_wp_cron=1735171916.8709020614624023437500 HTTP/1.1" 200 0 "-" "WordPress/6.7.1; https://misswavenigeria.com"
66.249.74.4 - - [25/Dec/2024:19:11:56 -0500] "GET /goods/R717773?k=product HTTP/1.1" 301 0 "-" "Mozilla/5.0 (Linux; Android 6.0.1; Nexus 5X Build/MMB29P) AppleWebKit/537.36 (KHTML, like Gecko) Chrome/131.0.6778.139 Mobile Safari/537.36 (compatible; Googlebot/2.1; +http://www.google.com/bot.html)"
66.29.132.124 - - [25/Dec/2024:19:11:57 -0500] "POST /wp-admin/admin-ajax.php?action=async_litespeed&nonce=rmNgm65CxAsQSAk3Z8N7WvGaZQDZNTjl&litespeed_type=imgoptm HTTP/1.1" 200 21 "-" "WordPress/6.7.1; https://misswavenigeria.com"
66.249.65.100 - - [25/Dec/2024:19:11:57 -0500] "GET /goods/R717773?k=product HTTP/1.1" 404 15612 "-" "Mozilla/5.0 (Linux; Android 6.0.1; Nexus 5X Build/MMB29P) AppleWebKit/537.36 (KHTML, like Gecko) Chrome/131.0.6778.139 Mobile Safari/537.36 (compatible; Googlebot/2.1; +http://www.google.com/bot.html)"
79.142.79.51 - - [25/Dec/2024:19:10:45 -0500] "POST /register/ HTTP/1.0" 200 76048 "https://misswavenigeria.com/register/" "Mozilla/5.0 (Windows NT 6.3; Win64; x64) AppleWebKit/537.36 (KHTML, like Gecko) Chrome/103.0.0.0 Safari/537.36"
79.142.79.51 - - [25/Dec/2024:19:12:02 -0500] "GET /register/ HTTP/1.0" 200 75922 "https://misswavenigeria.com/" "Mozilla/5.0 (Windows NT 6.3; Win64; x64) AppleWebKit/537.36 (KHTML, like Gecko) Chrome/103.0.0.0 Safari/537.36"
66.29.132.124 - - [25/Dec/2024:19:13:53 -0500] "POST /wp-cron.php?doing_wp_cron=1735172033.6227929592132568359375 HTTP/1.1" 200 0 "-" "WordPress/6.7.1; https://misswavenigeria.com"
79.142.79.51 - - [25/Dec/2024:19:13:51 -0500] "GET / HTTP/1.0" 200 109055 "https://misswavenigeria.com/" "Mozilla/5.0 (Windows NT 10.0; WOW64) AppleWebKit/537.36 (KHTML, like Gecko) Chrome/103.0.0.0 Safari/537.36"
66.29.132.124 - - [25/Dec/2024:19:13:53 -0500] "POST /wp-admin/admin-ajax.php?action=async_litespeed&nonce=RhyPWGLHfYR14q8qKpmBVVvADJNh7als&litespeed_type=imgoptm HTTP/1.1" 200 21 "-" "WordPress/6.7.1; https://misswavenigeria.com"
79.142.79.51 - - [25/Dec/2024:19:13:55 -0500] "GET /register/ HTTP/1.0" 200 75922 "https://misswavenigeria.com/register/" "Mozilla/5.0 (Windows NT 10.0; WOW64) AppleWebKit/537.36 (KHTML, like Gecko) Chrome/103.0.0.0 Safari/537.36"
66.29.132.124 - - [25/Dec/2024:19:15:01 -0500] "POST /wp-cron.php?doing_wp_cron=1735172101.5153849124908447265625 HTTP/1.1" 200 0 "-" "WordPress/6.7.1; https://misswavenigeria.com"
192.3.53.238 - - [25/Dec/2024:19:15:00 -0500] "GET /contact/ HTTP/1.1" 200 17553 "-" "Mozilla/5.0 (Macintosh; Intel Mac OS X 12_5) AppleWebKit/537.36 (KHTML, like Gecko) Chrome/114.0.0.0 Safari/537.36"
66.29.132.124 - - [25/Dec/2024:19:15:02 -0500] "POST /wp-admin/admin-ajax.php?action=async_litespeed&nonce=yEwGl2TjtfOzQPClcOFC97yCO2114Fgv&litespeed_type=imgoptm HTTP/1.1" 200 21 "-" "WordPress/6.7.1; https://misswavenigeria.com"
192.3.53.238 - - [25/Dec/2024:19:15:03 -0500] "GET /wp-content/plugins/contact-form-7/includes/js/index.js?ver=6.0.2 HTTP/1.1" 200 4008 "https://misswavenigeria.com/contact/" "Mozilla/5.0 (Macintosh; Intel Mac OS X 12_5) AppleWebKit/537.36 (KHTML, like Gecko) Chrome/114.0.0.0 Safari/537.36"
192.3.53.238 - - [25/Dec/2024:19:15:04 -0500] "POST /wp-json/contact-form-7/v1/contact-forms/249/feedback HTTP/1.1" 200 220 "https://misswavenigeria.com/contact/" "Mozilla/5.0 (Macintosh; Intel Mac OS X 12_5) AppleWebKit/537.36 (KHTML, like Gecko) Chrome/114.0.0.0 Safari/537.36"
79.142.79.51 - - [25/Dec/2024:19:13:57 -0500] "POST /register/ HTTP/1.0" 200 76048 "https://misswavenigeria.com/register/" "Mozilla/5.0 (Windows NT 10.0; WOW64) AppleWebKit/537.36 (KHTML, like Gecko) Chrome/103.0.0.0 Safari/537.36"
66.29.132.124 - - [25/Dec/2024:19:15:26 -0500] "POST /wp-cron.php?doing_wp_cron=1735172126.8187339305877685546875 HTTP/1.1" 200 0 "-" "WordPress/6.7.1; https://misswavenigeria.com"
79.142.79.51 - - [25/Dec/2024:19:15:26 -0500] "GET /register/ HTTP/1.0" 200 75922 "https://misswavenigeria.com/" "Mozilla/5.0 (Windows NT 10.0; WOW64) AppleWebKit/537.36 (KHTML, like Gecko) Chrome/103.0.0.0 Safari/537.36"
66.29.132.124 - - [25/Dec/2024:19:17:01 -0500] "POST /wp-cron.php?doing_wp_cron=1735172221.1613750457763671875000 HTTP/1.1" 200 0 "-" "WordPress/6.7.1; https://misswavenigeria.com"
79.142.79.51 - - [25/Dec/2024:19:16:59 -0500] "GET / HTTP/1.0" 200 109055 "https://misswavenigeria.com/" "Mozilla/5.0 (Windows NT 10.0; WOW64) AppleWebKit/537.36 (KHTML, like Gecko) Chrome/103.0.5060.114 Safari/537.36"
66.29.132.124 - - [25/Dec/2024:19:17:01 -0500] "POST /wp-admin/admin-ajax.php?action=async_litespeed&nonce=ZS6pPcb7eOGLq42wh0tn6dU5YLEwNdE9&litespeed_type=imgoptm HTTP/1.1" 200 21 "-" "WordPress/6.7.1; https://misswavenigeria.com"
79.142.79.51 - - [25/Dec/2024:19:17:03 -0500] "GET /register/ HTTP/1.0" 200 75922 "https://misswavenigeria.com/register/" "Mozilla/5.0 (Windows NT 10.0; WOW64) AppleWebKit/537.36 (KHTML, like Gecko) Chrome/103.0.5060.114 Safari/537.36"
79.142.79.51 - - [25/Dec/2024:19:17:05 -0500] "POST /register/ HTTP/1.0" 200 76048 "https://misswavenigeria.com/register/" "Mozilla/5.0 (Windows NT 10.0; WOW64) AppleWebKit/537.36 (KHTML, like Gecko) Chrome/103.0.5060.114 Safari/537.36"
66.29.132.124 - - [25/Dec/2024:19:18:11 -0500] "POST /wp-cron.php?doing_wp_cron=1735172291.0640320777893066406250 HTTP/1.1" 200 0 "-" "WordPress/6.7.1; https://misswavenigeria.com"
79.142.79.51 - - [25/Dec/2024:19:18:10 -0500] "GET /register/ HTTP/1.0" 200 75922 "https://misswavenigeria.com/" "Mozilla/5.0 (Windows NT 10.0; WOW64) AppleWebKit/537.36 (KHTML, like Gecko) Chrome/103.0.5060.114 Safari/537.36"
66.29.132.124 - - [25/Dec/2024:19:18:11 -0500] "POST /wp-admin/admin-ajax.php?action=async_litespeed&nonce=TGteVr5MVmOdn7OH1AFHX7Nbbv86Y7vW&litespeed_type=imgoptm HTTP/1.1" 200 21 "-" "WordPress/6.7.1; https://misswavenigeria.com"
66.29.132.124 - - [25/Dec/2024:19:18:48 -0500] "POST /wp-cron.php?doing_wp_cron=1735172328.2343389987945556640625 HTTP/1.1" 200 0 "-" "WordPress/6.7.1; https://misswavenigeria.com"
43.135.182.43 - - [25/Dec/2024:19:18:48 -0500] "GET / HTTP/1.1" 200 24483 "http://misswavenigeria.com" "Mozilla/5.0 (iPhone; CPU iPhone OS 13_2_3 like Mac OS X) AppleWebKit/605.1.15 (KHTML, like Gecko) Version/13.0.3 Mobile/15E148 Safari/604.1"
79.142.79.51 - - [25/Dec/2024:19:20:08 -0500] "GET / HTTP/1.0" 200 109055 "https://misswavenigeria.com/" "Mozilla/5.0 (Windows NT 6.1) AppleWebKit/537.36 (KHTML, like Gecko) Chrome/103.0.5060.114 Safari/537.36"
79.142.79.51 - - [25/Dec/2024:19:20:10 -0500] "GET /register/ HTTP/1.0" 200 75922 "https://misswavenigeria.com/register/" "Mozilla/5.0 (Windows NT 6.1) AppleWebKit/537.36 (KHTML, like Gecko) Chrome/103.0.5060.114 Safari/537.36"
66.29.132.124 - - [25/Dec/2024:19:20:14 -0500] "POST /wp-cron.php?doing_wp_cron=1735172413.9834539890289306640625 HTTP/1.1" 200 0 "-" "WordPress/6.7.1; https://misswavenigeria.com"
66.29.132.124 - - [25/Dec/2024:19:20:14 -0500] "POST /wp-admin/admin-ajax.php?action=async_litespeed&nonce=m2ghENlq6HsrA2rqGkbMASjDheeCCmK2&litespeed_type=imgoptm HTTP/1.1" 200 21 "-" "WordPress/6.7.1; https://misswavenigeria.com"
79.142.79.51 - - [25/Dec/2024:19:20:11 -0500] "POST /register/ HTTP/1.0" 200 76048 "https://misswavenigeria.com/register/" "Mozilla/5.0 (Windows NT 6.1) AppleWebKit/537.36 (KHTML, like Gecko) Chrome/103.0.5060.114 Safari/537.36"
66.29.132.124 - - [25/Dec/2024:19:21:20 -0500] "POST /wp-cron.php?doing_wp_cron=1735172480.5505979061126708984375 HTTP/1.1" 200 0 "-" "WordPress/6.7.1; https://misswavenigeria.com"
79.142.79.51 - - [25/Dec/2024:19:21:20 -0500] "GET /register/ HTTP/1.0" 200 75922 "https://misswavenigeria.com/" "Mozilla/5.0 (Windows NT 6.1) AppleWebKit/537.36 (KHTML, like Gecko) Chrome/103.0.5060.114 Safari/537.36"
66.29.132.124 - - [25/Dec/2024:19:21:20 -0500] "POST /wp-admin/admin-ajax.php?action=async_litespeed&nonce=DYYVklOX7LQvhrXiPeKeyIgXsAFdWm4Y&litespeed_type=imgoptm HTTP/1.1" 200 21 "-" "WordPress/6.7.1; https://misswavenigeria.com"
66.29.132.124 - - [25/Dec/2024:19:22:23 -0500] "POST /wp-cron.php?doing_wp_cron=1735172543.8247549533843994140625 HTTP/1.1" 200 0 "-" "WordPress/6.7.1; https://misswavenigeria.com"
66.249.74.6 - - [25/Dec/2024:19:22:23 -0500] "GET /goods/M378910?k=product HTTP/1.1" 301 0 "-" "Mozilla/5.0 (Linux; Android 6.0.1; Nexus 5X Build/MMB29P) AppleWebKit/537.36 (KHTML, like Gecko) Chrome/131.0.6778.139 Mobile Safari/537.36 (compatible; Googlebot/2.1; +http://www.google.com/bot.html)"
66.29.132.124 - - [25/Dec/2024:19:22:24 -0500] "POST /wp-admin/admin-ajax.php?action=async_litespeed&nonce=smRwf3nV3hW3naUprD0E6tR8ztWK8KA8&litespeed_type=imgoptm HTTP/1.1" 200 21 "-" "WordPress/6.7.1; https://misswavenigeria.com"
66.249.65.100 - - [25/Dec/2024:19:22:24 -0500] "GET /goods/M378910?k=product HTTP/1.1" 404 15611 "-" "Mozilla/5.0 (Linux; Android 6.0.1; Nexus 5X Build/MMB29P) AppleWebKit/537.36 (KHTML, like Gecko) Chrome/131.0.6778.139 Mobile Safari/537.36 (compatible; Googlebot/2.1; +http://www.google.com/bot.html)"
66.29.132.124 - - [25/Dec/2024:19:23:18 -0500] "POST /wp-cron.php?doing_wp_cron=1735172598.5592420101165771484375 HTTP/1.1" 200 0 "-" "WordPress/6.7.1; https://misswavenigeria.com"
79.142.79.51 - - [25/Dec/2024:19:23:18 -0500] "GET / HTTP/1.0" 200 109053 "https://misswavenigeria.com/" "Mozilla/5.0 (Windows NT 10.0; Win64; x64) AppleWebKit/537.36 (KHTML, like Gecko) Chrome/103.0.5060.66 Safari/537.36"
66.29.132.124 - - [25/Dec/2024:19:23:18 -0500] "POST /wp-admin/admin-ajax.php?action=async_litespeed&nonce=LZ5i9hFp5nDgNtZSslMRFJYrxG3ubftj&litespeed_type=imgoptm HTTP/1.1" 200 21 "-" "WordPress/6.7.1; https://misswavenigeria.com"
79.142.79.51 - - [25/Dec/2024:19:23:20 -0500] "GET /register/ HTTP/1.0" 200 75922 "https://misswavenigeria.com/register/" "Mozilla/5.0 (Windows NT 10.0; Win64; x64) AppleWebKit/537.36 (KHTML, like Gecko) Chrome/103.0.5060.66 Safari/537.36"
66.29.132.124 - - [25/Dec/2024:19:23:26 -0500] "POST /wp-cron.php?doing_wp_cron=1735172606.3755280971527099609375 HTTP/1.1" 200 0 "-" "WordPress/6.7.1; https://misswavenigeria.com"
66.249.74.5 - - [25/Dec/2024:19:23:26 -0500] "GET /goods/F543145?k=product HTTP/1.1" 301 0 "-" "Mozilla/5.0 (Linux; Android 6.0.1; Nexus 5X Build/MMB29P) AppleWebKit/537.36 (KHTML, like Gecko) Chrome/131.0.6778.139 Mobile Safari/537.36 (compatible; Googlebot/2.1; +http://www.google.com/bot.html)"
66.249.65.98 - - [25/Dec/2024:19:23:26 -0500] "GET /goods/F543145?k=product HTTP/1.1" 404 15611 "-" "Mozilla/5.0 (Linux; Android 6.0.1; Nexus 5X Build/MMB29P) AppleWebKit/537.36 (KHTML, like Gecko) Chrome/131.0.6778.139 Mobile Safari/537.36 (compatible; Googlebot/2.1; +http://www.google.com/bot.html)"
66.29.132.124 - - [25/Dec/2024:19:24:27 -0500] "POST /wp-cron.php?doing_wp_cron=1735172667.7453761100769042968750 HTTP/1.1" 200 0 "-" "WordPress/6.7.1; https://misswavenigeria.com"
66.249.65.100 - - [25/Dec/2024:19:24:27 -0500] "GET /goods/113812.html HTTP/1.1" 404 15612 "-" "Mozilla/5.0 (Linux; Android 6.0.1; Nexus 5X Build/MMB29P) AppleWebKit/537.36 (KHTML, like Gecko) Chrome/131.0.6778.139 Mobile Safari/537.36 (compatible; Googlebot/2.1; +http://www.google.com/bot.html)"
66.29.132.124 - - [25/Dec/2024:19:24:27 -0500] "POST /wp-admin/admin-ajax.php?action=async_litespeed&nonce=epB1eov7edSfac3kqHiIvkibfPtVbW24&litespeed_type=imgoptm HTTP/1.1" 200 21 "-" "WordPress/6.7.1; https://misswavenigeria.com"
79.142.79.51 - - [25/Dec/2024:19:23:22 -0500] "POST /register/ HTTP/1.0" 200 76048 "https://misswavenigeria.com/register/" "Mozilla/5.0 (Windows NT 10.0; Win64; x64) AppleWebKit/537.36 (KHTML, like Gecko) Chrome/103.0.5060.66 Safari/537.36"
79.142.79.51 - - [25/Dec/2024:19:24:45 -0500] "GET /register/ HTTP/1.0" 200 75922 "https://misswavenigeria.com/" "Mozilla/5.0 (Windows NT 10.0; Win64; x64) AppleWebKit/537.36 (KHTML, like Gecko) Chrome/103.0.5060.66 Safari/537.36"
66.29.132.124 - - [25/Dec/2024:19:26:30 -0500] "POST /wp-cron.php?doing_wp_cron=1735172790.5852789878845214843750 HTTP/1.1" 200 0 "-" "WordPress/6.7.1; https://misswavenigeria.com"
79.142.79.51 - - [25/Dec/2024:19:26:27 -0500] "GET / HTTP/1.0" 200 109055 "https://misswavenigeria.com/" "Mozilla/5.0 (Windows NT 10.0; Win64; x64) AppleWebKit/537.36 (KHTML, like Gecko) Chrome/103.0.0.0 Safari/537.36 OpenWave/97.4.2043.44"
66.29.132.124 - - [25/Dec/2024:19:26:30 -0500] "POST /wp-admin/admin-ajax.php?action=async_litespeed&nonce=5X5J5kFz6yaWKiZTOsXtXJUxbmRzzYPr&litespeed_type=imgoptm HTTP/1.1" 200 21 "-" "WordPress/6.7.1; https://misswavenigeria.com"
79.142.79.51 - - [25/Dec/2024:19:26:33 -0500] "GET /register/ HTTP/1.0" 200 75922 "https://misswavenigeria.com/register/" "Mozilla/5.0 (Windows NT 10.0; Win64; x64) AppleWebKit/537.36 (KHTML, like Gecko) Chrome/103.0.0.0 Safari/537.36 OpenWave/97.4.2043.44"
79.142.79.51 - - [25/Dec/2024:19:26:34 -0500] "POST /register/ HTTP/1.0" 200 76048 "https://misswavenigeria.com/register/" "Mozilla/5.0 (Windows NT 10.0; Win64; x64) AppleWebKit/537.36 (KHTML, like Gecko) Chrome/103.0.0.0 Safari/537.36 OpenWave/97.4.2043.44"
66.29.132.124 - - [25/Dec/2024:19:28:04 -0500] "POST /wp-cron.php?doing_wp_cron=1735172884.6960899829864501953125 HTTP/1.1" 200 0 "-" "WordPress/6.7.1; https://misswavenigeria.com"
79.142.79.51 - - [25/Dec/2024:19:28:04 -0500] "GET /register/ HTTP/1.0" 200 75922 "https://misswavenigeria.com/" "Mozilla/5.0 (Windows NT 10.0; Win64; x64) AppleWebKit/537.36 (KHTML, like Gecko) Chrome/103.0.0.0 Safari/537.36 OpenWave/97.4.2043.44"
66.29.132.124 - - [25/Dec/2024:19:28:05 -0500] "POST /wp-admin/admin-ajax.php?action=async_litespeed&nonce=GzZZ7R2QA9et7jmIkIXQIFF9KwImEPUv&litespeed_type=imgoptm HTTP/1.1" 200 21 "-" "WordPress/6.7.1; https://misswavenigeria.com"
66.29.132.124 - - [25/Dec/2024:19:29:37 -0500] "POST /wp-cron.php?doing_wp_cron=1735172977.0496170520782470703125 HTTP/1.1" 200 0 "-" "WordPress/6.7.1; https://misswavenigeria.com"
79.142.79.51 - - [25/Dec/2024:19:29:35 -0500] "GET / HTTP/1.0" 200 109055 "https://misswavenigeria.com/" "Mozilla/5.0 (Windows NT 6.1; Win64; x64) AppleWebKit/537.36 (KHTML, like Gecko) Chrome/103.0.0.0 Safari/537.36"
66.29.132.124 - - [25/Dec/2024:19:29:37 -0500] "POST /wp-admin/admin-ajax.php?action=async_litespeed&nonce=hsVlDMQoMGcGPyq01LpEEGGpBTeR2isD&litespeed_type=imgoptm HTTP/1.1" 200 21 "-" "WordPress/6.7.1; https://misswavenigeria.com"
79.142.79.51 - - [25/Dec/2024:19:29:39 -0500] "GET /register/ HTTP/1.0" 200 75922 "https://misswavenigeria.com/register/" "Mozilla/5.0 (Windows NT 6.1; Win64; x64) AppleWebKit/537.36 (KHTML, like Gecko) Chrome/103.0.0.0 Safari/537.36"
79.142.79.51 - - [25/Dec/2024:19:29:40 -0500] "POST /register/ HTTP/1.0" 200 76048 "https://misswavenigeria.com/register/" "Mozilla/5.0 (Windows NT 6.1; Win64; x64) AppleWebKit/537.36 (KHTML, like Gecko) Chrome/103.0.0.0 Safari/537.36"
66.29.132.124 - - [25/Dec/2024:19:31:05 -0500] "POST /wp-cron.php?doing_wp_cron=1735173065.1003670692443847656250 HTTP/1.1" 200 0 "-" "WordPress/6.7.1; https://misswavenigeria.com"
79.142.79.51 - - [25/Dec/2024:19:31:04 -0500] "GET /register/ HTTP/1.0" 200 75922 "https://misswavenigeria.com/" "Mozilla/5.0 (Windows NT 6.1; Win64; x64) AppleWebKit/537.36 (KHTML, like Gecko) Chrome/103.0.0.0 Safari/537.36"
66.29.132.124 - - [25/Dec/2024:19:31:05 -0500] "POST /wp-admin/admin-ajax.php?action=async_litespeed&nonce=qQMn86YiKKCwl9b1noke0ZSN6Lg21bjy&litespeed_type=imgoptm HTTP/1.1" 200 21 "-" "WordPress/6.7.1; https://misswavenigeria.com"
66.29.132.124 - - [25/Dec/2024:19:32:50 -0500] "POST /wp-cron.php?doing_wp_cron=1735173170.0822730064392089843750 HTTP/1.1" 200 0 "-" "WordPress/6.7.1; https://misswavenigeria.com"
79.142.79.51 - - [25/Dec/2024:19:32:48 -0500] "GET / HTTP/1.0" 200 109055 "https://misswavenigeria.com/" "Mozilla/5.0 (Windows NT 6.3; Win64; x64) AppleWebKit/537.36 (KHTML, like Gecko) Chrome/103.0.5060.53 Safari/537.36"
66.29.132.124 - - [25/Dec/2024:19:32:50 -0500] "POST /wp-admin/admin-ajax.php?action=async_litespeed&nonce=UCgf6rrjTjsWFPgEVw4uhzRRA5dypY2J&litespeed_type=imgoptm HTTP/1.1" 200 21 "-" "WordPress/6.7.1; https://misswavenigeria.com"
79.142.79.51 - - [25/Dec/2024:19:32:52 -0500] "GET /register/ HTTP/1.0" 200 75922 "https://misswavenigeria.com/register/" "Mozilla/5.0 (Windows NT 6.3; Win64; x64) AppleWebKit/537.36 (KHTML, like Gecko) Chrome/103.0.5060.53 Safari/537.36"
79.142.79.51 - - [25/Dec/2024:19:32:53 -0500] "POST /register/ HTTP/1.0" 200 76048 "https://misswavenigeria.com/register/" "Mozilla/5.0 (Windows NT 6.3; Win64; x64) AppleWebKit/537.36 (KHTML, like Gecko) Chrome/103.0.5060.53 Safari/537.36"
66.29.132.124 - - [25/Dec/2024:19:34:10 -0500] "POST /wp-cron.php?doing_wp_cron=1735173250.7357048988342285156250 HTTP/1.1" 200 0 "-" "WordPress/6.7.1; https://misswavenigeria.com"
79.142.79.51 - - [25/Dec/2024:19:34:10 -0500] "GET /register/ HTTP/1.0" 200 75922 "https://misswavenigeria.com/" "Mozilla/5.0 (Windows NT 6.3; Win64; x64) AppleWebKit/537.36 (KHTML, like Gecko) Chrome/103.0.5060.53 Safari/537.36"
66.29.132.124 - - [25/Dec/2024:19:34:10 -0500] "POST /wp-admin/admin-ajax.php?action=async_litespeed&nonce=g8BhsKQre6M547F435w49GDvWS5Awmod&litespeed_type=imgoptm HTTP/1.1" 200 21 "-" "WordPress/6.7.1; https://misswavenigeria.com"
66.29.132.124 - - [25/Dec/2024:19:35:57 -0500] "POST /wp-cron.php?doing_wp_cron=1735173357.2481150627136230468750 HTTP/1.1" 200 0 "-" "WordPress/6.7.1; https://misswavenigeria.com"
79.142.79.51 - - [25/Dec/2024:19:35:55 -0500] "GET / HTTP/1.0" 200 109055 "https://misswavenigeria.com/" "Mozilla/5.0 (Windows NT 6.2; Win64; x64) AppleWebKit/537.36 (KHTML, like Gecko) Chrome/103.0.0.0 Safari/537.36"
66.29.132.124 - - [25/Dec/2024:19:35:57 -0500] "POST /wp-admin/admin-ajax.php?action=async_litespeed&nonce=MK3Vtn61rGaOiQjihDC0FpsL3oRxB0Zi&litespeed_type=imgoptm HTTP/1.1" 200 21 "-" "WordPress/6.7.1; https://misswavenigeria.com"
79.142.79.51 - - [25/Dec/2024:19:35:59 -0500] "GET /register/ HTTP/1.0" 200 75922 "https://misswavenigeria.com/register/" "Mozilla/5.0 (Windows NT 6.2; Win64; x64) AppleWebKit/537.36 (KHTML, like Gecko) Chrome/103.0.0.0 Safari/537.36"
79.142.79.51 - - [25/Dec/2024:19:36:01 -0500] "POST /register/ HTTP/1.0" 200 76048 "https://misswavenigeria.com/register/" "Mozilla/5.0 (Windows NT 6.2; Win64; x64) AppleWebKit/537.36 (KHTML, like Gecko) Chrome/103.0.0.0 Safari/537.36"
66.29.132.124 - - [25/Dec/2024:19:37:17 -0500] "POST /wp-cron.php?doing_wp_cron=1735173437.5837590694427490234375 HTTP/1.1" 200 0 "-" "WordPress/6.7.1; https://misswavenigeria.com"
79.142.79.51 - - [25/Dec/2024:19:37:17 -0500] "GET /register/ HTTP/1.0" 200 75922 "https://misswavenigeria.com/" "Mozilla/5.0 (Windows NT 6.2; Win64; x64) AppleWebKit/537.36 (KHTML, like Gecko) Chrome/103.0.0.0 Safari/537.36"
66.29.132.124 - - [25/Dec/2024:19:37:17 -0500] "POST /wp-admin/admin-ajax.php?action=async_litespeed&nonce=Ztc9iInXiLFhRfIbR9KEQ8Gwwm2iYTbW&litespeed_type=imgoptm HTTP/1.1" 200 21 "-" "WordPress/6.7.1; https://misswavenigeria.com"
66.29.132.124 - - [25/Dec/2024:19:39:06 -0500] "POST /wp-cron.php?doing_wp_cron=1735173546.5373919010162353515625 HTTP/1.1" 200 0 "-" "WordPress/6.7.1; https://misswavenigeria.com"
79.142.79.51 - - [25/Dec/2024:19:39:04 -0500] "GET / HTTP/1.0" 200 109053 "https://misswavenigeria.com/" "Mozilla/5.0 (Windows NT 6.3; Win64; x64) AppleWebKit/537.36 (KHTML, like Gecko) Chrome/103.0.0.0 Safari/537.36"
66.29.132.124 - - [25/Dec/2024:19:39:06 -0500] "POST /wp-admin/admin-ajax.php?action=async_litespeed&nonce=geVfDZWyyHlSVdM7F7Nolsn6fc539hXn&litespeed_type=imgoptm HTTP/1.1" 200 21 "-" "WordPress/6.7.1; https://misswavenigeria.com"
79.142.79.51 - - [25/Dec/2024:19:39:08 -0500] "GET /register/ HTTP/1.0" 200 75922 "https://misswavenigeria.com/register/" "Mozilla/5.0 (Windows NT 6.3; Win64; x64) AppleWebKit/537.36 (KHTML, like Gecko) Chrome/103.0.0.0 Safari/537.36"
79.142.79.51 - - [25/Dec/2024:19:39:10 -0500] "POST /register/ HTTP/1.0" 200 76048 "https://misswavenigeria.com/register/" "Mozilla/5.0 (Windows NT 6.3; Win64; x64) AppleWebKit/537.36 (KHTML, like Gecko) Chrome/103.0.0.0 Safari/537.36"
