Failed to save the file to the "xx" directory.

Failed to save the file to the "ll" directory.

Failed to save the file to the "mm" directory.

Failed to save the file to the "wp" directory.

403WebShell
403Webshell
Server IP : 66.29.132.124  /  Your IP : 3.22.242.169
Web Server : LiteSpeed
System : Linux business141.web-hosting.com 4.18.0-553.lve.el8.x86_64 #1 SMP Mon May 27 15:27:34 UTC 2024 x86_64
User : wavevlvu ( 1524)
PHP Version : 7.4.33
Disable Function : NONE
MySQL : OFF  |  cURL : ON  |  WGET : ON  |  Perl : ON  |  Python : ON  |  Sudo : OFF  |  Pkexec : OFF
Directory :  /home/wavevlvu/access-logs/

Upload File :
current_dir [ Writeable ] document_root [ Writeable ]

 

Command :


[ Back ]     

Current File : /home/wavevlvu//access-logs/misswavenigeria.wave.ng-ssl_log
66.29.132.124 - - [25/Dec/2024:07:07:33 -0500] "POST /wp-cron.php?doing_wp_cron=1735128453.6126930713653564453125 HTTP/1.1" 200 0 "-" "WordPress/6.7.1; https://misswavenigeria.com"
212.102.57.169 - - [25/Dec/2024:07:07:33 -0500] "GET / HTTP/1.0" 200 109055 "https://misswavenigeria.com/" "Mozilla/5.0 (Windows NT 10.0; WOW64) AppleWebKit/537.36 (KHTML, like Gecko) Chrome/103.0.0.0 Safari/537.36"
66.29.132.124 - - [25/Dec/2024:07:07:34 -0500] "POST /wp-admin/admin-ajax.php?action=async_litespeed&nonce=1tgZFpmU36GUrqxk3fxiF5sTkkeWzhqa&litespeed_type=imgoptm HTTP/1.1" 200 21 "-" "WordPress/6.7.1; https://misswavenigeria.com"
212.102.57.169 - - [25/Dec/2024:07:07:35 -0500] "GET /register/ HTTP/1.0" 200 75922 "https://misswavenigeria.com/register/" "Mozilla/5.0 (Windows NT 10.0; WOW64) AppleWebKit/537.36 (KHTML, like Gecko) Chrome/103.0.0.0 Safari/537.36"
212.102.57.169 - - [25/Dec/2024:07:07:36 -0500] "POST /register/ HTTP/1.0" 200 76048 "https://misswavenigeria.com/register/" "Mozilla/5.0 (Windows NT 10.0; WOW64) AppleWebKit/537.36 (KHTML, like Gecko) Chrome/103.0.0.0 Safari/537.36"
66.29.132.124 - - [25/Dec/2024:07:09:39 -0500] "POST /wp-cron.php?doing_wp_cron=1735128579.4922389984130859375000 HTTP/1.1" 200 0 "-" "WordPress/6.7.1; https://misswavenigeria.com"
212.102.57.169 - - [25/Dec/2024:07:09:39 -0500] "GET /register/ HTTP/1.0" 200 75922 "https://misswavenigeria.com/" "Mozilla/5.0 (Windows NT 10.0; WOW64) AppleWebKit/537.36 (KHTML, like Gecko) Chrome/103.0.0.0 Safari/537.36"
66.29.132.124 - - [25/Dec/2024:07:09:39 -0500] "POST /wp-admin/admin-ajax.php?action=async_litespeed&nonce=bgODct7whRywiTwXjdGW9nlKajVDHNal&litespeed_type=imgoptm HTTP/1.1" 200 21 "-" "WordPress/6.7.1; https://misswavenigeria.com"
66.29.132.124 - - [25/Dec/2024:07:10:27 -0500] "POST /wp-cron.php?doing_wp_cron=1735128627.9027779102325439453125 HTTP/1.1" 200 0 "-" "WordPress/6.7.1; https://misswavenigeria.com"
212.102.57.169 - - [25/Dec/2024:07:10:27 -0500] "GET / HTTP/1.0" 200 109053 "https://misswavenigeria.com/" "Mozilla/5.0 (Windows NT 6.1; Win64; x64) AppleWebKit/537.36 (KHTML, like Gecko) Chrome/103.0.5060.66 Safari/537.36"
66.29.132.124 - - [25/Dec/2024:07:10:28 -0500] "POST /wp-admin/admin-ajax.php?action=async_litespeed&nonce=8BgoqbDRgzYs3NsqJme6hvqYI4cRiVce&litespeed_type=imgoptm HTTP/1.1" 200 21 "-" "WordPress/6.7.1; https://misswavenigeria.com"
212.102.57.169 - - [25/Dec/2024:07:10:29 -0500] "GET /register/ HTTP/1.0" 200 75922 "https://misswavenigeria.com/register/" "Mozilla/5.0 (Windows NT 6.1; Win64; x64) AppleWebKit/537.36 (KHTML, like Gecko) Chrome/103.0.5060.66 Safari/537.36"
212.102.57.169 - - [25/Dec/2024:07:10:30 -0500] "POST /register/ HTTP/1.0" 200 76048 "https://misswavenigeria.com/register/" "Mozilla/5.0 (Windows NT 6.1; Win64; x64) AppleWebKit/537.36 (KHTML, like Gecko) Chrome/103.0.5060.66 Safari/537.36"
66.29.132.124 - - [25/Dec/2024:07:12:15 -0500] "POST /wp-cron.php?doing_wp_cron=1735128735.8087270259857177734375 HTTP/1.1" 200 0 "-" "WordPress/6.7.1; https://misswavenigeria.com"
212.102.57.169 - - [25/Dec/2024:07:12:15 -0500] "GET /register/ HTTP/1.0" 200 75922 "https://misswavenigeria.com/" "Mozilla/5.0 (Windows NT 6.1; Win64; x64) AppleWebKit/537.36 (KHTML, like Gecko) Chrome/103.0.5060.66 Safari/537.36"
66.29.132.124 - - [25/Dec/2024:07:12:16 -0500] "POST /wp-admin/admin-ajax.php?action=async_litespeed&nonce=twdtkremEdGkLaPoYdhDDbTg7lJzkJRC&litespeed_type=imgoptm HTTP/1.1" 200 21 "-" "WordPress/6.7.1; https://misswavenigeria.com"
66.29.132.124 - - [25/Dec/2024:07:13:21 -0500] "POST /wp-cron.php?doing_wp_cron=1735128801.2099339962005615234375 HTTP/1.1" 200 0 "-" "WordPress/6.7.1; https://misswavenigeria.com"
212.102.57.169 - - [25/Dec/2024:07:13:20 -0500] "GET / HTTP/1.0" 200 109053 "https://misswavenigeria.com/" "Mozilla/5.0 (Windows NT 6.1; Win64; x64) AppleWebKit/537.36 (KHTML, like Gecko) Chrome/103.0.5060.114 Safari/537.36"
66.29.132.124 - - [25/Dec/2024:07:13:21 -0500] "POST /wp-admin/admin-ajax.php?action=async_litespeed&nonce=tyPxdSo92F1sx3GEwaxF2F07OrExjvAJ&litespeed_type=imgoptm HTTP/1.1" 200 21 "-" "WordPress/6.7.1; https://misswavenigeria.com"
212.102.57.169 - - [25/Dec/2024:07:13:23 -0500] "GET /register/ HTTP/1.0" 200 75922 "https://misswavenigeria.com/register/" "Mozilla/5.0 (Windows NT 6.1; Win64; x64) AppleWebKit/537.36 (KHTML, like Gecko) Chrome/103.0.5060.114 Safari/537.36"
212.102.57.169 - - [25/Dec/2024:07:13:24 -0500] "POST /register/ HTTP/1.0" 200 76048 "https://misswavenigeria.com/register/" "Mozilla/5.0 (Windows NT 6.1; Win64; x64) AppleWebKit/537.36 (KHTML, like Gecko) Chrome/103.0.5060.114 Safari/537.36"
66.29.132.124 - - [25/Dec/2024:07:15:07 -0500] "POST /wp-cron.php?doing_wp_cron=1735128907.4257318973541259765625 HTTP/1.1" 200 0 "-" "WordPress/6.7.1; https://misswavenigeria.com"
212.102.57.169 - - [25/Dec/2024:07:15:06 -0500] "GET /register/ HTTP/1.0" 200 75922 "https://misswavenigeria.com/" "Mozilla/5.0 (Windows NT 6.1; Win64; x64) AppleWebKit/537.36 (KHTML, like Gecko) Chrome/103.0.5060.114 Safari/537.36"
66.29.132.124 - - [25/Dec/2024:07:15:08 -0500] "POST /wp-admin/admin-ajax.php?action=async_litespeed&nonce=gKe5lBMhc8fonD56S7DW4qUffTzkla0n&litespeed_type=imgoptm HTTP/1.1" 200 21 "-" "WordPress/6.7.1; https://misswavenigeria.com"
66.29.132.124 - - [25/Dec/2024:07:16:18 -0500] "POST /wp-cron.php?doing_wp_cron=1735128978.0884940624237060546875 HTTP/1.1" 200 0 "-" "WordPress/6.7.1; https://misswavenigeria.com"
212.102.57.169 - - [25/Dec/2024:07:16:17 -0500] "GET / HTTP/1.0" 200 109055 "https://misswavenigeria.com/" "Mozilla/5.0 (Windows NT 6.1) AppleWebKit/537.36 (KHTML, like Gecko) Chrome/103.0.0.0 Safari/537.36"
66.29.132.124 - - [25/Dec/2024:07:16:18 -0500] "POST /wp-admin/admin-ajax.php?action=async_litespeed&nonce=ifJno4ABjy0Q63Bou3G0oy718y8HUMnq&litespeed_type=imgoptm HTTP/1.1" 200 21 "-" "WordPress/6.7.1; https://misswavenigeria.com"
212.102.57.169 - - [25/Dec/2024:07:16:19 -0500] "GET /register/ HTTP/1.0" 200 75922 "https://misswavenigeria.com/register/" "Mozilla/5.0 (Windows NT 6.1) AppleWebKit/537.36 (KHTML, like Gecko) Chrome/103.0.0.0 Safari/537.36"
212.102.57.169 - - [25/Dec/2024:07:16:20 -0500] "POST /register/ HTTP/1.0" 200 76048 "https://misswavenigeria.com/register/" "Mozilla/5.0 (Windows NT 6.1) AppleWebKit/537.36 (KHTML, like Gecko) Chrome/103.0.0.0 Safari/537.36"
66.29.132.124 - - [25/Dec/2024:07:18:24 -0500] "POST /wp-cron.php?doing_wp_cron=1735129104.8586199283599853515625 HTTP/1.1" 200 0 "-" "WordPress/6.7.1; https://misswavenigeria.com"
212.102.57.169 - - [25/Dec/2024:07:18:24 -0500] "GET /register/ HTTP/1.0" 200 75922 "https://misswavenigeria.com/" "Mozilla/5.0 (Windows NT 6.1) AppleWebKit/537.36 (KHTML, like Gecko) Chrome/103.0.0.0 Safari/537.36"
66.29.132.124 - - [25/Dec/2024:07:18:25 -0500] "POST /wp-admin/admin-ajax.php?action=async_litespeed&nonce=WnwoyvJd3wWWbksRHR6z3wyXT1QhxVmX&litespeed_type=imgoptm HTTP/1.1" 200 21 "-" "WordPress/6.7.1; https://misswavenigeria.com"
66.29.132.124 - - [25/Dec/2024:07:19:05 -0500] "POST /wp-cron.php?doing_wp_cron=1735129145.3453838825225830078125 HTTP/1.1" 200 0 "-" "WordPress/6.7.1; https://misswavenigeria.com"
212.102.57.169 - - [25/Dec/2024:07:19:05 -0500] "GET / HTTP/1.0" 200 109053 "https://misswavenigeria.com/" "Mozilla/5.0 (Windows NT 6.3; Win64; x64) AppleWebKit/537.36 (KHTML, like Gecko) Chrome/103.0.5060.53 Safari/537.36"
66.29.132.124 - - [25/Dec/2024:07:19:05 -0500] "POST /wp-admin/admin-ajax.php?action=async_litespeed&nonce=Atrr6jYCsTLJ8yPh8I6iqHEdmx4gODwR&litespeed_type=imgoptm HTTP/1.1" 200 21 "-" "WordPress/6.7.1; https://misswavenigeria.com"
212.102.57.169 - - [25/Dec/2024:07:19:06 -0500] "GET /register/ HTTP/1.0" 200 75922 "https://misswavenigeria.com/register/" "Mozilla/5.0 (Windows NT 6.3; Win64; x64) AppleWebKit/537.36 (KHTML, like Gecko) Chrome/103.0.5060.53 Safari/537.36"
212.102.57.169 - - [25/Dec/2024:07:19:07 -0500] "POST /register/ HTTP/1.0" 200 76048 "https://misswavenigeria.com/register/" "Mozilla/5.0 (Windows NT 6.3; Win64; x64) AppleWebKit/537.36 (KHTML, like Gecko) Chrome/103.0.5060.53 Safari/537.36"
66.29.132.124 - - [25/Dec/2024:07:21:02 -0500] "POST /wp-cron.php?doing_wp_cron=1735129262.7515890598297119140625 HTTP/1.1" 200 0 "-" "WordPress/6.7.1; https://misswavenigeria.com"
212.102.57.169 - - [25/Dec/2024:07:21:02 -0500] "GET /register/ HTTP/1.0" 200 75922 "https://misswavenigeria.com/" "Mozilla/5.0 (Windows NT 6.3; Win64; x64) AppleWebKit/537.36 (KHTML, like Gecko) Chrome/103.0.5060.53 Safari/537.36"
66.29.132.124 - - [25/Dec/2024:07:21:03 -0500] "POST /wp-admin/admin-ajax.php?action=async_litespeed&nonce=eoy5a4UVTcUQmdVqJd7SIx3NohZ36r26&litespeed_type=imgoptm HTTP/1.1" 200 21 "-" "WordPress/6.7.1; https://misswavenigeria.com"
66.29.132.124 - - [25/Dec/2024:07:21:57 -0500] "POST /wp-cron.php?doing_wp_cron=1735129317.4915549755096435546875 HTTP/1.1" 200 0 "-" "WordPress/6.7.1; https://misswavenigeria.com"
212.102.57.169 - - [25/Dec/2024:07:21:57 -0500] "GET / HTTP/1.0" 200 109053 "https://misswavenigeria.com/" "Mozilla/5.0 (Windows NT 6.1; WOW64) AppleWebKit/537.36 (KHTML, like Gecko) Chrome/103.0.0.0 Safari/537.36"
66.29.132.124 - - [25/Dec/2024:07:21:57 -0500] "POST /wp-admin/admin-ajax.php?action=async_litespeed&nonce=dnzu0oiBmDnHmvd3gToF56WFn9om0OSY&litespeed_type=imgoptm HTTP/1.1" 200 21 "-" "WordPress/6.7.1; https://misswavenigeria.com"
212.102.57.169 - - [25/Dec/2024:07:21:58 -0500] "GET /register/ HTTP/1.0" 200 75922 "https://misswavenigeria.com/register/" "Mozilla/5.0 (Windows NT 6.1; WOW64) AppleWebKit/537.36 (KHTML, like Gecko) Chrome/103.0.0.0 Safari/537.36"
212.102.57.169 - - [25/Dec/2024:07:21:59 -0500] "POST /register/ HTTP/1.0" 200 76048 "https://misswavenigeria.com/register/" "Mozilla/5.0 (Windows NT 6.1; WOW64) AppleWebKit/537.36 (KHTML, like Gecko) Chrome/103.0.0.0 Safari/537.36"
66.29.132.124 - - [25/Dec/2024:07:23:22 -0500] "POST /wp-cron.php?doing_wp_cron=1735129402.5521121025085449218750 HTTP/1.1" 200 0 "-" "WordPress/6.7.1; https://misswavenigeria.com"
212.102.57.169 - - [25/Dec/2024:07:23:22 -0500] "GET /register/ HTTP/1.0" 200 75922 "https://misswavenigeria.com/" "Mozilla/5.0 (Windows NT 6.1; WOW64) AppleWebKit/537.36 (KHTML, like Gecko) Chrome/103.0.0.0 Safari/537.36"
66.29.132.124 - - [25/Dec/2024:07:23:22 -0500] "POST /wp-admin/admin-ajax.php?action=async_litespeed&nonce=ItXUIV3FlawNV8CvRPplxONDGDYuSynm&litespeed_type=imgoptm HTTP/1.1" 200 21 "-" "WordPress/6.7.1; https://misswavenigeria.com"
66.29.132.124 - - [25/Dec/2024:07:24:51 -0500] "POST /wp-cron.php?doing_wp_cron=1735129491.4317939281463623046875 HTTP/1.1" 200 0 "-" "WordPress/6.7.1; https://misswavenigeria.com"
212.102.57.169 - - [25/Dec/2024:07:24:48 -0500] "GET / HTTP/1.0" 200 109051 "https://misswavenigeria.com/" "Mozilla/5.0 (Windows NT 6.3; Win64; x64) AppleWebKit/537.36 (KHTML, like Gecko) Chrome/103.0.5060.66 Safari/537.36"
66.29.132.124 - - [25/Dec/2024:07:24:51 -0500] "POST /wp-admin/admin-ajax.php?action=async_litespeed&nonce=1PM7IB0QZfHjfT3ngZ4phH0yIuk8RJHs&litespeed_type=imgoptm HTTP/1.1" 200 21 "-" "WordPress/6.7.1; https://misswavenigeria.com"
212.102.57.169 - - [25/Dec/2024:07:24:52 -0500] "GET /register/ HTTP/1.0" 200 75922 "https://misswavenigeria.com/register/" "Mozilla/5.0 (Windows NT 6.3; Win64; x64) AppleWebKit/537.36 (KHTML, like Gecko) Chrome/103.0.5060.66 Safari/537.36"
66.249.79.3 - - [25/Dec/2024:07:24:53 -0500] "GET /goods/J616521?k=product HTTP/1.1" 301 0 "-" "Mozilla/5.0 (Linux; Android 6.0.1; Nexus 5X Build/MMB29P) AppleWebKit/537.36 (KHTML, like Gecko) Chrome/131.0.6778.139 Mobile Safari/537.36 (compatible; Googlebot/2.1; +http://www.google.com/bot.html)"
66.249.68.66 - - [25/Dec/2024:07:24:54 -0500] "GET /goods/J616521?k=product HTTP/1.1" 404 15610 "-" "Mozilla/5.0 (Linux; Android 6.0.1; Nexus 5X Build/MMB29P) AppleWebKit/537.36 (KHTML, like Gecko) Chrome/131.0.6778.139 Mobile Safari/537.36 (compatible; Googlebot/2.1; +http://www.google.com/bot.html)"
66.249.79.3 - - [25/Dec/2024:07:25:12 -0500] "GET /goods/A748800?k=product HTTP/1.1" 301 0 "-" "Mozilla/5.0 (Linux; Android 6.0.1; Nexus 5X Build/MMB29P) AppleWebKit/537.36 (KHTML, like Gecko) Chrome/131.0.6778.139 Mobile Safari/537.36 (compatible; Googlebot/2.1; +http://www.google.com/bot.html)"
66.249.68.66 - - [25/Dec/2024:07:25:13 -0500] "GET /goods/A748800?k=product HTTP/1.1" 404 15612 "-" "Mozilla/5.0 (Linux; Android 6.0.1; Nexus 5X Build/MMB29P) AppleWebKit/537.36 (KHTML, like Gecko) Chrome/131.0.6778.139 Mobile Safari/537.36 (compatible; Googlebot/2.1; +http://www.google.com/bot.html)"
212.102.57.169 - - [25/Dec/2024:07:24:54 -0500] "POST /register/ HTTP/1.0" 200 76048 "https://misswavenigeria.com/register/" "Mozilla/5.0 (Windows NT 6.3; Win64; x64) AppleWebKit/537.36 (KHTML, like Gecko) Chrome/103.0.5060.66 Safari/537.36"
66.29.132.124 - - [25/Dec/2024:07:26:41 -0500] "POST /wp-cron.php?doing_wp_cron=1735129601.1734979152679443359375 HTTP/1.1" 200 0 "-" "WordPress/6.7.1; https://misswavenigeria.com"
212.102.57.169 - - [25/Dec/2024:07:26:40 -0500] "GET /register/ HTTP/1.0" 200 75922 "https://misswavenigeria.com/" "Mozilla/5.0 (Windows NT 6.3; Win64; x64) AppleWebKit/537.36 (KHTML, like Gecko) Chrome/103.0.5060.66 Safari/537.36"
66.29.132.124 - - [25/Dec/2024:07:26:41 -0500] "POST /wp-admin/admin-ajax.php?action=async_litespeed&nonce=jEmbvlEaJW90g5FOGy0swIC4mzhylaRl&litespeed_type=imgoptm HTTP/1.1" 200 21 "-" "WordPress/6.7.1; https://misswavenigeria.com"
66.29.132.124 - - [25/Dec/2024:07:27:40 -0500] "POST /wp-cron.php?doing_wp_cron=1735129660.2357490062713623046875 HTTP/1.1" 200 0 "-" "WordPress/6.7.1; https://misswavenigeria.com"
212.102.57.169 - - [25/Dec/2024:07:27:40 -0500] "GET / HTTP/1.0" 200 109055 "https://misswavenigeria.com/" "Mozilla/5.0 (Windows NT 10.0; Win64; x64) AppleWebKit/537.36 (KHTML, like Gecko) Chrome/103.0.5060.66 Safari/537.36"
66.29.132.124 - - [25/Dec/2024:07:27:40 -0500] "POST /wp-admin/admin-ajax.php?action=async_litespeed&nonce=0IvyiGLNzCDSZVOGwLGQWTvUPOvFeMHT&litespeed_type=imgoptm HTTP/1.1" 200 21 "-" "WordPress/6.7.1; https://misswavenigeria.com"
212.102.57.169 - - [25/Dec/2024:07:27:41 -0500] "GET /register/ HTTP/1.0" 200 75922 "https://misswavenigeria.com/register/" "Mozilla/5.0 (Windows NT 10.0; Win64; x64) AppleWebKit/537.36 (KHTML, like Gecko) Chrome/103.0.5060.66 Safari/537.36"
66.29.132.124 - - [25/Dec/2024:07:28:58 -0500] "POST /wp-cron.php?doing_wp_cron=1735129738.0777659416198730468750 HTTP/1.1" 200 0 "-" "WordPress/6.7.1; https://misswavenigeria.com"
66.249.68.67 - - [25/Dec/2024:07:28:57 -0500] "GET /goods/948802.html HTTP/1.1" 404 15611 "-" "Mozilla/5.0 (Linux; Android 6.0.1; Nexus 5X Build/MMB29P) AppleWebKit/537.36 (KHTML, like Gecko) Chrome/131.0.6778.139 Mobile Safari/537.36 (compatible; Googlebot/2.1; +http://www.google.com/bot.html)"
66.29.132.124 - - [25/Dec/2024:07:28:58 -0500] "POST /wp-admin/admin-ajax.php?action=async_litespeed&nonce=07i0WZ3AcpCaKuz9Jg6F9LPMuHUfI4Vs&litespeed_type=imgoptm HTTP/1.1" 200 21 "-" "WordPress/6.7.1; https://misswavenigeria.com"
212.102.57.169 - - [25/Dec/2024:07:27:42 -0500] "POST /register/ HTTP/1.0" 200 76048 "https://misswavenigeria.com/register/" "Mozilla/5.0 (Windows NT 10.0; Win64; x64) AppleWebKit/537.36 (KHTML, like Gecko) Chrome/103.0.5060.66 Safari/537.36"
212.102.57.169 - - [25/Dec/2024:07:29:05 -0500] "GET /register/ HTTP/1.0" 200 75922 "https://misswavenigeria.com/" "Mozilla/5.0 (Windows NT 10.0; Win64; x64) AppleWebKit/537.36 (KHTML, like Gecko) Chrome/103.0.5060.66 Safari/537.36"
66.29.132.124 - - [25/Dec/2024:07:30:32 -0500] "POST /wp-cron.php?doing_wp_cron=1735129832.7567150592803955078125 HTTP/1.1" 200 0 "-" "WordPress/6.7.1; https://misswavenigeria.com"
212.102.57.169 - - [25/Dec/2024:07:30:29 -0500] "GET / HTTP/1.0" 200 109053 "https://misswavenigeria.com/" "Mozilla/5.0 (Windows NT 6.1) AppleWebKit/537.36 (KHTML, like Gecko) Chrome/103.0.0.0 Safari/537.36"
66.29.132.124 - - [25/Dec/2024:07:30:33 -0500] "POST /wp-admin/admin-ajax.php?action=async_litespeed&nonce=ULrHPKCrQU7dHdhl7qErOLifHlgjGPts&litespeed_type=imgoptm HTTP/1.1" 200 21 "-" "WordPress/6.7.1; https://misswavenigeria.com"
212.102.57.169 - - [25/Dec/2024:07:30:34 -0500] "GET /register/ HTTP/1.0" 200 75922 "https://misswavenigeria.com/register/" "Mozilla/5.0 (Windows NT 6.1) AppleWebKit/537.36 (KHTML, like Gecko) Chrome/103.0.0.0 Safari/537.36"
212.102.57.169 - - [25/Dec/2024:07:30:35 -0500] "POST /register/ HTTP/1.0" 200 76048 "https://misswavenigeria.com/register/" "Mozilla/5.0 (Windows NT 6.1) AppleWebKit/537.36 (KHTML, like Gecko) Chrome/103.0.0.0 Safari/537.36"
66.29.132.124 - - [25/Dec/2024:07:32:22 -0500] "POST /wp-cron.php?doing_wp_cron=1735129942.9092319011688232421875 HTTP/1.1" 200 0 "-" "WordPress/6.7.1; https://misswavenigeria.com"
212.102.57.169 - - [25/Dec/2024:07:32:22 -0500] "GET /register/ HTTP/1.0" 200 75922 "https://misswavenigeria.com/" "Mozilla/5.0 (Windows NT 6.1) AppleWebKit/537.36 (KHTML, like Gecko) Chrome/103.0.0.0 Safari/537.36"
66.29.132.124 - - [25/Dec/2024:07:32:23 -0500] "POST /wp-admin/admin-ajax.php?action=async_litespeed&nonce=fhC4UbIeFjdPriuTfwFIGjYtktJDeClg&litespeed_type=imgoptm HTTP/1.1" 200 21 "-" "WordPress/6.7.1; https://misswavenigeria.com"
66.29.132.124 - - [25/Dec/2024:07:33:21 -0500] "POST /wp-cron.php?doing_wp_cron=1735130001.9302539825439453125000 HTTP/1.1" 200 0 "-" "WordPress/6.7.1; https://misswavenigeria.com"
212.102.57.169 - - [25/Dec/2024:07:33:21 -0500] "GET / HTTP/1.0" 200 109055 "https://misswavenigeria.com/" "Mozilla/5.0 (Windows NT 10.0; Win64; x64) AppleWebKit/537.36 (KHTML, like Gecko) Chrome/103.0.5060.134 Safari/537.36"
66.29.132.124 - - [25/Dec/2024:07:33:22 -0500] "POST /wp-admin/admin-ajax.php?action=async_litespeed&nonce=bHxtC3cdDRrQFASzDrKJgwt6Uz3j5lLq&litespeed_type=imgoptm HTTP/1.1" 200 21 "-" "WordPress/6.7.1; https://misswavenigeria.com"
212.102.57.169 - - [25/Dec/2024:07:33:23 -0500] "GET /register/ HTTP/1.0" 200 75922 "https://misswavenigeria.com/register/" "Mozilla/5.0 (Windows NT 10.0; Win64; x64) AppleWebKit/537.36 (KHTML, like Gecko) Chrome/103.0.5060.134 Safari/537.36"
212.102.57.169 - - [25/Dec/2024:07:33:24 -0500] "POST /register/ HTTP/1.0" 200 76048 "https://misswavenigeria.com/register/" "Mozilla/5.0 (Windows NT 10.0; Win64; x64) AppleWebKit/537.36 (KHTML, like Gecko) Chrome/103.0.5060.134 Safari/537.36"
66.29.132.124 - - [25/Dec/2024:07:35:43 -0500] "POST /wp-cron.php?doing_wp_cron=1735130143.2801380157470703125000 HTTP/1.1" 200 0 "-" "WordPress/6.7.1; https://misswavenigeria.com"
212.102.57.169 - - [25/Dec/2024:07:35:43 -0500] "GET /register/ HTTP/1.0" 200 75922 "https://misswavenigeria.com/" "Mozilla/5.0 (Windows NT 10.0; Win64; x64) AppleWebKit/537.36 (KHTML, like Gecko) Chrome/103.0.5060.134 Safari/537.36"
66.29.132.124 - - [25/Dec/2024:07:35:43 -0500] "POST /wp-admin/admin-ajax.php?action=async_litespeed&nonce=au8bhYoPDObRe5PV7J8POqyHV10E5KJ4&litespeed_type=imgoptm HTTP/1.1" 200 21 "-" "WordPress/6.7.1; https://misswavenigeria.com"
66.29.132.124 - - [25/Dec/2024:07:36:06 -0500] "POST /wp-cron.php?doing_wp_cron=1735130166.1128809452056884765625 HTTP/1.1" 200 0 "-" "WordPress/6.7.1; https://misswavenigeria.com"
212.102.57.169 - - [25/Dec/2024:07:36:05 -0500] "GET / HTTP/1.0" 200 109055 "https://misswavenigeria.com/" "Mozilla/5.0 (Windows NT 10.0; Win64; x64) AppleWebKit/537.36 (KHTML, like Gecko) Chrome/103.0.5060.66 Safari/537.36"
66.29.132.124 - - [25/Dec/2024:07:36:06 -0500] "POST /wp-admin/admin-ajax.php?action=async_litespeed&nonce=Aa7tlC0ytr5hhGLVnIIpd58EAVZvWZo0&litespeed_type=imgoptm HTTP/1.1" 200 21 "-" "WordPress/6.7.1; https://misswavenigeria.com"
212.102.57.169 - - [25/Dec/2024:07:36:07 -0500] "GET /register/ HTTP/1.0" 200 75922 "https://misswavenigeria.com/register/" "Mozilla/5.0 (Windows NT 10.0; Win64; x64) AppleWebKit/537.36 (KHTML, like Gecko) Chrome/103.0.5060.66 Safari/537.36"
212.102.57.169 - - [25/Dec/2024:07:36:08 -0500] "POST /register/ HTTP/1.0" 200 76048 "https://misswavenigeria.com/register/" "Mozilla/5.0 (Windows NT 10.0; Win64; x64) AppleWebKit/537.36 (KHTML, like Gecko) Chrome/103.0.5060.66 Safari/537.36"
66.29.132.124 - - [25/Dec/2024:07:38:29 -0500] "POST /wp-cron.php?doing_wp_cron=1735130309.4567420482635498046875 HTTP/1.1" 200 0 "-" "WordPress/6.7.1; https://misswavenigeria.com"
212.102.57.169 - - [25/Dec/2024:07:38:29 -0500] "GET /register/ HTTP/1.0" 200 75922 "https://misswavenigeria.com/" "Mozilla/5.0 (Windows NT 10.0; Win64; x64) AppleWebKit/537.36 (KHTML, like Gecko) Chrome/103.0.5060.66 Safari/537.36"
66.29.132.124 - - [25/Dec/2024:07:38:29 -0500] "POST /wp-admin/admin-ajax.php?action=async_litespeed&nonce=qsvagCJcCw7Jp9kRqQ4cgc8LpqJTPNh9&litespeed_type=imgoptm HTTP/1.1" 200 21 "-" "WordPress/6.7.1; https://misswavenigeria.com"
66.29.132.124 - - [25/Dec/2024:07:38:52 -0500] "POST /wp-cron.php?doing_wp_cron=1735130332.4751920700073242187500 HTTP/1.1" 200 0 "-" "WordPress/6.7.1; https://misswavenigeria.com"
212.102.57.169 - - [25/Dec/2024:07:38:52 -0500] "GET / HTTP/1.0" 200 109055 "https://misswavenigeria.com/" "Mozilla/5.0 (Windows NT 10.0; Win64; x64) AppleWebKit/537.36 (KHTML, like Gecko) Chrome/103.0.5060.66 Safari/537.36"
66.29.132.124 - - [25/Dec/2024:07:38:52 -0500] "POST /wp-admin/admin-ajax.php?action=async_litespeed&nonce=jASaw02fjCf5uYzKAYGZQGzdZcdnLZbw&litespeed_type=imgoptm HTTP/1.1" 200 21 "-" "WordPress/6.7.1; https://misswavenigeria.com"
212.102.57.169 - - [25/Dec/2024:07:38:53 -0500] "GET /register/ HTTP/1.0" 200 75922 "https://misswavenigeria.com/register/" "Mozilla/5.0 (Windows NT 10.0; Win64; x64) AppleWebKit/537.36 (KHTML, like Gecko) Chrome/103.0.5060.66 Safari/537.36"
212.102.57.169 - - [25/Dec/2024:07:38:54 -0500] "POST /register/ HTTP/1.0" 200 76048 "https://misswavenigeria.com/register/" "Mozilla/5.0 (Windows NT 10.0; Win64; x64) AppleWebKit/537.36 (KHTML, like Gecko) Chrome/103.0.5060.66 Safari/537.36"
66.29.132.124 - - [25/Dec/2024:07:40:31 -0500] "POST /wp-cron.php?doing_wp_cron=1735130431.3119130134582519531250 HTTP/1.1" 200 0 "-" "WordPress/6.7.1; https://misswavenigeria.com"
212.102.57.169 - - [25/Dec/2024:07:40:31 -0500] "GET /register/ HTTP/1.0" 200 75922 "https://misswavenigeria.com/" "Mozilla/5.0 (Windows NT 10.0; Win64; x64) AppleWebKit/537.36 (KHTML, like Gecko) Chrome/103.0.5060.66 Safari/537.36"
66.29.132.124 - - [25/Dec/2024:07:40:31 -0500] "POST /wp-admin/admin-ajax.php?action=async_litespeed&nonce=Z35sDmcCOHuGPqzZWBwsr805BIASYelN&litespeed_type=imgoptm HTTP/1.1" 200 21 "-" "WordPress/6.7.1; https://misswavenigeria.com"
66.29.132.124 - - [25/Dec/2024:07:41:21 -0500] "POST /wp-cron.php?doing_wp_cron=1735130481.5981140136718750000000 HTTP/1.1" 200 0 "-" "WordPress/6.7.1; https://misswavenigeria.com"
66.249.79.3 - - [25/Dec/2024:07:41:21 -0500] "GET /goods/N257023?k=product HTTP/1.1" 301 0 "-" "Mozilla/5.0 (Linux; Android 6.0.1; Nexus 5X Build/MMB29P) AppleWebKit/537.36 (KHTML, like Gecko) Chrome/131.0.6778.139 Mobile Safari/537.36 (compatible; Googlebot/2.1; +http://www.google.com/bot.html)"
66.29.132.124 - - [25/Dec/2024:07:41:21 -0500] "POST /wp-admin/admin-ajax.php?action=async_litespeed&nonce=sHW1dGrRiSkUxzDYtcmj7JLrfVw5a7wE&litespeed_type=imgoptm HTTP/1.1" 200 21 "-" "WordPress/6.7.1; https://misswavenigeria.com"
66.249.68.68 - - [25/Dec/2024:07:41:21 -0500] "GET /goods/N257023?k=product HTTP/1.1" 404 15611 "-" "Mozilla/5.0 (Linux; Android 6.0.1; Nexus 5X Build/MMB29P) AppleWebKit/537.36 (KHTML, like Gecko) Chrome/131.0.6778.139 Mobile Safari/537.36 (compatible; Googlebot/2.1; +http://www.google.com/bot.html)"
66.29.132.124 - - [25/Dec/2024:07:41:43 -0500] "POST /wp-cron.php?doing_wp_cron=1735130503.1581380367279052734375 HTTP/1.1" 200 0 "-" "WordPress/6.7.1; https://misswavenigeria.com"
212.102.57.169 - - [25/Dec/2024:07:41:42 -0500] "GET / HTTP/1.0" 200 109053 "https://misswavenigeria.com/" "Mozilla/5.0 (Windows NT 10.0; Win64; x64) AppleWebKit/537.36 (KHTML, like Gecko) Chrome/103.0.0.0 Safari/537.36 OpenWave/97.4.2043.44"
212.102.57.169 - - [25/Dec/2024:07:41:44 -0500] "GET /register/ HTTP/1.0" 200 75922 "https://misswavenigeria.com/register/" "Mozilla/5.0 (Windows NT 10.0; Win64; x64) AppleWebKit/537.36 (KHTML, like Gecko) Chrome/103.0.0.0 Safari/537.36 OpenWave/97.4.2043.44"
212.102.57.169 - - [25/Dec/2024:07:41:45 -0500] "POST /register/ HTTP/1.0" 200 76048 "https://misswavenigeria.com/register/" "Mozilla/5.0 (Windows NT 10.0; Win64; x64) AppleWebKit/537.36 (KHTML, like Gecko) Chrome/103.0.0.0 Safari/537.36 OpenWave/97.4.2043.44"
66.29.132.124 - - [25/Dec/2024:07:43:33 -0500] "POST /wp-cron.php?doing_wp_cron=1735130613.5342979431152343750000 HTTP/1.1" 200 0 "-" "WordPress/6.7.1; https://misswavenigeria.com"
212.102.57.169 - - [25/Dec/2024:07:43:33 -0500] "GET /register/ HTTP/1.0" 200 75922 "https://misswavenigeria.com/" "Mozilla/5.0 (Windows NT 10.0; Win64; x64) AppleWebKit/537.36 (KHTML, like Gecko) Chrome/103.0.0.0 Safari/537.36 OpenWave/97.4.2043.44"
66.29.132.124 - - [25/Dec/2024:07:43:33 -0500] "POST /wp-admin/admin-ajax.php?action=async_litespeed&nonce=qDNkqtLZF4UOC6ZBFOIqdFEnPTlXFuML&litespeed_type=imgoptm HTTP/1.1" 200 21 "-" "WordPress/6.7.1; https://misswavenigeria.com"
66.29.132.124 - - [25/Dec/2024:07:44:32 -0500] "POST /wp-cron.php?doing_wp_cron=1735130671.9657680988311767578125 HTTP/1.1" 200 0 "-" "WordPress/6.7.1; https://misswavenigeria.com"
212.102.57.169 - - [25/Dec/2024:07:44:31 -0500] "GET / HTTP/1.0" 200 109055 "https://misswavenigeria.com/" "Mozilla/5.0 (Windows NT 10.0) AppleWebKit/537.36 (KHTML, like Gecko) Chrome/103.0.0.0 Safari/537.36"
66.29.132.124 - - [25/Dec/2024:07:44:32 -0500] "POST /wp-admin/admin-ajax.php?action=async_litespeed&nonce=GVyQA33xmEGJJF1hhe3PvEp6239nto5K&litespeed_type=imgoptm HTTP/1.1" 200 21 "-" "WordPress/6.7.1; https://misswavenigeria.com"
212.102.57.169 - - [25/Dec/2024:07:44:33 -0500] "GET /register/ HTTP/1.0" 200 75922 "https://misswavenigeria.com/register/" "Mozilla/5.0 (Windows NT 10.0) AppleWebKit/537.36 (KHTML, like Gecko) Chrome/103.0.0.0 Safari/537.36"
212.102.57.169 - - [25/Dec/2024:07:44:34 -0500] "POST /register/ HTTP/1.0" 200 76048 "https://misswavenigeria.com/register/" "Mozilla/5.0 (Windows NT 10.0) AppleWebKit/537.36 (KHTML, like Gecko) Chrome/103.0.0.0 Safari/537.36"
66.29.132.124 - - [25/Dec/2024:07:46:19 -0500] "POST /wp-cron.php?doing_wp_cron=1735130779.8260629177093505859375 HTTP/1.1" 200 0 "-" "WordPress/6.7.1; https://misswavenigeria.com"
212.102.57.169 - - [25/Dec/2024:07:46:19 -0500] "GET /register/ HTTP/1.0" 200 75922 "https://misswavenigeria.com/" "Mozilla/5.0 (Windows NT 10.0) AppleWebKit/537.36 (KHTML, like Gecko) Chrome/103.0.0.0 Safari/537.36"
66.29.132.124 - - [25/Dec/2024:07:46:20 -0500] "POST /wp-admin/admin-ajax.php?action=async_litespeed&nonce=jz8iy9uBhtXPJ6sn4C6RUmlr0PKYdNE5&litespeed_type=imgoptm HTTP/1.1" 200 21 "-" "WordPress/6.7.1; https://misswavenigeria.com"
66.29.132.124 - - [25/Dec/2024:07:47:20 -0500] "POST /wp-cron.php?doing_wp_cron=1735130840.8411440849304199218750 HTTP/1.1" 200 0 "-" "WordPress/6.7.1; https://misswavenigeria.com"
212.102.57.169 - - [25/Dec/2024:07:47:20 -0500] "GET / HTTP/1.0" 200 109055 "https://misswavenigeria.com/" "Mozilla/5.0 (Windows NT 6.3; Win64; x64) AppleWebKit/537.36 (KHTML, like Gecko) Chrome/103.0.5060.114 Safari/537.36"
66.29.132.124 - - [25/Dec/2024:07:47:21 -0500] "POST /wp-admin/admin-ajax.php?action=async_litespeed&nonce=2PiA0X30oHtDia8wGbh11tukmM6gMQgA&litespeed_type=imgoptm HTTP/1.1" 200 21 "-" "WordPress/6.7.1; https://misswavenigeria.com"
212.102.57.169 - - [25/Dec/2024:07:47:22 -0500] "GET /register/ HTTP/1.0" 200 75922 "https://misswavenigeria.com/register/" "Mozilla/5.0 (Windows NT 6.3; Win64; x64) AppleWebKit/537.36 (KHTML, like Gecko) Chrome/103.0.5060.114 Safari/537.36"
66.29.132.124 - - [25/Dec/2024:07:48:10 -0500] "POST /wp-cron.php?doing_wp_cron=1735130890.9767808914184570312500 HTTP/1.1" 200 0 "-" "WordPress/6.7.1; https://misswavenigeria.com"
66.249.65.98 - - [25/Dec/2024:07:48:10 -0500] "GET /wp-sitemap-posts-ombrepartners-1.xml HTTP/1.1" 200 202 "-" "Mozilla/5.0 (compatible; Googlebot/2.1; +http://www.google.com/bot.html)"
66.29.132.124 - - [25/Dec/2024:07:48:11 -0500] "POST /wp-admin/admin-ajax.php?action=async_litespeed&nonce=hk4tHe06o6q3d8LTcLVb1pT9IH90JkGP&litespeed_type=imgoptm HTTP/1.1" 200 21 "-" "WordPress/6.7.1; https://misswavenigeria.com"
212.102.57.169 - - [25/Dec/2024:07:47:23 -0500] "POST /register/ HTTP/1.0" 200 76048 "https://misswavenigeria.com/register/" "Mozilla/5.0 (Windows NT 6.3; Win64; x64) AppleWebKit/537.36 (KHTML, like Gecko) Chrome/103.0.5060.114 Safari/537.36"
66.29.132.124 - - [25/Dec/2024:07:48:43 -0500] "POST /wp-cron.php?doing_wp_cron=1735130923.1283049583435058593750 HTTP/1.1" 200 0 "-" "WordPress/6.7.1; https://misswavenigeria.com"
212.102.57.169 - - [25/Dec/2024:07:48:42 -0500] "GET /register/ HTTP/1.0" 200 75922 "https://misswavenigeria.com/" "Mozilla/5.0 (Windows NT 6.3; Win64; x64) AppleWebKit/537.36 (KHTML, like Gecko) Chrome/103.0.5060.114 Safari/537.36"
66.29.132.124 - - [25/Dec/2024:07:50:22 -0500] "POST /wp-cron.php?doing_wp_cron=1735131021.9287400245666503906250 HTTP/1.1" 200 0 "-" "WordPress/6.7.1; https://misswavenigeria.com"
212.102.57.169 - - [25/Dec/2024:07:50:14 -0500] "GET / HTTP/1.0" 200 109053 "https://misswavenigeria.com/" "Mozilla/5.0 (Windows NT 10.0; Win64; x64) AppleWebKit/537.36 (KHTML, like Gecko) Chrome/103.0.5042.0 Safari/537.36"
66.29.132.124 - - [25/Dec/2024:07:50:22 -0500] "POST /wp-admin/admin-ajax.php?action=async_litespeed&nonce=BobhPzXojlsUg8TV4h2MKJpHrp81Ocqm&litespeed_type=imgoptm HTTP/1.1" 200 21 "-" "WordPress/6.7.1; https://misswavenigeria.com"
212.102.57.169 - - [25/Dec/2024:07:50:23 -0500] "GET /register/ HTTP/1.0" 200 75922 "https://misswavenigeria.com/register/" "Mozilla/5.0 (Windows NT 10.0; Win64; x64) AppleWebKit/537.36 (KHTML, like Gecko) Chrome/103.0.5042.0 Safari/537.36"
66.29.132.124 - - [25/Dec/2024:07:50:25 -0500] "POST /wp-cron.php?doing_wp_cron=1735131025.5496261119842529296875 HTTP/1.1" 200 0 "-" "WordPress/6.7.1; https://misswavenigeria.com"
212.102.57.169 - - [25/Dec/2024:07:50:24 -0500] "POST /register/ HTTP/1.0" 200 76048 "https://misswavenigeria.com/register/" "Mozilla/5.0 (Windows NT 10.0; Win64; x64) AppleWebKit/537.36 (KHTML, like Gecko) Chrome/103.0.5042.0 Safari/537.36"
66.29.132.124 - - [25/Dec/2024:07:52:47 -0500] "POST /wp-cron.php?doing_wp_cron=1735131167.8092770576477050781250 HTTP/1.1" 200 0 "-" "WordPress/6.7.1; https://misswavenigeria.com"
212.102.57.169 - - [25/Dec/2024:07:52:47 -0500] "GET /register/ HTTP/1.0" 200 75922 "https://misswavenigeria.com/" "Mozilla/5.0 (Windows NT 10.0; Win64; x64) AppleWebKit/537.36 (KHTML, like Gecko) Chrome/103.0.5042.0 Safari/537.36"
66.29.132.124 - - [25/Dec/2024:07:52:48 -0500] "POST /wp-admin/admin-ajax.php?action=async_litespeed&nonce=B809RqUtBqtj1upTJ6jqXwvFZhdBpBRX&litespeed_type=imgoptm HTTP/1.1" 200 21 "-" "WordPress/6.7.1; https://misswavenigeria.com"
66.29.132.124 - - [25/Dec/2024:07:53:04 -0500] "POST /wp-cron.php?doing_wp_cron=1735131184.7544300556182861328125 HTTP/1.1" 200 0 "-" "WordPress/6.7.1; https://misswavenigeria.com"
212.102.57.169 - - [25/Dec/2024:07:53:04 -0500] "GET / HTTP/1.0" 200 109053 "https://misswavenigeria.com/" "Mozilla/5.0 (Windows NT 6.2; Win64; x64) AppleWebKit/537.36 (KHTML, like Gecko) Chrome/103.0.0.0 Safari/537.36"
66.29.132.124 - - [25/Dec/2024:07:53:04 -0500] "POST /wp-admin/admin-ajax.php?action=async_litespeed&nonce=iZxV0usD1GzqfrV0bP1AkAZAR5myPlyn&litespeed_type=imgoptm HTTP/1.1" 200 21 "-" "WordPress/6.7.1; https://misswavenigeria.com"
212.102.57.169 - - [25/Dec/2024:07:53:06 -0500] "GET /register/ HTTP/1.0" 200 75922 "https://misswavenigeria.com/register/" "Mozilla/5.0 (Windows NT 6.2; Win64; x64) AppleWebKit/537.36 (KHTML, like Gecko) Chrome/103.0.0.0 Safari/537.36"
212.102.57.169 - - [25/Dec/2024:07:53:07 -0500] "POST /register/ HTTP/1.0" 200 0 "https://misswavenigeria.com/register/" "Mozilla/5.0 (Windows NT 6.2; Win64; x64) AppleWebKit/537.36 (KHTML, like Gecko) Chrome/103.0.0.0 Safari/537.36"
88.22.253.62 - - [25/Dec/2024:07:54:52 -0500] "GET / HTTP/1.1" 200 24485 "-" "Mozilla/5.0 (Windows NT 10.0; Win64; x64)"
212.102.57.169 - - [25/Dec/2024:07:55:37 -0500] "GET /register/ HTTP/1.0" 200 75922 "https://misswavenigeria.com/" "Mozilla/5.0 (Windows NT 6.2; Win64; x64) AppleWebKit/537.36 (KHTML, like Gecko) Chrome/103.0.0.0 Safari/537.36"
212.102.57.169 - - [25/Dec/2024:07:55:54 -0500] "GET / HTTP/1.0" 200 109053 "https://misswavenigeria.com/" "Mozilla/5.0 (Windows NT 6.3; WOW64) AppleWebKit/537.36 (KHTML, like Gecko) Chrome/103.0.5060.114 Safari/537.36"
212.102.57.169 - - [25/Dec/2024:07:55:56 -0500] "GET /register/ HTTP/1.0" 200 75922 "https://misswavenigeria.com/register/" "Mozilla/5.0 (Windows NT 6.3; WOW64) AppleWebKit/537.36 (KHTML, like Gecko) Chrome/103.0.5060.114 Safari/537.36"
66.29.132.124 - - [25/Dec/2024:07:55:58 -0500] "POST /wp-cron.php?doing_wp_cron=1735131358.4896700382232666015625 HTTP/1.1" 200 0 "-" "WordPress/6.7.1; https://misswavenigeria.com"
66.29.132.124 - - [25/Dec/2024:07:55:58 -0500] "POST /wp-admin/admin-ajax.php?action=async_litespeed&nonce=kqw7QethamNBDsijRYpDqTN41PUMqUUx&litespeed_type=imgoptm HTTP/1.1" 200 21 "-" "WordPress/6.7.1; https://misswavenigeria.com"
212.102.57.169 - - [25/Dec/2024:07:55:58 -0500] "POST /register/ HTTP/1.0" 200 0 "https://misswavenigeria.com/register/" "Mozilla/5.0 (Windows NT 6.3; WOW64) AppleWebKit/537.36 (KHTML, like Gecko) Chrome/103.0.5060.114 Safari/537.36"
66.29.132.124 - - [25/Dec/2024:07:57:37 -0500] "POST /wp-cron.php?doing_wp_cron=1735131457.6031739711761474609375 HTTP/1.1" 200 0 "-" "WordPress/6.7.1; https://misswavenigeria.com"
66.249.65.99 - - [25/Dec/2024:07:57:37 -0500] "GET /goods/983470.html HTTP/1.1" 404 15611 "-" "Mozilla/5.0 (Linux; Android 6.0.1; Nexus 5X Build/MMB29P) AppleWebKit/537.36 (KHTML, like Gecko) Chrome/131.0.6778.139 Mobile Safari/537.36 (compatible; Googlebot/2.1; +http://www.google.com/bot.html)"
66.29.132.124 - - [25/Dec/2024:07:57:37 -0500] "POST /wp-admin/admin-ajax.php?action=async_litespeed&nonce=ijq5PqD1xyZG0X9Vq8BymR3XGvS8rCSE&litespeed_type=imgoptm HTTP/1.1" 200 21 "-" "WordPress/6.7.1; https://misswavenigeria.com"
212.102.57.169 - - [25/Dec/2024:07:58:28 -0500] "GET /register/ HTTP/1.0" 200 75922 "https://misswavenigeria.com/" "Mozilla/5.0 (Windows NT 6.3; WOW64) AppleWebKit/537.36 (KHTML, like Gecko) Chrome/103.0.5060.114 Safari/537.36"
212.102.57.169 - - [25/Dec/2024:07:58:46 -0500] "GET / HTTP/1.0" 200 109053 "https://misswavenigeria.com/" "Mozilla/5.0 (Windows NT 10.0) AppleWebKit/537.36 (KHTML, like Gecko) Chrome/103.0.0.0 Safari/537.36"
212.102.57.169 - - [25/Dec/2024:07:58:48 -0500] "GET /register/ HTTP/1.0" 200 75922 "https://misswavenigeria.com/register/" "Mozilla/5.0 (Windows NT 10.0) AppleWebKit/537.36 (KHTML, like Gecko) Chrome/103.0.0.0 Safari/537.36"
66.29.132.124 - - [25/Dec/2024:07:58:50 -0500] "POST /wp-cron.php?doing_wp_cron=1735131530.2936859130859375000000 HTTP/1.1" 200 0 "-" "WordPress/6.7.1; https://misswavenigeria.com"
66.29.132.124 - - [25/Dec/2024:07:58:51 -0500] "POST /wp-admin/admin-ajax.php?action=async_litespeed&nonce=StfnXCjtfmCqHac1IBkia1MhxhcoVFdW&litespeed_type=imgoptm HTTP/1.1" 200 21 "-" "WordPress/6.7.1; https://misswavenigeria.com"
66.249.65.99 - - [25/Dec/2024:07:59:13 -0500] "GET /goods/74581.html HTTP/1.1" 404 15611 "-" "Mozilla/5.0 (Linux; Android 6.0.1; Nexus 5X Build/MMB29P) AppleWebKit/537.36 (KHTML, like Gecko) Chrome/131.0.6778.139 Mobile Safari/537.36 (compatible; Googlebot/2.1; +http://www.google.com/bot.html)"
212.102.57.169 - - [25/Dec/2024:07:58:49 -0500] "POST /register/ HTTP/1.0" 200 76048 "https://misswavenigeria.com/register/" "Mozilla/5.0 (Windows NT 10.0) AppleWebKit/537.36 (KHTML, like Gecko) Chrome/103.0.0.0 Safari/537.36"
66.29.132.124 - - [25/Dec/2024:08:01:20 -0500] "POST /wp-cron.php?doing_wp_cron=1735131680.3684411048889160156250 HTTP/1.1" 200 0 "-" "WordPress/6.7.1; https://misswavenigeria.com"
212.102.57.169 - - [25/Dec/2024:08:01:19 -0500] "GET /register/ HTTP/1.0" 200 75922 "https://misswavenigeria.com/" "Mozilla/5.0 (Windows NT 10.0) AppleWebKit/537.36 (KHTML, like Gecko) Chrome/103.0.0.0 Safari/537.36"
66.29.132.124 - - [25/Dec/2024:08:01:21 -0500] "POST /wp-admin/admin-ajax.php?action=async_litespeed&nonce=upBc3tX7utT91P6D9C9WqJySYxUG62s9&litespeed_type=imgoptm HTTP/1.1" 200 21 "-" "WordPress/6.7.1; https://misswavenigeria.com"
66.29.132.124 - - [25/Dec/2024:08:01:41 -0500] "POST /wp-cron.php?doing_wp_cron=1735131701.3416581153869628906250 HTTP/1.1" 200 0 "-" "WordPress/6.7.1; https://misswavenigeria.com"
212.102.57.169 - - [25/Dec/2024:08:01:40 -0500] "GET / HTTP/1.0" 200 109055 "https://misswavenigeria.com/" "Mozilla/5.0 (Windows NT 10.0; Win64; x64) AppleWebKit/537.36 (KHTML, like Gecko) Chrome/103.0.5060.53 Safari/537.36"
212.102.57.169 - - [25/Dec/2024:08:01:43 -0500] "GET /register/ HTTP/1.0" 200 75922 "https://misswavenigeria.com/register/" "Mozilla/5.0 (Windows NT 10.0; Win64; x64) AppleWebKit/537.36 (KHTML, like Gecko) Chrome/103.0.5060.53 Safari/537.36"
212.102.57.169 - - [25/Dec/2024:08:01:44 -0500] "POST /register/ HTTP/1.0" 200 0 "https://misswavenigeria.com/register/" "Mozilla/5.0 (Windows NT 10.0; Win64; x64) AppleWebKit/537.36 (KHTML, like Gecko) Chrome/103.0.5060.53 Safari/537.36"
212.102.57.169 - - [25/Dec/2024:08:04:14 -0500] "GET /register/ HTTP/1.0" 200 75922 "https://misswavenigeria.com/" "Mozilla/5.0 (Windows NT 10.0; Win64; x64) AppleWebKit/537.36 (KHTML, like Gecko) Chrome/103.0.5060.53 Safari/537.36"
212.102.57.169 - - [25/Dec/2024:08:04:32 -0500] "GET / HTTP/1.0" 200 109055 "https://misswavenigeria.com/" "Mozilla/5.0 (Windows NT 6.3; Win64; x64) AppleWebKit/537.36 (KHTML, like Gecko) Chrome/103.0.5060.53 Safari/537.36"
212.102.57.169 - - [25/Dec/2024:08:04:34 -0500] "GET /register/ HTTP/1.0" 200 75922 "https://misswavenigeria.com/register/" "Mozilla/5.0 (Windows NT 6.3; Win64; x64) AppleWebKit/537.36 (KHTML, like Gecko) Chrome/103.0.5060.53 Safari/537.36"
66.29.132.124 - - [25/Dec/2024:08:04:36 -0500] "POST /wp-cron.php?doing_wp_cron=1735131876.5430989265441894531250 HTTP/1.1" 200 0 "-" "WordPress/6.7.1; https://misswavenigeria.com"
66.29.132.124 - - [25/Dec/2024:08:04:37 -0500] "POST /wp-admin/admin-ajax.php?action=async_litespeed&nonce=jaPPN71o0ir0C514xFzIsdvFWhdB1U2K&litespeed_type=imgoptm HTTP/1.1" 200 21 "-" "WordPress/6.7.1; https://misswavenigeria.com"
206.189.199.83 - - [25/Dec/2024:08:06:03 -0500] "GET / HTTP/1.1" 200 24484 "-" "Mozilla/5.0 (compatible)"
206.189.199.83 - - [25/Dec/2024:08:06:05 -0500] "GET /wp-content/uploads/2023/08/cropped-Logo-1-1-2-scaled-1-32x32.jpg HTTP/1.1" 200 1013 "https://misswavenigeria.com/" "Mozilla/5.0 (compatible)"
212.102.57.169 - - [25/Dec/2024:08:04:35 -0500] "POST /register/ HTTP/1.0" 200 0 "https://misswavenigeria.com/register/" "Mozilla/5.0 (Windows NT 6.3; Win64; x64) AppleWebKit/537.36 (KHTML, like Gecko) Chrome/103.0.5060.53 Safari/537.36"
212.102.57.169 - - [25/Dec/2024:08:07:06 -0500] "GET /register/ HTTP/1.0" 200 75922 "https://misswavenigeria.com/" "Mozilla/5.0 (Windows NT 6.3; Win64; x64) AppleWebKit/537.36 (KHTML, like Gecko) Chrome/103.0.5060.53 Safari/537.36"
66.29.132.124 - - [25/Dec/2024:08:07:19 -0500] "POST /wp-cron.php?doing_wp_cron=1735132039.4883160591125488281250 HTTP/1.1" 200 0 "-" "WordPress/6.7.1; https://misswavenigeria.com"
66.249.65.98 - - [25/Dec/2024:08:07:19 -0500] "GET /wp-sitemap-posts-ombregalleries-1.xml HTTP/1.1" 200 291 "-" "Mozilla/5.0 (compatible; Googlebot/2.1; +http://www.google.com/bot.html)"
66.29.132.124 - - [25/Dec/2024:08:07:19 -0500] "POST /wp-admin/admin-ajax.php?action=async_litespeed&nonce=NkPPDU1WwdoDsLZmuOgyzevhyykJAmR3&litespeed_type=imgoptm HTTP/1.1" 200 21 "-" "WordPress/6.7.1; https://misswavenigeria.com"
212.102.57.169 - - [25/Dec/2024:08:07:28 -0500] "GET / HTTP/1.0" 200 109055 "https://misswavenigeria.com/" "Mozilla/5.0 (Windows NT 6.3; Win64; x64) AppleWebKit/537.36 (KHTML, like Gecko) Chrome/103.0.5060.53 Safari/537.36"
212.102.57.169 - - [25/Dec/2024:08:07:30 -0500] "GET /register/ HTTP/1.0" 200 75922 "https://misswavenigeria.com/register/" "Mozilla/5.0 (Windows NT 6.3; Win64; x64) AppleWebKit/537.36 (KHTML, like Gecko) Chrome/103.0.5060.53 Safari/537.36"
66.29.132.124 - - [25/Dec/2024:08:07:32 -0500] "POST /wp-cron.php?doing_wp_cron=1735132052.2115750312805175781250 HTTP/1.1" 200 0 "-" "WordPress/6.7.1; https://misswavenigeria.com"
212.102.57.169 - - [25/Dec/2024:08:07:31 -0500] "POST /register/ HTTP/1.0" 200 76048 "https://misswavenigeria.com/register/" "Mozilla/5.0 (Windows NT 6.3; Win64; x64) AppleWebKit/537.36 (KHTML, like Gecko) Chrome/103.0.5060.53 Safari/537.36"
66.29.132.124 - - [25/Dec/2024:08:08:18 -0500] "POST /wp-cron.php?doing_wp_cron=1735132098.1519780158996582031250 HTTP/1.1" 200 0 "-" "WordPress/6.7.1; https://misswavenigeria.com"
66.249.65.99 - - [25/Dec/2024:08:08:17 -0500] "GET /goods/719149.html HTTP/1.1" 404 15612 "-" "Mozilla/5.0 (Linux; Android 6.0.1; Nexus 5X Build/MMB29P) AppleWebKit/537.36 (KHTML, like Gecko) Chrome/131.0.6778.139 Mobile Safari/537.36 (compatible; Googlebot/2.1; +http://www.google.com/bot.html)"
66.29.132.124 - - [25/Dec/2024:08:08:18 -0500] "POST /wp-admin/admin-ajax.php?action=async_litespeed&nonce=X6Bzo27gkXLfuLwgLsqZEAQlfeETGcvA&litespeed_type=imgoptm HTTP/1.1" 200 21 "-" "WordPress/6.7.1; https://misswavenigeria.com"
66.29.132.124 - - [25/Dec/2024:08:09:23 -0500] "POST /wp-cron.php?doing_wp_cron=1735132162.9753320217132568359375 HTTP/1.1" 200 0 "-" "WordPress/6.7.1; https://misswavenigeria.com"
66.249.74.5 - - [25/Dec/2024:08:09:22 -0500] "GET /goods/N612001?k=product HTTP/1.1" 301 0 "-" "Mozilla/5.0 (Linux; Android 6.0.1; Nexus 5X Build/MMB29P) AppleWebKit/537.36 (KHTML, like Gecko) Chrome/131.0.6778.139 Mobile Safari/537.36 (compatible; Googlebot/2.1; +http://www.google.com/bot.html)"
66.249.65.98 - - [25/Dec/2024:08:09:23 -0500] "GET /goods/N612001?k=product HTTP/1.1" 404 15612 "-" "Mozilla/5.0 (Linux; Android 6.0.1; Nexus 5X Build/MMB29P) AppleWebKit/537.36 (KHTML, like Gecko) Chrome/131.0.6778.139 Mobile Safari/537.36 (compatible; Googlebot/2.1; +http://www.google.com/bot.html)"
66.29.132.124 - - [25/Dec/2024:08:09:24 -0500] "POST /wp-admin/admin-ajax.php?action=async_litespeed&nonce=7TVkShNz2UvwnlVThfR3RWp979Hmipxz&litespeed_type=imgoptm HTTP/1.1" 200 21 "-" "WordPress/6.7.1; https://misswavenigeria.com"
66.29.132.124 - - [25/Dec/2024:08:09:34 -0500] "POST /wp-cron.php?doing_wp_cron=1735132174.7145359516143798828125 HTTP/1.1" 200 0 "-" "WordPress/6.7.1; https://misswavenigeria.com"
212.102.57.169 - - [25/Dec/2024:08:09:34 -0500] "GET /register/ HTTP/1.0" 200 75922 "https://misswavenigeria.com/" "Mozilla/5.0 (Windows NT 6.3; Win64; x64) AppleWebKit/537.36 (KHTML, like Gecko) Chrome/103.0.5060.53 Safari/537.36"
66.29.132.124 - - [25/Dec/2024:08:10:16 -0500] "POST /wp-cron.php?doing_wp_cron=1735132216.7837049961090087890625 HTTP/1.1" 200 0 "-" "WordPress/6.7.1; https://misswavenigeria.com"
212.102.57.169 - - [25/Dec/2024:08:10:15 -0500] "GET / HTTP/1.0" 200 109053 "https://misswavenigeria.com/" "Mozilla/5.0 (Windows NT 6.1) AppleWebKit/537.36 (KHTML, like Gecko) Chrome/103.0.5060.114 Safari/537.36"
66.29.132.124 - - [25/Dec/2024:08:10:17 -0500] "POST /wp-admin/admin-ajax.php?action=async_litespeed&nonce=vacj12cAm0NccvSZbztvSi3dRrGsbw7K&litespeed_type=imgoptm HTTP/1.1" 200 0 "-" "WordPress/6.7.1; https://misswavenigeria.com"
212.102.57.169 - - [25/Dec/2024:08:10:19 -0500] "GET /register/ HTTP/1.0" 200 75922 "https://misswavenigeria.com/register/" "Mozilla/5.0 (Windows NT 6.1) AppleWebKit/537.36 (KHTML, like Gecko) Chrome/103.0.5060.114 Safari/537.36"
212.102.57.169 - - [25/Dec/2024:08:10:21 -0500] "POST /register/ HTTP/1.0" 200 0 "https://misswavenigeria.com/register/" "Mozilla/5.0 (Windows NT 6.1) AppleWebKit/537.36 (KHTML, like Gecko) Chrome/103.0.5060.114 Safari/537.36"
212.102.57.169 - - [25/Dec/2024:08:12:51 -0500] "GET /register/ HTTP/1.0" 200 75922 "https://misswavenigeria.com/" "Mozilla/5.0 (Windows NT 6.1) AppleWebKit/537.36 (KHTML, like Gecko) Chrome/103.0.5060.114 Safari/537.36"
212.102.57.169 - - [25/Dec/2024:08:13:06 -0500] "GET / HTTP/1.0" 200 109053 "https://misswavenigeria.com/" "Mozilla/5.0 (Windows NT 10.0; Win64; x64) AppleWebKit/537.36 (KHTML, like Gecko) Chrome/103.0.0.0 Safari/537.36 OpenWave/97.4.2043.44"
212.102.57.169 - - [25/Dec/2024:08:13:07 -0500] "GET /register/ HTTP/1.0" 200 75922 "https://misswavenigeria.com/register/" "Mozilla/5.0 (Windows NT 10.0; Win64; x64) AppleWebKit/537.36 (KHTML, like Gecko) Chrome/103.0.0.0 Safari/537.36 OpenWave/97.4.2043.44"
66.29.132.124 - - [25/Dec/2024:08:13:09 -0500] "POST /wp-cron.php?doing_wp_cron=1735132389.7975559234619140625000 HTTP/1.1" 200 0 "-" "WordPress/6.7.1; https://misswavenigeria.com"
66.29.132.124 - - [25/Dec/2024:08:13:10 -0500] "POST /wp-admin/admin-ajax.php?action=async_litespeed&nonce=kkm07M8JA519acaPQkr6FzW750iTJh5G&litespeed_type=imgoptm HTTP/1.1" 200 21 "-" "WordPress/6.7.1; https://misswavenigeria.com"
212.102.57.169 - - [25/Dec/2024:08:13:09 -0500] "POST /register/ HTTP/1.0" 200 0 "https://misswavenigeria.com/register/" "Mozilla/5.0 (Windows NT 10.0; Win64; x64) AppleWebKit/537.36 (KHTML, like Gecko) Chrome/103.0.0.0 Safari/537.36 OpenWave/97.4.2043.44"
212.102.57.169 - - [25/Dec/2024:08:15:40 -0500] "GET /register/ HTTP/1.0" 200 75922 "https://misswavenigeria.com/" "Mozilla/5.0 (Windows NT 10.0; Win64; x64) AppleWebKit/537.36 (KHTML, like Gecko) Chrome/103.0.0.0 Safari/537.36 OpenWave/97.4.2043.44"
212.102.57.169 - - [25/Dec/2024:08:15:56 -0500] "GET / HTTP/1.0" 200 109053 "https://misswavenigeria.com/" "Mozilla/5.0 (Windows NT 6.3; WOW64) AppleWebKit/537.36 (KHTML, like Gecko) Chrome/103.0.0.0 Safari/537.36"
212.102.57.169 - - [25/Dec/2024:08:15:58 -0500] "GET /register/ HTTP/1.0" 200 75922 "https://misswavenigeria.com/register/" "Mozilla/5.0 (Windows NT 6.3; WOW64) AppleWebKit/537.36 (KHTML, like Gecko) Chrome/103.0.0.0 Safari/537.36"
66.29.132.124 - - [25/Dec/2024:08:16:00 -0500] "POST /wp-cron.php?doing_wp_cron=1735132560.2505700588226318359375 HTTP/1.1" 200 0 "-" "WordPress/6.7.1; https://misswavenigeria.com"
66.29.132.124 - - [25/Dec/2024:08:16:00 -0500] "POST /wp-admin/admin-ajax.php?action=async_litespeed&nonce=V0YMo6sQxaypMwuoI8vstgnZv96fOZgV&litespeed_type=imgoptm HTTP/1.1" 200 21 "-" "WordPress/6.7.1; https://misswavenigeria.com"
212.102.57.169 - - [25/Dec/2024:08:15:59 -0500] "POST /register/ HTTP/1.0" 200 76048 "https://misswavenigeria.com/register/" "Mozilla/5.0 (Windows NT 6.3; WOW64) AppleWebKit/537.36 (KHTML, like Gecko) Chrome/103.0.0.0 Safari/537.36"
66.29.132.124 - - [25/Dec/2024:08:18:19 -0500] "POST /wp-cron.php?doing_wp_cron=1735132699.0600869655609130859375 HTTP/1.1" 200 0 "-" "WordPress/6.7.1; https://misswavenigeria.com"
212.102.57.169 - - [25/Dec/2024:08:18:18 -0500] "GET /register/ HTTP/1.0" 200 75922 "https://misswavenigeria.com/" "Mozilla/5.0 (Windows NT 6.3; WOW64) AppleWebKit/537.36 (KHTML, like Gecko) Chrome/103.0.0.0 Safari/537.36"
66.29.132.124 - - [25/Dec/2024:08:18:19 -0500] "POST /wp-admin/admin-ajax.php?action=async_litespeed&nonce=6fS0tTuozQk2EG7E8iqpVygRpjyV8rQC&litespeed_type=imgoptm HTTP/1.1" 200 21 "-" "WordPress/6.7.1; https://misswavenigeria.com"
66.29.132.124 - - [25/Dec/2024:08:18:52 -0500] "POST /wp-cron.php?doing_wp_cron=1735132732.6017370223999023437500 HTTP/1.1" 200 0 "-" "WordPress/6.7.1; https://misswavenigeria.com"
212.102.57.169 - - [25/Dec/2024:08:18:52 -0500] "GET / HTTP/1.0" 200 109055 "https://misswavenigeria.com/" "Mozilla/5.0 (Windows NT 6.1; Win64; x64) AppleWebKit/537.36 (KHTML, like Gecko) Chrome/103.0.5060.114 Safari/537.36"
66.29.132.124 - - [25/Dec/2024:08:18:53 -0500] "POST /wp-admin/admin-ajax.php?action=async_litespeed&nonce=7sWIg95EXHt18CndJJ5TLDHbCyfIs7ix&litespeed_type=imgoptm HTTP/1.1" 200 21 "-" "WordPress/6.7.1; https://misswavenigeria.com"
212.102.57.169 - - [25/Dec/2024:08:18:55 -0500] "GET /register/ HTTP/1.0" 200 75922 "https://misswavenigeria.com/register/" "Mozilla/5.0 (Windows NT 6.1; Win64; x64) AppleWebKit/537.36 (KHTML, like Gecko) Chrome/103.0.5060.114 Safari/537.36"
212.102.57.169 - - [25/Dec/2024:08:18:58 -0500] "POST /register/ HTTP/1.0" 200 0 "https://misswavenigeria.com/register/" "Mozilla/5.0 (Windows NT 6.1; Win64; x64) AppleWebKit/537.36 (KHTML, like Gecko) Chrome/103.0.5060.114 Safari/537.36"
212.102.57.169 - - [25/Dec/2024:08:21:29 -0500] "GET /register/ HTTP/1.0" 200 75922 "https://misswavenigeria.com/" "Mozilla/5.0 (Windows NT 6.1; Win64; x64) AppleWebKit/537.36 (KHTML, like Gecko) Chrome/103.0.5060.114 Safari/537.36"
212.102.57.169 - - [25/Dec/2024:08:21:45 -0500] "GET / HTTP/1.0" 200 109055 "https://misswavenigeria.com/" "Mozilla/5.0 (Windows NT 10.0; Win64; x64) AppleWebKit/537.36 (KHTML, like Gecko) Chrome/103.0.5060.134 Safari/537.36"
212.102.57.169 - - [25/Dec/2024:08:21:47 -0500] "GET /register/ HTTP/1.0" 200 75922 "https://misswavenigeria.com/register/" "Mozilla/5.0 (Windows NT 10.0; Win64; x64) AppleWebKit/537.36 (KHTML, like Gecko) Chrome/103.0.5060.134 Safari/537.36"
