85.208.96.210 - - [22/Dec/2024:15:13:20 -0500] "GET /distrainable/dishonorary96113.html/ HTTP/1.1" 200 0 "-" "Mozilla/5.0 (compatible; SemrushBot/7~bl; +http://www.semrush.com/bot.html)"
85.208.96.199 - - [22/Dec/2024:15:13:23 -0500] "GET /gibberish/homometrically782762.html/ HTTP/1.1" 200 0 "-" "Mozilla/5.0 (compatible; SemrushBot/7~bl; +http://www.semrush.com/bot.html)"
185.191.171.16 - - [22/Dec/2024:15:13:30 -0500] "GET /extraplanetary/disjunctively1651858.html HTTP/1.1" 301 0 "-" "Mozilla/5.0 (compatible; SemrushBot/7~bl; +http://www.semrush.com/bot.html)"
185.191.171.15 - - [22/Dec/2024:15:13:33 -0500] "GET /extraplanetary/disjunctively1651858.html/ HTTP/1.1" 200 0 "-" "Mozilla/5.0 (compatible; SemrushBot/7~bl; +http://www.semrush.com/bot.html)"
185.191.171.4 - - [22/Dec/2024:15:13:41 -0500] "GET /extraplanetary/disjunctively1134968.html HTTP/1.1" 301 0 "-" "Mozilla/5.0 (compatible; SemrushBot/7~bl; +http://www.semrush.com/bot.html)"
185.191.171.13 - - [22/Dec/2024:15:13:45 -0500] "GET /esere/opportunist1256351.html HTTP/1.1" 301 0 "-" "Mozilla/5.0 (compatible; SemrushBot/7~bl; +http://www.semrush.com/bot.html)"
85.208.96.194 - - [22/Dec/2024:15:13:47 -0500] "GET /microphotograph/gauzily1268473.html HTTP/1.1" 301 0 "-" "Mozilla/5.0 (compatible; SemrushBot/7~bl; +http://www.semrush.com/bot.html)"
85.208.96.207 - - [22/Dec/2024:15:13:51 -0500] "GET /microphotograph/gauzily1268473.html/ HTTP/1.1" 200 0 "-" "Mozilla/5.0 (compatible; SemrushBot/7~bl; +http://www.semrush.com/bot.html)"
185.191.171.6 - - [22/Dec/2024:15:13:54 -0500] "GET /cutleress/cauda54164.html HTTP/1.1" 301 0 "-" "Mozilla/5.0 (compatible; SemrushBot/7~bl; +http://www.semrush.com/bot.html)"
185.191.171.11 - - [22/Dec/2024:15:13:57 -0500] "GET /cutleress/cauda54164.html/ HTTP/1.1" 200 0 "-" "Mozilla/5.0 (compatible; SemrushBot/7~bl; +http://www.semrush.com/bot.html)"
185.191.171.9 - - [22/Dec/2024:15:14:00 -0500] "GET /esere/opportunist1256351.html/ HTTP/1.1" 200 0 "-" "Mozilla/5.0 (compatible; SemrushBot/7~bl; +http://www.semrush.com/bot.html)"
185.191.171.18 - - [22/Dec/2024:15:14:02 -0500] "GET /extraplanetary/disjunctively1134968.html/ HTTP/1.1" 200 0 "-" "Mozilla/5.0 (compatible; SemrushBot/7~bl; +http://www.semrush.com/bot.html)"
185.191.171.4 - - [22/Dec/2024:15:14:06 -0500] "GET /equidurable/aeronautical1185946.html HTTP/1.1" 301 0 "-" "Mozilla/5.0 (compatible; SemrushBot/7~bl; +http://www.semrush.com/bot.html)"
185.191.171.13 - - [22/Dec/2024:15:14:10 -0500] "GET /equidurable/aeronautical1185946.html/ HTTP/1.1" 200 0 "-" "Mozilla/5.0 (compatible; SemrushBot/7~bl; +http://www.semrush.com/bot.html)"
185.191.171.5 - - [22/Dec/2024:15:14:13 -0500] "GET /dishonorary/microphotograph1482818.html HTTP/1.1" 301 0 "-" "Mozilla/5.0 (compatible; SemrushBot/7~bl; +http://www.semrush.com/bot.html)"
85.208.96.203 - - [22/Dec/2024:15:14:15 -0500] "GET /dishonorary/microphotograph1482818.html/ HTTP/1.1" 200 0 "-" "Mozilla/5.0 (compatible; SemrushBot/7~bl; +http://www.semrush.com/bot.html)"
185.191.171.6 - - [22/Dec/2024:15:14:26 -0500] "GET /extraplanetary/disjunctively980528.html HTTP/1.1" 301 0 "-" "Mozilla/5.0 (compatible; SemrushBot/7~bl; +http://www.semrush.com/bot.html)"
185.191.171.3 - - [22/Dec/2024:15:14:29 -0500] "GET /gibberish/homometrically869002.html HTTP/1.1" 301 0 "-" "Mozilla/5.0 (compatible; SemrushBot/7~bl; +http://www.semrush.com/bot.html)"
185.191.171.7 - - [22/Dec/2024:15:14:32 -0500] "GET /gibberish/homometrically869002.html/ HTTP/1.1" 200 0 "-" "Mozilla/5.0 (compatible; SemrushBot/7~bl; +http://www.semrush.com/bot.html)"
185.191.171.15 - - [22/Dec/2024:15:14:35 -0500] "GET /extraplanetary/disjunctively980528.html/ HTTP/1.1" 200 0 "-" "Mozilla/5.0 (compatible; SemrushBot/7~bl; +http://www.semrush.com/bot.html)"
185.191.171.4 - - [22/Dec/2024:15:14:43 -0500] "GET /dishonorary/microphotograph1433593.html HTTP/1.1" 301 0 "-" "Mozilla/5.0 (compatible; SemrushBot/7~bl; +http://www.semrush.com/bot.html)"
189.39.99.179 - - [22/Dec/2024:15:14:45 -0500] "GET / HTTP/1.1" 200 0 "-" "Mozilla/5.0 (Windows NT 6.1) AppleWebKit/537.36 (KHTML, like Gecko) Chrome/80.0.3987.132 Safari/537.36"
185.191.171.16 - - [22/Dec/2024:15:14:46 -0500] "GET /dishonorary/microphotograph1433593.html/ HTTP/1.1" 200 0 "-" "Mozilla/5.0 (compatible; SemrushBot/7~bl; +http://www.semrush.com/bot.html)"
85.208.96.212 - - [22/Dec/2024:15:15:29 -0500] "GET /aeronautical/cattyman1038261.html HTTP/1.1" 301 0 "-" "Mozilla/5.0 (compatible; SemrushBot/7~bl; +http://www.semrush.com/bot.html)"
47.128.40.199 - - [22/Dec/2024:15:15:30 -0500] "GET /wp-content/plugins/elementor/app/modules/import-export/compatibility/kit-library.php HTTP/1.1" 403 1242 "-" "Mozilla/5.0 (Linux; Android 5.0) AppleWebKit/537.36 (KHTML, like Gecko) Mobile Safari/537.36 (compatible; Bytespider; spider-feedback@bytedance.com)"
185.191.171.13 - - [22/Dec/2024:15:15:32 -0500] "GET /aeronautical/cattyman1038261.html/ HTTP/1.1" 200 0 "-" "Mozilla/5.0 (compatible; SemrushBot/7~bl; +http://www.semrush.com/bot.html)"
185.191.171.13 - - [22/Dec/2024:15:15:35 -0500] "GET /dishonorary/microphotograph1189173.html HTTP/1.1" 301 0 "-" "Mozilla/5.0 (compatible; SemrushBot/7~bl; +http://www.semrush.com/bot.html)"
85.208.96.210 - - [22/Dec/2024:15:15:38 -0500] "GET /dishonorary/microphotograph1189173.html/ HTTP/1.1" 200 0 "-" "Mozilla/5.0 (compatible; SemrushBot/7~bl; +http://www.semrush.com/bot.html)"
185.191.171.16 - - [22/Dec/2024:15:15:41 -0500] "GET /criticism/equidurable518641.html HTTP/1.1" 301 0 "-" "Mozilla/5.0 (compatible; SemrushBot/7~bl; +http://www.semrush.com/bot.html)"
185.191.171.3 - - [22/Dec/2024:15:15:44 -0500] "GET /criticism/equidurable518641.html/ HTTP/1.1" 200 0 "-" "Mozilla/5.0 (compatible; SemrushBot/7~bl; +http://www.semrush.com/bot.html)"
85.208.96.210 - - [22/Dec/2024:15:15:57 -0500] "GET /chaplaincy/metallographical1058795.html HTTP/1.1" 301 0 "-" "Mozilla/5.0 (compatible; SemrushBot/7~bl; +http://www.semrush.com/bot.html)"
185.191.171.17 - - [22/Dec/2024:15:16:00 -0500] "GET /chaplaincy/metallographical1058795.html/ HTTP/1.1" 200 0 "-" "Mozilla/5.0 (compatible; SemrushBot/7~bl; +http://www.semrush.com/bot.html)"
185.191.171.9 - - [22/Dec/2024:15:16:19 -0500] "GET /knifeless/affreightment1593198.html HTTP/1.1" 301 0 "-" "Mozilla/5.0 (compatible; SemrushBot/7~bl; +http://www.semrush.com/bot.html)"
185.191.171.2 - - [22/Dec/2024:15:16:22 -0500] "GET /knifeless/affreightment1593198.html/ HTTP/1.1" 200 0 "-" "Mozilla/5.0 (compatible; SemrushBot/7~bl; +http://www.semrush.com/bot.html)"
85.208.96.199 - - [22/Dec/2024:15:16:49 -0500] "GET /dishonorary/microphotograph1072738.html HTTP/1.1" 301 0 "-" "Mozilla/5.0 (compatible; SemrushBot/7~bl; +http://www.semrush.com/bot.html)"
185.191.171.16 - - [22/Dec/2024:15:16:53 -0500] "GET /dishonorary/microphotograph1072738.html/ HTTP/1.1" 200 0 "-" "Mozilla/5.0 (compatible; SemrushBot/7~bl; +http://www.semrush.com/bot.html)"
85.208.96.197 - - [22/Dec/2024:15:16:56 -0500] "GET /equidurable/aeronautical98706.html HTTP/1.1" 301 0 "-" "Mozilla/5.0 (compatible; SemrushBot/7~bl; +http://www.semrush.com/bot.html)"
185.191.171.14 - - [22/Dec/2024:15:17:00 -0500] "GET /equidurable/aeronautical98706.html/ HTTP/1.1" 200 0 "-" "Mozilla/5.0 (compatible; SemrushBot/7~bl; +http://www.semrush.com/bot.html)"
185.191.171.1 - - [22/Dec/2024:15:17:02 -0500] "GET /chaplaincy/metallographical1034100.html HTTP/1.1" 301 0 "-" "Mozilla/5.0 (compatible; SemrushBot/7~bl; +http://www.semrush.com/bot.html)"
85.208.96.201 - - [22/Dec/2024:15:17:05 -0500] "GET /chaplaincy/metallographical1034100.html/ HTTP/1.1" 200 0 "-" "Mozilla/5.0 (compatible; SemrushBot/7~bl; +http://www.semrush.com/bot.html)"
185.191.171.13 - - [22/Dec/2024:15:17:12 -0500] "GET /disjunctively/bitterness1083918.html HTTP/1.1" 301 0 "-" "Mozilla/5.0 (compatible; SemrushBot/7~bl; +http://www.semrush.com/bot.html)"
185.191.171.18 - - [22/Dec/2024:15:17:15 -0500] "GET /disjunctively/bitterness1083918.html/ HTTP/1.1" 200 0 "-" "Mozilla/5.0 (compatible; SemrushBot/7~bl; +http://www.semrush.com/bot.html)"
185.191.171.1 - - [22/Dec/2024:15:17:24 -0500] "GET /mechanalize/distrainable542228.html HTTP/1.1" 301 0 "-" "Mozilla/5.0 (compatible; SemrushBot/7~bl; +http://www.semrush.com/bot.html)"
185.191.171.1 - - [22/Dec/2024:15:17:27 -0500] "GET /dishonorary/microphotograph1396138.html HTTP/1.1" 301 0 "-" "Mozilla/5.0 (compatible; SemrushBot/7~bl; +http://www.semrush.com/bot.html)"
185.191.171.7 - - [22/Dec/2024:15:17:31 -0500] "GET /dishonorary/microphotograph1396138.html/ HTTP/1.1" 200 0 "-" "Mozilla/5.0 (compatible; SemrushBot/7~bl; +http://www.semrush.com/bot.html)"
85.208.96.207 - - [22/Dec/2024:15:17:33 -0500] "GET /extraplanetary/disjunctively999393.html HTTP/1.1" 301 0 "-" "Mozilla/5.0 (compatible; SemrushBot/7~bl; +http://www.semrush.com/bot.html)"
85.208.96.210 - - [22/Dec/2024:15:17:37 -0500] "GET /extraplanetary/disjunctively999393.html/ HTTP/1.1" 200 0 "-" "Mozilla/5.0 (compatible; SemrushBot/7~bl; +http://www.semrush.com/bot.html)"
85.208.96.201 - - [22/Dec/2024:15:17:39 -0500] "GET /mechanalize/distrainable542228.html/ HTTP/1.1" 200 0 "-" "Mozilla/5.0 (compatible; SemrushBot/7~bl; +http://www.semrush.com/bot.html)"
185.191.171.18 - - [22/Dec/2024:15:17:51 -0500] "GET /energetical/certified862387.html HTTP/1.1" 301 0 "-" "Mozilla/5.0 (compatible; SemrushBot/7~bl; +http://www.semrush.com/bot.html)"
185.191.171.18 - - [22/Dec/2024:15:17:54 -0500] "GET /energetical/certified862387.html/ HTTP/1.1" 200 0 "-" "Mozilla/5.0 (compatible; SemrushBot/7~bl; +http://www.semrush.com/bot.html)"
185.191.171.1 - - [22/Dec/2024:15:17:57 -0500] "GET /chaplaincy/metallographical683640.html HTTP/1.1" 301 0 "-" "Mozilla/5.0 (compatible; SemrushBot/7~bl; +http://www.semrush.com/bot.html)"
85.208.96.193 - - [22/Dec/2024:15:17:59 -0500] "GET /chaplaincy/metallographical683640.html/ HTTP/1.1" 200 0 "-" "Mozilla/5.0 (compatible; SemrushBot/7~bl; +http://www.semrush.com/bot.html)"
185.191.171.6 - - [22/Dec/2024:15:18:04 -0500] "GET /robots.txt HTTP/1.1" 301 0 "-" "Mozilla/5.0 (compatible; SemrushBot/7~bl; +http://www.semrush.com/bot.html)"
85.208.96.194 - - [22/Dec/2024:15:18:05 -0500] "GET /robots.txt/ HTTP/1.1" 200 0 "-" "Mozilla/5.0 (compatible; SemrushBot/7~bl; +http://www.semrush.com/bot.html)"
185.191.171.14 - - [22/Dec/2024:15:18:08 -0500] "GET /esere/opportunist18466.html HTTP/1.1" 301 0 "-" "Mozilla/5.0 (compatible; SemrushBot/7~bl; +http://www.semrush.com/bot.html)"
185.191.171.1 - - [22/Dec/2024:15:18:11 -0500] "GET /extraplanetary/disjunctively843853.html HTTP/1.1" 301 0 "-" "Mozilla/5.0 (compatible; SemrushBot/7~bl; +http://www.semrush.com/bot.html)"
185.191.171.13 - - [22/Dec/2024:15:18:14 -0500] "GET /extraplanetary/disjunctively843853.html/ HTTP/1.1" 200 0 "-" "Mozilla/5.0 (compatible; SemrushBot/7~bl; +http://www.semrush.com/bot.html)"
185.191.171.3 - - [22/Dec/2024:15:18:17 -0500] "GET /extraplanetary/disjunctively302433.html HTTP/1.1" 301 0 "-" "Mozilla/5.0 (compatible; SemrushBot/7~bl; +http://www.semrush.com/bot.html)"
85.208.96.201 - - [22/Dec/2024:15:18:19 -0500] "GET /extraplanetary/disjunctively302433.html/ HTTP/1.1" 200 0 "-" "Mozilla/5.0 (compatible; SemrushBot/7~bl; +http://www.semrush.com/bot.html)"
85.208.96.207 - - [22/Dec/2024:15:18:22 -0500] "GET /esere/opportunist18466.html/ HTTP/1.1" 200 0 "-" "Mozilla/5.0 (compatible; SemrushBot/7~bl; +http://www.semrush.com/bot.html)"
185.191.171.14 - - [22/Dec/2024:15:18:30 -0500] "GET /gibberish/homometrically1702197.html HTTP/1.1" 301 0 "-" "Mozilla/5.0 (compatible; SemrushBot/7~bl; +http://www.semrush.com/bot.html)"
85.208.96.209 - - [22/Dec/2024:15:18:33 -0500] "GET /metallographical/isomagnetic1411445.html HTTP/1.1" 301 0 "-" "Mozilla/5.0 (compatible; SemrushBot/7~bl; +http://www.semrush.com/bot.html)"
85.208.96.197 - - [22/Dec/2024:15:18:35 -0500] "GET /metallographical/isomagnetic1411445.html/ HTTP/1.1" 200 0 "-" "Mozilla/5.0 (compatible; SemrushBot/7~bl; +http://www.semrush.com/bot.html)"
85.208.96.211 - - [22/Dec/2024:15:18:37 -0500] "GET /gibberish/homometrically1702197.html/ HTTP/1.1" 200 0 "-" "Mozilla/5.0 (compatible; SemrushBot/7~bl; +http://www.semrush.com/bot.html)"
185.191.171.10 - - [22/Dec/2024:15:18:47 -0500] "GET /equidurable/aeronautical244731.html HTTP/1.1" 301 0 "-" "Mozilla/5.0 (compatible; SemrushBot/7~bl; +http://www.semrush.com/bot.html)"
85.208.96.201 - - [22/Dec/2024:15:18:50 -0500] "GET /equidurable/aeronautical244731.html/ HTTP/1.1" 200 0 "-" "Mozilla/5.0 (compatible; SemrushBot/7~bl; +http://www.semrush.com/bot.html)"
47.128.45.21 - - [22/Dec/2024:15:19:31 -0500] "GET / HTTP/1.1" 200 0 "-" "Mozilla/5.0 (Linux; Android 5.0) AppleWebKit/537.36 (KHTML, like Gecko) Mobile Safari/537.36 (compatible; Bytespider; spider-feedback@bytedance.com)"
185.191.171.13 - - [22/Dec/2024:15:19:32 -0500] "GET /equidurable/aeronautical1372671.html HTTP/1.1" 301 0 "-" "Mozilla/5.0 (compatible; SemrushBot/7~bl; +http://www.semrush.com/bot.html)"
185.191.171.10 - - [22/Dec/2024:15:19:35 -0500] "GET /equidurable/aeronautical1372671.html/ HTTP/1.1" 200 0 "-" "Mozilla/5.0 (compatible; SemrushBot/7~bl; +http://www.semrush.com/bot.html)"
98.98.43.142 - - [22/Dec/2024:15:19:41 -0500] "GET /wp-content/plugins/wp-automatic/css/wp-automatic.css HTTP/1.1" 301 0 "-" "Mozilla/5.0 (iPhone; CPU iPhone OS 17_2 like Mac OS X) AppleWebKit/605.1.15 (KHTML, like Gecko) Version/17.2 Mobile/15E148 Safari/604.1"
98.98.43.142 - - [22/Dec/2024:15:19:43 -0500] "GET /wp-content/plugins/wp-automatic/css/wp-automatic.css/ HTTP/1.1" 200 0 "-" "Mozilla/5.0 (iPhone; CPU iPhone OS 17_2 like Mac OS X) AppleWebKit/605.1.15 (KHTML, like Gecko) Version/17.2 Mobile/15E148 Safari/604.1"
185.191.171.13 - - [22/Dec/2024:15:19:48 -0500] "GET /extraplanetary/disjunctively219273.html HTTP/1.1" 301 0 "-" "Mozilla/5.0 (compatible; SemrushBot/7~bl; +http://www.semrush.com/bot.html)"
85.208.96.203 - - [22/Dec/2024:15:19:51 -0500] "GET /extraplanetary/disjunctively219273.html/ HTTP/1.1" 200 0 "-" "Mozilla/5.0 (compatible; SemrushBot/7~bl; +http://www.semrush.com/bot.html)"
85.208.96.203 - - [22/Dec/2024:15:19:54 -0500] "GET /extraplanetary/disjunctively558953.html HTTP/1.1" 301 0 "-" "Mozilla/5.0 (compatible; SemrushBot/7~bl; +http://www.semrush.com/bot.html)"
185.191.171.18 - - [22/Dec/2024:15:19:57 -0500] "GET /extraplanetary/disjunctively558953.html/ HTTP/1.1" 200 0 "-" "Mozilla/5.0 (compatible; SemrushBot/7~bl; +http://www.semrush.com/bot.html)"
185.191.171.1 - - [22/Dec/2024:15:20:16 -0500] "GET /aeronautical/cattyman704081.html HTTP/1.1" 301 0 "-" "Mozilla/5.0 (compatible; SemrushBot/7~bl; +http://www.semrush.com/bot.html)"
185.191.171.7 - - [22/Dec/2024:15:20:20 -0500] "GET /aeronautical/cattyman704081.html/ HTTP/1.1" 200 0 "-" "Mozilla/5.0 (compatible; SemrushBot/7~bl; +http://www.semrush.com/bot.html)"
185.191.171.3 - - [22/Dec/2024:15:20:34 -0500] "GET /Anobiidae/Caryophyllaceae1411974.html HTTP/1.1" 301 0 "-" "Mozilla/5.0 (compatible; SemrushBot/7~bl; +http://www.semrush.com/bot.html)"
85.208.96.207 - - [22/Dec/2024:15:20:37 -0500] "GET /equidurable/aeronautical1436471.html HTTP/1.1" 301 0 "-" "Mozilla/5.0 (compatible; SemrushBot/7~bl; +http://www.semrush.com/bot.html)"
85.208.96.206 - - [22/Dec/2024:15:20:40 -0500] "GET /equidurable/aeronautical1436471.html/ HTTP/1.1" 200 0 "-" "Mozilla/5.0 (compatible; SemrushBot/7~bl; +http://www.semrush.com/bot.html)"
185.191.171.7 - - [22/Dec/2024:15:20:43 -0500] "GET /Anobiidae/Caryophyllaceae1411974.html/ HTTP/1.1" 200 0 "-" "Mozilla/5.0 (compatible; SemrushBot/7~bl; +http://www.semrush.com/bot.html)"
185.191.171.17 - - [22/Dec/2024:15:20:53 -0500] "GET /admitter/allophylian594832.html HTTP/1.1" 301 0 "-" "Mozilla/5.0 (compatible; SemrushBot/7~bl; +http://www.semrush.com/bot.html)"
185.191.171.6 - - [22/Dec/2024:15:20:56 -0500] "GET /admitter/allophylian594832.html/ HTTP/1.1" 200 0 "-" "Mozilla/5.0 (compatible; SemrushBot/7~bl; +http://www.semrush.com/bot.html)"
85.208.96.205 - - [22/Dec/2024:15:20:58 -0500] "GET /esere/opportunist93431.html HTTP/1.1" 301 0 "-" "Mozilla/5.0 (compatible; SemrushBot/7~bl; +http://www.semrush.com/bot.html)"
185.191.171.10 - - [22/Dec/2024:15:21:01 -0500] "GET /esere/opportunist93431.html/ HTTP/1.1" 200 0 "-" "Mozilla/5.0 (compatible; SemrushBot/7~bl; +http://www.semrush.com/bot.html)"
185.191.171.6 - - [22/Dec/2024:15:21:09 -0500] "GET /allophylian/energetical574747.html HTTP/1.1" 301 0 "-" "Mozilla/5.0 (compatible; SemrushBot/7~bl; +http://www.semrush.com/bot.html)"
85.208.96.212 - - [22/Dec/2024:15:21:11 -0500] "GET /allophylian/energetical574747.html/ HTTP/1.1" 200 0 "-" "Mozilla/5.0 (compatible; SemrushBot/7~bl; +http://www.semrush.com/bot.html)"
85.208.96.211 - - [22/Dec/2024:15:21:26 -0500] "GET /affreightment/balaustre737553.html HTTP/1.1" 301 0 "-" "Mozilla/5.0 (compatible; SemrushBot/7~bl; +http://www.semrush.com/bot.html)"
185.191.171.6 - - [22/Dec/2024:15:21:29 -0500] "GET /affreightment/balaustre737553.html/ HTTP/1.1" 200 0 "-" "Mozilla/5.0 (compatible; SemrushBot/7~bl; +http://www.semrush.com/bot.html)"
85.208.96.197 - - [22/Dec/2024:15:21:32 -0500] "GET /extraplanetary/disjunctively515008.html HTTP/1.1" 301 0 "-" "Mozilla/5.0 (compatible; SemrushBot/7~bl; +http://www.semrush.com/bot.html)"
85.208.96.204 - - [22/Dec/2024:15:21:34 -0500] "GET /extraplanetary/disjunctively515008.html/ HTTP/1.1" 200 0 "-" "Mozilla/5.0 (compatible; SemrushBot/7~bl; +http://www.semrush.com/bot.html)"
185.191.171.10 - - [22/Dec/2024:15:21:51 -0500] "GET /extraplanetary/disjunctively1228358.html HTTP/1.1" 301 0 "-" "Mozilla/5.0 (compatible; SemrushBot/7~bl; +http://www.semrush.com/bot.html)"
185.191.171.18 - - [22/Dec/2024:15:21:54 -0500] "GET /microphotograph/gauzily1349818.html HTTP/1.1" 301 0 "-" "Mozilla/5.0 (compatible; SemrushBot/7~bl; +http://www.semrush.com/bot.html)"
85.208.96.207 - - [22/Dec/2024:15:21:57 -0500] "GET /microphotograph/gauzily1349818.html/ HTTP/1.1" 200 0 "-" "Mozilla/5.0 (compatible; SemrushBot/7~bl; +http://www.semrush.com/bot.html)"
185.191.171.9 - - [22/Dec/2024:15:22:01 -0500] "GET /extraplanetary/disjunctively1228358.html/ HTTP/1.1" 200 0 "-" "Mozilla/5.0 (compatible; SemrushBot/7~bl; +http://www.semrush.com/bot.html)"
185.191.171.17 - - [22/Dec/2024:15:22:07 -0500] "GET /knifeless/affreightment948983.html HTTP/1.1" 301 0 "-" "Mozilla/5.0 (compatible; SemrushBot/7~bl; +http://www.semrush.com/bot.html)"
185.191.171.3 - - [22/Dec/2024:15:22:10 -0500] "GET /knifeless/affreightment948983.html/ HTTP/1.1" 200 0 "-" "Mozilla/5.0 (compatible; SemrushBot/7~bl; +http://www.semrush.com/bot.html)"
85.208.96.196 - - [22/Dec/2024:15:22:14 -0500] "GET /gauzily/extraplanetary1514203.html HTTP/1.1" 301 0 "-" "Mozilla/5.0 (compatible; SemrushBot/7~bl; +http://www.semrush.com/bot.html)"
85.208.96.208 - - [22/Dec/2024:15:22:17 -0500] "GET /balaustre/mechanalize1010398.html HTTP/1.1" 301 0 "-" "Mozilla/5.0 (compatible; SemrushBot/7~bl; +http://www.semrush.com/bot.html)"
85.208.96.204 - - [22/Dec/2024:15:22:19 -0500] "GET /balaustre/mechanalize1010398.html/ HTTP/1.1" 200 0 "-" "Mozilla/5.0 (compatible; SemrushBot/7~bl; +http://www.semrush.com/bot.html)"
185.191.171.10 - - [22/Dec/2024:15:22:22 -0500] "GET /gauzily/extraplanetary1514203.html/ HTTP/1.1" 200 0 "-" "Mozilla/5.0 (compatible; SemrushBot/7~bl; +http://www.semrush.com/bot.html)"
185.191.171.6 - - [22/Dec/2024:15:22:27 -0500] "GET /distrainable/dishonorary1419853.html HTTP/1.1" 301 0 "-" "Mozilla/5.0 (compatible; SemrushBot/7~bl; +http://www.semrush.com/bot.html)"
185.191.171.15 - - [22/Dec/2024:15:22:31 -0500] "GET /distrainable/dishonorary1419853.html/ HTTP/1.1" 200 0 "-" "Mozilla/5.0 (compatible; SemrushBot/7~bl; +http://www.semrush.com/bot.html)"
185.191.171.6 - - [22/Dec/2024:15:22:40 -0500] "GET /dishonorary/microphotograph1336023.html HTTP/1.1" 301 0 "-" "Mozilla/5.0 (compatible; SemrushBot/7~bl; +http://www.semrush.com/bot.html)"
185.191.171.15 - - [22/Dec/2024:15:22:44 -0500] "GET /dishonorary/microphotograph1336023.html/ HTTP/1.1" 200 0 "-" "Mozilla/5.0 (compatible; SemrushBot/7~bl; +http://www.semrush.com/bot.html)"
51.222.253.15 - - [22/Dec/2024:15:22:48 -0500] "GET /wp-content/plugins/elementor/assets/lib/e-gallery/css/ HTTP/1.1" 200 664 "-" "Mozilla/5.0 (compatible; AhrefsBot/7.0; +http://ahrefs.com/robot/)"
185.191.171.3 - - [22/Dec/2024:15:22:48 -0500] "GET /mechanalize/distrainable973923.html HTTP/1.1" 301 0 "-" "Mozilla/5.0 (compatible; SemrushBot/7~bl; +http://www.semrush.com/bot.html)"
185.191.171.13 - - [22/Dec/2024:15:22:50 -0500] "GET /mechanalize/distrainable973923.html/ HTTP/1.1" 200 0 "-" "Mozilla/5.0 (compatible; SemrushBot/7~bl; +http://www.semrush.com/bot.html)"
85.208.96.197 - - [22/Dec/2024:15:23:20 -0500] "GET /distrainable/dishonorary1127803.html HTTP/1.1" 301 0 "-" "Mozilla/5.0 (compatible; SemrushBot/7~bl; +http://www.semrush.com/bot.html)"
185.191.171.1 - - [22/Dec/2024:15:23:23 -0500] "GET /distrainable/dishonorary1127803.html/ HTTP/1.1" 200 0 "-" "Mozilla/5.0 (compatible; SemrushBot/7~bl; +http://www.semrush.com/bot.html)"
47.128.40.203 - - [22/Dec/2024:15:23:31 -0500] "GET /wp-content/plugins/elementor/includes/template-library/sources/local.php HTTP/1.1" 403 1242 "-" "Mozilla/5.0 (Linux; Android 5.0) AppleWebKit/537.36 (KHTML, like Gecko) Mobile Safari/537.36 (compatible; Bytespider; spider-feedback@bytedance.com)"
185.191.171.10 - - [22/Dec/2024:15:23:42 -0500] "GET /distrainable/dishonorary1421063.html HTTP/1.1" 301 0 "-" "Mozilla/5.0 (compatible; SemrushBot/7~bl; +http://www.semrush.com/bot.html)"
85.208.96.207 - - [22/Dec/2024:15:23:45 -0500] "GET /distrainable/dishonorary1421063.html/ HTTP/1.1" 200 0 "-" "Mozilla/5.0 (compatible; SemrushBot/7~bl; +http://www.semrush.com/bot.html)"
185.191.171.13 - - [22/Dec/2024:15:23:52 -0500] "GET /extraplanetary/disjunctively808488.html HTTP/1.1" 301 0 "-" "Mozilla/5.0 (compatible; SemrushBot/7~bl; +http://www.semrush.com/bot.html)"
185.191.171.13 - - [22/Dec/2024:15:23:55 -0500] "GET /gibberish/homometrically570792.html HTTP/1.1" 301 0 "-" "Mozilla/5.0 (compatible; SemrushBot/7~bl; +http://www.semrush.com/bot.html)"
85.208.96.207 - - [22/Dec/2024:15:23:58 -0500] "GET /gibberish/homometrically570792.html/ HTTP/1.1" 200 0 "-" "Mozilla/5.0 (compatible; SemrushBot/7~bl; +http://www.semrush.com/bot.html)"
185.191.171.17 - - [22/Dec/2024:15:24:01 -0500] "GET /extraplanetary/disjunctively808488.html/ HTTP/1.1" 200 0 "-" "Mozilla/5.0 (compatible; SemrushBot/7~bl; +http://www.semrush.com/bot.html)"
85.208.96.195 - - [22/Dec/2024:15:24:19 -0500] "GET /extraplanetary/disjunctively131548.html HTTP/1.1" 301 0 "-" "Mozilla/5.0 (compatible; SemrushBot/7~bl; +http://www.semrush.com/bot.html)"
85.208.96.209 - - [22/Dec/2024:15:24:22 -0500] "GET /extraplanetary/disjunctively131548.html/ HTTP/1.1" 200 0 "-" "Mozilla/5.0 (compatible; SemrushBot/7~bl; +http://www.semrush.com/bot.html)"
185.191.171.7 - - [22/Dec/2024:15:24:33 -0500] "GET /gibberish/homometrically1092192.html HTTP/1.1" 301 0 "-" "Mozilla/5.0 (compatible; SemrushBot/7~bl; +http://www.semrush.com/bot.html)"
85.208.96.207 - - [22/Dec/2024:15:24:35 -0500] "GET /gibberish/homometrically1092192.html/ HTTP/1.1" 200 0 "-" "Mozilla/5.0 (compatible; SemrushBot/7~bl; +http://www.semrush.com/bot.html)"
85.208.96.202 - - [22/Dec/2024:15:24:38 -0500] "GET /mechanalize/distrainable1244798.html HTTP/1.1" 301 0 "-" "Mozilla/5.0 (compatible; SemrushBot/7~bl; +http://www.semrush.com/bot.html)"
85.208.96.208 - - [22/Dec/2024:15:24:41 -0500] "GET /mechanalize/distrainable1244798.html/ HTTP/1.1" 200 0 "-" "Mozilla/5.0 (compatible; SemrushBot/7~bl; +http://www.semrush.com/bot.html)"
185.191.171.15 - - [22/Dec/2024:15:25:03 -0500] "GET /extraplanetary/disjunctively207668.html HTTP/1.1" 301 0 "-" "Mozilla/5.0 (compatible; SemrushBot/7~bl; +http://www.semrush.com/bot.html)"
85.208.96.211 - - [22/Dec/2024:15:25:06 -0500] "GET /extraplanetary/disjunctively799743.html HTTP/1.1" 301 0 "-" "Mozilla/5.0 (compatible; SemrushBot/7~bl; +http://www.semrush.com/bot.html)"
185.191.171.11 - - [22/Dec/2024:15:25:09 -0500] "GET /extraplanetary/disjunctively799743.html/ HTTP/1.1" 200 0 "-" "Mozilla/5.0 (compatible; SemrushBot/7~bl; +http://www.semrush.com/bot.html)"
85.208.96.206 - - [22/Dec/2024:15:25:17 -0500] "GET /mechanalize/distrainable1259318.html HTTP/1.1" 301 0 "-" "Mozilla/5.0 (compatible; SemrushBot/7~bl; +http://www.semrush.com/bot.html)"
185.191.171.12 - - [22/Dec/2024:15:25:21 -0500] "GET /mechanalize/distrainable1259318.html/ HTTP/1.1" 200 0 "-" "Mozilla/5.0 (compatible; SemrushBot/7~bl; +http://www.semrush.com/bot.html)"
85.208.96.194 - - [22/Dec/2024:15:25:23 -0500] "GET /extraplanetary/disjunctively207668.html/ HTTP/1.1" 200 0 "-" "Mozilla/5.0 (compatible; SemrushBot/7~bl; +http://www.semrush.com/bot.html)"
185.191.171.14 - - [22/Dec/2024:15:25:38 -0500] "GET /microphotograph/gauzily1469938.html HTTP/1.1" 301 0 "-" "Mozilla/5.0 (compatible; SemrushBot/7~bl; +http://www.semrush.com/bot.html)"
185.191.171.10 - - [22/Dec/2024:15:25:41 -0500] "GET /microphotograph/gauzily1469938.html/ HTTP/1.1" 200 0 "-" "Mozilla/5.0 (compatible; SemrushBot/7~bl; +http://www.semrush.com/bot.html)"
85.208.96.194 - - [22/Dec/2024:15:25:51 -0500] "GET /lupulinum/Anobiidae190599.html HTTP/1.1" 301 0 "-" "Mozilla/5.0 (compatible; SemrushBot/7~bl; +http://www.semrush.com/bot.html)"
216.244.66.247 - - [22/Dec/2024:15:25:53 -0500] "GET /robots.txt HTTP/1.1" 301 0 "-" "Mozilla/5.0 (compatible; DotBot/1.2; +https://opensiteexplorer.org/dotbot; help@moz.com)"
185.191.171.14 - - [22/Dec/2024:15:25:54 -0500] "GET /lupulinum/Anobiidae190599.html/ HTTP/1.1" 200 0 "-" "Mozilla/5.0 (compatible; SemrushBot/7~bl; +http://www.semrush.com/bot.html)"
216.244.66.247 - - [22/Dec/2024:15:25:54 -0500] "GET /robots.txt/ HTTP/1.1" 200 0 "-" "Mozilla/5.0 (compatible; DotBot/1.2; +https://opensiteexplorer.org/dotbot; help@moz.com)"
85.208.96.197 - - [22/Dec/2024:15:25:58 -0500] "GET /dishonorary/microphotograph1078018.html HTTP/1.1" 301 0 "-" "Mozilla/5.0 (compatible; SemrushBot/7~bl; +http://www.semrush.com/bot.html)"
85.208.96.207 - - [22/Dec/2024:15:26:01 -0500] "GET /dishonorary/microphotograph1078018.html/ HTTP/1.1" 200 0 "-" "Mozilla/5.0 (compatible; SemrushBot/7~bl; +http://www.semrush.com/bot.html)"
185.191.171.16 - - [22/Dec/2024:15:26:04 -0500] "GET /chaplaincy/metallographical1017985.html HTTP/1.1" 301 0 "-" "Mozilla/5.0 (compatible; SemrushBot/7~bl; +http://www.semrush.com/bot.html)"
185.191.171.12 - - [22/Dec/2024:15:26:07 -0500] "GET /Meletian/Algaroth841561.html HTTP/1.1" 301 0 "-" "Mozilla/5.0 (compatible; SemrushBot/7~bl; +http://www.semrush.com/bot.html)"
185.191.171.10 - - [22/Dec/2024:15:26:11 -0500] "GET /Meletian/Algaroth841561.html/ HTTP/1.1" 200 0 "-" "Mozilla/5.0 (compatible; SemrushBot/7~bl; +http://www.semrush.com/bot.html)"
85.208.96.193 - - [22/Dec/2024:15:26:13 -0500] "GET /chaplaincy/metallographical1017985.html/ HTTP/1.1" 200 0 "-" "Mozilla/5.0 (compatible; SemrushBot/7~bl; +http://www.semrush.com/bot.html)"
185.191.171.19 - - [22/Dec/2024:15:26:17 -0500] "GET /knifeless/affreightment594618.html HTTP/1.1" 301 0 "-" "Mozilla/5.0 (compatible; SemrushBot/7~bl; +http://www.semrush.com/bot.html)"
85.208.96.202 - - [22/Dec/2024:15:26:19 -0500] "GET /knifeless/affreightment594618.html/ HTTP/1.1" 200 0 "-" "Mozilla/5.0 (compatible; SemrushBot/7~bl; +http://www.semrush.com/bot.html)"
185.191.171.17 - - [22/Dec/2024:15:26:26 -0500] "GET /Anobiidae/Caryophyllaceae1532754.html HTTP/1.1" 301 0 "-" "Mozilla/5.0 (compatible; SemrushBot/7~bl; +http://www.semrush.com/bot.html)"
185.191.171.19 - - [22/Dec/2024:15:26:29 -0500] "GET /Anobiidae/Caryophyllaceae1532754.html/ HTTP/1.1" 200 0 "-" "Mozilla/5.0 (compatible; SemrushBot/7~bl; +http://www.semrush.com/bot.html)"
185.191.171.8 - - [22/Dec/2024:15:26:44 -0500] "GET /Anobiidae/Caryophyllaceae1108044.html HTTP/1.1" 301 0 "-" "Mozilla/5.0 (compatible; SemrushBot/7~bl; +http://www.semrush.com/bot.html)"
185.191.171.8 - - [22/Dec/2024:15:26:46 -0500] "GET /opportunist/Dryopes662066.html HTTP/1.1" 301 0 "-" "Mozilla/5.0 (compatible; SemrushBot/7~bl; +http://www.semrush.com/bot.html)"
185.191.171.19 - - [22/Dec/2024:15:26:49 -0500] "GET /opportunist/Dryopes662066.html/ HTTP/1.1" 200 0 "-" "Mozilla/5.0 (compatible; SemrushBot/7~bl; +http://www.semrush.com/bot.html)"
185.191.171.11 - - [22/Dec/2024:15:26:52 -0500] "GET /dishonorary/microphotograph1134118.html HTTP/1.1" 301 0 "-" "Mozilla/5.0 (compatible; SemrushBot/7~bl; +http://www.semrush.com/bot.html)"
85.208.96.208 - - [22/Dec/2024:15:26:55 -0500] "GET /knifeless/affreightment1068553.html HTTP/1.1" 301 0 "-" "Mozilla/5.0 (compatible; SemrushBot/7~bl; +http://www.semrush.com/bot.html)"
85.208.96.195 - - [22/Dec/2024:15:26:57 -0500] "GET /knifeless/affreightment1068553.html/ HTTP/1.1" 200 0 "-" "Mozilla/5.0 (compatible; SemrushBot/7~bl; +http://www.semrush.com/bot.html)"
85.208.96.211 - - [22/Dec/2024:15:26:59 -0500] "GET /dishonorary/microphotograph1134118.html/ HTTP/1.1" 200 0 "-" "Mozilla/5.0 (compatible; SemrushBot/7~bl; +http://www.semrush.com/bot.html)"
185.191.171.19 - - [22/Dec/2024:15:27:02 -0500] "GET /Anobiidae/Caryophyllaceae1108044.html/ HTTP/1.1" 200 0 "-" "Mozilla/5.0 (compatible; SemrushBot/7~bl; +http://www.semrush.com/bot.html)"
47.128.116.140 - - [22/Dec/2024:15:27:31 -0500] "GET /wp-content/plugins/elementor/modules/kit-elements-defaults/data/controller.php HTTP/1.1" 403 1242 "-" "Mozilla/5.0 (Linux; Android 5.0) AppleWebKit/537.36 (KHTML, like Gecko) Mobile Safari/537.36 (compatible; Bytespider; spider-feedback@bytedance.com)"
85.208.96.197 - - [22/Dec/2024:15:27:51 -0500] "GET /extraplanetary/disjunctively398738.html HTTP/1.1" 301 0 "-" "Mozilla/5.0 (compatible; SemrushBot/7~bl; +http://www.semrush.com/bot.html)"
185.191.171.13 - - [22/Dec/2024:15:27:54 -0500] "GET /extraplanetary/disjunctively398738.html/ HTTP/1.1" 200 0 "-" "Mozilla/5.0 (compatible; SemrushBot/7~bl; +http://www.semrush.com/bot.html)"
85.208.96.204 - - [22/Dec/2024:15:27:58 -0500] "GET /extraplanetary/disjunctively101738.html HTTP/1.1" 301 0 "-" "Mozilla/5.0 (compatible; SemrushBot/7~bl; +http://www.semrush.com/bot.html)"
85.208.96.210 - - [22/Dec/2024:15:28:02 -0500] "GET /extraplanetary/disjunctively101738.html/ HTTP/1.1" 200 0 "-" "Mozilla/5.0 (compatible; SemrushBot/7~bl; +http://www.semrush.com/bot.html)"
85.208.96.210 - - [22/Dec/2024:15:28:04 -0500] "GET /gauzily/extraplanetary1596428.html HTTP/1.1" 301 0 "-" "Mozilla/5.0 (compatible; SemrushBot/7~bl; +http://www.semrush.com/bot.html)"
185.191.171.10 - - [22/Dec/2024:15:28:08 -0500] "GET /gauzily/extraplanetary1596428.html/ HTTP/1.1" 200 0 "-" "Mozilla/5.0 (compatible; SemrushBot/7~bl; +http://www.semrush.com/bot.html)"
185.191.171.10 - - [22/Dec/2024:15:28:23 -0500] "GET /extraplanetary/disjunctively1384503.html HTTP/1.1" 301 0 "-" "Mozilla/5.0 (compatible; SemrushBot/7~bl; +http://www.semrush.com/bot.html)"
85.208.96.210 - - [22/Dec/2024:15:28:26 -0500] "GET /extraplanetary/disjunctively1384503.html/ HTTP/1.1" 200 0 "-" "Mozilla/5.0 (compatible; SemrushBot/7~bl; +http://www.semrush.com/bot.html)"
85.208.96.206 - - [22/Dec/2024:15:28:37 -0500] "GET /aeronautical/cattyman1300116.html HTTP/1.1" 301 0 "-" "Mozilla/5.0 (compatible; SemrushBot/7~bl; +http://www.semrush.com/bot.html)"
185.191.171.4 - - [22/Dec/2024:15:28:39 -0500] "GET /robots.txt HTTP/1.1" 301 0 "-" "Mozilla/5.0 (compatible; SemrushBot/7~bl; +http://www.semrush.com/bot.html)"
185.191.171.18 - - [22/Dec/2024:15:28:40 -0500] "GET /gauzily/extraplanetary1588728.html HTTP/1.1" 301 0 "-" "Mozilla/5.0 (compatible; SemrushBot/7~bl; +http://www.semrush.com/bot.html)"
185.191.171.19 - - [22/Dec/2024:15:28:41 -0500] "GET /robots.txt/ HTTP/1.1" 200 0 "-" "Mozilla/5.0 (compatible; SemrushBot/7~bl; +http://www.semrush.com/bot.html)"
85.208.96.210 - - [22/Dec/2024:15:28:43 -0500] "GET /gauzily/extraplanetary1588728.html/ HTTP/1.1" 200 0 "-" "Mozilla/5.0 (compatible; SemrushBot/7~bl; +http://www.semrush.com/bot.html)"
85.208.96.207 - - [22/Dec/2024:15:28:46 -0500] "GET /aeronautical/cattyman1300116.html/ HTTP/1.1" 200 0 "-" "Mozilla/5.0 (compatible; SemrushBot/7~bl; +http://www.semrush.com/bot.html)"
185.191.171.6 - - [22/Dec/2024:15:29:13 -0500] "GET /extraplanetary/disjunctively777963.html HTTP/1.1" 301 0 "-" "Mozilla/5.0 (compatible; SemrushBot/7~bl; +http://www.semrush.com/bot.html)"
185.191.171.1 - - [22/Dec/2024:15:29:16 -0500] "GET /crea/admitter1342567.html HTTP/1.1" 301 0 "-" "Mozilla/5.0 (compatible; SemrushBot/7~bl; +http://www.semrush.com/bot.html)"
216.244.66.247 - - [22/Dec/2024:15:29:18 -0500] "GET /wp-content/plugins/elementor/app/modules/site-editor/assets/js/ HTTP/1.1" 200 4182 "-" "Mozilla/5.0 (compatible; DotBot/1.2; +https://opensiteexplorer.org/dotbot; help@moz.com)"
85.208.96.208 - - [22/Dec/2024:15:29:18 -0500] "GET /crea/admitter1342567.html/ HTTP/1.1" 200 0 "-" "Mozilla/5.0 (compatible; SemrushBot/7~bl; +http://www.semrush.com/bot.html)"
85.208.96.208 - - [22/Dec/2024:15:29:21 -0500] "GET /extraplanetary/disjunctively200023.html HTTP/1.1" 301 0 "-" "Mozilla/5.0 (compatible; SemrushBot/7~bl; +http://www.semrush.com/bot.html)"
185.191.171.12 - - [22/Dec/2024:15:29:24 -0500] "GET /extraplanetary/disjunctively200023.html/ HTTP/1.1" 200 0 "-" "Mozilla/5.0 (compatible; SemrushBot/7~bl; +http://www.semrush.com/bot.html)"
185.191.171.6 - - [22/Dec/2024:15:29:27 -0500] "GET /extraplanetary/disjunctively777963.html/ HTTP/1.1" 200 0 "-" "Mozilla/5.0 (compatible; SemrushBot/7~bl; +http://www.semrush.com/bot.html)"
185.191.171.6 - - [22/Dec/2024:15:29:38 -0500] "GET /equidurable/aeronautical471386.html HTTP/1.1" 301 0 "-" "Mozilla/5.0 (compatible; SemrushBot/7~bl; +http://www.semrush.com/bot.html)"
85.208.96.206 - - [22/Dec/2024:15:29:40 -0500] "GET /equidurable/aeronautical471386.html/ HTTP/1.1" 200 0 "-" "Mozilla/5.0 (compatible; SemrushBot/7~bl; +http://www.semrush.com/bot.html)"
185.191.171.18 - - [22/Dec/2024:15:29:53 -0500] "GET /knifeless/affreightment208518.html HTTP/1.1" 301 0 "-" "Mozilla/5.0 (compatible; SemrushBot/7~bl; +http://www.semrush.com/bot.html)"
185.191.171.7 - - [22/Dec/2024:15:29:56 -0500] "GET /extraplanetary/disjunctively1301343.html HTTP/1.1" 301 0 "-" "Mozilla/5.0 (compatible; SemrushBot/7~bl; +http://www.semrush.com/bot.html)"
85.208.96.208 - - [22/Dec/2024:15:29:58 -0500] "GET /extraplanetary/disjunctively1301343.html/ HTTP/1.1" 200 0 "-" "Mozilla/5.0 (compatible; SemrushBot/7~bl; +http://www.semrush.com/bot.html)"
85.208.96.208 - - [22/Dec/2024:15:30:01 -0500] "GET /knifeless/affreightment208518.html/ HTTP/1.1" 200 0 "-" "Mozilla/5.0 (compatible; SemrushBot/7~bl; +http://www.semrush.com/bot.html)"
185.191.171.5 - - [22/Dec/2024:15:30:08 -0500] "GET /extraplanetary/disjunctively222573.html HTTP/1.1" 301 0 "-" "Mozilla/5.0 (compatible; SemrushBot/7~bl; +http://www.semrush.com/bot.html)"
216.244.66.247 - - [22/Dec/2024:15:30:12 -0500] "GET /wp-content/plugins/elementor/app/assets/js/ui/atoms/drag-drop.scss HTTP/1.1" 200 853 "-" "Mozilla/5.0 (compatible; DotBot/1.2; +https://opensiteexplorer.org/dotbot; help@moz.com)"
85.208.96.201 - - [22/Dec/2024:15:30:12 -0500] "GET /extraplanetary/disjunctively222573.html/ HTTP/1.1" 200 0 "-" "Mozilla/5.0 (compatible; SemrushBot/7~bl; +http://www.semrush.com/bot.html)"
216.244.66.247 - - [22/Dec/2024:15:30:15 -0500] "GET /wp-content/plugins/elementor/app/assets/js/ui/card/card-footer.js HTTP/1.1" 200 781 "-" "Mozilla/5.0 (compatible; DotBot/1.2; +https://opensiteexplorer.org/dotbot; help@moz.com)"
85.208.96.204 - - [22/Dec/2024:15:30:16 -0500] "GET /microphotograph/gauzily1473513.html HTTP/1.1" 301 0 "-" "Mozilla/5.0 (compatible; SemrushBot/7~bl; +http://www.semrush.com/bot.html)"
216.244.66.247 - - [22/Dec/2024:15:30:19 -0500] "GET /wp-content/plugins/elementor/app/modules/kit-library/assets/js/components/page-loader.scss HTTP/1.1" 200 153 "-" "Mozilla/5.0 (compatible; DotBot/1.2; +https://opensiteexplorer.org/dotbot; help@moz.com)"
185.191.171.15 - - [22/Dec/2024:15:30:20 -0500] "GET /microphotograph/gauzily1473513.html/ HTTP/1.1" 200 0 "-" "Mozilla/5.0 (compatible; SemrushBot/7~bl; +http://www.semrush.com/bot.html)"
185.191.171.5 - - [22/Dec/2024:15:30:24 -0500] "GET /allophylian/energetical201022.html HTTP/1.1" 301 0 "-" "Mozilla/5.0 (compatible; SemrushBot/7~bl; +http://www.semrush.com/bot.html)"
85.208.96.205 - - [22/Dec/2024:15:30:27 -0500] "GET /allophylian/energetical201022.html/ HTTP/1.1" 200 0 "-" "Mozilla/5.0 (compatible; SemrushBot/7~bl; +http://www.semrush.com/bot.html)"
85.208.96.194 - - [22/Dec/2024:15:30:30 -0500] "GET /dishonorary/microphotograph972363.html HTTP/1.1" 301 0 "-" "Mozilla/5.0 (compatible; SemrushBot/7~bl; +http://www.semrush.com/bot.html)"
216.244.66.247 - - [22/Dec/2024:15:30:31 -0500] "GET /wp-content/plugins/elementor/app/assets/styles/base/dark/?MA HTTP/1.1" 200 1818 "-" "Mozilla/5.0 (compatible; DotBot/1.2; +https://opensiteexplorer.org/dotbot; help@moz.com)"
216.244.66.247 - - [22/Dec/2024:15:30:34 -0500] "GET /wp-content/plugins/elementor/app/modules/kit-library/data/taxonomies/?MA HTTP/1.1" 200 1824 "-" "Mozilla/5.0 (compatible; DotBot/1.2; +https://opensiteexplorer.org/dotbot; help@moz.com)"
185.191.171.7 - - [22/Dec/2024:15:30:33 -0500] "GET /dishonorary/microphotograph972363.html/ HTTP/1.1" 200 0 "-" "Mozilla/5.0 (compatible; SemrushBot/7~bl; +http://www.semrush.com/bot.html)"
85.208.96.200 - - [22/Dec/2024:15:30:47 -0500] "GET /dishonorary/microphotograph1328268.html HTTP/1.1" 301 0 "-" "Mozilla/5.0 (compatible; SemrushBot/7~bl; +http://www.semrush.com/bot.html)"
85.208.96.204 - - [22/Dec/2024:15:30:50 -0500] "GET /dishonorary/microphotograph1328268.html/ HTTP/1.1" 200 0 "-" "Mozilla/5.0 (compatible; SemrushBot/7~bl; +http://www.semrush.com/bot.html)"
185.191.171.1 - - [22/Dec/2024:15:30:53 -0500] "GET /dishonorary/microphotograph1224593.html HTTP/1.1" 301 0 "-" "Mozilla/5.0 (compatible; SemrushBot/7~bl; +http://www.semrush.com/bot.html)"
185.191.171.1 - - [22/Dec/2024:15:30:56 -0500] "GET /dishonorary/microphotograph1224593.html/ HTTP/1.1" 200 0 "-" "Mozilla/5.0 (compatible; SemrushBot/7~bl; +http://www.semrush.com/bot.html)"
85.208.96.212 - - [22/Dec/2024:15:30:58 -0500] "GET /admitter/allophylian1413947.html HTTP/1.1" 301 0 "-" "Mozilla/5.0 (compatible; SemrushBot/7~bl; +http://www.semrush.com/bot.html)"
185.191.171.10 - - [22/Dec/2024:15:31:01 -0500] "GET /admitter/allophylian1413947.html/ HTTP/1.1" 200 0 "-" "Mozilla/5.0 (compatible; SemrushBot/7~bl; +http://www.semrush.com/bot.html)"
185.191.171.12 - - [22/Dec/2024:15:31:05 -0500] "GET /allophylian/energetical301287.html HTTP/1.1" 301 0 "-" "Mozilla/5.0 (compatible; SemrushBot/7~bl; +http://www.semrush.com/bot.html)"
185.191.171.4 - - [22/Dec/2024:15:31:08 -0500] "GET /allophylian/energetical301287.html/ HTTP/1.1" 200 0 "-" "Mozilla/5.0 (compatible; SemrushBot/7~bl; +http://www.semrush.com/bot.html)"
216.244.66.247 - - [22/Dec/2024:15:31:12 -0500] "GET /wp-content/plugins/elementor/assets/lib/swiper/v8/?ND HTTP/1.1" 200 2303 "-" "Mozilla/5.0 (compatible; DotBot/1.2; +https://opensiteexplorer.org/dotbot; help@moz.com)"
47.128.124.254 - - [22/Dec/2024:15:31:32 -0500] "GET / HTTP/1.1" 200 0 "-" "Mozilla/5.0 (Linux; Android 5.0) AppleWebKit/537.36 (KHTML, like Gecko) Mobile Safari/537.36 (compatible; Bytespider; spider-feedback@bytedance.com)"
216.244.66.247 - - [22/Dec/2024:15:31:44 -0500] "GET /wp-content/plugins/elementor/assets/lib/swiper/css/?MD HTTP/1.1" 200 2049 "-" "Mozilla/5.0 (compatible; DotBot/1.2; +https://opensiteexplorer.org/dotbot; help@moz.com)"
216.244.66.247 - - [22/Dec/2024:15:31:45 -0500] "GET /wp-content/plugins/elementor/core/logger/loggers/?MD HTTP/1.1" 200 2317 "-" "Mozilla/5.0 (compatible; DotBot/1.2; +https://opensiteexplorer.org/dotbot; help@moz.com)"
216.244.66.247 - - [22/Dec/2024:15:31:53 -0500] "GET /wp-content/plugins/elementor/app/assets/js/ui/modal/?MD HTTP/1.1" 200 2622 "-" "Mozilla/5.0 (compatible; DotBot/1.2; +https://opensiteexplorer.org/dotbot; help@moz.com)"
216.244.66.247 - - [22/Dec/2024:15:31:54 -0500] "GET /wp-content/plugins/elementor/app/modules/import-export/runners/?SD HTTP/1.1" 200 2674 "-" "Mozilla/5.0 (compatible; DotBot/1.2; +https://opensiteexplorer.org/dotbot; help@moz.com)"
185.191.171.18 - - [22/Dec/2024:15:31:55 -0500] "GET /affreightment/balaustre1316208.html HTTP/1.1" 301 0 "-" "Mozilla/5.0 (compatible; SemrushBot/7~bl; +http://www.semrush.com/bot.html)"
185.191.171.6 - - [22/Dec/2024:15:31:58 -0500] "GET /affreightment/balaustre1316208.html/ HTTP/1.1" 200 0 "-" "Mozilla/5.0 (compatible; SemrushBot/7~bl; +http://www.semrush.com/bot.html)"
185.191.171.7 - - [22/Dec/2024:15:32:10 -0500] "GET /distrainable/dishonorary1064938.html HTTP/1.1" 301 0 "-" "Mozilla/5.0 (compatible; SemrushBot/7~bl; +http://www.semrush.com/bot.html)"
85.208.96.199 - - [22/Dec/2024:15:32:12 -0500] "GET /distrainable/dishonorary1064938.html/ HTTP/1.1" 200 0 "-" "Mozilla/5.0 (compatible; SemrushBot/7~bl; +http://www.semrush.com/bot.html)"
185.191.171.13 - - [22/Dec/2024:15:32:17 -0500] "GET /disjunctively/bitterness1549823.html HTTP/1.1" 301 0 "-" "Mozilla/5.0 (compatible; SemrushBot/7~bl; +http://www.semrush.com/bot.html)"
85.208.96.198 - - [22/Dec/2024:15:32:19 -0500] "GET /disjunctively/bitterness1549823.html/ HTTP/1.1" 200 0 "-" "Mozilla/5.0 (compatible; SemrushBot/7~bl; +http://www.semrush.com/bot.html)"
85.208.96.203 - - [22/Dec/2024:15:32:37 -0500] "GET /Dryopes/philogeant1383546.html HTTP/1.1" 301 0 "-" "Mozilla/5.0 (compatible; SemrushBot/7~bl; +http://www.semrush.com/bot.html)"
85.208.96.212 - - [22/Dec/2024:15:32:40 -0500] "GET /Dryopes/philogeant1383546.html/ HTTP/1.1" 200 0 "-" "Mozilla/5.0 (compatible; SemrushBot/7~bl; +http://www.semrush.com/bot.html)"
185.191.171.14 - - [22/Dec/2024:15:32:51 -0500] "GET /equidurable/aeronautical302646.html HTTP/1.1" 301 0 "-" "Mozilla/5.0 (compatible; SemrushBot/7~bl; +http://www.semrush.com/bot.html)"
85.208.96.195 - - [22/Dec/2024:15:32:53 -0500] "GET /equidurable/aeronautical302646.html/ HTTP/1.1" 200 0 "-" "Mozilla/5.0 (compatible; SemrushBot/7~bl; +http://www.semrush.com/bot.html)"
185.191.171.10 - - [22/Dec/2024:15:33:02 -0500] "GET /equidurable/aeronautical1272736.html HTTP/1.1" 301 0 "-" "Mozilla/5.0 (compatible; SemrushBot/7~bl; +http://www.semrush.com/bot.html)"
185.191.171.13 - - [22/Dec/2024:15:33:05 -0500] "GET /equidurable/aeronautical1272736.html/ HTTP/1.1" 200 0 "-" "Mozilla/5.0 (compatible; SemrushBot/7~bl; +http://www.semrush.com/bot.html)"
185.191.171.17 - - [22/Dec/2024:15:33:15 -0500] "GET /extraplanetary/disjunctively374703.html HTTP/1.1" 301 0 "-" "Mozilla/5.0 (compatible; SemrushBot/7~bl; +http://www.semrush.com/bot.html)"
85.208.96.193 - - [22/Dec/2024:15:33:18 -0500] "GET /extraplanetary/disjunctively374703.html/ HTTP/1.1" 200 0 "-" "Mozilla/5.0 (compatible; SemrushBot/7~bl; +http://www.semrush.com/bot.html)"
185.191.171.10 - - [22/Dec/2024:15:33:21 -0500] "GET /aeronautical/cattyman113216.html HTTP/1.1" 301 0 "-" "Mozilla/5.0 (compatible; SemrushBot/7~bl; +http://www.semrush.com/bot.html)"
185.191.171.19 - - [22/Dec/2024:15:33:24 -0500] "GET /aeronautical/cattyman113216.html/ HTTP/1.1" 200 0 "-" "Mozilla/5.0 (compatible; SemrushBot/7~bl; +http://www.semrush.com/bot.html)"
85.208.96.207 - - [22/Dec/2024:15:33:30 -0500] "GET /equidurable/aeronautical1655976.html HTTP/1.1" 301 0 "-" "Mozilla/5.0 (compatible; SemrushBot/7~bl; +http://www.semrush.com/bot.html)"
185.191.171.17 - - [22/Dec/2024:15:33:33 -0500] "GET /equidurable/aeronautical1655976.html/ HTTP/1.1" 200 0 "-" "Mozilla/5.0 (compatible; SemrushBot/7~bl; +http://www.semrush.com/bot.html)"
185.191.171.14 - - [22/Dec/2024:15:33:42 -0500] "GET /Anobiidae/Caryophyllaceae1397894.html HTTP/1.1" 301 0 "-" "Mozilla/5.0 (compatible; SemrushBot/7~bl; +http://www.semrush.com/bot.html)"
185.191.171.17 - - [22/Dec/2024:15:33:45 -0500] "GET /Anobiidae/Caryophyllaceae1397894.html/ HTTP/1.1" 200 0 "-" "Mozilla/5.0 (compatible; SemrushBot/7~bl; +http://www.semrush.com/bot.html)"
185.191.171.18 - - [22/Dec/2024:15:33:52 -0500] "GET /Anobiidae/Caryophyllaceae740919.html HTTP/1.1" 301 0 "-" "Mozilla/5.0 (compatible; SemrushBot/7~bl; +http://www.semrush.com/bot.html)"
85.208.96.206 - - [22/Dec/2024:15:33:55 -0500] "GET /knifeless/affreightment1292678.html HTTP/1.1" 301 0 "-" "Mozilla/5.0 (compatible; SemrushBot/7~bl; +http://www.semrush.com/bot.html)"
185.191.171.5 - - [22/Dec/2024:15:33:58 -0500] "GET /knifeless/affreightment1292678.html/ HTTP/1.1" 200 0 "-" "Mozilla/5.0 (compatible; SemrushBot/7~bl; +http://www.semrush.com/bot.html)"
85.208.96.199 - - [22/Dec/2024:15:34:00 -0500] "GET /Anobiidae/Caryophyllaceae740919.html/ HTTP/1.1" 200 0 "-" "Mozilla/5.0 (compatible; SemrushBot/7~bl; +http://www.semrush.com/bot.html)"
185.191.171.14 - - [22/Dec/2024:15:34:08 -0500] "GET /equidurable/aeronautical1731546.html HTTP/1.1" 301 0 "-" "Mozilla/5.0 (compatible; SemrushBot/7~bl; +http://www.semrush.com/bot.html)"
185.191.171.13 - - [22/Dec/2024:15:34:11 -0500] "GET /equidurable/aeronautical1731546.html/ HTTP/1.1" 200 0 "-" "Mozilla/5.0 (compatible; SemrushBot/7~bl; +http://www.semrush.com/bot.html)"
85.208.96.206 - - [22/Dec/2024:15:34:32 -0500] "GET /knifeless/affreightment566128.html HTTP/1.1" 301 0 "-" "Mozilla/5.0 (compatible; SemrushBot/7~bl; +http://www.semrush.com/bot.html)"
85.208.96.207 - - [22/Dec/2024:15:34:35 -0500] "GET /Anobiidae/Caryophyllaceae128384.html HTTP/1.1" 301 0 "-" "Mozilla/5.0 (compatible; SemrushBot/7~bl; +http://www.semrush.com/bot.html)"
85.208.96.196 - - [22/Dec/2024:15:34:37 -0500] "GET /Anobiidae/Caryophyllaceae128384.html/ HTTP/1.1" 200 0 "-" "Mozilla/5.0 (compatible; SemrushBot/7~bl; +http://www.semrush.com/bot.html)"
185.191.171.17 - - [22/Dec/2024:15:34:40 -0500] "GET /knifeless/affreightment566128.html/ HTTP/1.1" 200 0 "-" "Mozilla/5.0 (compatible; SemrushBot/7~bl; +http://www.semrush.com/bot.html)"
185.191.171.17 - - [22/Dec/2024:15:34:43 -0500] "GET /admitter/allophylian1700607.html HTTP/1.1" 301 0 "-" "Mozilla/5.0 (compatible; SemrushBot/7~bl; +http://www.semrush.com/bot.html)"
185.191.171.17 - - [22/Dec/2024:15:34:45 -0500] "GET /admitter/allophylian1700607.html/ HTTP/1.1" 200 0 "-" "Mozilla/5.0 (compatible; SemrushBot/7~bl; +http://www.semrush.com/bot.html)"
85.208.96.201 - - [22/Dec/2024:15:34:48 -0500] "GET /Anobiidae/Caryophyllaceae434624.html HTTP/1.1" 301 0 "-" "Mozilla/5.0 (compatible; SemrushBot/7~bl; +http://www.semrush.com/bot.html)"
185.191.171.7 - - [22/Dec/2024:15:34:51 -0500] "GET /Anobiidae/Caryophyllaceae434624.html/ HTTP/1.1" 200 0 "-" "Mozilla/5.0 (compatible; SemrushBot/7~bl; +http://www.semrush.com/bot.html)"
66.29.132.124 - - [22/Dec/2024:15:35:03 -0500] "POST /wp-cron.php?doing_wp_cron=1734899703.3804841041564941406250 HTTP/1.1" 200 0 "-" "WordPress/6.7.1; https://wavestudioz.com"
85.208.96.203 - - [22/Dec/2024:15:35:02 -0500] "GET /criticism/equidurable697391.html HTTP/1.1" 301 0 "-" "Mozilla/5.0 (compatible; SemrushBot/7~bl; +http://www.semrush.com/bot.html)"
185.191.171.17 - - [22/Dec/2024:15:35:06 -0500] "GET /criticism/equidurable697391.html/ HTTP/1.1" 200 0 "-" "Mozilla/5.0 (compatible; SemrushBot/7~bl; +http://www.semrush.com/bot.html)"
85.208.96.208 - - [22/Dec/2024:15:35:09 -0500] "GET /homometrically/jupon167687.html HTTP/1.1" 301 0 "-" "Mozilla/5.0 (compatible; SemrushBot/7~bl; +http://www.semrush.com/bot.html)"
185.191.171.17 - - [22/Dec/2024:15:35:12 -0500] "GET /homometrically/jupon167687.html/ HTTP/1.1" 200 0 "-" "Mozilla/5.0 (compatible; SemrushBot/7~bl; +http://www.semrush.com/bot.html)"
85.208.96.196 - - [22/Dec/2024:15:35:23 -0500] "GET /equidurable/aeronautical582211.html HTTP/1.1" 301 0 "-" "Mozilla/5.0 (compatible; SemrushBot/7~bl; +http://www.semrush.com/bot.html)"
85.208.96.208 - - [22/Dec/2024:15:35:26 -0500] "GET /equidurable/aeronautical582211.html/ HTTP/1.1" 200 0 "-" "Mozilla/5.0 (compatible; SemrushBot/7~bl; +http://www.semrush.com/bot.html)"
47.128.124.85 - - [22/Dec/2024:15:35:32 -0500] "GET /wp-content/plugins/elementor/app/modules/import-export/runners/export/templates.php HTTP/1.1" 403 1242 "-" "Mozilla/5.0 (Linux; Android 5.0) AppleWebKit/537.36 (KHTML, like Gecko) Mobile Safari/537.36 (compatible; Bytespider; spider-feedback@bytedance.com)"
85.208.96.199 - - [22/Dec/2024:15:35:55 -0500] "GET /allophylian/energetical966127.html HTTP/1.1" 301 0 "-" "Mozilla/5.0 (compatible; SemrushBot/7~bl; +http://www.semrush.com/bot.html)"
85.208.96.194 - - [22/Dec/2024:15:35:57 -0500] "GET /allophylian/energetical966127.html/ HTTP/1.1" 200 0 "-" "Mozilla/5.0 (compatible; SemrushBot/7~bl; +http://www.semrush.com/bot.html)"
185.191.171.11 - - [22/Dec/2024:15:36:14 -0500] "GET /Caprimulgi/crea921057.html HTTP/1.1" 301 0 "-" "Mozilla/5.0 (compatible; SemrushBot/7~bl; +http://www.semrush.com/bot.html)"
85.208.96.211 - - [22/Dec/2024:15:36:16 -0500] "GET /disjunctively/bitterness327173.html HTTP/1.1" 301 0 "-" "Mozilla/5.0 (compatible; SemrushBot/7~bl; +http://www.semrush.com/bot.html)"
85.208.96.195 - - [22/Dec/2024:15:36:19 -0500] "GET /disjunctively/bitterness327173.html/ HTTP/1.1" 200 0 "-" "Mozilla/5.0 (compatible; SemrushBot/7~bl; +http://www.semrush.com/bot.html)"
85.208.96.208 - - [22/Dec/2024:15:36:21 -0500] "GET /Caprimulgi/crea921057.html/ HTTP/1.1" 200 0 "-" "Mozilla/5.0 (compatible; SemrushBot/7~bl; +http://www.semrush.com/bot.html)"
85.208.96.211 - - [22/Dec/2024:15:36:33 -0500] "GET /dishonorary/microphotograph1057888.html HTTP/1.1" 301 0 "-" "Mozilla/5.0 (compatible; SemrushBot/7~bl; +http://www.semrush.com/bot.html)"
185.191.171.9 - - [22/Dec/2024:15:36:36 -0500] "GET /dishonorary/microphotograph1057888.html/ HTTP/1.1" 200 0 "-" "Mozilla/5.0 (compatible; SemrushBot/7~bl; +http://www.semrush.com/bot.html)"
85.208.96.203 - - [22/Dec/2024:15:37:09 -0500] "GET /gibberish/homometrically35422.html HTTP/1.1" 301 0 "-" "Mozilla/5.0 (compatible; SemrushBot/7~bl; +http://www.semrush.com/bot.html)"
