66.249.79.131 - - [22/Dec/2024:14:20:30 -0500] "GET /commodity/H118905?c=goods&t=lic HTTP/1.1" 404 1251 "-" "Mozilla/5.0 (Linux; Android 6.0.1; Nexus 5X Build/MMB29P) AppleWebKit/537.36 (KHTML, like Gecko) Chrome/131.0.6778.139 Mobile Safari/537.36 (compatible; Googlebot/2.1; +http://www.google.com/bot.html)"
66.249.79.231 - - [22/Dec/2024:14:20:31 -0500] "GET /commodity/564398.html?product HTTP/1.1" 404 1251 "-" "Mozilla/5.0 (Linux; Android 6.0.1; Nexus 5X Build/MMB29P) AppleWebKit/537.36 (KHTML, like Gecko) Chrome/131.0.6778.139 Mobile Safari/537.36 (compatible; Googlebot/2.1; +http://www.google.com/bot.html)"
66.249.79.132 - - [22/Dec/2024:14:50:36 -0500] "GET /credits.php/goods/135392.shtml?key=K HTTP/1.1" 404 1251 "-" "Mozilla/5.0 (Linux; Android 6.0.1; Nexus 5X Build/MMB29P) AppleWebKit/537.36 (KHTML, like Gecko) Chrome/131.0.6778.139 Mobile Safari/537.36 (compatible; Googlebot/2.1; +http://www.google.com/bot.html)"
66.249.79.131 - - [22/Dec/2024:14:53:54 -0500] "GET /commodity/J884243?c=goods&t=lic HTTP/1.1" 404 1251 "-" "Mozilla/5.0 (Linux; Android 6.0.1; Nexus 5X Build/MMB29P) AppleWebKit/537.36 (KHTML, like Gecko) Chrome/131.0.6778.139 Mobile Safari/537.36 (compatible; Googlebot/2.1; +http://www.google.com/bot.html)"
66.249.79.132 - - [22/Dec/2024:15:20:36 -0500] "GET /commodity/E332414?c=goods&t=lic HTTP/1.1" 404 1251 "-" "Mozilla/5.0 (Linux; Android 6.0.1; Nexus 5X Build/MMB29P) AppleWebKit/537.36 (KHTML, like Gecko) Chrome/131.0.6778.139 Mobile Safari/537.36 (compatible; Googlebot/2.1; +http://www.google.com/bot.html)"
66.249.79.230 - - [22/Dec/2024:15:28:15 -0500] "GET /profile.php/goods/R?561461=cotton HTTP/1.1" 404 1251 "-" "Mozilla/5.0 (Linux; Android 6.0.1; Nexus 5X Build/MMB29P) AppleWebKit/537.36 (KHTML, like Gecko) Chrome/131.0.6778.139 Mobile Safari/537.36 (compatible; Googlebot/2.1; +http://www.google.com/bot.html)"
65.0.121.150 - - [22/Dec/2024:15:48:11 -0500] "GET / HTTP/1.1" 200 108821 "-" "Mozilla/5.0 (Windows NT 10.0; Win64; x64) AppleWebKit/537.36 (KHTML, like Gecko) Chrome/89.0.4389.114 Safari/537.36"
65.0.121.150 - - [22/Dec/2024:15:48:12 -0500] "GET //wp-includes/wlwmanifest.xml HTTP/1.1" 404 1251 "-" "Mozilla/5.0 (Windows NT 10.0; Win64; x64) AppleWebKit/537.36 (KHTML, like Gecko) Chrome/89.0.4389.114 Safari/537.36"
65.0.121.150 - - [22/Dec/2024:15:48:13 -0500] "GET / HTTP/1.1" 200 108821 "-" "Mozilla/5.0 (Windows NT 10.0; Win64; x64) AppleWebKit/537.36 (KHTML, like Gecko) Chrome/89.0.4389.114 Safari/537.36"
66.29.132.124 - - [22/Dec/2024:15:48:17 -0500] "POST /wp-cron.php?doing_wp_cron=1734900496.8859839439392089843750 HTTP/1.1" 200 0 "-" "WordPress/6.7.1; https://tacafoundation.org"
65.0.121.150 - - [22/Dec/2024:15:48:13 -0500] "GET //?author=1 HTTP/1.1" 301 0 "-" "Mozilla/5.0 (Windows NT 10.0; Win64; x64) AppleWebKit/537.36 (KHTML, like Gecko) Chrome/89.0.4389.114 Safari/537.36"
65.0.121.150 - - [22/Dec/2024:15:48:17 -0500] "GET //?author=2 HTTP/1.1" 301 0 "-" "Mozilla/5.0 (Windows NT 10.0; Win64; x64) AppleWebKit/537.36 (KHTML, like Gecko) Chrome/89.0.4389.114 Safari/537.36"
66.29.132.124 - - [22/Dec/2024:15:48:17 -0500] "POST /wp-admin/admin-ajax.php?action=async_litespeed&nonce=f0qagsaxoj8Y8hlsDO67HgiTNNBq8kLj&litespeed_type=imgoptm HTTP/1.1" 200 21 "-" "WordPress/6.7.1; https://tacafoundation.org"
65.0.121.150 - - [22/Dec/2024:15:48:17 -0500] "GET //?author=3 HTTP/1.1" 301 0 "-" "Mozilla/5.0 (Windows NT 10.0; Win64; x64) AppleWebKit/537.36 (KHTML, like Gecko) Chrome/89.0.4389.114 Safari/537.36"
65.0.121.150 - - [22/Dec/2024:15:48:18 -0500] "GET //wp-json/wp/v2/users/ HTTP/1.1" 404 1251 "-" "Mozilla/5.0 (Windows NT 10.0; Win64; x64) AppleWebKit/537.36 (KHTML, like Gecko) Chrome/89.0.4389.114 Safari/537.36"
66.249.79.231 - - [22/Dec/2024:15:48:43 -0500] "GET /keyword/%E3%83%96%E3%83%A9%E3%83%B3%E3%83%89Levi HTTP/1.1" 404 1251 "-" "Mozilla/5.0 (Linux; Android 6.0.1; Nexus 5X Build/MMB29P) AppleWebKit/537.36 (KHTML, like Gecko) Chrome/131.0.6778.139 Mobile Safari/537.36 (compatible; Googlebot/2.1; +http://www.google.com/bot.html)"
66.249.79.229 - - [22/Dec/2024:16:02:59 -0500] "GET /commodity/710723.html?product HTTP/1.1" 404 1251 "-" "Mozilla/5.0 (Linux; Android 6.0.1; Nexus 5X Build/MMB29P) AppleWebKit/537.36 (KHTML, like Gecko) Chrome/131.0.6778.139 Mobile Safari/537.36 (compatible; Googlebot/2.1; +http://www.google.com/bot.html)"
113.62.169.130 - - [22/Dec/2024:16:20:07 -0500] "GET / HTTP/1.1" 200 23509 "http://tacafoundation.org" "Mozilla/5.0 (iPhone; CPU iPhone OS 13_2_3 like Mac OS X) AppleWebKit/605.1.15 (KHTML, like Gecko) Version/13.0.3 Mobile/15E148 Safari/604.1"
66.249.79.229 - - [22/Dec/2024:16:30:31 -0500] "GET /credits.php/keyword/%E3%83%AC%E3%82%B6%E3%83%BC%E4%BB%95%E6%A7%98 HTTP/1.1" 404 1251 "-" "Mozilla/5.0 (Linux; Android 6.0.1; Nexus 5X Build/MMB29P) AppleWebKit/537.36 (KHTML, like Gecko) Chrome/131.0.6778.139 Mobile Safari/537.36 (compatible; Googlebot/2.1; +http://www.google.com/bot.html)"
66.249.79.131 - - [22/Dec/2024:16:30:38 -0500] "GET /commodity/L972099?c=goods&t=lic HTTP/1.1" 404 1251 "-" "Mozilla/5.0 (Linux; Android 6.0.1; Nexus 5X Build/MMB29P) AppleWebKit/537.36 (KHTML, like Gecko) Chrome/131.0.6778.139 Mobile Safari/537.36 (compatible; Googlebot/2.1; +http://www.google.com/bot.html)"
66.249.79.230 - - [22/Dec/2024:16:30:38 -0500] "GET /goods/K?32016=secretarial HTTP/1.1" 404 1251 "-" "Mozilla/5.0 (Linux; Android 6.0.1; Nexus 5X Build/MMB29P) AppleWebKit/537.36 (KHTML, like Gecko) Chrome/131.0.6778.139 Mobile Safari/537.36 (compatible; Googlebot/2.1; +http://www.google.com/bot.html)"
66.249.79.229 - - [22/Dec/2024:16:30:57 -0500] "GET /commodity/712079.html?product HTTP/1.1" 404 1251 "-" "Mozilla/5.0 (Linux; Android 6.0.1; Nexus 5X Build/MMB29P) AppleWebKit/537.36 (KHTML, like Gecko) Chrome/131.0.6778.139 Mobile Safari/537.36 (compatible; Googlebot/2.1; +http://www.google.com/bot.html)"
66.249.79.229 - - [22/Dec/2024:16:31:52 -0500] "GET /commodity/549206.html?product HTTP/1.1" 404 1251 "-" "Mozilla/5.0 (Linux; Android 6.0.1; Nexus 5X Build/MMB29P) AppleWebKit/537.36 (KHTML, like Gecko) Chrome/131.0.6778.139 Mobile Safari/537.36 (compatible; Googlebot/2.1; +http://www.google.com/bot.html)"
66.249.79.231 - - [22/Dec/2024:16:32:52 -0500] "GET /commodity/485382.html?product HTTP/1.1" 404 1251 "-" "Mozilla/5.0 (Linux; Android 6.0.1; Nexus 5X Build/MMB29P) AppleWebKit/537.36 (KHTML, like Gecko) Chrome/131.0.6778.139 Mobile Safari/537.36 (compatible; Googlebot/2.1; +http://www.google.com/bot.html)"
66.249.79.229 - - [22/Dec/2024:16:34:00 -0500] "GET /commodity/470323.html?product HTTP/1.1" 404 1251 "-" "Mozilla/5.0 (Linux; Android 6.0.1; Nexus 5X Build/MMB29P) AppleWebKit/537.36 (KHTML, like Gecko) Chrome/131.0.6778.139 Mobile Safari/537.36 (compatible; Googlebot/2.1; +http://www.google.com/bot.html)"
66.249.79.229 - - [22/Dec/2024:16:34:26 -0500] "GET /profile.php/goods/H?490965=perforce HTTP/1.1" 404 1251 "-" "Mozilla/5.0 (Linux; Android 6.0.1; Nexus 5X Build/MMB29P) AppleWebKit/537.36 (KHTML, like Gecko) Chrome/131.0.6778.139 Mobile Safari/537.36 (compatible; Googlebot/2.1; +http://www.google.com/bot.html)"
66.249.79.229 - - [22/Dec/2024:16:35:14 -0500] "GET /mall/M?21878PS=rebellion HTTP/1.1" 404 1251 "-" "Mozilla/5.0 (Linux; Android 6.0.1; Nexus 5X Build/MMB29P) AppleWebKit/537.36 (KHTML, like Gecko) Chrome/131.0.6778.139 Mobile Safari/537.36 (compatible; Googlebot/2.1; +http://www.google.com/bot.html)"
66.29.132.124 - - [22/Dec/2024:16:37:26 -0500] "POST /wp-cron.php?doing_wp_cron=1734903446.7081511020660400390625 HTTP/1.1" 200 0 "-" "WordPress/6.7.1; https://tacafoundation.org"
43.153.19.83 - - [22/Dec/2024:16:37:21 -0500] "GET / HTTP/1.1" 301 0 "http://www.tacafoundation.org" "Mozilla/5.0 (iPhone; CPU iPhone OS 13_2_3 like Mac OS X) AppleWebKit/605.1.15 (KHTML, like Gecko) Version/13.0.3 Mobile/15E148 Safari/604.1"
66.29.132.124 - - [22/Dec/2024:16:37:27 -0500] "POST /wp-admin/admin-ajax.php?action=async_litespeed&nonce=TFF5HelrIte8dEssBzb6VMRzrW2sS21T&litespeed_type=imgoptm HTTP/1.1" 200 0 "-" "WordPress/6.7.1; https://tacafoundation.org"
43.153.19.83 - - [22/Dec/2024:16:37:28 -0500] "GET / HTTP/1.1" 200 23509 "https://www.tacafoundation.org/" "Mozilla/5.0 (iPhone; CPU iPhone OS 13_2_3 like Mac OS X) AppleWebKit/605.1.15 (KHTML, like Gecko) Version/13.0.3 Mobile/15E148 Safari/604.1"
66.249.79.131 - - [22/Dec/2024:16:39:43 -0500] "GET /category/6205/707.html HTTP/1.1" 404 1251 "-" "Mozilla/5.0 (Linux; Android 6.0.1; Nexus 5X Build/MMB29P) AppleWebKit/537.36 (KHTML, like Gecko) Chrome/131.0.6778.139 Mobile Safari/537.36 (compatible; Googlebot/2.1; +http://www.google.com/bot.html)"
66.249.79.133 - - [22/Dec/2024:16:50:31 -0500] "GET /commodity/Y117362?c=goods&t=lic HTTP/1.1" 404 1251 "-" "Mozilla/5.0 (Linux; Android 6.0.1; Nexus 5X Build/MMB29P) AppleWebKit/537.36 (KHTML, like Gecko) Chrome/131.0.6778.139 Mobile Safari/537.36 (compatible; Googlebot/2.1; +http://www.google.com/bot.html)"
66.249.79.132 - - [22/Dec/2024:16:53:29 -0500] "GET /commodity/O867530?c=goods&t=lic HTTP/1.1" 404 1251 "-" "Mozilla/5.0 (Linux; Android 6.0.1; Nexus 5X Build/MMB29P) AppleWebKit/537.36 (KHTML, like Gecko) Chrome/131.0.6778.139 Mobile Safari/537.36 (compatible; Googlebot/2.1; +http://www.google.com/bot.html)"
66.249.79.231 - - [22/Dec/2024:17:00:24 -0500] "GET /keyword/%E7%B4%846873cm%E3%83%99%E3%83%AB%E3%83%88%E5%B9%85 HTTP/1.1" 404 1251 "-" "Mozilla/5.0 (Linux; Android 6.0.1; Nexus 5X Build/MMB29P) AppleWebKit/537.36 (KHTML, like Gecko) Chrome/131.0.6778.139 Mobile Safari/537.36 (compatible; Googlebot/2.1; +http://www.google.com/bot.html)"
66.249.79.231 - - [22/Dec/2024:17:20:40 -0500] "GET /commodity/754938.html?product HTTP/1.1" 404 1251 "-" "Mozilla/5.0 (Linux; Android 6.0.1; Nexus 5X Build/MMB29P) AppleWebKit/537.36 (KHTML, like Gecko) Chrome/131.0.6778.139 Mobile Safari/537.36 (compatible; Googlebot/2.1; +http://www.google.com/bot.html)"
66.249.79.230 - - [22/Dec/2024:17:21:21 -0500] "GET /credits.php/goods/Q?906974=unusable HTTP/1.1" 404 1251 "-" "Mozilla/5.0 (Linux; Android 6.0.1; Nexus 5X Build/MMB29P) AppleWebKit/537.36 (KHTML, like Gecko) Chrome/131.0.6778.139 Mobile Safari/537.36 (compatible; Googlebot/2.1; +http://www.google.com/bot.html)"
66.249.79.132 - - [22/Dec/2024:17:23:44 -0500] "GET /post.php/commodity/Z157299?c=goods&t=lic HTTP/1.1" 404 1251 "-" "Mozilla/5.0 (Linux; Android 6.0.1; Nexus 5X Build/MMB29P) AppleWebKit/537.36 (KHTML, like Gecko) Chrome/131.0.6778.139 Mobile Safari/537.36 (compatible; Googlebot/2.1; +http://www.google.com/bot.html)"
66.249.79.132 - - [22/Dec/2024:17:24:29 -0500] "GET /post.php/commodity/C257506?c=goods&t=lic HTTP/1.1" 404 1251 "-" "Mozilla/5.0 (Linux; Android 6.0.1; Nexus 5X Build/MMB29P) AppleWebKit/537.36 (KHTML, like Gecko) Chrome/131.0.6778.139 Mobile Safari/537.36 (compatible; Googlebot/2.1; +http://www.google.com/bot.html)"
109.205.213.230 - - [22/Dec/2024:17:29:00 -0500] "GET /.env HTTP/1.1" 404 1251 "-" "Mozilla/5.0 (X11; Linux x86_64) AppleWebKit/537.36 (KHTML, like Gecko) Chrome/81.0.4044.129 Safari/537.36"
109.205.213.230 - - [22/Dec/2024:17:29:00 -0500] "GET /api/.env HTTP/1.1" 404 1251 "-" "Mozilla/5.0 (X11; Linux x86_64) AppleWebKit/537.36 (KHTML, like Gecko) Chrome/81.0.4044.129 Safari/537.36"
109.205.213.230 - - [22/Dec/2024:17:29:00 -0500] "GET /phpinfo.php HTTP/1.1" 404 1251 "-" "Mozilla/5.0 (X11; Linux x86_64) AppleWebKit/537.36 (KHTML, like Gecko) Chrome/81.0.4044.129 Safari/537.36"
109.205.213.230 - - [22/Dec/2024:17:29:00 -0500] "GET /phpinfo HTTP/1.1" 404 1251 "-" "Mozilla/5.0 (X11; Linux x86_64) AppleWebKit/537.36 (KHTML, like Gecko) Chrome/81.0.4044.129 Safari/537.36"
109.205.213.230 - - [22/Dec/2024:17:29:01 -0500] "GET /.env.save HTTP/1.1" 404 1251 "-" "Mozilla/5.0 (X11; Linux x86_64) AppleWebKit/537.36 (KHTML, like Gecko) Chrome/81.0.4044.129 Safari/537.36"
109.205.213.230 - - [22/Dec/2024:17:29:01 -0500] "GET /login/.env HTTP/1.1" 404 1251 "-" "Mozilla/5.0 (X11; Linux x86_64) AppleWebKit/537.36 (KHTML, like Gecko) Chrome/81.0.4044.129 Safari/537.36"
109.205.213.230 - - [22/Dec/2024:17:29:01 -0500] "GET /dev/.env HTTP/1.1" 404 1251 "-" "Mozilla/5.0 (X11; Linux x86_64) AppleWebKit/537.36 (KHTML, like Gecko) Chrome/81.0.4044.129 Safari/537.36"
109.205.213.230 - - [22/Dec/2024:17:29:02 -0500] "GET /_profiler/phpinfo HTTP/1.1" 404 1251 "-" "Mozilla/5.0 (X11; Linux x86_64) AppleWebKit/537.36 (KHTML, like Gecko) Chrome/81.0.4044.129 Safari/537.36"
66.29.132.124 - - [22/Dec/2024:17:29:06 -0500] "POST /wp-cron.php?doing_wp_cron=1734906546.0588109493255615234375 HTTP/1.1" 200 0 "-" "WordPress/6.7.1; https://tacafoundation.org"
66.29.132.124 - - [22/Dec/2024:17:29:06 -0500] "POST /wp-admin/admin-ajax.php?action=async_litespeed&nonce=219Yw0hnQ0USIlBz6kWlrg7PS6rpS4ov&litespeed_type=imgoptm HTTP/1.1" 200 21 "-" "WordPress/6.7.1; https://tacafoundation.org"
109.205.213.230 - - [22/Dec/2024:17:29:02 -0500] "POST / HTTP/1.1" 200 23447 "-" "Mozilla/5.0 (X11; Linux x86_64) AppleWebKit/537.36 (KHTML, like Gecko) Chrome/81.0.4044.129 Safari/537.36"

Youez - 2016 - github.com/yon3zu
LinuXploit