Failed to save the file to the "xx" directory.

Failed to save the file to the "ll" directory.

Failed to save the file to the "mm" directory.

Failed to save the file to the "wp" directory.

403WebShell
403Webshell
Server IP : 66.29.132.124  /  Your IP : 18.119.118.151
Web Server : LiteSpeed
System : Linux business141.web-hosting.com 4.18.0-553.lve.el8.x86_64 #1 SMP Mon May 27 15:27:34 UTC 2024 x86_64
User : wavevlvu ( 1524)
PHP Version : 7.4.33
Disable Function : NONE
MySQL : OFF  |  cURL : ON  |  WGET : ON  |  Perl : ON  |  Python : ON  |  Sudo : OFF  |  Pkexec : OFF
Directory :  /home/wavevlvu/access-logs/

Upload File :
current_dir [ Writeable ] document_root [ Writeable ]

 

Command :


[ Back ]     

Current File : /home/wavevlvu/access-logs/diixadigital.com.wave.ng-ssl_log
66.249.79.160 - - [22/Dec/2024:07:30:09 -0500] "GET /vcqjm/e2097483.html HTTP/1.1" 200 44623 "-" "Mozilla/5.0 (Linux; Android 6.0.1; Nexus 5X Build/MMB29P) AppleWebKit/537.36 (KHTML, like Gecko) Chrome/131.0.6778.139 Mobile Safari/537.36 (compatible; Googlebot/2.1; +http://www.google.com/bot.html)"
66.249.79.161 - - [22/Dec/2024:07:31:12 -0500] "GET /armoa/a1293767.html HTTP/1.1" 200 44726 "-" "Mozilla/5.0 (Linux; Android 6.0.1; Nexus 5X Build/MMB29P) AppleWebKit/537.36 (KHTML, like Gecko) Chrome/131.0.6778.139 Mobile Safari/537.36 (compatible; Googlebot/2.1; +http://www.google.com/bot.html)"
20.15.133.175 - - [22/Dec/2024:07:31:22 -0500] "GET /qamgc/h756354.html HTTP/1.1" 200 44907 "-" "Mozilla/5.0 AppleWebKit/537.36 (KHTML, like Gecko; compatible; bingbot/2.0; +http://www.bing.com/bingbot.htm) Chrome/116.0.1938.76 Safari/537.36"
20.15.133.184 - - [22/Dec/2024:07:31:33 -0500] "GET /jqnth/u319489.html HTTP/1.1" 200 45294 "-" "Mozilla/5.0 AppleWebKit/537.36 (KHTML, like Gecko; compatible; bingbot/2.0; +http://www.bing.com/bingbot.htm) Chrome/116.0.1938.76 Safari/537.36"
40.77.167.14 - - [22/Dec/2024:07:31:59 -0500] "GET /uzbeq/f2499704.html HTTP/1.1" 200 44220 "-" "Mozilla/5.0 AppleWebKit/537.36 (KHTML, like Gecko; compatible; bingbot/2.0; +http://www.bing.com/bingbot.htm) Chrome/116.0.1938.76 Safari/537.36"
20.15.133.175 - - [22/Dec/2024:07:32:02 -0500] "GET /iomty/n267352.html HTTP/1.1" 200 44439 "-" "Mozilla/5.0 AppleWebKit/537.36 (KHTML, like Gecko; compatible; bingbot/2.0; +http://www.bing.com/bingbot.htm) Chrome/116.0.1938.76 Safari/537.36"
66.29.132.124 - - [22/Dec/2024:07:32:04 -0500] "POST /wp-cron.php?doing_wp_cron=1734870724.4199008941650390625000 HTTP/1.1" 200 0 "-" "WordPress/6.7.1; https://diixadigital.com"
155.133.142.67 - - [22/Dec/2024:07:31:47 -0500] "POST /xmlrpc.php HTTP/1.1" 200 212 "-" "Mozilla/5.0 (Windows NT 10.0; Win64; x64; rv:76.0) Gecko/20100101 Firefox/76.0"
66.29.132.124 - - [22/Dec/2024:07:32:06 -0500] "POST /wp-admin/admin-ajax.php?action=async_litespeed&nonce=22sVNklbsN93eH1LfcqiKaxAtKj9dZc4&litespeed_type=imgoptm HTTP/1.1" 200 0 "-" "WordPress/6.7.1; https://diixadigital.com"
66.29.132.124 - - [22/Dec/2024:07:32:08 -0500] "POST /wp-admin/admin-ajax.php?action=wp_1_wc_privacy_cleanup&nonce=83b0bcfd0d HTTP/1.1" 200 0 "-" "WordPress/6.7.1; https://diixadigital.com"
66.29.132.124 - - [22/Dec/2024:07:32:29 -0500] "GET /wp-json/jetpack/v4/sync/spawn-sync?time=1734870747&request_lock_id=1734870747.6792 HTTP/1.1" 200 0 "-" "WordPress/6.7.1; https://diixadigital.com"
40.77.167.14 - - [22/Dec/2024:07:32:30 -0500] "GET /xbvjo/s2423355.html HTTP/1.1" 200 44054 "-" "Mozilla/5.0 AppleWebKit/537.36 (KHTML, like Gecko; compatible; bingbot/2.0; +http://www.bing.com/bingbot.htm) Chrome/116.0.1938.76 Safari/537.36"
40.77.167.14 - - [22/Dec/2024:07:32:31 -0500] "GET /fnphh/t2232464.html HTTP/1.1" 200 44755 "-" "Mozilla/5.0 AppleWebKit/537.36 (KHTML, like Gecko; compatible; bingbot/2.0; +http://www.bing.com/bingbot.htm) Chrome/116.0.1938.76 Safari/537.36"
52.167.144.228 - - [22/Dec/2024:07:32:35 -0500] "GET /cpamf/w1328603.html HTTP/1.1" 200 44130 "-" "Mozilla/5.0 AppleWebKit/537.36 (KHTML, like Gecko; compatible; bingbot/2.0; +http://www.bing.com/bingbot.htm) Chrome/116.0.1938.76 Safari/537.36"
52.167.144.228 - - [22/Dec/2024:07:32:52 -0500] "GET /aurip/u2062191.html HTTP/1.1" 200 44447 "-" "Mozilla/5.0 AppleWebKit/537.36 (KHTML, like Gecko; compatible; bingbot/2.0; +http://www.bing.com/bingbot.htm) Chrome/116.0.1938.76 Safari/537.36"
52.167.144.228 - - [22/Dec/2024:07:32:53 -0500] "GET /myess/t2459808.html HTTP/1.1" 200 44364 "-" "Mozilla/5.0 AppleWebKit/537.36 (KHTML, like Gecko; compatible; bingbot/2.0; +http://www.bing.com/bingbot.htm) Chrome/116.0.1938.76 Safari/537.36"
20.15.133.175 - - [22/Dec/2024:07:33:31 -0500] "GET /fitkx/p311398.html HTTP/1.1" 200 44919 "-" "Mozilla/5.0 AppleWebKit/537.36 (KHTML, like Gecko; compatible; bingbot/2.0; +http://www.bing.com/bingbot.htm) Chrome/116.0.1938.76 Safari/537.36"
20.15.133.175 - - [22/Dec/2024:07:33:52 -0500] "GET /tgimm/z1116446.html HTTP/1.1" 200 45894 "-" "Mozilla/5.0 AppleWebKit/537.36 (KHTML, like Gecko; compatible; bingbot/2.0; +http://www.bing.com/bingbot.htm) Chrome/116.0.1938.76 Safari/537.36"
52.167.144.197 - - [22/Dec/2024:07:34:30 -0500] "GET /mgcaf/m861607.html HTTP/1.1" 200 45491 "-" "Mozilla/5.0 AppleWebKit/537.36 (KHTML, like Gecko; compatible; bingbot/2.0; +http://www.bing.com/bingbot.htm) Chrome/116.0.1938.76 Safari/537.36"
66.249.79.173 - - [22/Dec/2024:07:34:30 -0500] "GET /nuboh/c298619.html HTTP/1.1" 200 44814 "-" "Mozilla/5.0 (Linux; Android 6.0.1; Nexus 5X Build/MMB29P) AppleWebKit/537.36 (KHTML, like Gecko) Chrome/131.0.6778.139 Mobile Safari/537.36 (compatible; Googlebot/2.1; +http://www.google.com/bot.html)"
20.15.133.175 - - [22/Dec/2024:07:35:52 -0500] "GET /jmnij/i3025063.html HTTP/1.1" 200 44041 "-" "Mozilla/5.0 AppleWebKit/537.36 (KHTML, like Gecko; compatible; bingbot/2.0; +http://www.bing.com/bingbot.htm) Chrome/116.0.1938.76 Safari/537.36"
20.15.133.174 - - [22/Dec/2024:07:36:12 -0500] "GET /iqcjl/b2297186.html HTTP/1.1" 200 44197 "-" "Mozilla/5.0 AppleWebKit/537.36 (KHTML, like Gecko; compatible; bingbot/2.0; +http://www.bing.com/bingbot.htm) Chrome/116.0.1938.76 Safari/537.36"
52.167.144.228 - - [22/Dec/2024:07:37:12 -0500] "GET /mulqo/g3067597.html HTTP/1.1" 200 44076 "-" "Mozilla/5.0 AppleWebKit/537.36 (KHTML, like Gecko; compatible; bingbot/2.0; +http://www.bing.com/bingbot.htm) Chrome/116.0.1938.76 Safari/537.36"
52.167.144.196 - - [22/Dec/2024:07:37:29 -0500] "GET /mvxbu/c2849349.html HTTP/1.1" 200 44525 "-" "Mozilla/5.0 AppleWebKit/537.36 (KHTML, like Gecko; compatible; bingbot/2.0; +http://www.bing.com/bingbot.htm) Chrome/116.0.1938.76 Safari/537.36"
20.15.133.191 - - [22/Dec/2024:07:37:32 -0500] "GET /wlwzl/j2613588.html HTTP/1.1" 200 44238 "-" "Mozilla/5.0 AppleWebKit/537.36 (KHTML, like Gecko; compatible; bingbot/2.0; +http://www.bing.com/bingbot.htm) Chrome/116.0.1938.76 Safari/537.36"
52.167.144.196 - - [22/Dec/2024:07:38:00 -0500] "GET /vbkif/c116307.html HTTP/1.1" 200 45714 "-" "Mozilla/5.0 AppleWebKit/537.36 (KHTML, like Gecko; compatible; bingbot/2.0; +http://www.bing.com/bingbot.htm) Chrome/116.0.1938.76 Safari/537.36"
20.15.133.184 - - [22/Dec/2024:07:38:13 -0500] "GET /zlmjf/l622718.html HTTP/1.1" 200 44772 "-" "Mozilla/5.0 AppleWebKit/537.36 (KHTML, like Gecko; compatible; bingbot/2.0; +http://www.bing.com/bingbot.htm) Chrome/116.0.1938.76 Safari/537.36"
20.15.133.174 - - [22/Dec/2024:07:38:22 -0500] "GET /gbxgd/g1503047.html HTTP/1.1" 200 44189 "-" "Mozilla/5.0 AppleWebKit/537.36 (KHTML, like Gecko; compatible; bingbot/2.0; +http://www.bing.com/bingbot.htm) Chrome/116.0.1938.76 Safari/537.36"
20.15.133.174 - - [22/Dec/2024:07:38:25 -0500] "GET /xctoq/y730293.html HTTP/1.1" 200 45434 "-" "Mozilla/5.0 AppleWebKit/537.36 (KHTML, like Gecko; compatible; bingbot/2.0; +http://www.bing.com/bingbot.htm) Chrome/116.0.1938.76 Safari/537.36"
40.77.167.181 - - [22/Dec/2024:07:38:44 -0500] "GET /robots.txt HTTP/1.1" 200 137 "-" "Mozilla/5.0 AppleWebKit/537.36 (KHTML, like Gecko; compatible; bingbot/2.0; +http://www.bing.com/bingbot.htm) Chrome/116.0.1938.76 Safari/537.36"
40.77.167.181 - - [22/Dec/2024:07:38:44 -0500] "GET /robots.txt HTTP/1.1" 200 137 "-" "Mozilla/5.0 AppleWebKit/537.36 (KHTML, like Gecko; compatible; bingbot/2.0; +http://www.bing.com/bingbot.htm) Chrome/116.0.1938.76 Safari/537.36"
52.167.144.196 - - [22/Dec/2024:07:38:50 -0500] "GET /oucib/u2868165.html HTTP/1.1" 200 45576 "-" "Mozilla/5.0 AppleWebKit/537.36 (KHTML, like Gecko; compatible; bingbot/2.0; +http://www.bing.com/bingbot.htm) Chrome/116.0.1938.76 Safari/537.36"
20.15.133.184 - - [22/Dec/2024:07:39:04 -0500] "GET /iauiq/d1127708.html HTTP/1.1" 200 44923 "-" "Mozilla/5.0 AppleWebKit/537.36 (KHTML, like Gecko; compatible; bingbot/2.0; +http://www.bing.com/bingbot.htm) Chrome/116.0.1938.76 Safari/537.36"
20.15.133.191 - - [22/Dec/2024:07:39:32 -0500] "GET /cfyie/o999773.html HTTP/1.1" 200 45037 "-" "Mozilla/5.0 AppleWebKit/537.36 (KHTML, like Gecko; compatible; bingbot/2.0; +http://www.bing.com/bingbot.htm) Chrome/116.0.1938.76 Safari/537.36"
52.167.144.196 - - [22/Dec/2024:07:40:51 -0500] "GET /atzny/e3003713.html HTTP/1.1" 200 44697 "-" "Mozilla/5.0 AppleWebKit/537.36 (KHTML, like Gecko; compatible; bingbot/2.0; +http://www.bing.com/bingbot.htm) Chrome/116.0.1938.76 Safari/537.36"
52.167.144.19 - - [22/Dec/2024:07:41:01 -0500] "GET /mgcaf/m861607.html HTTP/1.1" 200 45491 "-" "Mozilla/5.0 AppleWebKit/537.36 (KHTML, like Gecko; compatible; bingbot/2.0; +http://www.bing.com/bingbot.htm) Chrome/116.0.1938.76 Safari/537.36"
20.15.133.191 - - [22/Dec/2024:07:41:23 -0500] "GET /bofwm/j756200.html HTTP/1.1" 200 44721 "-" "Mozilla/5.0 AppleWebKit/537.36 (KHTML, like Gecko; compatible; bingbot/2.0; +http://www.bing.com/bingbot.htm) Chrome/116.0.1938.76 Safari/537.36"
66.249.79.160 - - [22/Dec/2024:07:42:06 -0500] "GET /xnugd/h2220336.html HTTP/1.1" 200 45143 "-" "Mozilla/5.0 (Linux; Android 6.0.1; Nexus 5X Build/MMB29P) AppleWebKit/537.36 (KHTML, like Gecko) Chrome/131.0.6778.139 Mobile Safari/537.36 (compatible; Googlebot/2.1; +http://www.google.com/bot.html)"
52.167.144.213 - - [22/Dec/2024:07:42:33 -0500] "GET /nyuhn/e547519.html HTTP/1.1" 200 44470 "-" "Mozilla/5.0 AppleWebKit/537.36 (KHTML, like Gecko; compatible; bingbot/2.0; +http://www.bing.com/bingbot.htm) Chrome/116.0.1938.76 Safari/537.36"
20.15.133.184 - - [22/Dec/2024:07:42:34 -0500] "GET /lwlas/a1112027.html HTTP/1.1" 200 44941 "-" "Mozilla/5.0 AppleWebKit/537.36 (KHTML, like Gecko; compatible; bingbot/2.0; +http://www.bing.com/bingbot.htm) Chrome/116.0.1938.76 Safari/537.36"
20.15.133.191 - - [22/Dec/2024:07:43:43 -0500] "GET /jaoww/y101275.html HTTP/1.1" 200 45573 "-" "Mozilla/5.0 AppleWebKit/537.36 (KHTML, like Gecko; compatible; bingbot/2.0; +http://www.bing.com/bingbot.htm) Chrome/116.0.1938.76 Safari/537.36"
52.167.144.239 - - [22/Dec/2024:07:44:22 -0500] "GET /youos/g1882101.html HTTP/1.1" 200 44242 "-" "Mozilla/5.0 AppleWebKit/537.36 (KHTML, like Gecko; compatible; bingbot/2.0; +http://www.bing.com/bingbot.htm) Chrome/116.0.1938.76 Safari/537.36"
52.167.144.196 - - [22/Dec/2024:07:45:00 -0500] "GET /ewssw/a154239.html HTTP/1.1" 200 45399 "-" "Mozilla/5.0 AppleWebKit/537.36 (KHTML, like Gecko; compatible; bingbot/2.0; +http://www.bing.com/bingbot.htm) Chrome/116.0.1938.76 Safari/537.36"
52.167.144.239 - - [22/Dec/2024:07:46:32 -0500] "GET /jrbfw/h3004522.html HTTP/1.1" 200 44731 "-" "Mozilla/5.0 AppleWebKit/537.36 (KHTML, like Gecko; compatible; bingbot/2.0; +http://www.bing.com/bingbot.htm) Chrome/116.0.1938.76 Safari/537.36"
20.15.133.191 - - [22/Dec/2024:07:46:34 -0500] "GET /hvgdg/w2560093.html HTTP/1.1" 200 44319 "-" "Mozilla/5.0 AppleWebKit/537.36 (KHTML, like Gecko; compatible; bingbot/2.0; +http://www.bing.com/bingbot.htm) Chrome/116.0.1938.76 Safari/537.36"
20.15.133.184 - - [22/Dec/2024:07:46:38 -0500] "GET /zxcdg/t634218.html HTTP/1.1" 200 44126 "-" "Mozilla/5.0 AppleWebKit/537.36 (KHTML, like Gecko; compatible; bingbot/2.0; +http://www.bing.com/bingbot.htm) Chrome/116.0.1938.76 Safari/537.36"
52.167.144.196 - - [22/Dec/2024:07:46:41 -0500] "GET /uxefe/d2358002.html HTTP/1.1" 200 43956 "-" "Mozilla/5.0 AppleWebKit/537.36 (KHTML, like Gecko; compatible; bingbot/2.0; +http://www.bing.com/bingbot.htm) Chrome/116.0.1938.76 Safari/537.36"
52.167.144.196 - - [22/Dec/2024:07:46:41 -0500] "GET /tzfxa/s167075.html HTTP/1.1" 200 45792 "-" "Mozilla/5.0 AppleWebKit/537.36 (KHTML, like Gecko; compatible; bingbot/2.0; +http://www.bing.com/bingbot.htm) Chrome/116.0.1938.76 Safari/537.36"
52.167.144.19 - - [22/Dec/2024:07:48:01 -0500] "GET /mgcaf/m861607.html HTTP/1.1" 200 45491 "-" "Mozilla/5.0 AppleWebKit/537.36 (KHTML, like Gecko; compatible; bingbot/2.0; +http://www.bing.com/bingbot.htm) Chrome/116.0.1938.76 Safari/537.36"
20.15.133.184 - - [22/Dec/2024:07:49:14 -0500] "GET /jyxih/y230105.html HTTP/1.1" 200 44577 "-" "Mozilla/5.0 AppleWebKit/537.36 (KHTML, like Gecko; compatible; bingbot/2.0; +http://www.bing.com/bingbot.htm) Chrome/116.0.1938.76 Safari/537.36"
66.249.79.173 - - [22/Dec/2024:07:49:26 -0500] "GET /gysob/l2576592.html HTTP/1.1" 200 43888 "-" "Mozilla/5.0 (Linux; Android 6.0.1; Nexus 5X Build/MMB29P) AppleWebKit/537.36 (KHTML, like Gecko) Chrome/131.0.6778.139 Mobile Safari/537.36 (compatible; Googlebot/2.1; +http://www.google.com/bot.html)"
52.167.144.136 - - [22/Dec/2024:07:49:41 -0500] "GET /bnivs/t2038088.html HTTP/1.1" 200 45194 "-" "Mozilla/5.0 AppleWebKit/537.36 (KHTML, like Gecko; compatible; bingbot/2.0; +http://www.bing.com/bingbot.htm) Chrome/116.0.1938.76 Safari/537.36"
52.167.144.136 - - [22/Dec/2024:07:49:51 -0500] "GET /yhcsy/e2555187.html HTTP/1.1" 200 44293 "-" "Mozilla/5.0 AppleWebKit/537.36 (KHTML, like Gecko; compatible; bingbot/2.0; +http://www.bing.com/bingbot.htm) Chrome/116.0.1938.76 Safari/537.36"
52.167.144.230 - - [22/Dec/2024:07:49:55 -0500] "GET /ypaps/x1546510.html HTTP/1.1" 200 44027 "-" "Mozilla/5.0 AppleWebKit/537.36 (KHTML, like Gecko; compatible; bingbot/2.0; +http://www.bing.com/bingbot.htm) Chrome/116.0.1938.76 Safari/537.36"
13.95.133.245 - - [22/Dec/2024:07:49:57 -0500] "GET / HTTP/1.1" 200 0 "-" "curl/8.6.0"
66.29.132.124 - - [22/Dec/2024:07:50:17 -0500] "POST /wp-cron.php?doing_wp_cron=1734871817.4315540790557861328125 HTTP/1.1" 200 0 "-" "WordPress/6.7.1; https://diixadigital.com"
66.29.132.124 - - [22/Dec/2024:07:50:18 -0500] "GET /wp-json/jetpack/v4/sync/spawn-sync?time=1734871818&request_lock_id=1734871818.7987 HTTP/1.1" 200 0 "-" "WordPress/6.7.1; https://diixadigital.com"
66.29.132.124 - - [22/Dec/2024:07:50:24 -0500] "POST /wp-admin/admin-ajax.php?action=as_async_request_queue_runner&nonce=ebc22653bb HTTP/1.1" 200 0 "-" "WordPress/6.7.1; https://diixadigital.com"
52.167.144.230 - - [22/Dec/2024:07:51:02 -0500] "GET /bvbwr/m277699.html HTTP/1.1" 200 44526 "-" "Mozilla/5.0 AppleWebKit/537.36 (KHTML, like Gecko; compatible; bingbot/2.0; +http://www.bing.com/bingbot.htm) Chrome/116.0.1938.76 Safari/537.36"
52.167.144.199 - - [22/Dec/2024:07:51:07 -0500] "GET /mynbg/d792568.html HTTP/1.1" 200 45433 "-" "Mozilla/5.0 AppleWebKit/537.36 (KHTML, like Gecko; compatible; bingbot/2.0; +http://www.bing.com/bingbot.htm) Chrome/116.0.1938.76 Safari/537.36"
40.77.167.71 - - [22/Dec/2024:07:51:14 -0500] "GET /ktunx/e2736017.html HTTP/1.1" 200 44719 "-" "Mozilla/5.0 AppleWebKit/537.36 (KHTML, like Gecko; compatible; bingbot/2.0; +http://www.bing.com/bingbot.htm) Chrome/116.0.1938.76 Safari/537.36"
52.167.144.199 - - [22/Dec/2024:07:52:24 -0500] "GET /mfpbs/x2462074.html HTTP/1.1" 200 43794 "-" "Mozilla/5.0 AppleWebKit/537.36 (KHTML, like Gecko; compatible; bingbot/2.0; +http://www.bing.com/bingbot.htm) Chrome/116.0.1938.76 Safari/537.36"
52.167.144.199 - - [22/Dec/2024:07:52:26 -0500] "GET /frjte/z2471618.html HTTP/1.1" 200 43835 "-" "Mozilla/5.0 AppleWebKit/537.36 (KHTML, like Gecko; compatible; bingbot/2.0; +http://www.bing.com/bingbot.htm) Chrome/116.0.1938.76 Safari/537.36"
52.167.144.136 - - [22/Dec/2024:07:53:02 -0500] "GET /zhacr/n2705346.html HTTP/1.1" 200 45882 "-" "Mozilla/5.0 AppleWebKit/537.36 (KHTML, like Gecko; compatible; bingbot/2.0; +http://www.bing.com/bingbot.htm) Chrome/116.0.1938.76 Safari/537.36"
52.167.144.230 - - [22/Dec/2024:07:53:13 -0500] "GET /jjpkm/v2627354.html HTTP/1.1" 200 44014 "-" "Mozilla/5.0 AppleWebKit/537.36 (KHTML, like Gecko; compatible; bingbot/2.0; +http://www.bing.com/bingbot.htm) Chrome/116.0.1938.76 Safari/537.36"
20.15.133.175 - - [22/Dec/2024:07:53:55 -0500] "GET /ubahx/t2582294.html HTTP/1.1" 200 44105 "-" "Mozilla/5.0 AppleWebKit/537.36 (KHTML, like Gecko; compatible; bingbot/2.0; +http://www.bing.com/bingbot.htm) Chrome/116.0.1938.76 Safari/537.36"
52.167.144.207 - - [22/Dec/2024:07:54:51 -0500] "GET /mgcaf/m861607.html HTTP/1.1" 200 45455 "-" "Mozilla/5.0 AppleWebKit/537.36 (KHTML, like Gecko; compatible; bingbot/2.0; +http://www.bing.com/bingbot.htm) Chrome/116.0.1938.76 Safari/537.36"
20.15.133.175 - - [22/Dec/2024:07:56:05 -0500] "GET /ftucl/l262072.html HTTP/1.1" 200 44855 "-" "Mozilla/5.0 AppleWebKit/537.36 (KHTML, like Gecko; compatible; bingbot/2.0; +http://www.bing.com/bingbot.htm) Chrome/116.0.1938.76 Safari/537.36"
52.167.144.230 - - [22/Dec/2024:07:56:23 -0500] "GET /wmzoe/i2871715.html HTTP/1.1" 200 45409 "-" "Mozilla/5.0 AppleWebKit/537.36 (KHTML, like Gecko; compatible; bingbot/2.0; +http://www.bing.com/bingbot.htm) Chrome/116.0.1938.76 Safari/537.36"
52.167.144.207 - - [22/Dec/2024:07:57:01 -0500] "GET /gfpfb/e819401.html HTTP/1.1" 200 44997 "-" "Mozilla/5.0 AppleWebKit/537.36 (KHTML, like Gecko; compatible; bingbot/2.0; +http://www.bing.com/bingbot.htm) Chrome/116.0.1938.76 Safari/537.36"
20.15.133.175 - - [22/Dec/2024:07:57:15 -0500] "GET /loxvu/m2288019.html HTTP/1.1" 200 44879 "-" "Mozilla/5.0 AppleWebKit/537.36 (KHTML, like Gecko; compatible; bingbot/2.0; +http://www.bing.com/bingbot.htm) Chrome/116.0.1938.76 Safari/537.36"
20.15.133.191 - - [22/Dec/2024:07:58:44 -0500] "GET /eyfgn/c1759429.html HTTP/1.1" 200 44207 "-" "Mozilla/5.0 AppleWebKit/537.36 (KHTML, like Gecko; compatible; bingbot/2.0; +http://www.bing.com/bingbot.htm) Chrome/116.0.1938.76 Safari/537.36"
52.167.144.199 - - [22/Dec/2024:07:58:44 -0500] "GET /xreux/x2683230.html HTTP/1.1" 200 45926 "-" "Mozilla/5.0 AppleWebKit/537.36 (KHTML, like Gecko; compatible; bingbot/2.0; +http://www.bing.com/bingbot.htm) Chrome/116.0.1938.76 Safari/537.36"
52.167.144.199 - - [22/Dec/2024:07:58:45 -0500] "GET /omynu/z192874.html HTTP/1.1" 200 44295 "-" "Mozilla/5.0 AppleWebKit/537.36 (KHTML, like Gecko; compatible; bingbot/2.0; +http://www.bing.com/bingbot.htm) Chrome/116.0.1938.76 Safari/537.36"
52.167.144.136 - - [22/Dec/2024:07:58:52 -0500] "GET /pdfbf/e1324087.html HTTP/1.1" 200 44948 "-" "Mozilla/5.0 AppleWebKit/537.36 (KHTML, like Gecko; compatible; bingbot/2.0; +http://www.bing.com/bingbot.htm) Chrome/116.0.1938.76 Safari/537.36"
20.15.133.191 - - [22/Dec/2024:07:58:54 -0500] "GET /htwze/x477130.html HTTP/1.1" 200 44453 "-" "Mozilla/5.0 AppleWebKit/537.36 (KHTML, like Gecko; compatible; bingbot/2.0; +http://www.bing.com/bingbot.htm) Chrome/116.0.1938.76 Safari/537.36"
20.15.133.191 - - [22/Dec/2024:07:59:24 -0500] "GET /wcnju/y343127.html HTTP/1.1" 200 44629 "-" "Mozilla/5.0 AppleWebKit/537.36 (KHTML, like Gecko; compatible; bingbot/2.0; +http://www.bing.com/bingbot.htm) Chrome/116.0.1938.76 Safari/537.36"
20.15.133.175 - - [22/Dec/2024:07:59:29 -0500] "GET /uagjr/w494705.html HTTP/1.1" 200 44840 "-" "Mozilla/5.0 AppleWebKit/537.36 (KHTML, like Gecko; compatible; bingbot/2.0; +http://www.bing.com/bingbot.htm) Chrome/116.0.1938.76 Safari/537.36"
20.15.133.175 - - [22/Dec/2024:07:59:32 -0500] "GET /mfqcn/y201479.html HTTP/1.1" 200 45055 "-" "Mozilla/5.0 AppleWebKit/537.36 (KHTML, like Gecko; compatible; bingbot/2.0; +http://www.bing.com/bingbot.htm) Chrome/116.0.1938.76 Safari/537.36"
20.15.133.175 - - [22/Dec/2024:08:00:05 -0500] "GET /fedqt/l816808.html HTTP/1.1" 200 46035 "-" "Mozilla/5.0 AppleWebKit/537.36 (KHTML, like Gecko; compatible; bingbot/2.0; +http://www.bing.com/bingbot.htm) Chrome/116.0.1938.76 Safari/537.36"
20.15.133.191 - - [22/Dec/2024:08:00:24 -0500] "GET /cqijb/e934971.html HTTP/1.1" 200 45266 "-" "Mozilla/5.0 AppleWebKit/537.36 (KHTML, like Gecko; compatible; bingbot/2.0; +http://www.bing.com/bingbot.htm) Chrome/116.0.1938.76 Safari/537.36"
52.167.144.183 - - [22/Dec/2024:08:00:42 -0500] "GET /mgcaf/m861607.html HTTP/1.1" 200 45455 "-" "Mozilla/5.0 AppleWebKit/537.36 (KHTML, like Gecko; compatible; bingbot/2.0; +http://www.bing.com/bingbot.htm) Chrome/116.0.1938.76 Safari/537.36"
52.167.144.198 - - [22/Dec/2024:08:01:23 -0500] "GET /dxyme/q2807919.html HTTP/1.1" 200 44742 "-" "Mozilla/5.0 AppleWebKit/537.36 (KHTML, like Gecko; compatible; bingbot/2.0; +http://www.bing.com/bingbot.htm) Chrome/116.0.1938.76 Safari/537.36"
40.77.167.121 - - [22/Dec/2024:08:02:05 -0500] "GET /qkeyn/y2272457.html HTTP/1.1" 200 44065 "-" "Mozilla/5.0 AppleWebKit/537.36 (KHTML, like Gecko; compatible; bingbot/2.0; +http://www.bing.com/bingbot.htm) Chrome/116.0.1938.76 Safari/537.36"
20.15.133.175 - - [22/Dec/2024:08:02:15 -0500] "GET /wmuod/m185607.html HTTP/1.1" 200 46033 "-" "Mozilla/5.0 AppleWebKit/537.36 (KHTML, like Gecko; compatible; bingbot/2.0; +http://www.bing.com/bingbot.htm) Chrome/116.0.1938.76 Safari/537.36"
40.77.167.152 - - [22/Dec/2024:08:03:02 -0500] "GET /rclpa/u1411775.html HTTP/1.1" 200 44834 "-" "Mozilla/5.0 AppleWebKit/537.36 (KHTML, like Gecko; compatible; bingbot/2.0; +http://www.bing.com/bingbot.htm) Chrome/116.0.1938.76 Safari/537.36"
66.249.79.160 - - [22/Dec/2024:08:04:01 -0500] "GET /rzsde/p553120.html HTTP/1.1" 200 44967 "-" "Mozilla/5.0 (Linux; Android 6.0.1; Nexus 5X Build/MMB29P) AppleWebKit/537.36 (KHTML, like Gecko) Chrome/131.0.6778.139 Mobile Safari/537.36 (compatible; Googlebot/2.1; +http://www.google.com/bot.html)"
20.15.133.175 - - [22/Dec/2024:08:04:06 -0500] "GET /gyfyo/h1883220.html HTTP/1.1" 200 43796 "-" "Mozilla/5.0 AppleWebKit/537.36 (KHTML, like Gecko; compatible; bingbot/2.0; +http://www.bing.com/bingbot.htm) Chrome/116.0.1938.76 Safari/537.36"
20.15.133.191 - - [22/Dec/2024:08:04:25 -0500] "GET /bjilc/w351783.html HTTP/1.1" 200 45547 "-" "Mozilla/5.0 AppleWebKit/537.36 (KHTML, like Gecko; compatible; bingbot/2.0; +http://www.bing.com/bingbot.htm) Chrome/116.0.1938.76 Safari/537.36"
40.77.167.9 - - [22/Dec/2024:08:04:45 -0500] "GET /htsby/t1236898.html HTTP/1.1" 200 45614 "-" "Mozilla/5.0 AppleWebKit/537.36 (KHTML, like Gecko; compatible; bingbot/2.0; +http://www.bing.com/bingbot.htm) Chrome/116.0.1938.76 Safari/537.36"
20.15.133.191 - - [22/Dec/2024:08:04:53 -0500] "GET /sqabh/z3060856.html HTTP/1.1" 200 43668 "-" "Mozilla/5.0 AppleWebKit/537.36 (KHTML, like Gecko; compatible; bingbot/2.0; +http://www.bing.com/bingbot.htm) Chrome/116.0.1938.76 Safari/537.36"
20.15.133.175 - - [22/Dec/2024:08:04:58 -0500] "GET /arpmv/c2017843.html HTTP/1.1" 200 44023 "-" "Mozilla/5.0 AppleWebKit/537.36 (KHTML, like Gecko; compatible; bingbot/2.0; +http://www.bing.com/bingbot.htm) Chrome/116.0.1938.76 Safari/537.36"
66.249.79.161 - - [22/Dec/2024:08:06:09 -0500] "GET /sksuz/j1964056.html HTTP/1.1" 200 43759 "-" "Mozilla/5.0 (Linux; Android 6.0.1; Nexus 5X Build/MMB29P) AppleWebKit/537.36 (KHTML, like Gecko) Chrome/131.0.6778.139 Mobile Safari/537.36 (compatible; Googlebot/2.1; +http://www.google.com/bot.html)"
52.167.144.183 - - [22/Dec/2024:08:08:33 -0500] "GET /mgcaf/m861607.html HTTP/1.1" 200 45491 "-" "Mozilla/5.0 AppleWebKit/537.36 (KHTML, like Gecko; compatible; bingbot/2.0; +http://www.bing.com/bingbot.htm) Chrome/116.0.1938.76 Safari/537.36"
20.15.133.175 - - [22/Dec/2024:08:08:46 -0500] "GET /khnsb/z1155966.html HTTP/1.1" 200 44408 "-" "Mozilla/5.0 AppleWebKit/537.36 (KHTML, like Gecko; compatible; bingbot/2.0; +http://www.bing.com/bingbot.htm) Chrome/116.0.1938.76 Safari/537.36"
52.167.144.198 - - [22/Dec/2024:08:08:54 -0500] "GET /tsuuh/j2609714.html HTTP/1.1" 200 44350 "-" "Mozilla/5.0 AppleWebKit/537.36 (KHTML, like Gecko; compatible; bingbot/2.0; +http://www.bing.com/bingbot.htm) Chrome/116.0.1938.76 Safari/537.36"
20.15.133.175 - - [22/Dec/2024:08:09:17 -0500] "GET /zwtnh/n292026.html HTTP/1.1" 200 44787 "-" "Mozilla/5.0 AppleWebKit/537.36 (KHTML, like Gecko; compatible; bingbot/2.0; +http://www.bing.com/bingbot.htm) Chrome/116.0.1938.76 Safari/537.36"
20.15.133.174 - - [22/Dec/2024:08:09:26 -0500] "GET /dygbm/f387282.html HTTP/1.1" 200 45116 "-" "Mozilla/5.0 AppleWebKit/537.36 (KHTML, like Gecko; compatible; bingbot/2.0; +http://www.bing.com/bingbot.htm) Chrome/116.0.1938.76 Safari/537.36"
20.15.133.175 - - [22/Dec/2024:08:09:35 -0500] "GET /uvhed/d2743296.html HTTP/1.1" 200 44703 "-" "Mozilla/5.0 AppleWebKit/537.36 (KHTML, like Gecko; compatible; bingbot/2.0; +http://www.bing.com/bingbot.htm) Chrome/116.0.1938.76 Safari/537.36"
20.15.133.175 - - [22/Dec/2024:08:09:37 -0500] "GET /beqgp/v3080066.html HTTP/1.1" 200 43821 "-" "Mozilla/5.0 AppleWebKit/537.36 (KHTML, like Gecko; compatible; bingbot/2.0; +http://www.bing.com/bingbot.htm) Chrome/116.0.1938.76 Safari/537.36"
20.15.133.175 - - [22/Dec/2024:08:09:46 -0500] "GET /tvsmd/x2797630.html HTTP/1.1" 200 45025 "-" "Mozilla/5.0 AppleWebKit/537.36 (KHTML, like Gecko; compatible; bingbot/2.0; +http://www.bing.com/bingbot.htm) Chrome/116.0.1938.76 Safari/537.36"
20.15.133.174 - - [22/Dec/2024:08:10:45 -0500] "GET /njyam/l2775596.html HTTP/1.1" 200 44706 "-" "Mozilla/5.0 AppleWebKit/537.36 (KHTML, like Gecko; compatible; bingbot/2.0; +http://www.bing.com/bingbot.htm) Chrome/116.0.1938.76 Safari/537.36"
20.15.133.174 - - [22/Dec/2024:08:10:48 -0500] "GET /ejvvx/a2142017.html HTTP/1.1" 200 44598 "-" "Mozilla/5.0 AppleWebKit/537.36 (KHTML, like Gecko; compatible; bingbot/2.0; +http://www.bing.com/bingbot.htm) Chrome/116.0.1938.76 Safari/537.36"
20.15.133.174 - - [22/Dec/2024:08:10:55 -0500] "GET /hhkzu/v2899912.html HTTP/1.1" 200 45002 "-" "Mozilla/5.0 AppleWebKit/537.36 (KHTML, like Gecko; compatible; bingbot/2.0; +http://www.bing.com/bingbot.htm) Chrome/116.0.1938.76 Safari/537.36"
20.15.133.174 - - [22/Dec/2024:08:11:17 -0500] "GET /abtnq/t2926352.html HTTP/1.1" 200 43912 "-" "Mozilla/5.0 AppleWebKit/537.36 (KHTML, like Gecko; compatible; bingbot/2.0; +http://www.bing.com/bingbot.htm) Chrome/116.0.1938.76 Safari/537.36"
52.167.144.186 - - [22/Dec/2024:08:12:16 -0500] "GET /uxwor/c2639165.html HTTP/1.1" 200 44172 "-" "Mozilla/5.0 AppleWebKit/537.36 (KHTML, like Gecko; compatible; bingbot/2.0; +http://www.bing.com/bingbot.htm) Chrome/116.0.1938.76 Safari/537.36"
66.249.79.161 - - [22/Dec/2024:08:12:36 -0500] "GET /zjray/x2041290.html HTTP/1.1" 200 43864 "-" "Mozilla/5.0 (Linux; Android 6.0.1; Nexus 5X Build/MMB29P) AppleWebKit/537.36 (KHTML, like Gecko) Chrome/131.0.6778.204 Mobile Safari/537.36 (compatible; Googlebot/2.1; +http://www.google.com/bot.html)"
52.167.144.230 - - [22/Dec/2024:08:15:03 -0500] "GET /hobs/b645562.html HTTP/1.1" 200 44142 "-" "Mozilla/5.0 AppleWebKit/537.36 (KHTML, like Gecko; compatible; bingbot/2.0; +http://www.bing.com/bingbot.htm) Chrome/116.0.1938.76 Safari/537.36"
52.167.144.181 - - [22/Dec/2024:08:15:13 -0500] "GET /mgcaf/m861607.html HTTP/1.1" 200 45455 "-" "Mozilla/5.0 AppleWebKit/537.36 (KHTML, like Gecko; compatible; bingbot/2.0; +http://www.bing.com/bingbot.htm) Chrome/116.0.1938.76 Safari/537.36"
66.249.79.160 - - [22/Dec/2024:08:16:01 -0500] "GET /zazdo/y1211319.html HTTP/1.1" 200 45604 "-" "Mozilla/5.0 (Linux; Android 6.0.1; Nexus 5X Build/MMB29P) AppleWebKit/537.36 (KHTML, like Gecko) Chrome/131.0.6778.139 Mobile Safari/537.36 (compatible; Googlebot/2.1; +http://www.google.com/bot.html)"
20.15.133.174 - - [22/Dec/2024:08:16:45 -0500] "GET /bkijm/k805055.html HTTP/1.1" 200 44277 "-" "Mozilla/5.0 AppleWebKit/537.36 (KHTML, like Gecko; compatible; bingbot/2.0; +http://www.bing.com/bingbot.htm) Chrome/116.0.1938.76 Safari/537.36"
52.167.144.181 - - [22/Dec/2024:08:16:54 -0500] "GET /koiea/r2942470.html HTTP/1.1" 200 45159 "-" "Mozilla/5.0 AppleWebKit/537.36 (KHTML, like Gecko; compatible; bingbot/2.0; +http://www.bing.com/bingbot.htm) Chrome/116.0.1938.76 Safari/537.36"
52.167.144.186 - - [22/Dec/2024:08:16:56 -0500] "GET /voyyo/t2090348.html HTTP/1.1" 200 44467 "-" "Mozilla/5.0 AppleWebKit/537.36 (KHTML, like Gecko; compatible; bingbot/2.0; +http://www.bing.com/bingbot.htm) Chrome/116.0.1938.76 Safari/537.36"
40.77.167.224 - - [22/Dec/2024:08:17:14 -0500] "GET /nlqrg/p836572.html HTTP/1.1" 200 45422 "-" "Mozilla/5.0 AppleWebKit/537.36 (KHTML, like Gecko; compatible; bingbot/2.0; +http://www.bing.com/bingbot.htm) Chrome/116.0.1938.76 Safari/537.36"
20.15.133.175 - - [22/Dec/2024:08:17:27 -0500] "GET /fwfsh/o1772103.html HTTP/1.1" 200 44167 "-" "Mozilla/5.0 AppleWebKit/537.36 (KHTML, like Gecko; compatible; bingbot/2.0; +http://www.bing.com/bingbot.htm) Chrome/116.0.1938.76 Safari/537.36"
20.15.133.174 - - [22/Dec/2024:08:17:56 -0500] "GET /tjnzx/u513475.html HTTP/1.1" 200 45388 "-" "Mozilla/5.0 AppleWebKit/537.36 (KHTML, like Gecko; compatible; bingbot/2.0; +http://www.bing.com/bingbot.htm) Chrome/116.0.1938.76 Safari/537.36"
20.15.133.175 - - [22/Dec/2024:08:18:38 -0500] "GET /ouhlr/p2538298.html HTTP/1.1" 200 44050 "-" "Mozilla/5.0 AppleWebKit/537.36 (KHTML, like Gecko; compatible; bingbot/2.0; +http://www.bing.com/bingbot.htm) Chrome/116.0.1938.76 Safari/537.36"
52.167.144.230 - - [22/Dec/2024:08:18:44 -0500] "GET /ckcs/k2744447.html HTTP/1.1" 200 44503 "-" "Mozilla/5.0 AppleWebKit/537.36 (KHTML, like Gecko; compatible; bingbot/2.0; +http://www.bing.com/bingbot.htm) Chrome/116.0.1938.76 Safari/537.36"
66.249.79.161 - - [22/Dec/2024:08:18:47 -0500] "GET /puzrd/a1989579.html HTTP/1.1" 200 44568 "-" "Mozilla/5.0 (Linux; Android 6.0.1; Nexus 5X Build/MMB29P) AppleWebKit/537.36 (KHTML, like Gecko) Chrome/131.0.6778.139 Mobile Safari/537.36 (compatible; Googlebot/2.1; +http://www.google.com/bot.html)"
66.249.79.173 - - [22/Dec/2024:08:18:48 -0500] "GET /lrowe/d809234.html HTTP/1.1" 200 45676 "-" "Mozilla/5.0 (Linux; Android 6.0.1; Nexus 5X Build/MMB29P) AppleWebKit/537.36 (KHTML, like Gecko) Chrome/131.0.6778.139 Mobile Safari/537.36 (compatible; Googlebot/2.1; +http://www.google.com/bot.html)"
40.77.167.224 - - [22/Dec/2024:08:18:48 -0500] "GET /lyzkj/b668390.html HTTP/1.1" 200 45610 "-" "Mozilla/5.0 AppleWebKit/537.36 (KHTML, like Gecko; compatible; bingbot/2.0; +http://www.bing.com/bingbot.htm) Chrome/116.0.1938.76 Safari/537.36"
40.77.167.224 - - [22/Dec/2024:08:19:05 -0500] "GET /ursyd/m3093109.html HTTP/1.1" 200 43808 "-" "Mozilla/5.0 AppleWebKit/537.36 (KHTML, like Gecko; compatible; bingbot/2.0; +http://www.bing.com/bingbot.htm) Chrome/116.0.1938.76 Safari/537.36"
66.249.79.161 - - [22/Dec/2024:08:19:25 -0500] "GET /kknbn/p2864156.html HTTP/1.1" 200 45043 "-" "Mozilla/5.0 (Linux; Android 6.0.1; Nexus 5X Build/MMB29P) AppleWebKit/537.36 (KHTML, like Gecko) Chrome/131.0.6778.139 Mobile Safari/537.36 (compatible; Googlebot/2.1; +http://www.google.com/bot.html)"
40.77.167.224 - - [22/Dec/2024:08:19:45 -0500] "GET /bbosl/s2334955.html HTTP/1.1" 200 43904 "-" "Mozilla/5.0 AppleWebKit/537.36 (KHTML, like Gecko; compatible; bingbot/2.0; +http://www.bing.com/bingbot.htm) Chrome/116.0.1938.76 Safari/537.36"
40.77.167.224 - - [22/Dec/2024:08:19:46 -0500] "GET /xntel/e1388801.html HTTP/1.1" 200 44549 "-" "Mozilla/5.0 AppleWebKit/537.36 (KHTML, like Gecko; compatible; bingbot/2.0; +http://www.bing.com/bingbot.htm) Chrome/116.0.1938.76 Safari/537.36"
52.167.144.186 - - [22/Dec/2024:08:19:49 -0500] "GET /vixyn/f2326336.html HTTP/1.1" 200 44116 "-" "Mozilla/5.0 AppleWebKit/537.36 (KHTML, like Gecko; compatible; bingbot/2.0; +http://www.bing.com/bingbot.htm) Chrome/116.0.1938.76 Safari/537.36"
52.167.144.230 - - [22/Dec/2024:08:20:14 -0500] "GET /cjaug/n485414.html HTTP/1.1" 200 45051 "-" "Mozilla/5.0 AppleWebKit/537.36 (KHTML, like Gecko; compatible; bingbot/2.0; +http://www.bing.com/bingbot.htm) Chrome/116.0.1938.76 Safari/537.36"
40.77.167.224 - - [22/Dec/2024:08:20:25 -0500] "GET /frnnq/i2086073.html HTTP/1.1" 200 44064 "-" "Mozilla/5.0 AppleWebKit/537.36 (KHTML, like Gecko; compatible; bingbot/2.0; +http://www.bing.com/bingbot.htm) Chrome/116.0.1938.76 Safari/537.36"
52.167.144.230 - - [22/Dec/2024:08:20:34 -0500] "GET /gejfk/e2731077.html HTTP/1.1" 200 44946 "-" "Mozilla/5.0 AppleWebKit/537.36 (KHTML, like Gecko; compatible; bingbot/2.0; +http://www.bing.com/bingbot.htm) Chrome/116.0.1938.76 Safari/537.36"
52.167.144.230 - - [22/Dec/2024:08:20:35 -0500] "GET /ppszz/u3018887.html HTTP/1.1" 200 44385 "-" "Mozilla/5.0 AppleWebKit/537.36 (KHTML, like Gecko; compatible; bingbot/2.0; +http://www.bing.com/bingbot.htm) Chrome/116.0.1938.76 Safari/537.36"
52.167.144.230 - - [22/Dec/2024:08:20:36 -0500] "GET /eveas/v2115960.html HTTP/1.1" 200 44222 "-" "Mozilla/5.0 AppleWebKit/537.36 (KHTML, like Gecko; compatible; bingbot/2.0; +http://www.bing.com/bingbot.htm) Chrome/116.0.1938.76 Safari/537.36"
52.167.144.186 - - [22/Dec/2024:08:20:39 -0500] "GET /viajp/y2826907.html HTTP/1.1" 200 45131 "-" "Mozilla/5.0 AppleWebKit/537.36 (KHTML, like Gecko; compatible; bingbot/2.0; +http://www.bing.com/bingbot.htm) Chrome/116.0.1938.76 Safari/537.36"
52.167.144.186 - - [22/Dec/2024:08:20:39 -0500] "GET /iisly/b2894796.html HTTP/1.1" 200 45040 "-" "Mozilla/5.0 AppleWebKit/537.36 (KHTML, like Gecko; compatible; bingbot/2.0; +http://www.bing.com/bingbot.htm) Chrome/116.0.1938.76 Safari/537.36"
52.167.144.186 - - [22/Dec/2024:08:20:40 -0500] "GET /jotpc/p2599372.html HTTP/1.1" 200 44788 "-" "Mozilla/5.0 AppleWebKit/537.36 (KHTML, like Gecko; compatible; bingbot/2.0; +http://www.bing.com/bingbot.htm) Chrome/116.0.1938.76 Safari/537.36"
40.77.167.154 - - [22/Dec/2024:08:21:54 -0500] "GET /cpeqg/t1688154.html HTTP/1.1" 200 44348 "-" "Mozilla/5.0 AppleWebKit/537.36 (KHTML, like Gecko; compatible; bingbot/2.0; +http://www.bing.com/bingbot.htm) Chrome/116.0.1938.76 Safari/537.36"
40.77.167.123 - - [22/Dec/2024:08:22:04 -0500] "GET /mgcaf/m861607.html HTTP/1.1" 200 45455 "-" "Mozilla/5.0 AppleWebKit/537.36 (KHTML, like Gecko; compatible; bingbot/2.0; +http://www.bing.com/bingbot.htm) Chrome/116.0.1938.76 Safari/537.36"
52.167.144.160 - - [22/Dec/2024:08:22:57 -0500] "GET /xznpo/f770418.html HTTP/1.1" 200 44659 "-" "Mozilla/5.0 AppleWebKit/537.36 (KHTML, like Gecko; compatible; bingbot/2.0; +http://www.bing.com/bingbot.htm) Chrome/116.0.1938.76 Safari/537.36"
52.167.144.160 - - [22/Dec/2024:08:22:58 -0500] "GET /hvpex/c2929923.html HTTP/1.1" 200 43410 "-" "Mozilla/5.0 AppleWebKit/537.36 (KHTML, like Gecko; compatible; bingbot/2.0; +http://www.bing.com/bingbot.htm) Chrome/116.0.1938.76 Safari/537.36"
66.249.79.160 - - [22/Dec/2024:08:23:26 -0500] "GET /iqswi/q3065449.html HTTP/1.1" 200 43885 "-" "Mozilla/5.0 (Linux; Android 6.0.1; Nexus 5X Build/MMB29P) AppleWebKit/537.36 (KHTML, like Gecko) Chrome/131.0.6778.139 Mobile Safari/537.36 (compatible; Googlebot/2.1; +http://www.google.com/bot.html)"
52.167.144.162 - - [22/Dec/2024:08:23:35 -0500] "GET /eoujn/n169514.html HTTP/1.1" 200 45229 "-" "Mozilla/5.0 AppleWebKit/537.36 (KHTML, like Gecko; compatible; bingbot/2.0; +http://www.bing.com/bingbot.htm) Chrome/116.0.1938.76 Safari/537.36"
40.77.167.154 - - [22/Dec/2024:08:24:04 -0500] "GET /pcdmo/t2651636.html HTTP/1.1" 200 45114 "-" "Mozilla/5.0 AppleWebKit/537.36 (KHTML, like Gecko; compatible; bingbot/2.0; +http://www.bing.com/bingbot.htm) Chrome/116.0.1938.76 Safari/537.36"
52.167.144.162 - - [22/Dec/2024:08:25:06 -0500] "GET /mjrgg/l394386.html HTTP/1.1" 200 45295 "-" "Mozilla/5.0 AppleWebKit/537.36 (KHTML, like Gecko; compatible; bingbot/2.0; +http://www.bing.com/bingbot.htm) Chrome/116.0.1938.76 Safari/537.36"
52.167.144.160 - - [22/Dec/2024:08:25:17 -0500] "GET /ljzjo/e2794127.html HTTP/1.1" 200 44456 "-" "Mozilla/5.0 AppleWebKit/537.36 (KHTML, like Gecko; compatible; bingbot/2.0; +http://www.bing.com/bingbot.htm) Chrome/116.0.1938.76 Safari/537.36"
52.167.144.160 - - [22/Dec/2024:08:25:18 -0500] "GET /tjzms/e335827.html HTTP/1.1" 200 44248 "-" "Mozilla/5.0 AppleWebKit/537.36 (KHTML, like Gecko; compatible; bingbot/2.0; +http://www.bing.com/bingbot.htm) Chrome/116.0.1938.76 Safari/537.36"
20.15.133.191 - - [22/Dec/2024:08:25:47 -0500] "GET /flbjb/o494749.html HTTP/1.1" 200 44465 "-" "Mozilla/5.0 AppleWebKit/537.36 (KHTML, like Gecko; compatible; bingbot/2.0; +http://www.bing.com/bingbot.htm) Chrome/116.0.1938.76 Safari/537.36"
20.15.133.184 - - [22/Dec/2024:08:27:08 -0500] "GET /yeeya/t941720.html HTTP/1.1" 200 45200 "-" "Mozilla/5.0 AppleWebKit/537.36 (KHTML, like Gecko; compatible; bingbot/2.0; +http://www.bing.com/bingbot.htm) Chrome/116.0.1938.76 Safari/537.36"
52.167.144.162 - - [22/Dec/2024:08:27:26 -0500] "GET /ruwmh/j2887810.html HTTP/1.1" 200 44961 "-" "Mozilla/5.0 AppleWebKit/537.36 (KHTML, like Gecko; compatible; bingbot/2.0; +http://www.bing.com/bingbot.htm) Chrome/116.0.1938.76 Safari/537.36"
66.249.79.173 - - [22/Dec/2024:08:27:38 -0500] "GET /qfkwt/x2595844.html HTTP/1.1" 200 44159 "-" "Mozilla/5.0 (Linux; Android 6.0.1; Nexus 5X Build/MMB29P) AppleWebKit/537.36 (KHTML, like Gecko) Chrome/131.0.6778.139 Mobile Safari/537.36 (compatible; Googlebot/2.1; +http://www.google.com/bot.html)"
52.167.144.162 - - [22/Dec/2024:08:28:05 -0500] "GET /pldoo/w1366901.html HTTP/1.1" 200 44477 "-" "Mozilla/5.0 AppleWebKit/537.36 (KHTML, like Gecko; compatible; bingbot/2.0; +http://www.bing.com/bingbot.htm) Chrome/116.0.1938.76 Safari/537.36"
52.167.144.162 - - [22/Dec/2024:08:28:06 -0500] "GET /hgdza/r132598.html HTTP/1.1" 200 44885 "-" "Mozilla/5.0 AppleWebKit/537.36 (KHTML, like Gecko; compatible; bingbot/2.0; +http://www.bing.com/bingbot.htm) Chrome/116.0.1938.76 Safari/537.36"
52.167.144.160 - - [22/Dec/2024:08:28:09 -0500] "GET /zwshs/l3030240.html HTTP/1.1" 200 43804 "-" "Mozilla/5.0 AppleWebKit/537.36 (KHTML, like Gecko; compatible; bingbot/2.0; +http://www.bing.com/bingbot.htm) Chrome/116.0.1938.76 Safari/537.36"
40.77.167.123 - - [22/Dec/2024:08:28:24 -0500] "GET /mgcaf/m861607.html HTTP/1.1" 200 45491 "-" "Mozilla/5.0 AppleWebKit/537.36 (KHTML, like Gecko; compatible; bingbot/2.0; +http://www.bing.com/bingbot.htm) Chrome/116.0.1938.76 Safari/537.36"
20.15.133.184 - - [22/Dec/2024:08:28:29 -0500] "GET /rtcrf/t301860.html HTTP/1.1" 200 45232 "-" "Mozilla/5.0 AppleWebKit/537.36 (KHTML, like Gecko; compatible; bingbot/2.0; +http://www.bing.com/bingbot.htm) Chrome/116.0.1938.76 Safari/537.36"
20.15.133.191 - - [22/Dec/2024:08:28:46 -0500] "GET /pqqju/v457420.html HTTP/1.1" 200 44412 "-" "Mozilla/5.0 AppleWebKit/537.36 (KHTML, like Gecko; compatible; bingbot/2.0; +http://www.bing.com/bingbot.htm) Chrome/116.0.1938.76 Safari/537.36"
52.167.144.160 - - [22/Dec/2024:08:30:38 -0500] "GET /qyehi/e2403243.html HTTP/1.1" 200 44881 "-" "Mozilla/5.0 AppleWebKit/537.36 (KHTML, like Gecko; compatible; bingbot/2.0; +http://www.bing.com/bingbot.htm) Chrome/116.0.1938.76 Safari/537.36"
66.249.79.161 - - [22/Dec/2024:08:30:43 -0500] "GET /dwfkn/t148824.html HTTP/1.1" 200 45565 "-" "Mozilla/5.0 (Linux; Android 6.0.1; Nexus 5X Build/MMB29P) AppleWebKit/537.36 (KHTML, like Gecko) Chrome/131.0.6778.139 Mobile Safari/537.36 (compatible; Googlebot/2.1; +http://www.google.com/bot.html)"
20.15.133.184 - - [22/Dec/2024:08:30:49 -0500] "GET /qtnlz/m2892779.html HTTP/1.1" 200 45338 "-" "Mozilla/5.0 AppleWebKit/537.36 (KHTML, like Gecko; compatible; bingbot/2.0; +http://www.bing.com/bingbot.htm) Chrome/116.0.1938.76 Safari/537.36"
66.249.79.160 - - [22/Dec/2024:08:31:01 -0500] "GET /ndzpe/w3037713.html HTTP/1.1" 200 44962 "-" "Mozilla/5.0 (Linux; Android 6.0.1; Nexus 5X Build/MMB29P) AppleWebKit/537.36 (KHTML, like Gecko) Chrome/131.0.6778.139 Mobile Safari/537.36 (compatible; Googlebot/2.1; +http://www.google.com/bot.html)"
20.15.133.184 - - [22/Dec/2024:08:32:09 -0500] "GET /jhcyi/z2536878.html HTTP/1.1" 200 44003 "-" "Mozilla/5.0 AppleWebKit/537.36 (KHTML, like Gecko; compatible; bingbot/2.0; +http://www.bing.com/bingbot.htm) Chrome/116.0.1938.76 Safari/537.36"
52.167.144.160 - - [22/Dec/2024:08:32:38 -0500] "GET /odzxe/o3074079.html HTTP/1.1" 200 44065 "-" "Mozilla/5.0 AppleWebKit/537.36 (KHTML, like Gecko; compatible; bingbot/2.0; +http://www.bing.com/bingbot.htm) Chrome/116.0.1938.76 Safari/537.36"
40.77.167.76 - - [22/Dec/2024:08:32:45 -0500] "GET /gfpfb/e819401.html HTTP/1.1" 200 44997 "-" "Mozilla/5.0 AppleWebKit/537.36 (KHTML, like Gecko; compatible; bingbot/2.0; +http://www.bing.com/bingbot.htm) Chrome/116.0.1938.76 Safari/537.36"
20.15.133.174 - - [22/Dec/2024:08:33:07 -0500] "GET /sxwwz/f2817372.html HTTP/1.1" 200 45023 "-" "Mozilla/5.0 AppleWebKit/537.36 (KHTML, like Gecko; compatible; bingbot/2.0; +http://www.bing.com/bingbot.htm) Chrome/116.0.1938.76 Safari/537.36"
20.15.133.174 - - [22/Dec/2024:08:33:47 -0500] "GET /lbdmb/z2666124.html HTTP/1.1" 200 44932 "-" "Mozilla/5.0 AppleWebKit/537.36 (KHTML, like Gecko; compatible; bingbot/2.0; +http://www.bing.com/bingbot.htm) Chrome/116.0.1938.76 Safari/537.36"
66.249.79.173 - - [22/Dec/2024:08:33:56 -0500] "GET /adgee/j1628864.html HTTP/1.1" 200 43910 "-" "Mozilla/5.0 (Linux; Android 6.0.1; Nexus 5X Build/MMB29P) AppleWebKit/537.36 (KHTML, like Gecko) Chrome/131.0.6778.139 Mobile Safari/537.36 (compatible; Googlebot/2.1; +http://www.google.com/bot.html)"
66.249.79.160 - - [22/Dec/2024:08:34:35 -0500] "GET /havig/l1670830.html HTTP/1.1" 200 43819 "-" "Mozilla/5.0 (Linux; Android 6.0.1; Nexus 5X Build/MMB29P) AppleWebKit/537.36 (KHTML, like Gecko) Chrome/131.0.6778.139 Mobile Safari/537.36 (compatible; Googlebot/2.1; +http://www.google.com/bot.html)"
20.15.133.174 - - [22/Dec/2024:08:35:19 -0500] "GET /divhn/y2270819.html HTTP/1.1" 200 43957 "-" "Mozilla/5.0 AppleWebKit/537.36 (KHTML, like Gecko; compatible; bingbot/2.0; +http://www.bing.com/bingbot.htm) Chrome/116.0.1938.76 Safari/537.36"
40.77.167.75 - - [22/Dec/2024:08:35:26 -0500] "GET /zhqvf/r3078242.html HTTP/1.1" 200 43991 "-" "Mozilla/5.0 AppleWebKit/537.36 (KHTML, like Gecko; compatible; bingbot/2.0; +http://www.bing.com/bingbot.htm) Chrome/116.0.1938.76 Safari/537.36"
20.15.133.174 - - [22/Dec/2024:08:35:48 -0500] "GET /oizgk/z884890.html HTTP/1.1" 200 44401 "-" "Mozilla/5.0 AppleWebKit/537.36 (KHTML, like Gecko; compatible; bingbot/2.0; +http://www.bing.com/bingbot.htm) Chrome/116.0.1938.76 Safari/537.36"
40.77.167.58 - - [22/Dec/2024:08:36:16 -0500] "GET /ihasb/r478346.html HTTP/1.1" 200 44955 "-" "Mozilla/5.0 AppleWebKit/537.36 (KHTML, like Gecko; compatible; bingbot/2.0; +http://www.bing.com/bingbot.htm) Chrome/116.0.1938.76 Safari/537.36"
40.77.167.58 - - [22/Dec/2024:08:36:16 -0500] "GET /ulqfa/e3076045.html HTTP/1.1" 200 44391 "-" "Mozilla/5.0 AppleWebKit/537.36 (KHTML, like Gecko; compatible; bingbot/2.0; +http://www.bing.com/bingbot.htm) Chrome/116.0.1938.76 Safari/537.36"
40.77.167.58 - - [22/Dec/2024:08:36:17 -0500] "GET /aufzs/k1049143.html HTTP/1.1" 200 46096 "-" "Mozilla/5.0 AppleWebKit/537.36 (KHTML, like Gecko; compatible; bingbot/2.0; +http://www.bing.com/bingbot.htm) Chrome/116.0.1938.76 Safari/537.36"
20.15.133.174 - - [22/Dec/2024:08:36:19 -0500] "GET /cnxla/d1103060.html HTTP/1.1" 200 44250 "-" "Mozilla/5.0 AppleWebKit/537.36 (KHTML, like Gecko; compatible; bingbot/2.0; +http://www.bing.com/bingbot.htm) Chrome/116.0.1938.76 Safari/537.36"
20.15.133.174 - - [22/Dec/2024:08:36:21 -0500] "GET /sffvb/i1675039.html HTTP/1.1" 200 45447 "-" "Mozilla/5.0 AppleWebKit/537.36 (KHTML, like Gecko; compatible; bingbot/2.0; +http://www.bing.com/bingbot.htm) Chrome/116.0.1938.76 Safari/537.36"
66.249.79.161 - - [22/Dec/2024:08:36:43 -0500] "GET /gpgft/v1592268.html HTTP/1.1" 200 44357 "-" "Mozilla/5.0 (Linux; Android 6.0.1; Nexus 5X Build/MMB29P) AppleWebKit/537.36 (KHTML, like Gecko) Chrome/131.0.6778.139 Mobile Safari/537.36 (compatible; Googlebot/2.1; +http://www.google.com/bot.html)"
66.249.79.173 - - [22/Dec/2024:08:36:49 -0500] "GET /jtjhk/j2302654.html HTTP/1.1" 200 44898 "-" "Mozilla/5.0 (Linux; Android 6.0.1; Nexus 5X Build/MMB29P) AppleWebKit/537.36 (KHTML, like Gecko) Chrome/131.0.6778.139 Mobile Safari/537.36 (compatible; Googlebot/2.1; +http://www.google.com/bot.html)"
20.15.133.174 - - [22/Dec/2024:08:37:17 -0500] "GET /kccmf/d1111016.html HTTP/1.1" 200 45360 "-" "Mozilla/5.0 AppleWebKit/537.36 (KHTML, like Gecko; compatible; bingbot/2.0; +http://www.bing.com/bingbot.htm) Chrome/116.0.1938.76 Safari/537.36"
20.15.133.174 - - [22/Dec/2024:08:37:20 -0500] "GET /rbbzi/m2154821.html HTTP/1.1" 200 45044 "-" "Mozilla/5.0 AppleWebKit/537.36 (KHTML, like Gecko; compatible; bingbot/2.0; +http://www.bing.com/bingbot.htm) Chrome/116.0.1938.76 Safari/537.36"
20.15.133.174 - - [22/Dec/2024:08:37:37 -0500] "GET /iljny/k2429769.html HTTP/1.1" 200 43941 "-" "Mozilla/5.0 AppleWebKit/537.36 (KHTML, like Gecko; compatible; bingbot/2.0; +http://www.bing.com/bingbot.htm) Chrome/116.0.1938.76 Safari/537.36"
40.77.167.58 - - [22/Dec/2024:08:38:36 -0500] "GET /tihdm/w180209.html HTTP/1.1" 200 44643 "-" "Mozilla/5.0 AppleWebKit/537.36 (KHTML, like Gecko; compatible; bingbot/2.0; +http://www.bing.com/bingbot.htm) Chrome/116.0.1938.76 Safari/537.36"
40.77.167.71 - - [22/Dec/2024:08:38:46 -0500] "GET /ebito/e1701997.html HTTP/1.1" 200 44979 "-" "Mozilla/5.0 AppleWebKit/537.36 (KHTML, like Gecko; compatible; bingbot/2.0; +http://www.bing.com/bingbot.htm) Chrome/116.0.1938.76 Safari/537.36"
20.15.133.174 - - [22/Dec/2024:08:38:49 -0500] "GET /fajbj/m90213.html HTTP/1.1" 200 44486 "-" "Mozilla/5.0 AppleWebKit/537.36 (KHTML, like Gecko; compatible; bingbot/2.0; +http://www.bing.com/bingbot.htm) Chrome/116.0.1938.76 Safari/537.36"
20.15.133.174 - - [22/Dec/2024:08:39:18 -0500] "GET /rrlow/u235197.html HTTP/1.1" 200 44989 "-" "Mozilla/5.0 AppleWebKit/537.36 (KHTML, like Gecko; compatible; bingbot/2.0; +http://www.bing.com/bingbot.htm) Chrome/116.0.1938.76 Safari/537.36"
20.15.133.174 - - [22/Dec/2024:08:39:23 -0500] "GET /cmpby/a2762845.html HTTP/1.1" 200 45755 "-" "Mozilla/5.0 AppleWebKit/537.36 (KHTML, like Gecko; compatible; bingbot/2.0; +http://www.bing.com/bingbot.htm) Chrome/116.0.1938.76 Safari/537.36"
20.15.133.174 - - [22/Dec/2024:08:39:26 -0500] "GET /ytpbv/g3020407.html HTTP/1.1" 200 43509 "-" "Mozilla/5.0 AppleWebKit/537.36 (KHTML, like Gecko; compatible; bingbot/2.0; +http://www.bing.com/bingbot.htm) Chrome/116.0.1938.76 Safari/537.36"
40.77.167.67 - - [22/Dec/2024:08:39:48 -0500] "GET /idkyc/y1760907.html HTTP/1.1" 200 44025 "-" "Mozilla/5.0 AppleWebKit/537.36 (KHTML, like Gecko; compatible; bingbot/2.0; +http://www.bing.com/bingbot.htm) Chrome/116.0.1938.76 Safari/537.36"
20.15.133.174 - - [22/Dec/2024:08:40:18 -0500] "GET /qhegp/x3042654.html HTTP/1.1" 200 45137 "-" "Mozilla/5.0 AppleWebKit/537.36 (KHTML, like Gecko; compatible; bingbot/2.0; +http://www.bing.com/bingbot.htm) Chrome/116.0.1938.76 Safari/537.36"
40.77.167.67 - - [22/Dec/2024:08:40:48 -0500] "GET /sosbl/s3087759.html HTTP/1.1" 200 43745 "-" "Mozilla/5.0 AppleWebKit/537.36 (KHTML, like Gecko; compatible; bingbot/2.0; +http://www.bing.com/bingbot.htm) Chrome/116.0.1938.76 Safari/537.36"
40.77.167.67 - - [22/Dec/2024:08:40:49 -0500] "GET /btlco/i1071241.html HTTP/1.1" 200 45109 "-" "Mozilla/5.0 AppleWebKit/537.36 (KHTML, like Gecko; compatible; bingbot/2.0; +http://www.bing.com/bingbot.htm) Chrome/116.0.1938.76 Safari/537.36"
40.77.167.152 - - [22/Dec/2024:08:40:59 -0500] "GET /dpmmp/c205383.html HTTP/1.1" 200 45692 "-" "Mozilla/5.0 AppleWebKit/537.36 (KHTML, like Gecko; compatible; bingbot/2.0; +http://www.bing.com/bingbot.htm) Chrome/116.0.1938.76 Safari/537.36"
20.15.133.174 - - [22/Dec/2024:08:41:18 -0500] "GET /wlqoy/a2465587.html HTTP/1.1" 200 44284 "-" "Mozilla/5.0 AppleWebKit/537.36 (KHTML, like Gecko; compatible; bingbot/2.0; +http://www.bing.com/bingbot.htm) Chrome/116.0.1938.76 Safari/537.36"
66.249.79.173 - - [22/Dec/2024:08:41:23 -0500] "GET /xlimv/b1956326.html HTTP/1.1" 200 43936 "-" "Mozilla/5.0 (Linux; Android 6.0.1; Nexus 5X Build/MMB29P) AppleWebKit/537.36 (KHTML, like Gecko) Chrome/131.0.6778.139 Mobile Safari/537.36 (compatible; Googlebot/2.1; +http://www.google.com/bot.html)"
20.15.133.174 - - [22/Dec/2024:08:41:28 -0500] "GET /vlaje/w291697.html HTTP/1.1" 200 45715 "-" "Mozilla/5.0 AppleWebKit/537.36 (KHTML, like Gecko; compatible; bingbot/2.0; +http://www.bing.com/bingbot.htm) Chrome/116.0.1938.76 Safari/537.36"
20.15.133.174 - - [22/Dec/2024:08:41:31 -0500] "GET /nocns/o166265.html HTTP/1.1" 200 45340 "-" "Mozilla/5.0 AppleWebKit/537.36 (KHTML, like Gecko; compatible; bingbot/2.0; +http://www.bing.com/bingbot.htm) Chrome/116.0.1938.76 Safari/537.36"
20.15.133.174 - - [22/Dec/2024:08:41:38 -0500] "GET /ccsdc/v229712.html HTTP/1.1" 200 44756 "-" "Mozilla/5.0 AppleWebKit/537.36 (KHTML, like Gecko; compatible; bingbot/2.0; +http://www.bing.com/bingbot.htm) Chrome/116.0.1938.76 Safari/537.36"
20.15.133.174 - - [22/Dec/2024:08:41:59 -0500] "GET /gklkf/n255210.html HTTP/1.1" 200 45547 "-" "Mozilla/5.0 AppleWebKit/537.36 (KHTML, like Gecko; compatible; bingbot/2.0; +http://www.bing.com/bingbot.htm) Chrome/116.0.1938.76 Safari/537.36"
20.15.133.174 - - [22/Dec/2024:08:42:02 -0500] "GET /zhdxw/u376169.html HTTP/1.1" 200 44578 "-" "Mozilla/5.0 AppleWebKit/537.36 (KHTML, like Gecko; compatible; bingbot/2.0; +http://www.bing.com/bingbot.htm) Chrome/116.0.1938.76 Safari/537.36"
40.77.167.76 - - [22/Dec/2024:08:42:26 -0500] "GET /mgcaf/m861607.html HTTP/1.1" 200 45491 "-" "Mozilla/5.0 AppleWebKit/537.36 (KHTML, like Gecko; compatible; bingbot/2.0; +http://www.bing.com/bingbot.htm) Chrome/116.0.1938.76 Safari/537.36"
40.77.167.76 - - [22/Dec/2024:08:42:28 -0500] "GET /mgcaf/m861607.html HTTP/1.1" 200 45491 "-" "Mozilla/5.0 AppleWebKit/537.36 (KHTML, like Gecko; compatible; bingbot/2.0; +http://www.bing.com/bingbot.htm) Chrome/116.0.1938.76 Safari/537.36"
20.15.133.174 - - [22/Dec/2024:08:42:40 -0500] "GET /njfdx/d873714.html HTTP/1.1" 200 44603 "-" "Mozilla/5.0 AppleWebKit/537.36 (KHTML, like Gecko; compatible; bingbot/2.0; +http://www.bing.com/bingbot.htm) Chrome/116.0.1938.76 Safari/537.36"
