20.15.133.184 - - [22/Dec/2024:11:13:21 -0500] "GET /fvspl/m2297379.html HTTP/1.1" 200 44106 "-" "Mozilla/5.0 AppleWebKit/537.36 (KHTML, like Gecko; compatible; bingbot/2.0; +http://www.bing.com/bingbot.htm) Chrome/116.0.1938.76 Safari/537.36"
52.167.144.230 - - [22/Dec/2024:11:14:10 -0500] "GET /mgcaf/m861607.html HTTP/1.1" 200 45490 "-" "Mozilla/5.0 AppleWebKit/537.36 (KHTML, like Gecko; compatible; bingbot/2.0; +http://www.bing.com/bingbot.htm) Chrome/116.0.1938.76 Safari/537.36"
20.15.133.184 - - [22/Dec/2024:11:14:11 -0500] "GET /dbkzm/s304745.html HTTP/1.1" 200 44836 "-" "Mozilla/5.0 AppleWebKit/537.36 (KHTML, like Gecko; compatible; bingbot/2.0; +http://www.bing.com/bingbot.htm) Chrome/116.0.1938.76 Safari/537.36"
20.15.133.191 - - [22/Dec/2024:11:15:03 -0500] "GET /tulbk/d3034860.html HTTP/1.1" 200 43973 "-" "Mozilla/5.0 AppleWebKit/537.36 (KHTML, like Gecko; compatible; bingbot/2.0; +http://www.bing.com/bingbot.htm) Chrome/116.0.1938.76 Safari/537.36"
66.249.79.160 - - [22/Dec/2024:11:15:29 -0500] "GET /xppas/g1609803.html HTTP/1.1" 200 44523 "-" "Mozilla/5.0 (Linux; Android 6.0.1; Nexus 5X Build/MMB29P) AppleWebKit/537.36 (KHTML, like Gecko) Chrome/131.0.6778.139 Mobile Safari/537.36 (compatible; Googlebot/2.1; +http://www.google.com/bot.html)"
40.77.167.22 - - [22/Dec/2024:11:16:53 -0500] "GET /oodku/e232347.html HTTP/1.1" 200 44554 "-" "Mozilla/5.0 AppleWebKit/537.36 (KHTML, like Gecko; compatible; bingbot/2.0; +http://www.bing.com/bingbot.htm) Chrome/116.0.1938.76 Safari/537.36"
40.77.167.22 - - [22/Dec/2024:11:16:55 -0500] "GET /viwjp/h2565122.html HTTP/1.1" 200 43699 "-" "Mozilla/5.0 AppleWebKit/537.36 (KHTML, like Gecko; compatible; bingbot/2.0; +http://www.bing.com/bingbot.htm) Chrome/116.0.1938.76 Safari/537.36"
40.77.167.181 - - [22/Dec/2024:11:18:00 -0500] "GET /robots.txt HTTP/1.1" 200 137 "-" "Mozilla/5.0 AppleWebKit/537.36 (KHTML, like Gecko; compatible; bingbot/2.0; +http://www.bing.com/bingbot.htm) Chrome/116.0.1938.76 Safari/537.36"
40.77.167.181 - - [22/Dec/2024:11:18:01 -0500] "GET /robots.txt HTTP/1.1" 200 137 "-" "Mozilla/5.0 AppleWebKit/537.36 (KHTML, like Gecko; compatible; bingbot/2.0; +http://www.bing.com/bingbot.htm) Chrome/116.0.1938.76 Safari/537.36"
20.15.133.191 - - [22/Dec/2024:11:18:24 -0500] "GET /pnxhd/a103513.html HTTP/1.1" 200 45897 "-" "Mozilla/5.0 AppleWebKit/537.36 (KHTML, like Gecko; compatible; bingbot/2.0; +http://www.bing.com/bingbot.htm) Chrome/116.0.1938.76 Safari/537.36"
20.15.133.191 - - [22/Dec/2024:11:18:30 -0500] "GET /tdree/p3065760.html HTTP/1.1" 200 44449 "-" "Mozilla/5.0 AppleWebKit/537.36 (KHTML, like Gecko; compatible; bingbot/2.0; +http://www.bing.com/bingbot.htm) Chrome/116.0.1938.76 Safari/537.36"
40.77.167.14 - - [22/Dec/2024:11:18:31 -0500] "GET /ogevw/b2640412.html HTTP/1.1" 200 43902 "-" "Mozilla/5.0 AppleWebKit/537.36 (KHTML, like Gecko; compatible; bingbot/2.0; +http://www.bing.com/bingbot.htm) Chrome/116.0.1938.76 Safari/537.36"
52.167.144.188 - - [22/Dec/2024:11:18:42 -0500] "GET /pqsju/o1799091.html HTTP/1.1" 200 44491 "-" "Mozilla/5.0 AppleWebKit/537.36 (KHTML, like Gecko; compatible; bingbot/2.0; +http://www.bing.com/bingbot.htm) Chrome/116.0.1938.76 Safari/537.36"
40.77.167.33 - - [22/Dec/2024:11:18:46 -0500] "GET /cdazn/a183541.html HTTP/1.1" 200 44319 "-" "Mozilla/5.0 AppleWebKit/537.36 (KHTML, like Gecko; compatible; bingbot/2.0; +http://www.bing.com/bingbot.htm) Chrome/116.0.1938.76 Safari/537.36"
40.77.167.33 - - [22/Dec/2024:11:18:47 -0500] "GET /ritym/m740655.html HTTP/1.1" 200 45635 "-" "Mozilla/5.0 AppleWebKit/537.36 (KHTML, like Gecko; compatible; bingbot/2.0; +http://www.bing.com/bingbot.htm) Chrome/116.0.1938.76 Safari/537.36"
52.167.144.188 - - [22/Dec/2024:11:19:32 -0500] "GET /gfnar/e560493.html HTTP/1.1" 200 45051 "-" "Mozilla/5.0 AppleWebKit/537.36 (KHTML, like Gecko; compatible; bingbot/2.0; +http://www.bing.com/bingbot.htm) Chrome/116.0.1938.76 Safari/537.36"
40.77.167.33 - - [22/Dec/2024:11:19:36 -0500] "GET /oppms/u577565.html HTTP/1.1" 200 45168 "-" "Mozilla/5.0 AppleWebKit/537.36 (KHTML, like Gecko; compatible; bingbot/2.0; +http://www.bing.com/bingbot.htm) Chrome/116.0.1938.76 Safari/537.36"
52.167.144.137 - - [22/Dec/2024:11:19:44 -0500] "GET /crzzk/b992740.html HTTP/1.1" 200 45722 "-" "Mozilla/5.0 AppleWebKit/537.36 (KHTML, like Gecko; compatible; bingbot/2.0; +http://www.bing.com/bingbot.htm) Chrome/116.0.1938.76 Safari/537.36"
52.167.144.137 - - [22/Dec/2024:11:19:46 -0500] "GET /lig/n1370818.html HTTP/1.1" 200 43788 "-" "Mozilla/5.0 AppleWebKit/537.36 (KHTML, like Gecko; compatible; bingbot/2.0; +http://www.bing.com/bingbot.htm) Chrome/116.0.1938.76 Safari/537.36"
20.15.133.174 - - [22/Dec/2024:11:20:34 -0500] "GET /uqcqt/j146864.html HTTP/1.1" 200 44619 "-" "Mozilla/5.0 AppleWebKit/537.36 (KHTML, like Gecko; compatible; bingbot/2.0; +http://www.bing.com/bingbot.htm) Chrome/116.0.1938.76 Safari/537.36"
52.167.144.188 - - [22/Dec/2024:11:20:42 -0500] "GET /vzure/w646077.html HTTP/1.1" 200 44984 "-" "Mozilla/5.0 AppleWebKit/537.36 (KHTML, like Gecko; compatible; bingbot/2.0; +http://www.bing.com/bingbot.htm) Chrome/116.0.1938.76 Safari/537.36"
52.167.144.188 - - [22/Dec/2024:11:20:52 -0500] "GET /lccvp/e861573.html HTTP/1.1" 200 45361 "-" "Mozilla/5.0 AppleWebKit/537.36 (KHTML, like Gecko; compatible; bingbot/2.0; +http://www.bing.com/bingbot.htm) Chrome/116.0.1938.76 Safari/537.36"
40.77.167.65 - - [22/Dec/2024:11:21:01 -0500] "GET /mgcaf/m861607.html HTTP/1.1" 200 45490 "-" "Mozilla/5.0 AppleWebKit/537.36 (KHTML, like Gecko; compatible; bingbot/2.0; +http://www.bing.com/bingbot.htm) Chrome/116.0.1938.76 Safari/537.36"
20.15.133.191 - - [22/Dec/2024:11:21:01 -0500] "GET /dyfvs/k1604373.html HTTP/1.1" 200 44542 "-" "Mozilla/5.0 AppleWebKit/537.36 (KHTML, like Gecko; compatible; bingbot/2.0; +http://www.bing.com/bingbot.htm) Chrome/116.0.1938.76 Safari/537.36"
40.77.167.14 - - [22/Dec/2024:11:21:11 -0500] "GET /iqjxs/u457783.html HTTP/1.1" 200 44687 "-" "Mozilla/5.0 AppleWebKit/537.36 (KHTML, like Gecko; compatible; bingbot/2.0; +http://www.bing.com/bingbot.htm) Chrome/116.0.1938.76 Safari/537.36"
40.77.167.14 - - [22/Dec/2024:11:21:13 -0500] "GET /tommm/p2629376.html HTTP/1.1" 200 45282 "-" "Mozilla/5.0 AppleWebKit/537.36 (KHTML, like Gecko; compatible; bingbot/2.0; +http://www.bing.com/bingbot.htm) Chrome/116.0.1938.76 Safari/537.36"
40.77.167.33 - - [22/Dec/2024:11:21:15 -0500] "GET /ookwm/s413581.html HTTP/1.1" 200 44941 "-" "Mozilla/5.0 AppleWebKit/537.36 (KHTML, like Gecko; compatible; bingbot/2.0; +http://www.bing.com/bingbot.htm) Chrome/116.0.1938.76 Safari/537.36"
40.77.167.33 - - [22/Dec/2024:11:21:17 -0500] "GET /fwmfd/k126611.html HTTP/1.1" 200 45524 "-" "Mozilla/5.0 AppleWebKit/537.36 (KHTML, like Gecko; compatible; bingbot/2.0; +http://www.bing.com/bingbot.htm) Chrome/116.0.1938.76 Safari/537.36"
40.77.167.65 - - [22/Dec/2024:11:21:51 -0500] "GET /ltoun/f919892.html HTTP/1.1" 200 45761 "-" "Mozilla/5.0 AppleWebKit/537.36 (KHTML, like Gecko; compatible; bingbot/2.0; +http://www.bing.com/bingbot.htm) Chrome/116.0.1938.76 Safari/537.36"
40.77.167.14 - - [22/Dec/2024:11:22:31 -0500] "GET /ngsks/v2205712.html HTTP/1.1" 200 44194 "-" "Mozilla/5.0 AppleWebKit/537.36 (KHTML, like Gecko; compatible; bingbot/2.0; +http://www.bing.com/bingbot.htm) Chrome/116.0.1938.76 Safari/537.36"
66.249.79.173 - - [22/Dec/2024:11:22:40 -0500] "GET /ntszx/y776157.html HTTP/1.1" 200 44747 "-" "Mozilla/5.0 (Linux; Android 6.0.1; Nexus 5X Build/MMB29P) AppleWebKit/537.36 (KHTML, like Gecko) Chrome/131.0.6778.139 Mobile Safari/537.36 (compatible; Googlebot/2.1; +http://www.google.com/bot.html)"
20.15.133.191 - - [22/Dec/2024:11:23:12 -0500] "GET /wuqbb/c3065825.html HTTP/1.1" 200 44066 "-" "Mozilla/5.0 AppleWebKit/537.36 (KHTML, like Gecko; compatible; bingbot/2.0; +http://www.bing.com/bingbot.htm) Chrome/116.0.1938.76 Safari/537.36"
66.249.79.173 - - [22/Dec/2024:11:23:28 -0500] "GET /nrdwc/b2149844.html HTTP/1.1" 200 43941 "-" "Mozilla/5.0 (Linux; Android 6.0.1; Nexus 5X Build/MMB29P) AppleWebKit/537.36 (KHTML, like Gecko) Chrome/131.0.6778.139 Mobile Safari/537.36 (compatible; Googlebot/2.1; +http://www.google.com/bot.html)"
40.77.167.33 - - [22/Dec/2024:11:23:33 -0500] "GET /ncdvr/f767480.html HTTP/1.1" 200 45445 "-" "Mozilla/5.0 AppleWebKit/537.36 (KHTML, like Gecko; compatible; bingbot/2.0; +http://www.bing.com/bingbot.htm) Chrome/116.0.1938.76 Safari/537.36"
40.77.167.14 - - [22/Dec/2024:11:24:21 -0500] "GET /fqaez/b186506.html HTTP/1.1" 200 45698 "-" "Mozilla/5.0 AppleWebKit/537.36 (KHTML, like Gecko; compatible; bingbot/2.0; +http://www.bing.com/bingbot.htm) Chrome/116.0.1938.76 Safari/537.36"
20.15.133.175 - - [22/Dec/2024:11:24:54 -0500] "GET /nogor/d1688684.html HTTP/1.1" 200 43874 "-" "Mozilla/5.0 AppleWebKit/537.36 (KHTML, like Gecko; compatible; bingbot/2.0; +http://www.bing.com/bingbot.htm) Chrome/116.0.1938.76 Safari/537.36"
52.167.144.188 - - [22/Dec/2024:11:25:12 -0500] "GET /jdkpk/i1842401.html HTTP/1.1" 200 43914 "-" "Mozilla/5.0 AppleWebKit/537.36 (KHTML, like Gecko; compatible; bingbot/2.0; +http://www.bing.com/bingbot.htm) Chrome/116.0.1938.76 Safari/537.36"
66.249.79.161 - - [22/Dec/2024:11:26:00 -0500] "GET /kzcri/z384000.html HTTP/1.1" 200 44984 "-" "Mozilla/5.0 (Linux; Android 6.0.1; Nexus 5X Build/MMB29P) AppleWebKit/537.36 (KHTML, like Gecko) Chrome/131.0.6778.139 Mobile Safari/537.36 (compatible; Googlebot/2.1; +http://www.google.com/bot.html)"
20.15.133.191 - - [22/Dec/2024:11:26:02 -0500] "GET /bnasc/i733423.html HTTP/1.1" 200 44395 "-" "Mozilla/5.0 AppleWebKit/537.36 (KHTML, like Gecko; compatible; bingbot/2.0; +http://www.bing.com/bingbot.htm) Chrome/116.0.1938.76 Safari/537.36"
20.15.133.174 - - [22/Dec/2024:11:26:12 -0500] "GET /oivdl/l2083632.html HTTP/1.1" 200 44074 "-" "Mozilla/5.0 AppleWebKit/537.36 (KHTML, like Gecko; compatible; bingbot/2.0; +http://www.bing.com/bingbot.htm) Chrome/116.0.1938.76 Safari/537.36"
20.15.133.174 - - [22/Dec/2024:11:26:14 -0500] "GET /ctjit/m2921691.html HTTP/1.1" 200 43997 "-" "Mozilla/5.0 AppleWebKit/537.36 (KHTML, like Gecko; compatible; bingbot/2.0; +http://www.bing.com/bingbot.htm) Chrome/116.0.1938.76 Safari/537.36"
20.15.133.174 - - [22/Dec/2024:11:26:16 -0500] "GET /kwdll/r347592.html HTTP/1.1" 200 45468 "-" "Mozilla/5.0 AppleWebKit/537.36 (KHTML, like Gecko; compatible; bingbot/2.0; +http://www.bing.com/bingbot.htm) Chrome/116.0.1938.76 Safari/537.36"
66.249.79.173 - - [22/Dec/2024:11:26:28 -0500] "GET /nlizz/i2038467.html HTTP/1.1" 200 44207 "-" "Mozilla/5.0 (Linux; Android 6.0.1; Nexus 5X Build/MMB29P) AppleWebKit/537.36 (KHTML, like Gecko) Chrome/131.0.6778.139 Mobile Safari/537.36 (compatible; Googlebot/2.1; +http://www.google.com/bot.html)"
52.167.144.188 - - [22/Dec/2024:11:26:42 -0500] "GET /glhpb/t2980510.html HTTP/1.1" 200 44379 "-" "Mozilla/5.0 AppleWebKit/537.36 (KHTML, like Gecko; compatible; bingbot/2.0; +http://www.bing.com/bingbot.htm) Chrome/116.0.1938.76 Safari/537.36"
40.77.167.14 - - [22/Dec/2024:11:26:51 -0500] "GET /sjrea/f618162.html HTTP/1.1" 200 45383 "-" "Mozilla/5.0 AppleWebKit/537.36 (KHTML, like Gecko; compatible; bingbot/2.0; +http://www.bing.com/bingbot.htm) Chrome/116.0.1938.76 Safari/537.36"
20.15.133.174 - - [22/Dec/2024:11:27:02 -0500] "GET /dwgkg/r1840330.html HTTP/1.1" 200 43923 "-" "Mozilla/5.0 AppleWebKit/537.36 (KHTML, like Gecko; compatible; bingbot/2.0; +http://www.bing.com/bingbot.htm) Chrome/116.0.1938.76 Safari/537.36"
40.77.167.33 - - [22/Dec/2024:11:27:04 -0500] "GET /dmswg/g2725671.html HTTP/1.1" 200 45073 "-" "Mozilla/5.0 AppleWebKit/537.36 (KHTML, like Gecko; compatible; bingbot/2.0; +http://www.bing.com/bingbot.htm) Chrome/116.0.1938.76 Safari/537.36"
40.77.167.65 - - [22/Dec/2024:11:27:11 -0500] "GET /mgcaf/m861607.html HTTP/1.1" 200 45490 "-" "Mozilla/5.0 AppleWebKit/537.36 (KHTML, like Gecko; compatible; bingbot/2.0; +http://www.bing.com/bingbot.htm) Chrome/116.0.1938.76 Safari/537.36"
20.15.133.191 - - [22/Dec/2024:11:27:22 -0500] "GET /clgwv/a2710923.html HTTP/1.1" 200 44488 "-" "Mozilla/5.0 AppleWebKit/537.36 (KHTML, like Gecko; compatible; bingbot/2.0; +http://www.bing.com/bingbot.htm) Chrome/116.0.1938.76 Safari/537.36"
20.15.133.174 - - [22/Dec/2024:11:27:27 -0500] "GET /gjjue/d2476848.html HTTP/1.1" 200 43728 "-" "Mozilla/5.0 AppleWebKit/537.36 (KHTML, like Gecko; compatible; bingbot/2.0; +http://www.bing.com/bingbot.htm) Chrome/116.0.1938.76 Safari/537.36"
52.167.144.188 - - [22/Dec/2024:11:28:02 -0500] "GET /zbajd/v2077896.html HTTP/1.1" 200 44046 "-" "Mozilla/5.0 AppleWebKit/537.36 (KHTML, like Gecko; compatible; bingbot/2.0; +http://www.bing.com/bingbot.htm) Chrome/116.0.1938.76 Safari/537.36"
20.15.133.174 - - [22/Dec/2024:11:28:25 -0500] "GET /gmroq/e2533685.html HTTP/1.1" 200 44043 "-" "Mozilla/5.0 AppleWebKit/537.36 (KHTML, like Gecko; compatible; bingbot/2.0; +http://www.bing.com/bingbot.htm) Chrome/116.0.1938.76 Safari/537.36"
66.29.132.124 - - [22/Dec/2024:11:28:36 -0500] "POST /wp-cron.php?doing_wp_cron=1734884916.2950730323791503906250 HTTP/1.1" 200 0 "-" "WordPress/6.7.1; https://diixadigital.com"
205.210.31.44 - - [22/Dec/2024:11:28:28 -0500] "GET / HTTP/1.1" 200 86484 "-" "-"
66.29.132.124 - - [22/Dec/2024:11:28:37 -0500] "POST /wp-admin/admin-ajax.php?action=async_litespeed&nonce=n43qTLXsaqGABnJpqscN8Zdiwn0IwU7l&litespeed_type=imgoptm HTTP/1.1" 200 0 "-" "WordPress/6.7.1; https://diixadigital.com"
20.15.133.174 - - [22/Dec/2024:11:28:42 -0500] "GET /zhxle/y1588267.html HTTP/1.1" 200 43855 "-" "Mozilla/5.0 AppleWebKit/537.36 (KHTML, like Gecko; compatible; bingbot/2.0; +http://www.bing.com/bingbot.htm) Chrome/116.0.1938.76 Safari/537.36"
40.77.167.5 - - [22/Dec/2024:11:29:21 -0500] "GET /udsds/x1012470.html HTTP/1.1" 200 45027 "-" "Mozilla/5.0 AppleWebKit/537.36 (KHTML, like Gecko; compatible; bingbot/2.0; +http://www.bing.com/bingbot.htm) Chrome/116.0.1938.76 Safari/537.36"
52.167.144.158 - - [22/Dec/2024:11:29:53 -0500] "GET /zhbor/k2717225.html HTTP/1.1" 200 44726 "-" "Mozilla/5.0 AppleWebKit/537.36 (KHTML, like Gecko; compatible; bingbot/2.0; +http://www.bing.com/bingbot.htm) Chrome/116.0.1938.76 Safari/537.36"
52.167.144.157 - - [22/Dec/2024:11:29:54 -0500] "GET /rvjnj/i2494845.html HTTP/1.1" 200 43804 "-" "Mozilla/5.0 AppleWebKit/537.36 (KHTML, like Gecko; compatible; bingbot/2.0; +http://www.bing.com/bingbot.htm) Chrome/116.0.1938.76 Safari/537.36"
52.167.144.157 - - [22/Dec/2024:11:30:15 -0500] "GET /cpuza/t1634880.html HTTP/1.1" 200 43960 "-" "Mozilla/5.0 AppleWebKit/537.36 (KHTML, like Gecko; compatible; bingbot/2.0; +http://www.bing.com/bingbot.htm) Chrome/116.0.1938.76 Safari/537.36"
52.167.144.239 - - [22/Dec/2024:11:30:32 -0500] "GET /gfpfb/e819401.html HTTP/1.1" 200 44998 "-" "Mozilla/5.0 AppleWebKit/537.36 (KHTML, like Gecko; compatible; bingbot/2.0; +http://www.bing.com/bingbot.htm) Chrome/116.0.1938.76 Safari/537.36"
20.15.133.175 - - [22/Dec/2024:11:30:45 -0500] "GET /dldyj/k2071229.html HTTP/1.1" 200 43869 "-" "Mozilla/5.0 AppleWebKit/537.36 (KHTML, like Gecko; compatible; bingbot/2.0; +http://www.bing.com/bingbot.htm) Chrome/116.0.1938.76 Safari/537.36"
52.167.144.157 - - [22/Dec/2024:11:31:15 -0500] "GET /lwjlf/t2597114.html HTTP/1.1" 200 44251 "-" "Mozilla/5.0 AppleWebKit/537.36 (KHTML, like Gecko; compatible; bingbot/2.0; +http://www.bing.com/bingbot.htm) Chrome/116.0.1938.76 Safari/537.36"
52.167.144.157 - - [22/Dec/2024:11:31:15 -0500] "GET /vumth/e2336657.html HTTP/1.1" 200 44193 "-" "Mozilla/5.0 AppleWebKit/537.36 (KHTML, like Gecko; compatible; bingbot/2.0; +http://www.bing.com/bingbot.htm) Chrome/116.0.1938.76 Safari/537.36"
20.15.133.175 - - [22/Dec/2024:11:31:46 -0500] "GET /heodo/i1844559.html HTTP/1.1" 200 43656 "-" "Mozilla/5.0 AppleWebKit/537.36 (KHTML, like Gecko; compatible; bingbot/2.0; +http://www.bing.com/bingbot.htm) Chrome/116.0.1938.76 Safari/537.36"
20.15.133.175 - - [22/Dec/2024:11:31:48 -0500] "GET /bxzci/m2004541.html HTTP/1.1" 200 43740 "-" "Mozilla/5.0 AppleWebKit/537.36 (KHTML, like Gecko; compatible; bingbot/2.0; +http://www.bing.com/bingbot.htm) Chrome/116.0.1938.76 Safari/537.36"
46.248.185.247 - - [22/Dec/2024:11:31:51 -0500] "GET /robots.txt HTTP/1.1" 200 1070 "-" "GuzzleHttp/7"
46.248.185.247 - - [22/Dec/2024:11:31:52 -0500] "GET /sitemap.xml HTTP/1.1" 200 145479 "-" "GuzzleHttp/7"
46.248.185.247 - - [22/Dec/2024:11:31:54 -0500] "GET /sitemap514.xml HTTP/1.1" 200 145478 "-" "GuzzleHttp/7"
46.248.185.247 - - [22/Dec/2024:11:31:55 -0500] "GET /sitemap806.xml HTTP/1.1" 200 144598 "-" "GuzzleHttp/7"
46.248.185.247 - - [22/Dec/2024:11:31:57 -0500] "GET /sitemap539.xml HTTP/1.1" 200 145478 "-" "GuzzleHttp/7"
46.248.185.247 - - [22/Dec/2024:11:31:58 -0500] "GET /sitemap555.xml HTTP/1.1" 200 145480 "-" "GuzzleHttp/7"
46.248.185.247 - - [22/Dec/2024:11:31:59 -0500] "GET /sitemap241.xml HTTP/1.1" 200 144597 "-" "GuzzleHttp/7"
46.248.185.247 - - [22/Dec/2024:11:32:00 -0500] "GET /sitemap543.xml HTTP/1.1" 200 145479 "-" "GuzzleHttp/7"
46.248.185.247 - - [22/Dec/2024:11:32:02 -0500] "GET /sitemap482.xml HTTP/1.1" 200 144598 "-" "GuzzleHttp/7"
46.248.185.247 - - [22/Dec/2024:11:32:03 -0500] "GET /sitemap500.xml HTTP/1.1" 200 145478 "-" "GuzzleHttp/7"
46.248.185.247 - - [22/Dec/2024:11:32:04 -0500] "GET /sitemap264.xml HTTP/1.1" 200 145479 "-" "GuzzleHttp/7"
20.15.133.175 - - [22/Dec/2024:11:32:05 -0500] "GET /zzynt/c637789.html HTTP/1.1" 200 44499 "-" "Mozilla/5.0 AppleWebKit/537.36 (KHTML, like Gecko; compatible; bingbot/2.0; +http://www.bing.com/bingbot.htm) Chrome/116.0.1938.76 Safari/537.36"
46.248.185.247 - - [22/Dec/2024:11:32:05 -0500] "GET /sitemap688.xml HTTP/1.1" 200 145479 "-" "GuzzleHttp/7"
46.248.185.247 - - [22/Dec/2024:11:32:07 -0500] "GET /sitemap528.xml HTTP/1.1" 200 145480 "-" "GuzzleHttp/7"
46.248.185.247 - - [22/Dec/2024:11:32:08 -0500] "GET /sitemap225.xml HTTP/1.1" 200 145478 "-" "GuzzleHttp/7"
46.248.185.247 - - [22/Dec/2024:11:32:09 -0500] "GET /sitemap827.xml HTTP/1.1" 200 145480 "-" "GuzzleHttp/7"
46.248.185.247 - - [22/Dec/2024:11:32:10 -0500] "GET /sitemap711.xml HTTP/1.1" 200 144597 "-" "GuzzleHttp/7"
46.248.185.247 - - [22/Dec/2024:11:32:12 -0500] "GET /sitemap581.xml HTTP/1.1" 200 144722 "-" "GuzzleHttp/7"
46.248.185.247 - - [22/Dec/2024:11:32:13 -0500] "GET /sitemap410.xml HTTP/1.1" 200 144597 "-" "GuzzleHttp/7"
46.248.185.247 - - [22/Dec/2024:11:32:14 -0500] "GET /sitemap550.xml HTTP/1.1" 200 145479 "-" "GuzzleHttp/7"
46.248.185.247 - - [22/Dec/2024:11:32:15 -0500] "GET /sitemap846.xml HTTP/1.1" 200 145480 "-" "GuzzleHttp/7"
46.248.185.247 - - [22/Dec/2024:11:32:17 -0500] "GET /sitemap715.xml HTTP/1.1" 200 145478 "-" "GuzzleHttp/7"
46.248.185.247 - - [22/Dec/2024:11:32:18 -0500] "GET /sitemap415.xml HTTP/1.1" 200 144598 "-" "GuzzleHttp/7"
20.15.133.174 - - [22/Dec/2024:11:32:53 -0500] "GET /mcpca/x2951056.html HTTP/1.1" 200 44164 "-" "Mozilla/5.0 AppleWebKit/537.36 (KHTML, like Gecko; compatible; bingbot/2.0; +http://www.bing.com/bingbot.htm) Chrome/116.0.1938.76 Safari/537.36"
40.77.167.48 - - [22/Dec/2024:11:33:03 -0500] "GET /mhpia/e3067725.html HTTP/1.1" 200 43708 "-" "Mozilla/5.0 AppleWebKit/537.36 (KHTML, like Gecko; compatible; bingbot/2.0; +http://www.bing.com/bingbot.htm) Chrome/116.0.1938.76 Safari/537.36"
66.249.79.161 - - [22/Dec/2024:11:33:25 -0500] "GET /ybnee/f921426.html HTTP/1.1" 200 45001 "-" "Mozilla/5.0 (Linux; Android 6.0.1; Nexus 5X Build/MMB29P) AppleWebKit/537.36 (KHTML, like Gecko) Chrome/131.0.6778.139 Mobile Safari/537.36 (compatible; Googlebot/2.1; +http://www.google.com/bot.html)"
20.15.133.175 - - [22/Dec/2024:11:33:56 -0500] "GET /nozqw/s3075383.html HTTP/1.1" 200 44777 "-" "Mozilla/5.0 AppleWebKit/537.36 (KHTML, like Gecko; compatible; bingbot/2.0; +http://www.bing.com/bingbot.htm) Chrome/116.0.1938.76 Safari/537.36"
52.167.144.239 - - [22/Dec/2024:11:34:32 -0500] "GET /mgcaf/m861607.html HTTP/1.1" 200 45490 "-" "Mozilla/5.0 AppleWebKit/537.36 (KHTML, like Gecko; compatible; bingbot/2.0; +http://www.bing.com/bingbot.htm) Chrome/116.0.1938.76 Safari/537.36"
20.15.133.175 - - [22/Dec/2024:11:34:35 -0500] "GET /wtk/e316093.html HTTP/1.1" 200 44393 "-" "Mozilla/5.0 AppleWebKit/537.36 (KHTML, like Gecko; compatible; bingbot/2.0; +http://www.bing.com/bingbot.htm) Chrome/116.0.1938.76 Safari/537.36"
66.249.79.160 - - [22/Dec/2024:11:34:55 -0500] "GET /kxrmx/l1740458.html HTTP/1.1" 200 43916 "-" "Mozilla/5.0 (Linux; Android 6.0.1; Nexus 5X Build/MMB29P) AppleWebKit/537.36 (KHTML, like Gecko) Chrome/131.0.6778.139 Mobile Safari/537.36 (compatible; Googlebot/2.1; +http://www.google.com/bot.html)"
66.249.79.173 - - [22/Dec/2024:11:35:15 -0500] "GET /jjszs/c2949319.html HTTP/1.1" 200 44276 "-" "Mozilla/5.0 (Linux; Android 6.0.1; Nexus 5X Build/MMB29P) AppleWebKit/537.36 (KHTML, like Gecko) Chrome/131.0.6778.139 Mobile Safari/537.36 (compatible; Googlebot/2.1; +http://www.google.com/bot.html)"
52.167.144.157 - - [22/Dec/2024:11:35:15 -0500] "GET /lasie/f2958266.html HTTP/1.1" 200 44966 "-" "Mozilla/5.0 AppleWebKit/537.36 (KHTML, like Gecko; compatible; bingbot/2.0; +http://www.bing.com/bingbot.htm) Chrome/116.0.1938.76 Safari/537.36"
66.249.79.160 - - [22/Dec/2024:11:36:13 -0500] "GET /fomyb/r423018.html HTTP/1.1" 200 45286 "-" "Mozilla/5.0 (Linux; Android 6.0.1; Nexus 5X Build/MMB29P) AppleWebKit/537.36 (KHTML, like Gecko) Chrome/131.0.6778.139 Mobile Safari/537.36 (compatible; Googlebot/2.1; +http://www.google.com/bot.html)"
66.249.79.161 - - [22/Dec/2024:11:36:15 -0500] "GET /qcydc/i351119.html HTTP/1.1" 200 45494 "-" "Mozilla/5.0 (Linux; Android 6.0.1; Nexus 5X Build/MMB29P) AppleWebKit/537.36 (KHTML, like Gecko) Chrome/131.0.6778.139 Mobile Safari/537.36 (compatible; Googlebot/2.1; +http://www.google.com/bot.html)"
40.77.167.5 - - [22/Dec/2024:11:36:42 -0500] "GET /xetaw/t883376.html HTTP/1.1" 200 44886 "-" "Mozilla/5.0 AppleWebKit/537.36 (KHTML, like Gecko; compatible; bingbot/2.0; +http://www.bing.com/bingbot.htm) Chrome/116.0.1938.76 Safari/537.36"
40.77.167.5 - - [22/Dec/2024:11:37:13 -0500] "GET /vinox/e2716855.html HTTP/1.1" 200 45726 "-" "Mozilla/5.0 AppleWebKit/537.36 (KHTML, like Gecko; compatible; bingbot/2.0; +http://www.bing.com/bingbot.htm) Chrome/116.0.1938.76 Safari/537.36"
52.167.144.239 - - [22/Dec/2024:11:37:14 -0500] "GET /omins/p2031012.html HTTP/1.1" 200 44379 "-" "Mozilla/5.0 AppleWebKit/537.36 (KHTML, like Gecko; compatible; bingbot/2.0; +http://www.bing.com/bingbot.htm) Chrome/116.0.1938.76 Safari/537.36"
40.77.167.48 - - [22/Dec/2024:11:37:17 -0500] "GET /fmbnb/y1848501.html HTTP/1.1" 200 43868 "-" "Mozilla/5.0 AppleWebKit/537.36 (KHTML, like Gecko; compatible; bingbot/2.0; +http://www.bing.com/bingbot.htm) Chrome/116.0.1938.76 Safari/537.36"
20.15.133.175 - - [22/Dec/2024:11:37:27 -0500] "GET /wryxi/v1097800.html HTTP/1.1" 200 44571 "-" "Mozilla/5.0 AppleWebKit/537.36 (KHTML, like Gecko; compatible; bingbot/2.0; +http://www.bing.com/bingbot.htm) Chrome/116.0.1938.76 Safari/537.36"
66.249.79.161 - - [22/Dec/2024:11:37:28 -0500] "GET /kiijb/j1508406.html HTTP/1.1" 200 44546 "-" "Mozilla/5.0 (Linux; Android 6.0.1; Nexus 5X Build/MMB29P) AppleWebKit/537.36 (KHTML, like Gecko) Chrome/131.0.6778.139 Mobile Safari/537.36 (compatible; Googlebot/2.1; +http://www.google.com/bot.html)"
52.167.144.137 - - [22/Dec/2024:11:37:55 -0500] "GET /uhuyz/k98791.html HTTP/1.1" 200 44408 "-" "Mozilla/5.0 AppleWebKit/537.36 (KHTML, like Gecko; compatible; bingbot/2.0; +http://www.bing.com/bingbot.htm) Chrome/116.0.1938.76 Safari/537.36"
20.15.133.174 - - [22/Dec/2024:11:38:03 -0500] "GET /jiexv/p764942.html HTTP/1.1" 200 45336 "-" "Mozilla/5.0 AppleWebKit/537.36 (KHTML, like Gecko; compatible; bingbot/2.0; +http://www.bing.com/bingbot.htm) Chrome/116.0.1938.76 Safari/537.36"
20.15.133.174 - - [22/Dec/2024:11:38:06 -0500] "GET /xsmdp/a1095491.html HTTP/1.1" 200 44753 "-" "Mozilla/5.0 AppleWebKit/537.36 (KHTML, like Gecko; compatible; bingbot/2.0; +http://www.bing.com/bingbot.htm) Chrome/116.0.1938.76 Safari/537.36"
40.77.167.48 - - [22/Dec/2024:11:38:14 -0500] "GET /euyhs/y2845653.html HTTP/1.1" 200 44469 "-" "Mozilla/5.0 AppleWebKit/537.36 (KHTML, like Gecko; compatible; bingbot/2.0; +http://www.bing.com/bingbot.htm) Chrome/116.0.1938.76 Safari/537.36"
20.15.133.174 - - [22/Dec/2024:11:38:43 -0500] "GET /xercp/x861982.html HTTP/1.1" 200 44592 "-" "Mozilla/5.0 AppleWebKit/537.36 (KHTML, like Gecko; compatible; bingbot/2.0; +http://www.bing.com/bingbot.htm) Chrome/116.0.1938.76 Safari/537.36"
20.15.133.174 - - [22/Dec/2024:11:38:46 -0500] "GET /ozxgk/u492311.html HTTP/1.1" 200 44532 "-" "Mozilla/5.0 AppleWebKit/537.36 (KHTML, like Gecko; compatible; bingbot/2.0; +http://www.bing.com/bingbot.htm) Chrome/116.0.1938.76 Safari/537.36"
40.77.167.5 - - [22/Dec/2024:11:38:52 -0500] "GET /xbdth/s2962803.html HTTP/1.1" 200 44197 "-" "Mozilla/5.0 AppleWebKit/537.36 (KHTML, like Gecko; compatible; bingbot/2.0; +http://www.bing.com/bingbot.htm) Chrome/116.0.1938.76 Safari/537.36"
40.77.167.5 - - [22/Dec/2024:11:38:53 -0500] "GET /mvcqp/w2995281.html HTTP/1.1" 200 44387 "-" "Mozilla/5.0 AppleWebKit/537.36 (KHTML, like Gecko; compatible; bingbot/2.0; +http://www.bing.com/bingbot.htm) Chrome/116.0.1938.76 Safari/537.36"
52.167.144.158 - - [22/Dec/2024:11:39:14 -0500] "GET /fmgti/z1162596.html HTTP/1.1" 200 44228 "-" "Mozilla/5.0 AppleWebKit/537.36 (KHTML, like Gecko; compatible; bingbot/2.0; +http://www.bing.com/bingbot.htm) Chrome/116.0.1938.76 Safari/537.36"
20.15.133.175 - - [22/Dec/2024:11:39:16 -0500] "GET /emkti/b1970470.html HTTP/1.1" 200 44193 "-" "Mozilla/5.0 AppleWebKit/537.36 (KHTML, like Gecko; compatible; bingbot/2.0; +http://www.bing.com/bingbot.htm) Chrome/116.0.1938.76 Safari/537.36"
20.15.133.175 - - [22/Dec/2024:11:39:17 -0500] "GET /abhbm/m742501.html HTTP/1.1" 200 44583 "-" "Mozilla/5.0 AppleWebKit/537.36 (KHTML, like Gecko; compatible; bingbot/2.0; +http://www.bing.com/bingbot.htm) Chrome/116.0.1938.76 Safari/537.36"
66.249.79.161 - - [22/Dec/2024:11:40:01 -0500] "GET /lnjjh/q1223193.html HTTP/1.1" 200 45114 "-" "Mozilla/5.0 (Linux; Android 6.0.1; Nexus 5X Build/MMB29P) AppleWebKit/537.36 (KHTML, like Gecko) Chrome/131.0.6778.139 Mobile Safari/537.36 (compatible; Googlebot/2.1; +http://www.google.com/bot.html)"
40.77.167.0 - - [22/Dec/2024:11:40:12 -0500] "GET /bwevx/d862638.html HTTP/1.1" 200 44548 "-" "Mozilla/5.0 AppleWebKit/537.36 (KHTML, like Gecko; compatible; bingbot/2.0; +http://www.bing.com/bingbot.htm) Chrome/116.0.1938.76 Safari/537.36"
20.15.133.174 - - [22/Dec/2024:11:40:23 -0500] "GET /hbiax/v2277992.html HTTP/1.1" 200 44208 "-" "Mozilla/5.0 AppleWebKit/537.36 (KHTML, like Gecko; compatible; bingbot/2.0; +http://www.bing.com/bingbot.htm) Chrome/116.0.1938.76 Safari/537.36"
20.15.133.175 - - [22/Dec/2024:11:40:36 -0500] "GET /mmcac/o1254859.html HTTP/1.1" 200 46437 "-" "Mozilla/5.0 AppleWebKit/537.36 (KHTML, like Gecko; compatible; bingbot/2.0; +http://www.bing.com/bingbot.htm) Chrome/116.0.1938.76 Safari/537.36"
20.15.133.175 - - [22/Dec/2024:11:40:38 -0500] "GET /ahegj/i2791141.html HTTP/1.1" 200 45826 "-" "Mozilla/5.0 AppleWebKit/537.36 (KHTML, like Gecko; compatible; bingbot/2.0; +http://www.bing.com/bingbot.htm) Chrome/116.0.1938.76 Safari/537.36"
40.77.167.0 - - [22/Dec/2024:11:40:53 -0500] "GET /mgcaf/m861607.html HTTP/1.1" 200 45454 "-" "Mozilla/5.0 AppleWebKit/537.36 (KHTML, like Gecko; compatible; bingbot/2.0; +http://www.bing.com/bingbot.htm) Chrome/116.0.1938.76 Safari/537.36"
66.249.79.173 - - [22/Dec/2024:11:40:56 -0500] "GET /ggnve/b616520.html HTTP/1.1" 200 44182 "-" "Mozilla/5.0 (Linux; Android 6.0.1; Nexus 5X Build/MMB29P) AppleWebKit/537.36 (KHTML, like Gecko) Chrome/131.0.6778.139 Mobile Safari/537.36 (compatible; Googlebot/2.1; +http://www.google.com/bot.html)"
20.15.133.174 - - [22/Dec/2024:11:41:24 -0500] "GET /oaozr/m1844589.html HTTP/1.1" 200 44431 "-" "Mozilla/5.0 AppleWebKit/537.36 (KHTML, like Gecko; compatible; bingbot/2.0; +http://www.bing.com/bingbot.htm) Chrome/116.0.1938.76 Safari/537.36"
40.77.167.61 - - [22/Dec/2024:11:41:35 -0500] "GET /wjslw/c1692609.html HTTP/1.1" 200 43910 "-" "Mozilla/5.0 AppleWebKit/537.36 (KHTML, like Gecko; compatible; bingbot/2.0; +http://www.bing.com/bingbot.htm) Chrome/116.0.1938.76 Safari/537.36"
40.77.167.61 - - [22/Dec/2024:11:42:36 -0500] "GET /pvzgf/t187356.html HTTP/1.1" 200 44980 "-" "Mozilla/5.0 AppleWebKit/537.36 (KHTML, like Gecko; compatible; bingbot/2.0; +http://www.bing.com/bingbot.htm) Chrome/116.0.1938.76 Safari/537.36"
40.77.167.61 - - [22/Dec/2024:11:42:37 -0500] "GET /jnoga/b241158.html HTTP/1.1" 200 45951 "-" "Mozilla/5.0 AppleWebKit/537.36 (KHTML, like Gecko; compatible; bingbot/2.0; +http://www.bing.com/bingbot.htm) Chrome/116.0.1938.76 Safari/537.36"
20.15.133.184 - - [22/Dec/2024:11:43:03 -0500] "GET /pznfo/k1492989.html HTTP/1.1" 200 43906 "-" "Mozilla/5.0 AppleWebKit/537.36 (KHTML, like Gecko; compatible; bingbot/2.0; +http://www.bing.com/bingbot.htm) Chrome/116.0.1938.76 Safari/537.36"
20.15.133.174 - - [22/Dec/2024:11:43:13 -0500] "GET /meyzr/l275514.html HTTP/1.1" 200 44885 "-" "Mozilla/5.0 AppleWebKit/537.36 (KHTML, like Gecko; compatible; bingbot/2.0; +http://www.bing.com/bingbot.htm) Chrome/116.0.1938.76 Safari/537.36"
20.15.133.174 - - [22/Dec/2024:11:44:03 -0500] "GET /elrto/d338348.html HTTP/1.1" 200 44594 "-" "Mozilla/5.0 AppleWebKit/537.36 (KHTML, like Gecko; compatible; bingbot/2.0; +http://www.bing.com/bingbot.htm) Chrome/116.0.1938.76 Safari/537.36"
20.15.133.174 - - [22/Dec/2024:11:44:26 -0500] "GET /hgown/v1582674.html HTTP/1.1" 200 44175 "-" "Mozilla/5.0 AppleWebKit/537.36 (KHTML, like Gecko; compatible; bingbot/2.0; +http://www.bing.com/bingbot.htm) Chrome/116.0.1938.76 Safari/537.36"
20.15.133.174 - - [22/Dec/2024:11:44:29 -0500] "GET /qdzfy/z114614.html HTTP/1.1" 200 46154 "-" "Mozilla/5.0 AppleWebKit/537.36 (KHTML, like Gecko; compatible; bingbot/2.0; +http://www.bing.com/bingbot.htm) Chrome/116.0.1938.76 Safari/537.36"
20.15.133.174 - - [22/Dec/2024:11:44:57 -0500] "GET /liena/q3070441.html HTTP/1.1" 200 43749 "-" "Mozilla/5.0 AppleWebKit/537.36 (KHTML, like Gecko; compatible; bingbot/2.0; +http://www.bing.com/bingbot.htm) Chrome/116.0.1938.76 Safari/537.36"
52.167.144.209 - - [22/Dec/2024:11:45:03 -0500] "GET /ypvbm/s2448289.html HTTP/1.1" 200 43779 "-" "Mozilla/5.0 AppleWebKit/537.36 (KHTML, like Gecko; compatible; bingbot/2.0; +http://www.bing.com/bingbot.htm) Chrome/116.0.1938.76 Safari/537.36"
20.15.133.174 - - [22/Dec/2024:11:45:13 -0500] "GET /ztkst/a3011431.html HTTP/1.1" 200 44345 "-" "Mozilla/5.0 AppleWebKit/537.36 (KHTML, like Gecko; compatible; bingbot/2.0; +http://www.bing.com/bingbot.htm) Chrome/116.0.1938.76 Safari/537.36"
20.15.133.174 - - [22/Dec/2024:11:45:16 -0500] "GET /vjtit/o285163.html HTTP/1.1" 200 44637 "-" "Mozilla/5.0 AppleWebKit/537.36 (KHTML, like Gecko; compatible; bingbot/2.0; +http://www.bing.com/bingbot.htm) Chrome/116.0.1938.76 Safari/537.36"
66.249.79.161 - - [22/Dec/2024:11:45:22 -0500] "GET /cniii/q2946577.html HTTP/1.1" 200 44237 "-" "Mozilla/5.0 (Linux; Android 6.0.1; Nexus 5X Build/MMB29P) AppleWebKit/537.36 (KHTML, like Gecko) Chrome/131.0.6778.139 Mobile Safari/537.36 (compatible; Googlebot/2.1; +http://www.google.com/bot.html)"
20.15.133.174 - - [22/Dec/2024:11:45:26 -0500] "GET /gwfny/k2828271.html HTTP/1.1" 200 44738 "-" "Mozilla/5.0 AppleWebKit/537.36 (KHTML, like Gecko; compatible; bingbot/2.0; +http://www.bing.com/bingbot.htm) Chrome/116.0.1938.76 Safari/537.36"
52.167.144.209 - - [22/Dec/2024:11:46:23 -0500] "GET /bdslp/w2611755.html HTTP/1.1" 200 43654 "-" "Mozilla/5.0 AppleWebKit/537.36 (KHTML, like Gecko; compatible; bingbot/2.0; +http://www.bing.com/bingbot.htm) Chrome/116.0.1938.76 Safari/537.36"
66.249.79.173 - - [22/Dec/2024:11:46:27 -0500] "GET /ogbda/l1409920.html HTTP/1.1" 200 44037 "-" "Mozilla/5.0 (Linux; Android 6.0.1; Nexus 5X Build/MMB29P) AppleWebKit/537.36 (KHTML, like Gecko) Chrome/131.0.6778.139 Mobile Safari/537.36 (compatible; Googlebot/2.1; +http://www.google.com/bot.html)"
20.15.133.184 - - [22/Dec/2024:11:47:36 -0500] "GET /nkfnm/j2728222.html HTTP/1.1" 200 45543 "-" "Mozilla/5.0 AppleWebKit/537.36 (KHTML, like Gecko; compatible; bingbot/2.0; +http://www.bing.com/bingbot.htm) Chrome/116.0.1938.76 Safari/537.36"
20.15.133.184 - - [22/Dec/2024:11:47:38 -0500] "GET /issqz/o2978529.html HTTP/1.1" 200 44298 "-" "Mozilla/5.0 AppleWebKit/537.36 (KHTML, like Gecko; compatible; bingbot/2.0; +http://www.bing.com/bingbot.htm) Chrome/116.0.1938.76 Safari/537.36"
40.77.167.0 - - [22/Dec/2024:11:48:43 -0500] "GET /mgcaf/m861607.html HTTP/1.1" 200 45490 "-" "Mozilla/5.0 AppleWebKit/537.36 (KHTML, like Gecko; compatible; bingbot/2.0; +http://www.bing.com/bingbot.htm) Chrome/116.0.1938.76 Safari/537.36"
20.15.133.174 - - [22/Dec/2024:11:48:54 -0500] "GET /kmmdo/n649968.html HTTP/1.1" 200 45812 "-" "Mozilla/5.0 AppleWebKit/537.36 (KHTML, like Gecko; compatible; bingbot/2.0; +http://www.bing.com/bingbot.htm) Chrome/116.0.1938.76 Safari/537.36"
66.249.79.173 - - [22/Dec/2024:11:49:04 -0500] "GET /yjjju/n837116.html HTTP/1.1" 200 44757 "-" "Mozilla/5.0 (Linux; Android 6.0.1; Nexus 5X Build/MMB29P) AppleWebKit/537.36 (KHTML, like Gecko) Chrome/131.0.6778.139 Mobile Safari/537.36 (compatible; Googlebot/2.1; +http://www.google.com/bot.html)"
20.15.133.174 - - [22/Dec/2024:11:49:24 -0500] "GET /ggyro/k2433591.html HTTP/1.1" 200 44393 "-" "Mozilla/5.0 AppleWebKit/537.36 (KHTML, like Gecko; compatible; bingbot/2.0; +http://www.bing.com/bingbot.htm) Chrome/116.0.1938.76 Safari/537.36"
52.167.144.157 - - [22/Dec/2024:11:50:34 -0500] "GET /zdjsq/d2569434.html HTTP/1.1" 200 43867 "-" "Mozilla/5.0 AppleWebKit/537.36 (KHTML, like Gecko; compatible; bingbot/2.0; +http://www.bing.com/bingbot.htm) Chrome/116.0.1938.76 Safari/537.36"
52.167.144.157 - - [22/Dec/2024:11:50:36 -0500] "GET /bbzqi/z3002928.html HTTP/1.1" 200 44028 "-" "Mozilla/5.0 AppleWebKit/537.36 (KHTML, like Gecko; compatible; bingbot/2.0; +http://www.bing.com/bingbot.htm) Chrome/116.0.1938.76 Safari/537.36"
40.77.167.61 - - [22/Dec/2024:11:50:39 -0500] "GET /kcjzn/y3057605.html HTTP/1.1" 200 44328 "-" "Mozilla/5.0 AppleWebKit/537.36 (KHTML, like Gecko; compatible; bingbot/2.0; +http://www.bing.com/bingbot.htm) Chrome/116.0.1938.76 Safari/537.36"
52.167.144.162 - - [22/Dec/2024:11:50:44 -0500] "GET /izisz/a2735103.html HTTP/1.1" 200 44774 "-" "Mozilla/5.0 AppleWebKit/537.36 (KHTML, like Gecko; compatible; bingbot/2.0; +http://www.bing.com/bingbot.htm) Chrome/116.0.1938.76 Safari/537.36"
20.15.133.174 - - [22/Dec/2024:11:50:47 -0500] "GET /czcqn/p1252104.html HTTP/1.1" 200 45852 "-" "Mozilla/5.0 AppleWebKit/537.36 (KHTML, like Gecko; compatible; bingbot/2.0; +http://www.bing.com/bingbot.htm) Chrome/116.0.1938.76 Safari/537.36"
40.77.167.18 - - [22/Dec/2024:11:50:53 -0500] "GET /qhpwu/u1969657.html HTTP/1.1" 200 44051 "-" "Mozilla/5.0 AppleWebKit/537.36 (KHTML, like Gecko; compatible; bingbot/2.0; +http://www.bing.com/bingbot.htm) Chrome/116.0.1938.76 Safari/537.36"
20.15.133.191 - - [22/Dec/2024:11:52:05 -0500] "GET /oqwvg/j2921324.html HTTP/1.1" 200 44978 "-" "Mozilla/5.0 AppleWebKit/537.36 (KHTML, like Gecko; compatible; bingbot/2.0; +http://www.bing.com/bingbot.htm) Chrome/116.0.1938.76 Safari/537.36"
20.15.133.175 - - [22/Dec/2024:11:52:09 -0500] "GET /gnjxn/o2567313.html HTTP/1.1" 200 43794 "-" "Mozilla/5.0 AppleWebKit/537.36 (KHTML, like Gecko; compatible; bingbot/2.0; +http://www.bing.com/bingbot.htm) Chrome/116.0.1938.76 Safari/537.36"
20.15.133.191 - - [22/Dec/2024:11:52:15 -0500] "GET /odjuf/l2713534.html HTTP/1.1" 200 45786 "-" "Mozilla/5.0 AppleWebKit/537.36 (KHTML, like Gecko; compatible; bingbot/2.0; +http://www.bing.com/bingbot.htm) Chrome/116.0.1938.76 Safari/537.36"
52.167.144.162 - - [22/Dec/2024:11:52:25 -0500] "GET /sddgm/e2829175.html HTTP/1.1" 200 44434 "-" "Mozilla/5.0 AppleWebKit/537.36 (KHTML, like Gecko; compatible; bingbot/2.0; +http://www.bing.com/bingbot.htm) Chrome/116.0.1938.76 Safari/537.36"
40.77.167.65 - - [22/Dec/2024:11:52:26 -0500] "GET /hkjwm/t2637284.html HTTP/1.1" 200 44454 "-" "Mozilla/5.0 AppleWebKit/537.36 (KHTML, like Gecko; compatible; bingbot/2.0; +http://www.bing.com/bingbot.htm) Chrome/116.0.1938.76 Safari/537.36"
20.15.133.175 - - [22/Dec/2024:11:52:27 -0500] "GET /lzegk/l2708178.html HTTP/1.1" 200 45509 "-" "Mozilla/5.0 AppleWebKit/537.36 (KHTML, like Gecko; compatible; bingbot/2.0; +http://www.bing.com/bingbot.htm) Chrome/116.0.1938.76 Safari/537.36"
20.15.133.174 - - [22/Dec/2024:11:52:34 -0500] "GET /ogbmu/v1747228.html HTTP/1.1" 200 44377 "-" "Mozilla/5.0 AppleWebKit/537.36 (KHTML, like Gecko; compatible; bingbot/2.0; +http://www.bing.com/bingbot.htm) Chrome/116.0.1938.76 Safari/537.36"
40.77.167.65 - - [22/Dec/2024:11:52:46 -0500] "GET /llvih/k718137.html HTTP/1.1" 200 44852 "-" "Mozilla/5.0 AppleWebKit/537.36 (KHTML, like Gecko; compatible; bingbot/2.0; +http://www.bing.com/bingbot.htm) Chrome/116.0.1938.76 Safari/537.36"
40.77.167.65 - - [22/Dec/2024:11:52:47 -0500] "GET /ebecq/w2323545.html HTTP/1.1" 200 44319 "-" "Mozilla/5.0 AppleWebKit/537.36 (KHTML, like Gecko; compatible; bingbot/2.0; +http://www.bing.com/bingbot.htm) Chrome/116.0.1938.76 Safari/537.36"
20.15.133.175 - - [22/Dec/2024:11:53:07 -0500] "GET /wcyhn/y481473.html HTTP/1.1" 200 45079 "-" "Mozilla/5.0 AppleWebKit/537.36 (KHTML, like Gecko; compatible; bingbot/2.0; +http://www.bing.com/bingbot.htm) Chrome/116.0.1938.76 Safari/537.36"
52.167.144.162 - - [22/Dec/2024:11:53:35 -0500] "GET /ojoqt/l2456914.html HTTP/1.1" 200 43927 "-" "Mozilla/5.0 AppleWebKit/537.36 (KHTML, like Gecko; compatible; bingbot/2.0; +http://www.bing.com/bingbot.htm) Chrome/116.0.1938.76 Safari/537.36"
20.15.133.174 - - [22/Dec/2024:11:53:54 -0500] "GET /csfme/m1700705.html HTTP/1.1" 200 43869 "-" "Mozilla/5.0 AppleWebKit/537.36 (KHTML, like Gecko; compatible; bingbot/2.0; +http://www.bing.com/bingbot.htm) Chrome/116.0.1938.76 Safari/537.36"
40.77.167.65 - - [22/Dec/2024:11:54:56 -0500] "GET /mtbsa/x2853244.html HTTP/1.1" 200 45030 "-" "Mozilla/5.0 AppleWebKit/537.36 (KHTML, like Gecko; compatible; bingbot/2.0; +http://www.bing.com/bingbot.htm) Chrome/116.0.1938.76 Safari/537.36"
52.167.144.159 - - [22/Dec/2024:11:55:05 -0500] "GET /mgcaf/m861607.html HTTP/1.1" 200 45490 "-" "Mozilla/5.0 AppleWebKit/537.36 (KHTML, like Gecko; compatible; bingbot/2.0; +http://www.bing.com/bingbot.htm) Chrome/116.0.1938.76 Safari/537.36"
20.15.133.175 - - [22/Dec/2024:11:55:27 -0500] "GET /foqqa/r2032860.html HTTP/1.1" 200 43875 "-" "Mozilla/5.0 AppleWebKit/537.36 (KHTML, like Gecko; compatible; bingbot/2.0; +http://www.bing.com/bingbot.htm) Chrome/116.0.1938.76 Safari/537.36"
66.249.79.161 - - [22/Dec/2024:11:56:50 -0500] "GET /biciz/q683537.html HTTP/1.1" 200 44598 "-" "Mozilla/5.0 (Linux; Android 6.0.1; Nexus 5X Build/MMB29P) AppleWebKit/537.36 (KHTML, like Gecko) Chrome/131.0.6778.139 Mobile Safari/537.36 (compatible; Googlebot/2.1; +http://www.google.com/bot.html)"
66.249.79.160 - - [22/Dec/2024:11:56:54 -0500] "GET /zhcsm/s417871.html HTTP/1.1" 200 44904 "-" "Mozilla/5.0 (Linux; Android 6.0.1; Nexus 5X Build/MMB29P) AppleWebKit/537.36 (KHTML, like Gecko) Chrome/131.0.6778.139 Mobile Safari/537.36 (compatible; Googlebot/2.1; +http://www.google.com/bot.html)"
66.249.79.173 - - [22/Dec/2024:11:56:59 -0500] "GET /azfvk/g924755.html HTTP/1.1" 200 44477 "-" "Mozilla/5.0 (Linux; Android 6.0.1; Nexus 5X Build/MMB29P) AppleWebKit/537.36 (KHTML, like Gecko) Chrome/131.0.6778.139 Mobile Safari/537.36 (compatible; Googlebot/2.1; +http://www.google.com/bot.html)"
66.249.79.173 - - [22/Dec/2024:11:57:03 -0500] "GET /zuqzq/k252659.html HTTP/1.1" 200 44658 "-" "Mozilla/5.0 (Linux; Android 6.0.1; Nexus 5X Build/MMB29P) AppleWebKit/537.36 (KHTML, like Gecko) Chrome/131.0.6778.139 Mobile Safari/537.36 (compatible; Googlebot/2.1; +http://www.google.com/bot.html)"
20.15.133.191 - - [22/Dec/2024:11:57:05 -0500] "GET /yfqih/e468245.html HTTP/1.1" 200 44425 "-" "Mozilla/5.0 AppleWebKit/537.36 (KHTML, like Gecko; compatible; bingbot/2.0; +http://www.bing.com/bingbot.htm) Chrome/116.0.1938.76 Safari/537.36"
66.249.79.160 - - [22/Dec/2024:11:57:08 -0500] "GET /rerld/z480642.html HTTP/1.1" 200 45843 "-" "Mozilla/5.0 (Linux; Android 6.0.1; Nexus 5X Build/MMB29P) AppleWebKit/537.36 (KHTML, like Gecko) Chrome/131.0.6778.139 Mobile Safari/537.36 (compatible; Googlebot/2.1; +http://www.google.com/bot.html)"
66.249.79.173 - - [22/Dec/2024:11:57:12 -0500] "GET /yhgqm/c1416827.html HTTP/1.1" 200 44004 "-" "Mozilla/5.0 (Linux; Android 6.0.1; Nexus 5X Build/MMB29P) AppleWebKit/537.36 (KHTML, like Gecko) Chrome/131.0.6778.139 Mobile Safari/537.36 (compatible; Googlebot/2.1; +http://www.google.com/bot.html)"
66.249.79.173 - - [22/Dec/2024:11:57:16 -0500] "GET /hxgix/s844323.html HTTP/1.1" 200 44390 "-" "Mozilla/5.0 (Linux; Android 6.0.1; Nexus 5X Build/MMB29P) AppleWebKit/537.36 (KHTML, like Gecko) Chrome/131.0.6778.139 Mobile Safari/537.36 (compatible; Googlebot/2.1; +http://www.google.com/bot.html)"
66.249.79.173 - - [22/Dec/2024:11:57:20 -0500] "GET /kkllb/k1174801.html HTTP/1.1" 200 44751 "-" "Mozilla/5.0 (Linux; Android 6.0.1; Nexus 5X Build/MMB29P) AppleWebKit/537.36 (KHTML, like Gecko) Chrome/131.0.6778.139 Mobile Safari/537.36 (compatible; Googlebot/2.1; +http://www.google.com/bot.html)"
66.249.79.173 - - [22/Dec/2024:11:57:25 -0500] "GET /hqumg/x2219598.html HTTP/1.1" 200 44208 "-" "Mozilla/5.0 (Linux; Android 6.0.1; Nexus 5X Build/MMB29P) AppleWebKit/537.36 (KHTML, like Gecko) Chrome/131.0.6778.139 Mobile Safari/537.36 (compatible; Googlebot/2.1; +http://www.google.com/bot.html)"
66.249.79.173 - - [22/Dec/2024:11:57:33 -0500] "GET /hfabw/d2293522.html HTTP/1.1" 200 44368 "-" "Mozilla/5.0 (Linux; Android 6.0.1; Nexus 5X Build/MMB29P) AppleWebKit/537.36 (KHTML, like Gecko) Chrome/131.0.6778.139 Mobile Safari/537.36 (compatible; Googlebot/2.1; +http://www.google.com/bot.html)"
66.249.79.160 - - [22/Dec/2024:11:57:38 -0500] "GET /iwlnc/c2843525.html HTTP/1.1" 200 45067 "-" "Mozilla/5.0 (Linux; Android 6.0.1; Nexus 5X Build/MMB29P) AppleWebKit/537.36 (KHTML, like Gecko) Chrome/131.0.6778.139 Mobile Safari/537.36 (compatible; Googlebot/2.1; +http://www.google.com/bot.html)"
66.249.79.160 - - [22/Dec/2024:11:57:43 -0500] "GET /fmkcj/y1670115.html HTTP/1.1" 200 44708 "-" "Mozilla/5.0 (Linux; Android 6.0.1; Nexus 5X Build/MMB29P) AppleWebKit/537.36 (KHTML, like Gecko) Chrome/131.0.6778.139 Mobile Safari/537.36 (compatible; Googlebot/2.1; +http://www.google.com/bot.html)"
66.249.79.160 - - [22/Dec/2024:11:57:47 -0500] "GET /bghro/i1314861.html HTTP/1.1" 200 45010 "-" "Mozilla/5.0 (Linux; Android 6.0.1; Nexus 5X Build/MMB29P) AppleWebKit/537.36 (KHTML, like Gecko) Chrome/131.0.6778.139 Mobile Safari/537.36 (compatible; Googlebot/2.1; +http://www.google.com/bot.html)"
66.249.79.173 - - [22/Dec/2024:11:57:51 -0500] "GET /nodmp/y810139.html HTTP/1.1" 200 44277 "-" "Mozilla/5.0 (Linux; Android 6.0.1; Nexus 5X Build/MMB29P) AppleWebKit/537.36 (KHTML, like Gecko) Chrome/131.0.6778.139 Mobile Safari/537.36 (compatible; Googlebot/2.1; +http://www.google.com/bot.html)"
66.249.79.160 - - [22/Dec/2024:11:57:56 -0500] "GET /xdqee/z1814494.html HTTP/1.1" 200 44336 "-" "Mozilla/5.0 (Linux; Android 6.0.1; Nexus 5X Build/MMB29P) AppleWebKit/537.36 (KHTML, like Gecko) Chrome/131.0.6778.139 Mobile Safari/537.36 (compatible; Googlebot/2.1; +http://www.google.com/bot.html)"
66.249.79.173 - - [22/Dec/2024:11:58:00 -0500] "GET /rzvax/j461048.html HTTP/1.1" 200 44285 "-" "Mozilla/5.0 (Linux; Android 6.0.1; Nexus 5X Build/MMB29P) AppleWebKit/537.36 (KHTML, like Gecko) Chrome/131.0.6778.139 Mobile Safari/537.36 (compatible; Googlebot/2.1; +http://www.google.com/bot.html)"
66.249.79.173 - - [22/Dec/2024:11:58:05 -0500] "GET /alvfx/l801910.html HTTP/1.1" 200 45906 "-" "Mozilla/5.0 (Linux; Android 6.0.1; Nexus 5X Build/MMB29P) AppleWebKit/537.36 (KHTML, like Gecko) Chrome/131.0.6778.139 Mobile Safari/537.36 (compatible; Googlebot/2.1; +http://www.google.com/bot.html)"
66.249.79.173 - - [22/Dec/2024:11:58:09 -0500] "GET /eoojl/b2427030.html HTTP/1.1" 200 43981 "-" "Mozilla/5.0 (Linux; Android 6.0.1; Nexus 5X Build/MMB29P) AppleWebKit/537.36 (KHTML, like Gecko) Chrome/131.0.6778.139 Mobile Safari/537.36 (compatible; Googlebot/2.1; +http://www.google.com/bot.html)"
66.249.79.173 - - [22/Dec/2024:11:58:13 -0500] "GET /idvgd/n321068.html HTTP/1.1" 200 44371 "-" "Mozilla/5.0 (Linux; Android 6.0.1; Nexus 5X Build/MMB29P) AppleWebKit/537.36 (KHTML, like Gecko) Chrome/131.0.6778.139 Mobile Safari/537.36 (compatible; Googlebot/2.1; +http://www.google.com/bot.html)"
66.249.79.173 - - [22/Dec/2024:11:58:18 -0500] "GET /yfntz/y1612369.html HTTP/1.1" 200 44354 "-" "Mozilla/5.0 (Linux; Android 6.0.1; Nexus 5X Build/MMB29P) AppleWebKit/537.36 (KHTML, like Gecko) Chrome/131.0.6778.139 Mobile Safari/537.36 (compatible; Googlebot/2.1; +http://www.google.com/bot.html)"
66.249.79.173 - - [22/Dec/2024:11:58:23 -0500] "GET /bbivp/x2485968.html HTTP/1.1" 200 45230 "-" "Mozilla/5.0 (Linux; Android 6.0.1; Nexus 5X Build/MMB29P) AppleWebKit/537.36 (KHTML, like Gecko) Chrome/131.0.6778.139 Mobile Safari/537.36 (compatible; Googlebot/2.1; +http://www.google.com/bot.html)"
66.249.79.173 - - [22/Dec/2024:11:58:27 -0500] "GET /jhdpo/r537158.html HTTP/1.1" 200 45176 "-" "Mozilla/5.0 (Linux; Android 6.0.1; Nexus 5X Build/MMB29P) AppleWebKit/537.36 (KHTML, like Gecko) Chrome/131.0.6778.139 Mobile Safari/537.36 (compatible; Googlebot/2.1; +http://www.google.com/bot.html)"
66.249.79.160 - - [22/Dec/2024:11:58:32 -0500] "GET /srdep/j2950886.html HTTP/1.1" 200 44153 "-" "Mozilla/5.0 (Linux; Android 6.0.1; Nexus 5X Build/MMB29P) AppleWebKit/537.36 (KHTML, like Gecko) Chrome/131.0.6778.139 Mobile Safari/537.36 (compatible; Googlebot/2.1; +http://www.google.com/bot.html)"
66.249.79.160 - - [22/Dec/2024:11:58:35 -0500] "GET /zkdnv/d2183646.html HTTP/1.1" 200 44217 "-" "Mozilla/5.0 (Linux; Android 6.0.1; Nexus 5X Build/MMB29P) AppleWebKit/537.36 (KHTML, like Gecko) Chrome/131.0.6778.139 Mobile Safari/537.36 (compatible; Googlebot/2.1; +http://www.google.com/bot.html)"
66.249.79.173 - - [22/Dec/2024:11:58:39 -0500] "GET /ywfwi/h1728936.html HTTP/1.1" 200 44412 "-" "Mozilla/5.0 (Linux; Android 6.0.1; Nexus 5X Build/MMB29P) AppleWebKit/537.36 (KHTML, like Gecko) Chrome/131.0.6778.139 Mobile Safari/537.36 (compatible; Googlebot/2.1; +http://www.google.com/bot.html)"
66.249.79.173 - - [22/Dec/2024:11:58:47 -0500] "GET /wvaco/b2493694.html HTTP/1.1" 200 44736 "-" "Mozilla/5.0 (Linux; Android 6.0.1; Nexus 5X Build/MMB29P) AppleWebKit/537.36 (KHTML, like Gecko) Chrome/131.0.6778.139 Mobile Safari/537.36 (compatible; Googlebot/2.1; +http://www.google.com/bot.html)"
66.249.79.161 - - [22/Dec/2024:11:58:51 -0500] "GET /hserz/x274746.html HTTP/1.1" 200 45222 "-" "Mozilla/5.0 (Linux; Android 6.0.1; Nexus 5X Build/MMB29P) AppleWebKit/537.36 (KHTML, like Gecko) Chrome/131.0.6778.139 Mobile Safari/537.36 (compatible; Googlebot/2.1; +http://www.google.com/bot.html)"
66.249.79.173 - - [22/Dec/2024:11:58:55 -0500] "GET /zoxmp/z2735128.html HTTP/1.1" 200 45280 "-" "Mozilla/5.0 (Linux; Android 6.0.1; Nexus 5X Build/MMB29P) AppleWebKit/537.36 (KHTML, like Gecko) Chrome/131.0.6778.139 Mobile Safari/537.36 (compatible; Googlebot/2.1; +http://www.google.com/bot.html)"
66.249.79.160 - - [22/Dec/2024:11:59:00 -0500] "GET /jycfe/b90254.html HTTP/1.1" 200 45031 "-" "Mozilla/5.0 (Linux; Android 6.0.1; Nexus 5X Build/MMB29P) AppleWebKit/537.36 (KHTML, like Gecko) Chrome/131.0.6778.139 Mobile Safari/537.36 (compatible; Googlebot/2.1; +http://www.google.com/bot.html)"
66.249.79.173 - - [22/Dec/2024:11:59:04 -0500] "GET /bxjfs/b1774612.html HTTP/1.1" 200 44462 "-" "Mozilla/5.0 (Linux; Android 6.0.1; Nexus 5X Build/MMB29P) AppleWebKit/537.36 (KHTML, like Gecko) Chrome/131.0.6778.139 Mobile Safari/537.36 (compatible; Googlebot/2.1; +http://www.google.com/bot.html)"
66.249.79.173 - - [22/Dec/2024:11:59:09 -0500] "GET /hetse/m3034401.html HTTP/1.1" 200 44498 "-" "Mozilla/5.0 (Linux; Android 6.0.1; Nexus 5X Build/MMB29P) AppleWebKit/537.36 (KHTML, like Gecko) Chrome/131.0.6778.139 Mobile Safari/537.36 (compatible; Googlebot/2.1; +http://www.google.com/bot.html)"
66.249.79.173 - - [22/Dec/2024:11:59:13 -0500] "GET /iolno/s1038361.html HTTP/1.1" 200 45042 "-" "Mozilla/5.0 (Linux; Android 6.0.1; Nexus 5X Build/MMB29P) AppleWebKit/537.36 (KHTML, like Gecko) Chrome/131.0.6778.139 Mobile Safari/537.36 (compatible; Googlebot/2.1; +http://www.google.com/bot.html)"
20.15.133.174 - - [22/Dec/2024:11:59:15 -0500] "GET /lkert/c1124171.html HTTP/1.1" 200 44975 "-" "Mozilla/5.0 AppleWebKit/537.36 (KHTML, like Gecko; compatible; bingbot/2.0; +http://www.bing.com/bingbot.htm) Chrome/116.0.1938.76 Safari/537.36"
52.167.144.157 - - [22/Dec/2024:11:59:15 -0500] "GET /ohpgc/p189354.html HTTP/1.1" 200 43910 "-" "Mozilla/5.0 AppleWebKit/537.36 (KHTML, like Gecko; compatible; bingbot/2.0; +http://www.bing.com/bingbot.htm) Chrome/116.0.1938.76 Safari/537.36"
66.249.79.173 - - [22/Dec/2024:11:59:17 -0500] "GET /ecucc/n2505536.html HTTP/1.1" 200 44511 "-" "Mozilla/5.0 (Linux; Android 6.0.1; Nexus 5X Build/MMB29P) AppleWebKit/537.36 (KHTML, like Gecko) Chrome/131.0.6778.139 Mobile Safari/537.36 (compatible; Googlebot/2.1; +http://www.google.com/bot.html)"
66.249.79.173 - - [22/Dec/2024:11:59:26 -0500] "GET /zhqnj/h1924274.html HTTP/1.1" 200 44128 "-" "Mozilla/5.0 (Linux; Android 6.0.1; Nexus 5X Build/MMB29P) AppleWebKit/537.36 (KHTML, like Gecko) Chrome/131.0.6778.139 Mobile Safari/537.36 (compatible; Googlebot/2.1; +http://www.google.com/bot.html)"
66.249.79.160 - - [22/Dec/2024:11:59:35 -0500] "GET /sbqyp/u1309933.html HTTP/1.1" 200 44694 "-" "Mozilla/5.0 (Linux; Android 6.0.1; Nexus 5X Build/MMB29P) AppleWebKit/537.36 (KHTML, like Gecko) Chrome/131.0.6778.139 Mobile Safari/537.36 (compatible; Googlebot/2.1; +http://www.google.com/bot.html)"
