66.249.79.161 - - [22/Dec/2024:16:03:05 -0500] "GET /yvzik/q762577.html HTTP/1.1" 200 44066 "-" "Mozilla/5.0 (Linux; Android 6.0.1; Nexus 5X Build/MMB29P) AppleWebKit/537.36 (KHTML, like Gecko) Chrome/131.0.6778.139 Mobile Safari/537.36 (compatible; Googlebot/2.1; +http://www.google.com/bot.html)"
66.249.79.173 - - [22/Dec/2024:16:03:13 -0500] "GET /owhiw/t1772056.html HTTP/1.1" 200 43591 "-" "Mozilla/5.0 (Linux; Android 6.0.1; Nexus 5X Build/MMB29P) AppleWebKit/537.36 (KHTML, like Gecko) Chrome/131.0.6778.139 Mobile Safari/537.36 (compatible; Googlebot/2.1; +http://www.google.com/bot.html)"
66.249.79.173 - - [22/Dec/2024:16:03:14 -0500] "GET /igkab/a994429.html HTTP/1.1" 200 45281 "-" "Mozilla/5.0 (Linux; Android 6.0.1; Nexus 5X Build/MMB29P) AppleWebKit/537.36 (KHTML, like Gecko) Chrome/131.0.6778.139 Mobile Safari/537.36 (compatible; Googlebot/2.1; +http://www.google.com/bot.html)"
66.249.79.173 - - [22/Dec/2024:16:03:33 -0500] "GET /cglsj/x1402132.html HTTP/1.1" 200 44137 "-" "Mozilla/5.0 (Linux; Android 6.0.1; Nexus 5X Build/MMB29P) AppleWebKit/537.36 (KHTML, like Gecko) Chrome/131.0.6778.139 Mobile Safari/537.36 (compatible; Googlebot/2.1; +http://www.google.com/bot.html)"
66.249.79.173 - - [22/Dec/2024:16:03:52 -0500] "GET /thxaf/f582646.html HTTP/1.1" 200 44508 "-" "Mozilla/5.0 (Linux; Android 6.0.1; Nexus 5X Build/MMB29P) AppleWebKit/537.36 (KHTML, like Gecko) Chrome/131.0.6778.139 Mobile Safari/537.36 (compatible; Googlebot/2.1; +http://www.google.com/bot.html)"
40.77.167.15 - - [22/Dec/2024:16:04:07 -0500] "GET /rrihb/g2507713.html HTTP/1.1" 200 44322 "-" "Mozilla/5.0 AppleWebKit/537.36 (KHTML, like Gecko; compatible; bingbot/2.0; +http://www.bing.com/bingbot.htm) Chrome/116.0.1938.76 Safari/537.36"
66.249.79.161 - - [22/Dec/2024:16:04:11 -0500] "GET /htihm/j2812670.html HTTP/1.1" 200 44486 "-" "Mozilla/5.0 (Linux; Android 6.0.1; Nexus 5X Build/MMB29P) AppleWebKit/537.36 (KHTML, like Gecko) Chrome/131.0.6778.139 Mobile Safari/537.36 (compatible; Googlebot/2.1; +http://www.google.com/bot.html)"
40.77.167.20 - - [22/Dec/2024:16:04:29 -0500] "GET /toicy/i1927239.html HTTP/1.1" 200 43771 "-" "Mozilla/5.0 AppleWebKit/537.36 (KHTML, like Gecko; compatible; bingbot/2.0; +http://www.bing.com/bingbot.htm) Chrome/116.0.1938.76 Safari/537.36"
66.249.79.160 - - [22/Dec/2024:16:04:31 -0500] "GET /rsaha/h2427374.html HTTP/1.1" 200 44119 "-" "Mozilla/5.0 (Linux; Android 6.0.1; Nexus 5X Build/MMB29P) AppleWebKit/537.36 (KHTML, like Gecko) Chrome/131.0.6778.139 Mobile Safari/537.36 (compatible; Googlebot/2.1; +http://www.google.com/bot.html)"
66.249.79.173 - - [22/Dec/2024:16:04:51 -0500] "GET /quofg/k2617333.html HTTP/1.1" 200 44081 "-" "Mozilla/5.0 (Linux; Android 6.0.1; Nexus 5X Build/MMB29P) AppleWebKit/537.36 (KHTML, like Gecko) Chrome/131.0.6778.139 Mobile Safari/537.36 (compatible; Googlebot/2.1; +http://www.google.com/bot.html)"
66.249.79.173 - - [22/Dec/2024:16:05:11 -0500] "GET /akjyc/d700996.html HTTP/1.1" 200 45061 "-" "Mozilla/5.0 (Linux; Android 6.0.1; Nexus 5X Build/MMB29P) AppleWebKit/537.36 (KHTML, like Gecko) Chrome/131.0.6778.139 Mobile Safari/537.36 (compatible; Googlebot/2.1; +http://www.google.com/bot.html)"
66.249.79.173 - - [22/Dec/2024:16:05:24 -0500] "GET /jhtkd/k604309.html HTTP/1.1" 200 44353 "-" "Mozilla/5.0 (Linux; Android 6.0.1; Nexus 5X Build/MMB29P) AppleWebKit/537.36 (KHTML, like Gecko) Chrome/131.0.6778.139 Mobile Safari/537.36 (compatible; Googlebot/2.1; +http://www.google.com/bot.html)"
66.249.79.160 - - [22/Dec/2024:16:05:25 -0500] "GET /akvks/q1002817.html HTTP/1.1" 200 44785 "-" "Mozilla/5.0 (Linux; Android 6.0.1; Nexus 5X Build/MMB29P) AppleWebKit/537.36 (KHTML, like Gecko) Chrome/131.0.6778.139 Mobile Safari/537.36 (compatible; Googlebot/2.1; +http://www.google.com/bot.html)"
66.249.79.173 - - [22/Dec/2024:16:05:45 -0500] "GET /fuclt/i1816063.html HTTP/1.1" 200 44008 "-" "Mozilla/5.0 (Linux; Android 6.0.1; Nexus 5X Build/MMB29P) AppleWebKit/537.36 (KHTML, like Gecko) Chrome/131.0.6778.139 Mobile Safari/537.36 (compatible; Googlebot/2.1; +http://www.google.com/bot.html)"
66.249.79.160 - - [22/Dec/2024:16:06:05 -0500] "GET /obblw/t816244.html HTTP/1.1" 200 46113 "-" "Mozilla/5.0 (Linux; Android 6.0.1; Nexus 5X Build/MMB29P) AppleWebKit/537.36 (KHTML, like Gecko) Chrome/131.0.6778.139 Mobile Safari/537.36 (compatible; Googlebot/2.1; +http://www.google.com/bot.html)"
40.77.167.15 - - [22/Dec/2024:16:06:17 -0500] "GET /psocv/r2848584.html HTTP/1.1" 200 44943 "-" "Mozilla/5.0 AppleWebKit/537.36 (KHTML, like Gecko; compatible; bingbot/2.0; +http://www.bing.com/bingbot.htm) Chrome/116.0.1938.76 Safari/537.36"
66.249.79.173 - - [22/Dec/2024:16:06:31 -0500] "GET /cdmtt/l2694268.html HTTP/1.1" 200 44777 "-" "Mozilla/5.0 (Linux; Android 6.0.1; Nexus 5X Build/MMB29P) AppleWebKit/537.36 (KHTML, like Gecko) Chrome/131.0.6778.139 Mobile Safari/537.36 (compatible; Googlebot/2.1; +http://www.google.com/bot.html)"
66.249.79.173 - - [22/Dec/2024:16:06:51 -0500] "GET /yigbh/k1784839.html HTTP/1.1" 200 44314 "-" "Mozilla/5.0 (Linux; Android 6.0.1; Nexus 5X Build/MMB29P) AppleWebKit/537.36 (KHTML, like Gecko) Chrome/131.0.6778.139 Mobile Safari/537.36 (compatible; Googlebot/2.1; +http://www.google.com/bot.html)"
66.249.79.173 - - [22/Dec/2024:16:06:52 -0500] "GET /fgzab/g3067779.html HTTP/1.1" 200 44174 "-" "Mozilla/5.0 (Linux; Android 6.0.1; Nexus 5X Build/MMB29P) AppleWebKit/537.36 (KHTML, like Gecko) Chrome/131.0.6778.139 Mobile Safari/537.36 (compatible; Googlebot/2.1; +http://www.google.com/bot.html)"
40.77.167.152 - - [22/Dec/2024:16:06:58 -0500] "GET /fkgeg/i1490257.html HTTP/1.1" 200 44489 "-" "Mozilla/5.0 AppleWebKit/537.36 (KHTML, like Gecko; compatible; bingbot/2.0; +http://www.bing.com/bingbot.htm) Chrome/116.0.1938.76 Safari/537.36"
66.249.79.173 - - [22/Dec/2024:16:07:12 -0500] "GET /bxerd/b286632.html HTTP/1.1" 200 44602 "-" "Mozilla/5.0 (Linux; Android 6.0.1; Nexus 5X Build/MMB29P) AppleWebKit/537.36 (KHTML, like Gecko) Chrome/131.0.6778.139 Mobile Safari/537.36 (compatible; Googlebot/2.1; +http://www.google.com/bot.html)"
66.249.79.160 - - [22/Dec/2024:16:07:14 -0500] "GET /zqthg/m2397817.html HTTP/1.1" 200 45158 "-" "Mozilla/5.0 (Linux; Android 6.0.1; Nexus 5X Build/MMB29P) AppleWebKit/537.36 (KHTML, like Gecko) Chrome/131.0.6778.139 Mobile Safari/537.36 (compatible; Googlebot/2.1; +http://www.google.com/bot.html)"
66.249.79.160 - - [22/Dec/2024:16:07:27 -0500] "GET /sdikd/p1916534.html HTTP/1.1" 200 43991 "-" "Mozilla/5.0 (Linux; Android 6.0.1; Nexus 5X Build/MMB29P) AppleWebKit/537.36 (KHTML, like Gecko) Chrome/131.0.6778.139 Mobile Safari/537.36 (compatible; Googlebot/2.1; +http://www.google.com/bot.html)"
66.249.79.173 - - [22/Dec/2024:16:07:47 -0500] "GET /gcxkv/m2790547.html HTTP/1.1" 200 45097 "-" "Mozilla/5.0 (Linux; Android 6.0.1; Nexus 5X Build/MMB29P) AppleWebKit/537.36 (KHTML, like Gecko) Chrome/131.0.6778.139 Mobile Safari/537.36 (compatible; Googlebot/2.1; +http://www.google.com/bot.html)"
40.77.167.15 - - [22/Dec/2024:16:08:08 -0500] "GET /etpah/z2472710.html HTTP/1.1" 200 44576 "-" "Mozilla/5.0 AppleWebKit/537.36 (KHTML, like Gecko; compatible; bingbot/2.0; +http://www.bing.com/bingbot.htm) Chrome/116.0.1938.76 Safari/537.36"
52.167.144.161 - - [22/Dec/2024:16:08:10 -0500] "GET /xqpbm/e2028453.html HTTP/1.1" 200 43522 "-" "Mozilla/5.0 AppleWebKit/537.36 (KHTML, like Gecko; compatible; bingbot/2.0; +http://www.bing.com/bingbot.htm) Chrome/116.0.1938.76 Safari/537.36"
40.77.167.20 - - [22/Dec/2024:16:08:12 -0500] "GET /gzdti/r2805398.html HTTP/1.1" 200 44376 "-" "Mozilla/5.0 AppleWebKit/537.36 (KHTML, like Gecko; compatible; bingbot/2.0; +http://www.bing.com/bingbot.htm) Chrome/116.0.1938.76 Safari/537.36"
66.249.79.161 - - [22/Dec/2024:16:08:16 -0500] "GET /hxdvs/t802516.html HTTP/1.1" 200 45091 "-" "Mozilla/5.0 (Linux; Android 6.0.1; Nexus 5X Build/MMB29P) AppleWebKit/537.36 (KHTML, like Gecko) Chrome/131.0.6778.139 Mobile Safari/537.36 (compatible; Googlebot/2.1; +http://www.google.com/bot.html)"
52.167.144.161 - - [22/Dec/2024:16:08:31 -0500] "GET /rxwey/b200728.html HTTP/1.1" 200 45373 "-" "Mozilla/5.0 AppleWebKit/537.36 (KHTML, like Gecko; compatible; bingbot/2.0; +http://www.bing.com/bingbot.htm) Chrome/116.0.1938.76 Safari/537.36"
66.249.79.173 - - [22/Dec/2024:16:08:36 -0500] "GET /ezjrw/o730335.html HTTP/1.1" 200 45235 "-" "Mozilla/5.0 (Linux; Android 6.0.1; Nexus 5X Build/MMB29P) AppleWebKit/537.36 (KHTML, like Gecko) Chrome/131.0.6778.139 Mobile Safari/537.36 (compatible; Googlebot/2.1; +http://www.google.com/bot.html)"
66.249.79.173 - - [22/Dec/2024:16:08:56 -0500] "GET /bjmod/p1695144.html HTTP/1.1" 200 43866 "-" "Mozilla/5.0 (Linux; Android 6.0.1; Nexus 5X Build/MMB29P) AppleWebKit/537.36 (KHTML, like Gecko) Chrome/131.0.6778.139 Mobile Safari/537.36 (compatible; Googlebot/2.1; +http://www.google.com/bot.html)"
66.249.79.160 - - [22/Dec/2024:16:09:09 -0500] "GET /oavay/j560134.html HTTP/1.1" 200 45182 "-" "Mozilla/5.0 (Linux; Android 6.0.1; Nexus 5X Build/MMB29P) AppleWebKit/537.36 (KHTML, like Gecko) Chrome/131.0.6778.139 Mobile Safari/537.36 (compatible; Googlebot/2.1; +http://www.google.com/bot.html)"
66.249.79.173 - - [22/Dec/2024:16:09:28 -0500] "GET /qkxhc/r373696.html HTTP/1.1" 200 44704 "-" "Mozilla/5.0 (Linux; Android 6.0.1; Nexus 5X Build/MMB29P) AppleWebKit/537.36 (KHTML, like Gecko) Chrome/131.0.6778.139 Mobile Safari/537.36 (compatible; Googlebot/2.1; +http://www.google.com/bot.html)"
66.249.79.173 - - [22/Dec/2024:16:09:46 -0500] "GET /ulxzk/y2650913.html HTTP/1.1" 200 46450 "-" "Mozilla/5.0 (Linux; Android 6.0.1; Nexus 5X Build/MMB29P) AppleWebKit/537.36 (KHTML, like Gecko) Chrome/131.0.6778.139 Mobile Safari/537.36 (compatible; Googlebot/2.1; +http://www.google.com/bot.html)"
66.249.79.173 - - [22/Dec/2024:16:10:13 -0500] "GET /ivzdb/n2380320.html HTTP/1.1" 200 44113 "-" "Mozilla/5.0 (Linux; Android 6.0.1; Nexus 5X Build/MMB29P) AppleWebKit/537.36 (KHTML, like Gecko) Chrome/131.0.6778.139 Mobile Safari/537.36 (compatible; Googlebot/2.1; +http://www.google.com/bot.html)"
66.249.79.173 - - [22/Dec/2024:16:10:20 -0500] "GET /vsfwg/d1463030.html HTTP/1.1" 200 43997 "-" "Mozilla/5.0 (Linux; Android 6.0.1; Nexus 5X Build/MMB29P) AppleWebKit/537.36 (KHTML, like Gecko) Chrome/131.0.6778.139 Mobile Safari/537.36 (compatible; Googlebot/2.1; +http://www.google.com/bot.html)"
66.249.79.173 - - [22/Dec/2024:16:10:28 -0500] "GET /jchxa/q314727.html HTTP/1.1" 200 45124 "-" "Mozilla/5.0 (Linux; Android 6.0.1; Nexus 5X Build/MMB29P) AppleWebKit/537.36 (KHTML, like Gecko) Chrome/131.0.6778.139 Mobile Safari/537.36 (compatible; Googlebot/2.1; +http://www.google.com/bot.html)"
66.249.79.173 - - [22/Dec/2024:16:10:35 -0500] "GET /zjbpj/s827423.html HTTP/1.1" 200 44166 "-" "Mozilla/5.0 (Linux; Android 6.0.1; Nexus 5X Build/MMB29P) AppleWebKit/537.36 (KHTML, like Gecko) Chrome/131.0.6778.139 Mobile Safari/537.36 (compatible; Googlebot/2.1; +http://www.google.com/bot.html)"
66.249.79.173 - - [22/Dec/2024:16:10:56 -0500] "GET /ckzpr/y555911.html HTTP/1.1" 200 45055 "-" "Mozilla/5.0 (Linux; Android 6.0.1; Nexus 5X Build/MMB29P) AppleWebKit/537.36 (KHTML, like Gecko) Chrome/131.0.6778.139 Mobile Safari/537.36 (compatible; Googlebot/2.1; +http://www.google.com/bot.html)"
66.249.79.161 - - [22/Dec/2024:16:11:03 -0500] "GET /kjoyc/i655969.html HTTP/1.1" 200 44526 "-" "Mozilla/5.0 (Linux; Android 6.0.1; Nexus 5X Build/MMB29P) AppleWebKit/537.36 (KHTML, like Gecko) Chrome/131.0.6778.139 Mobile Safari/537.36 (compatible; Googlebot/2.1; +http://www.google.com/bot.html)"
40.77.167.15 - - [22/Dec/2024:16:11:08 -0500] "GET /bmree/w147605.html HTTP/1.1" 200 44688 "-" "Mozilla/5.0 AppleWebKit/537.36 (KHTML, like Gecko; compatible; bingbot/2.0; +http://www.bing.com/bingbot.htm) Chrome/116.0.1938.76 Safari/537.36"
52.167.144.17 - - [22/Dec/2024:16:11:11 -0500] "GET /qehhz/n914622.html HTTP/1.1" 200 44860 "-" "Mozilla/5.0 AppleWebKit/537.36 (KHTML, like Gecko; compatible; bingbot/2.0; +http://www.bing.com/bingbot.htm) Chrome/116.0.1938.76 Safari/537.36"
66.249.79.160 - - [22/Dec/2024:16:11:16 -0500] "GET /vqurl/b172986.html HTTP/1.1" 200 44548 "-" "Mozilla/5.0 (Linux; Android 6.0.1; Nexus 5X Build/MMB29P) AppleWebKit/537.36 (KHTML, like Gecko) Chrome/131.0.6778.139 Mobile Safari/537.36 (compatible; Googlebot/2.1; +http://www.google.com/bot.html)"
66.249.79.173 - - [22/Dec/2024:16:11:30 -0500] "GET /vsrro/f1706054.html HTTP/1.1" 200 43881 "-" "Mozilla/5.0 (Linux; Android 6.0.1; Nexus 5X Build/MMB29P) AppleWebKit/537.36 (KHTML, like Gecko) Chrome/131.0.6778.139 Mobile Safari/537.36 (compatible; Googlebot/2.1; +http://www.google.com/bot.html)"
66.249.79.173 - - [22/Dec/2024:16:11:50 -0500] "GET /wddpb/p2876532.html HTTP/1.1" 200 44865 "-" "Mozilla/5.0 (Linux; Android 6.0.1; Nexus 5X Build/MMB29P) AppleWebKit/537.36 (KHTML, like Gecko) Chrome/131.0.6778.139 Mobile Safari/537.36 (compatible; Googlebot/2.1; +http://www.google.com/bot.html)"
66.249.79.173 - - [22/Dec/2024:16:12:11 -0500] "GET /qknpz/x2695112.html HTTP/1.1" 200 44546 "-" "Mozilla/5.0 (Linux; Android 6.0.1; Nexus 5X Build/MMB29P) AppleWebKit/537.36 (KHTML, like Gecko) Chrome/131.0.6778.139 Mobile Safari/537.36 (compatible; Googlebot/2.1; +http://www.google.com/bot.html)"
66.249.79.160 - - [22/Dec/2024:16:12:38 -0500] "GET /mcxkk/t2606526.html HTTP/1.1" 200 44480 "-" "Mozilla/5.0 (Linux; Android 6.0.1; Nexus 5X Build/MMB29P) AppleWebKit/537.36 (KHTML, like Gecko) Chrome/131.0.6778.139 Mobile Safari/537.36 (compatible; Googlebot/2.1; +http://www.google.com/bot.html)"
66.249.79.173 - - [22/Dec/2024:16:12:58 -0500] "GET /zhktd/x1410452.html HTTP/1.1" 200 44555 "-" "Mozilla/5.0 (Linux; Android 6.0.1; Nexus 5X Build/MMB29P) AppleWebKit/537.36 (KHTML, like Gecko) Chrome/131.0.6778.139 Mobile Safari/537.36 (compatible; Googlebot/2.1; +http://www.google.com/bot.html)"
66.249.79.161 - - [22/Dec/2024:16:13:18 -0500] "GET /ycxgs/h1024388.html HTTP/1.1" 200 44453 "-" "Mozilla/5.0 (Linux; Android 6.0.1; Nexus 5X Build/MMB29P) AppleWebKit/537.36 (KHTML, like Gecko) Chrome/131.0.6778.139 Mobile Safari/537.36 (compatible; Googlebot/2.1; +http://www.google.com/bot.html)"
40.77.167.152 - - [22/Dec/2024:16:13:19 -0500] "GET /gfpfb/e819401.html HTTP/1.1" 200 44978 "-" "Mozilla/5.0 AppleWebKit/537.36 (KHTML, like Gecko; compatible; bingbot/2.0; +http://www.bing.com/bingbot.htm) Chrome/116.0.1938.76 Safari/537.36"
66.249.79.160 - - [22/Dec/2024:16:13:26 -0500] "GET /puxsm/h2105156.html HTTP/1.1" 200 43863 "-" "Mozilla/5.0 (Linux; Android 6.0.1; Nexus 5X Build/MMB29P) AppleWebKit/537.36 (KHTML, like Gecko) Chrome/131.0.6778.139 Mobile Safari/537.36 (compatible; Googlebot/2.1; +http://www.google.com/bot.html)"
66.249.79.173 - - [22/Dec/2024:16:13:33 -0500] "GET /xvsuh/z2909302.html HTTP/1.1" 200 44423 "-" "Mozilla/5.0 (Linux; Android 6.0.1; Nexus 5X Build/MMB29P) AppleWebKit/537.36 (KHTML, like Gecko) Chrome/131.0.6778.139 Mobile Safari/537.36 (compatible; Googlebot/2.1; +http://www.google.com/bot.html)"
66.249.79.173 - - [22/Dec/2024:16:13:54 -0500] "GET /tlart/l310536.html HTTP/1.1" 200 44409 "-" "Mozilla/5.0 (Linux; Android 6.0.1; Nexus 5X Build/MMB29P) AppleWebKit/537.36 (KHTML, like Gecko) Chrome/131.0.6778.139 Mobile Safari/537.36 (compatible; Googlebot/2.1; +http://www.google.com/bot.html)"
40.77.167.20 - - [22/Dec/2024:16:13:59 -0500] "GET /fcfsw/n3048650.html HTTP/1.1" 200 44004 "-" "Mozilla/5.0 AppleWebKit/537.36 (KHTML, like Gecko; compatible; bingbot/2.0; +http://www.bing.com/bingbot.htm) Chrome/116.0.1938.76 Safari/537.36"
66.249.79.173 - - [22/Dec/2024:16:14:14 -0500] "GET /xltue/i706773.html HTTP/1.1" 200 45169 "-" "Mozilla/5.0 (Linux; Android 6.0.1; Nexus 5X Build/MMB29P) AppleWebKit/537.36 (KHTML, like Gecko) Chrome/131.0.6778.139 Mobile Safari/537.36 (compatible; Googlebot/2.1; +http://www.google.com/bot.html)"
66.249.79.161 - - [22/Dec/2024:16:14:14 -0500] "GET /djjwt/t2085070.html HTTP/1.1" 200 44730 "-" "Mozilla/5.0 (Linux; Android 6.0.1; Nexus 5X Build/MMB29P) AppleWebKit/537.36 (KHTML, like Gecko) Chrome/131.0.6778.139 Mobile Safari/537.36 (compatible; Googlebot/2.1; +http://www.google.com/bot.html)"
66.249.79.173 - - [22/Dec/2024:16:14:28 -0500] "GET /twzkd/a2119891.html HTTP/1.1" 200 43827 "-" "Mozilla/5.0 (Linux; Android 6.0.1; Nexus 5X Build/MMB29P) AppleWebKit/537.36 (KHTML, like Gecko) Chrome/131.0.6778.139 Mobile Safari/537.36 (compatible; Googlebot/2.1; +http://www.google.com/bot.html)"
66.249.79.173 - - [22/Dec/2024:16:14:28 -0500] "GET /otsnr/g938483.html HTTP/1.1" 200 45213 "-" "Mozilla/5.0 (Linux; Android 6.0.1; Nexus 5X Build/MMB29P) AppleWebKit/537.36 (KHTML, like Gecko) Chrome/131.0.6778.139 Mobile Safari/537.36 (compatible; Googlebot/2.1; +http://www.google.com/bot.html)"
66.249.79.173 - - [22/Dec/2024:16:14:48 -0500] "GET /wrfls/o683899.html HTTP/1.1" 200 45845 "-" "Mozilla/5.0 (Linux; Android 6.0.1; Nexus 5X Build/MMB29P) AppleWebKit/537.36 (KHTML, like Gecko) Chrome/131.0.6778.139 Mobile Safari/537.36 (compatible; Googlebot/2.1; +http://www.google.com/bot.html)"
52.167.144.161 - - [22/Dec/2024:16:15:02 -0500] "GET /ncdgq/y2120591.html HTTP/1.1" 200 43899 "-" "Mozilla/5.0 AppleWebKit/537.36 (KHTML, like Gecko; compatible; bingbot/2.0; +http://www.bing.com/bingbot.htm) Chrome/116.0.1938.76 Safari/537.36"
66.249.79.160 - - [22/Dec/2024:16:15:09 -0500] "GET /zhycq/r2907604.html HTTP/1.1" 200 45837 "-" "Mozilla/5.0 (Linux; Android 6.0.1; Nexus 5X Build/MMB29P) AppleWebKit/537.36 (KHTML, like Gecko) Chrome/131.0.6778.139 Mobile Safari/537.36 (compatible; Googlebot/2.1; +http://www.google.com/bot.html)"
66.249.79.160 - - [22/Dec/2024:16:15:22 -0500] "GET /acxlr/i1212161.html HTTP/1.1" 200 45294 "-" "Mozilla/5.0 (Linux; Android 6.0.1; Nexus 5X Build/MMB29P) AppleWebKit/537.36 (KHTML, like Gecko) Chrome/131.0.6778.139 Mobile Safari/537.36 (compatible; Googlebot/2.1; +http://www.google.com/bot.html)"
66.249.79.173 - - [22/Dec/2024:16:15:36 -0500] "GET /dtcfd/x1534576.html HTTP/1.1" 200 44104 "-" "Mozilla/5.0 (Linux; Android 6.0.1; Nexus 5X Build/MMB29P) AppleWebKit/537.36 (KHTML, like Gecko) Chrome/131.0.6778.139 Mobile Safari/537.36 (compatible; Googlebot/2.1; +http://www.google.com/bot.html)"
66.249.79.173 - - [22/Dec/2024:16:15:55 -0500] "GET /vjurs/f2466476.html HTTP/1.1" 200 44048 "-" "Mozilla/5.0 (Linux; Android 6.0.1; Nexus 5X Build/MMB29P) AppleWebKit/537.36 (KHTML, like Gecko) Chrome/131.0.6778.139 Mobile Safari/537.36 (compatible; Googlebot/2.1; +http://www.google.com/bot.html)"
66.249.79.160 - - [22/Dec/2024:16:16:04 -0500] "GET /pnxih/w2897001.html HTTP/1.1" 200 45390 "-" "Mozilla/5.0 (Linux; Android 6.0.1; Nexus 5X Build/MMB29P) AppleWebKit/537.36 (KHTML, like Gecko) Chrome/131.0.6778.139 Mobile Safari/537.36 (compatible; Googlebot/2.1; +http://www.google.com/bot.html)"
52.167.144.158 - - [22/Dec/2024:16:16:12 -0500] "GET /enusi/p370860.html HTTP/1.1" 200 45476 "-" "Mozilla/5.0 AppleWebKit/537.36 (KHTML, like Gecko; compatible; bingbot/2.0; +http://www.bing.com/bingbot.htm) Chrome/116.0.1938.76 Safari/537.36"
66.249.79.173 - - [22/Dec/2024:16:16:17 -0500] "GET /vdcft/b2592260.html HTTP/1.1" 200 44795 "-" "Mozilla/5.0 (Linux; Android 6.0.1; Nexus 5X Build/MMB29P) AppleWebKit/537.36 (KHTML, like Gecko) Chrome/131.0.6778.139 Mobile Safari/537.36 (compatible; Googlebot/2.1; +http://www.google.com/bot.html)"
66.249.79.173 - - [22/Dec/2024:16:16:31 -0500] "GET /pqata/g1400529.html HTTP/1.1" 200 44461 "-" "Mozilla/5.0 (Linux; Android 6.0.1; Nexus 5X Build/MMB29P) AppleWebKit/537.36 (KHTML, like Gecko) Chrome/131.0.6778.139 Mobile Safari/537.36 (compatible; Googlebot/2.1; +http://www.google.com/bot.html)"
52.167.144.158 - - [22/Dec/2024:16:16:49 -0500] "GET /jnqwj/g1407601.html HTTP/1.1" 200 44064 "-" "Mozilla/5.0 AppleWebKit/537.36 (KHTML, like Gecko; compatible; bingbot/2.0; +http://www.bing.com/bingbot.htm) Chrome/116.0.1938.76 Safari/537.36"
66.249.79.173 - - [22/Dec/2024:16:16:51 -0500] "GET /tkukr/j3032396.html HTTP/1.1" 200 43544 "-" "Mozilla/5.0 (Linux; Android 6.0.1; Nexus 5X Build/MMB29P) AppleWebKit/537.36 (KHTML, like Gecko) Chrome/131.0.6778.139 Mobile Safari/537.36 (compatible; Googlebot/2.1; +http://www.google.com/bot.html)"
66.249.79.160 - - [22/Dec/2024:16:17:18 -0500] "GET /bfsxq/s614691.html HTTP/1.1" 200 44566 "-" "Mozilla/5.0 (Linux; Android 6.0.1; Nexus 5X Build/MMB29P) AppleWebKit/537.36 (KHTML, like Gecko) Chrome/131.0.6778.139 Mobile Safari/537.36 (compatible; Googlebot/2.1; +http://www.google.com/bot.html)"
66.249.79.161 - - [22/Dec/2024:16:17:18 -0500] "GET /mbcee/g304837.html HTTP/1.1" 200 44880 "-" "Mozilla/5.0 (Linux; Android 6.0.1; Nexus 5X Build/MMB29P) AppleWebKit/537.36 (KHTML, like Gecko) Chrome/131.0.6778.139 Mobile Safari/537.36 (compatible; Googlebot/2.1; +http://www.google.com/bot.html)"
66.249.79.173 - - [22/Dec/2024:16:17:31 -0500] "GET /zdnol/o323773.html HTTP/1.1" 200 45655 "-" "Mozilla/5.0 (Linux; Android 6.0.1; Nexus 5X Build/MMB29P) AppleWebKit/537.36 (KHTML, like Gecko) Chrome/131.0.6778.139 Mobile Safari/537.36 (compatible; Googlebot/2.1; +http://www.google.com/bot.html)"
66.249.79.173 - - [22/Dec/2024:16:17:38 -0500] "GET /aoczx/w2660895.html HTTP/1.1" 200 45531 "-" "Mozilla/5.0 (Linux; Android 6.0.1; Nexus 5X Build/MMB29P) AppleWebKit/537.36 (KHTML, like Gecko) Chrome/131.0.6778.139 Mobile Safari/537.36 (compatible; Googlebot/2.1; +http://www.google.com/bot.html)"
66.249.79.173 - - [22/Dec/2024:16:17:58 -0500] "GET /opbnz/e2559997.html HTTP/1.1" 200 43671 "-" "Mozilla/5.0 (Linux; Android 6.0.1; Nexus 5X Build/MMB29P) AppleWebKit/537.36 (KHTML, like Gecko) Chrome/131.0.6778.139 Mobile Safari/537.36 (compatible; Googlebot/2.1; +http://www.google.com/bot.html)"
66.249.79.173 - - [22/Dec/2024:16:18:18 -0500] "GET /yiodo/r721914.html HTTP/1.1" 200 45481 "-" "Mozilla/5.0 (Linux; Android 6.0.1; Nexus 5X Build/MMB29P) AppleWebKit/537.36 (KHTML, like Gecko) Chrome/131.0.6778.139 Mobile Safari/537.36 (compatible; Googlebot/2.1; +http://www.google.com/bot.html)"
66.249.79.173 - - [22/Dec/2024:16:18:32 -0500] "GET /lbhcr/h1236574.html HTTP/1.1" 200 46203 "-" "Mozilla/5.0 (Linux; Android 6.0.1; Nexus 5X Build/MMB29P) AppleWebKit/537.36 (KHTML, like Gecko) Chrome/131.0.6778.139 Mobile Safari/537.36 (compatible; Googlebot/2.1; +http://www.google.com/bot.html)"
66.249.79.173 - - [22/Dec/2024:16:18:33 -0500] "GET /nsvzz/c657939.html HTTP/1.1" 200 45378 "-" "Mozilla/5.0 (Linux; Android 6.0.1; Nexus 5X Build/MMB29P) AppleWebKit/537.36 (KHTML, like Gecko) Chrome/131.0.6778.139 Mobile Safari/537.36 (compatible; Googlebot/2.1; +http://www.google.com/bot.html)"
52.167.144.158 - - [22/Dec/2024:16:18:38 -0500] "GET /tzesp/k674925.html HTTP/1.1" 200 44561 "-" "Mozilla/5.0 AppleWebKit/537.36 (KHTML, like Gecko; compatible; bingbot/2.0; +http://www.bing.com/bingbot.htm) Chrome/116.0.1938.76 Safari/537.36"
52.167.144.158 - - [22/Dec/2024:16:18:39 -0500] "GET /foary/k2690887.html HTTP/1.1" 200 45082 "-" "Mozilla/5.0 AppleWebKit/537.36 (KHTML, like Gecko; compatible; bingbot/2.0; +http://www.bing.com/bingbot.htm) Chrome/116.0.1938.76 Safari/537.36"
66.249.79.173 - - [22/Dec/2024:16:18:56 -0500] "GET /vbjwc/a2616907.html HTTP/1.1" 200 44030 "-" "Mozilla/5.0 (Linux; Android 6.0.1; Nexus 5X Build/MMB29P) AppleWebKit/537.36 (KHTML, like Gecko) Chrome/131.0.6778.139 Mobile Safari/537.36 (compatible; Googlebot/2.1; +http://www.google.com/bot.html)"
66.249.79.160 - - [22/Dec/2024:16:19:10 -0500] "GET /axtsn/x314604.html HTTP/1.1" 200 44994 "-" "Mozilla/5.0 (Linux; Android 6.0.1; Nexus 5X Build/MMB29P) AppleWebKit/537.36 (KHTML, like Gecko) Chrome/131.0.6778.139 Mobile Safari/537.36 (compatible; Googlebot/2.1; +http://www.google.com/bot.html)"
20.15.133.184 - - [22/Dec/2024:16:19:15 -0500] "GET /dimgq/y2834239.html HTTP/1.1" 200 44889 "-" "Mozilla/5.0 AppleWebKit/537.36 (KHTML, like Gecko; compatible; bingbot/2.0; +http://www.bing.com/bingbot.htm) Chrome/116.0.1938.76 Safari/537.36"
66.249.79.160 - - [22/Dec/2024:16:19:30 -0500] "GET /fctkj/u2397851.html HTTP/1.1" 200 45343 "-" "Mozilla/5.0 (Linux; Android 6.0.1; Nexus 5X Build/MMB29P) AppleWebKit/537.36 (KHTML, like Gecko) Chrome/131.0.6778.139 Mobile Safari/537.36 (compatible; Googlebot/2.1; +http://www.google.com/bot.html)"
66.249.79.173 - - [22/Dec/2024:16:19:51 -0500] "GET /xvbkr/t574236.html HTTP/1.1" 200 45214 "-" "Mozilla/5.0 (Linux; Android 6.0.1; Nexus 5X Build/MMB29P) AppleWebKit/537.36 (KHTML, like Gecko) Chrome/131.0.6778.139 Mobile Safari/537.36 (compatible; Googlebot/2.1; +http://www.google.com/bot.html)"
66.249.79.161 - - [22/Dec/2024:16:20:19 -0500] "GET /huvhr/z383298.html HTTP/1.1" 200 45904 "-" "Mozilla/5.0 (Linux; Android 6.0.1; Nexus 5X Build/MMB29P) AppleWebKit/537.36 (KHTML, like Gecko) Chrome/131.0.6778.139 Mobile Safari/537.36 (compatible; Googlebot/2.1; +http://www.google.com/bot.html)"
66.249.79.161 - - [22/Dec/2024:16:20:19 -0500] "GET /czvhv/w879271.html HTTP/1.1" 200 45751 "-" "Mozilla/5.0 (Linux; Android 6.0.1; Nexus 5X Build/MMB29P) AppleWebKit/537.36 (KHTML, like Gecko) Chrome/131.0.6778.139 Mobile Safari/537.36 (compatible; Googlebot/2.1; +http://www.google.com/bot.html)"
66.249.79.173 - - [22/Dec/2024:16:20:39 -0500] "GET /pqvuc/u3016677.html HTTP/1.1" 200 44789 "-" "Mozilla/5.0 (Linux; Android 6.0.1; Nexus 5X Build/MMB29P) AppleWebKit/537.36 (KHTML, like Gecko) Chrome/131.0.6778.139 Mobile Safari/537.36 (compatible; Googlebot/2.1; +http://www.google.com/bot.html)"
66.249.79.173 - - [22/Dec/2024:16:20:53 -0500] "GET /kwhas/m1166665.html HTTP/1.1" 200 44675 "-" "Mozilla/5.0 (Linux; Android 6.0.1; Nexus 5X Build/MMB29P) AppleWebKit/537.36 (KHTML, like Gecko) Chrome/131.0.6778.139 Mobile Safari/537.36 (compatible; Googlebot/2.1; +http://www.google.com/bot.html)"
52.167.144.158 - - [22/Dec/2024:16:20:59 -0500] "GET /iufid/t206232.html HTTP/1.1" 200 45095 "-" "Mozilla/5.0 AppleWebKit/537.36 (KHTML, like Gecko; compatible; bingbot/2.0; +http://www.bing.com/bingbot.htm) Chrome/116.0.1938.76 Safari/537.36"
66.249.79.161 - - [22/Dec/2024:16:21:07 -0500] "GET /sjkmy/f2043274.html HTTP/1.1" 200 43996 "-" "Mozilla/5.0 (Linux; Android 6.0.1; Nexus 5X Build/MMB29P) AppleWebKit/537.36 (KHTML, like Gecko) Chrome/131.0.6778.139 Mobile Safari/537.36 (compatible; Googlebot/2.1; +http://www.google.com/bot.html)"
66.249.79.160 - - [22/Dec/2024:16:21:13 -0500] "GET /dpogf/n2973692.html HTTP/1.1" 200 44477 "-" "Mozilla/5.0 (Linux; Android 6.0.1; Nexus 5X Build/MMB29P) AppleWebKit/537.36 (KHTML, like Gecko) Chrome/131.0.6778.139 Mobile Safari/537.36 (compatible; Googlebot/2.1; +http://www.google.com/bot.html)"
66.249.79.173 - - [22/Dec/2024:16:21:34 -0500] "GET /fwamw/d2136040.html HTTP/1.1" 200 44331 "-" "Mozilla/5.0 (Linux; Android 6.0.1; Nexus 5X Build/MMB29P) AppleWebKit/537.36 (KHTML, like Gecko) Chrome/131.0.6778.139 Mobile Safari/537.36 (compatible; Googlebot/2.1; +http://www.google.com/bot.html)"
66.249.79.173 - - [22/Dec/2024:16:21:55 -0500] "GET /lcqig/s1994199.html HTTP/1.1" 200 44141 "-" "Mozilla/5.0 (Linux; Android 6.0.1; Nexus 5X Build/MMB29P) AppleWebKit/537.36 (KHTML, like Gecko) Chrome/131.0.6778.139 Mobile Safari/537.36 (compatible; Googlebot/2.1; +http://www.google.com/bot.html)"
66.29.132.124 - - [22/Dec/2024:16:22:07 -0500] "POST /wp-cron.php?doing_wp_cron=1734902527.0134849548339843750000 HTTP/1.1" 200 0 "-" "WordPress/6.7.1; https://diixadigital.com"
141.164.95.123 - - [22/Dec/2024:16:22:04 -0500] "GET /blog HTTP/1.1" 301 0 "-" "Mozilla/5.0 (X11; Linux x86_64) AppleWebKit/537.36 (KHTML, like Gecko) Chrome/125.0.0.0 Safari/537.36"
66.29.132.124 - - [22/Dec/2024:16:22:08 -0500] "POST /wp-admin/admin-ajax.php?action=async_litespeed&nonce=iACOUprjazLW0hdint8wdIgSRkRxactO&litespeed_type=imgoptm HTTP/1.1" 200 0 "-" "WordPress/6.7.1; https://diixadigital.com"
141.164.95.123 - - [22/Dec/2024:16:22:07 -0500] "GET /blog/ HTTP/1.1" 200 13587 "-" "Mozilla/5.0 (X11; Linux x86_64) AppleWebKit/537.36 (KHTML, like Gecko) Chrome/125.0.0.0 Safari/537.36"
141.164.95.123 - - [22/Dec/2024:16:22:10 -0500] "GET /wp-includes/css/dist/block-library/style.min.css?ver=6.7.1 HTTP/1.1" 200 14225 "https://diixadigital.com/blog/" "Mozilla/5.0 (X11; Linux x86_64) AppleWebKit/537.36 (KHTML, like Gecko) Chrome/125.0.0.0 Safari/537.36"
141.164.95.123 - - [22/Dec/2024:16:22:10 -0500] "GET /wp-includes/js/mediaelement/mediaelementplayer-legacy.min.css?ver=4.2.17 HTTP/1.1" 200 2394 "https://diixadigital.com/blog/" "Mozilla/5.0 (X11; Linux x86_64) AppleWebKit/537.36 (KHTML, like Gecko) Chrome/125.0.0.0 Safari/537.36"
141.164.95.123 - - [22/Dec/2024:16:22:10 -0500] "GET /wp-includes/js/mediaelement/wp-mediaelement.min.css?ver=6.7.1 HTTP/1.1" 200 982 "https://diixadigital.com/blog/" "Mozilla/5.0 (X11; Linux x86_64) AppleWebKit/537.36 (KHTML, like Gecko) Chrome/125.0.0.0 Safari/537.36"
141.164.95.123 - - [22/Dec/2024:16:22:10 -0500] "GET /wp-content/plugins/contact-form-7/includes/css/styles.css?ver=6.0.2 HTTP/1.1" 200 890 "https://diixadigital.com/blog/" "Mozilla/5.0 (X11; Linux x86_64) AppleWebKit/537.36 (KHTML, like Gecko) Chrome/125.0.0.0 Safari/537.36"
141.164.95.123 - - [22/Dec/2024:16:22:10 -0500] "GET /wp-content/plugins/meto-plugin/redux-framework/redux-core/assets/css/extendify-utilities.css?ver=4.4.0.1 HTTP/1.1" 200 5382 "https://diixadigital.com/blog/" "Mozilla/5.0 (X11; Linux x86_64) AppleWebKit/537.36 (KHTML, like Gecko) Chrome/125.0.0.0 Safari/537.36"
141.164.95.123 - - [22/Dec/2024:16:22:10 -0500] "GET /wp-content/plugins/woocommerce/assets/css/woocommerce-layout.css?ver=9.5.1 HTTP/1.1" 200 2342 "https://diixadigital.com/blog/" "Mozilla/5.0 (X11; Linux x86_64) AppleWebKit/537.36 (KHTML, like Gecko) Chrome/125.0.0.0 Safari/537.36"
141.164.95.123 - - [22/Dec/2024:16:22:10 -0500] "GET /wp-content/plugins/woocommerce/assets/css/woocommerce.css?ver=9.5.1 HTTP/1.1" 200 9684 "https://diixadigital.com/blog/" "Mozilla/5.0 (X11; Linux x86_64) AppleWebKit/537.36 (KHTML, like Gecko) Chrome/125.0.0.0 Safari/537.36"
141.164.95.123 - - [22/Dec/2024:16:22:10 -0500] "GET /wp-content/themes/meto/assets/css/woocommerce.css?ver=6.7.1 HTTP/1.1" 200 14007 "https://diixadigital.com/blog/" "Mozilla/5.0 (X11; Linux x86_64) AppleWebKit/537.36 (KHTML, like Gecko) Chrome/125.0.0.0 Safari/537.36"
66.249.79.161 - - [22/Dec/2024:16:22:09 -0500] "GET /gozeo/v92146.html HTTP/1.1" 200 45202 "-" "Mozilla/5.0 (Linux; Android 6.0.1; Nexus 5X Build/MMB29P) AppleWebKit/537.36 (KHTML, like Gecko) Chrome/131.0.6778.139 Mobile Safari/537.36 (compatible; Googlebot/2.1; +http://www.google.com/bot.html)"
141.164.95.123 - - [22/Dec/2024:16:22:10 -0500] "GET /wp-content/themes/meto/assets/css/bootstrap.css?ver=6.7.1 HTTP/1.1" 200 19159 "https://diixadigital.com/blog/" "Mozilla/5.0 (X11; Linux x86_64) AppleWebKit/537.36 (KHTML, like Gecko) Chrome/125.0.0.0 Safari/537.36"
141.164.95.123 - - [22/Dec/2024:16:22:10 -0500] "GET /wp-content/themes/meto/assets/css/animate.css?ver=6.7.1 HTTP/1.1" 200 4291 "https://diixadigital.com/blog/" "Mozilla/5.0 (X11; Linux x86_64) AppleWebKit/537.36 (KHTML, like Gecko) Chrome/125.0.0.0 Safari/537.36"
141.164.95.123 - - [22/Dec/2024:16:22:10 -0500] "GET /wp-content/themes/meto/assets/css/animation.css?ver=6.7.1 HTTP/1.1" 200 478 "https://diixadigital.com/blog/" "Mozilla/5.0 (X11; Linux x86_64) AppleWebKit/537.36 (KHTML, like Gecko) Chrome/125.0.0.0 Safari/537.36"
141.164.95.123 - - [22/Dec/2024:16:22:10 -0500] "GET /wp-content/themes/meto/assets/css/jquery.fancybox.min.css?ver=6.7.1 HTTP/1.1" 200 2938 "https://diixadigital.com/blog/" "Mozilla/5.0 (X11; Linux x86_64) AppleWebKit/537.36 (KHTML, like Gecko) Chrome/125.0.0.0 Safari/537.36"
141.164.95.123 - - [22/Dec/2024:16:22:10 -0500] "GET /wp-content/themes/meto/assets/css/flaticon.css?ver=6.7.1 HTTP/1.1" 200 1995 "https://diixadigital.com/blog/" "Mozilla/5.0 (X11; Linux x86_64) AppleWebKit/537.36 (KHTML, like Gecko) Chrome/125.0.0.0 Safari/537.36"
141.164.95.123 - - [22/Dec/2024:16:22:10 -0500] "GET /wp-content/themes/meto/assets/css/jquery-ui.css?ver=6.7.1 HTTP/1.1" 200 8051 "https://diixadigital.com/blog/" "Mozilla/5.0 (X11; Linux x86_64) AppleWebKit/537.36 (KHTML, like Gecko) Chrome/125.0.0.0 Safari/537.36"
141.164.95.123 - - [22/Dec/2024:16:22:10 -0500] "GET /wp-content/themes/meto/assets/css/owl.css?ver=6.7.1 HTTP/1.1" 200 3850 "https://diixadigital.com/blog/" "Mozilla/5.0 (X11; Linux x86_64) AppleWebKit/537.36 (KHTML, like Gecko) Chrome/125.0.0.0 Safari/537.36"
141.164.95.123 - - [22/Dec/2024:16:22:10 -0500] "GET /wp-content/themes/meto/assets/css/font-awesome.css?ver=6.7.1 HTTP/1.1" 200 5425 "https://diixadigital.com/blog/" "Mozilla/5.0 (X11; Linux x86_64) AppleWebKit/537.36 (KHTML, like Gecko) Chrome/125.0.0.0 Safari/537.36"
141.164.95.123 - - [22/Dec/2024:16:22:10 -0500] "GET /wp-content/themes/meto/assets/css/tut.css?ver=6.7.1 HTTP/1.1" 200 3394 "https://diixadigital.com/blog/" "Mozilla/5.0 (X11; Linux x86_64) AppleWebKit/537.36 (KHTML, like Gecko) Chrome/125.0.0.0 Safari/537.36"
141.164.95.123 - - [22/Dec/2024:16:22:10 -0500] "GET /wp-content/themes/meto/assets/css/responsive.css?ver=6.7.1 HTTP/1.1" 200 5724 "https://diixadigital.com/blog/" "Mozilla/5.0 (X11; Linux x86_64) AppleWebKit/537.36 (KHTML, like Gecko) Chrome/125.0.0.0 Safari/537.36"
141.164.95.123 - - [22/Dec/2024:16:22:10 -0500] "GET /wp-content/themes/meto/assets/css/mega-menu.css?ver=6.7.1 HTTP/1.1" 200 1615 "https://diixadigital.com/blog/" "Mozilla/5.0 (X11; Linux x86_64) AppleWebKit/537.36 (KHTML, like Gecko) Chrome/125.0.0.0 Safari/537.36"
141.164.95.123 - - [22/Dec/2024:16:22:10 -0500] "GET /wp-content/themes/meto/assets/css/custom-animate.css?ver=6.7.1 HTTP/1.1" 200 1145 "https://diixadigital.com/blog/" "Mozilla/5.0 (X11; Linux x86_64) AppleWebKit/537.36 (KHTML, like Gecko) Chrome/125.0.0.0 Safari/537.36"
141.164.95.123 - - [22/Dec/2024:16:22:10 -0500] "GET /wp-content/themes/meto/assets/css/style.css?ver=6.7.1 HTTP/1.1" 200 33997 "https://diixadigital.com/blog/" "Mozilla/5.0 (X11; Linux x86_64) AppleWebKit/537.36 (KHTML, like Gecko) Chrome/125.0.0.0 Safari/537.36"
141.164.95.123 - - [22/Dec/2024:16:22:10 -0500] "GET /wp-content/themes/meto/assets/css/jquery.bootstrap-touchspin.css?ver=6.7.1 HTTP/1.1" 200 258 "https://diixadigital.com/blog/" "Mozilla/5.0 (X11; Linux x86_64) AppleWebKit/537.36 (KHTML, like Gecko) Chrome/125.0.0.0 Safari/537.36"
141.164.95.123 - - [22/Dec/2024:16:22:10 -0500] "GET /wp-content/themes/meto/assets/css/gridstyle.css?ver=6.7.1 HTTP/1.1" 200 996 "https://diixadigital.com/blog/" "Mozilla/5.0 (X11; Linux x86_64) AppleWebKit/537.36 (KHTML, like Gecko) Chrome/125.0.0.0 Safari/537.36"
141.164.95.123 - - [22/Dec/2024:16:22:10 -0500] "GET /wp-includes/js/jquery/jquery-migrate.min.js?ver=3.4.1 HTTP/1.1" 200 4678 "https://diixadigital.com/blog/" "Mozilla/5.0 (X11; Linux x86_64) AppleWebKit/537.36 (KHTML, like Gecko) Chrome/125.0.0.0 Safari/537.36"
141.164.95.123 - - [22/Dec/2024:16:22:10 -0500] "GET /wp-includes/js/jquery/jquery.min.js?ver=3.7.1 HTTP/1.1" 200 29744 "https://diixadigital.com/blog/" "Mozilla/5.0 (X11; Linux x86_64) AppleWebKit/537.36 (KHTML, like Gecko) Chrome/125.0.0.0 Safari/537.36"
141.164.95.123 - - [22/Dec/2024:16:22:10 -0500] "GET /wp-content/themes/meto/assets/css/color.php?main_color=0a2aa6&seccolor=d71800&ver=6.7.1 HTTP/1.1" 403 1242 "https://diixadigital.com/blog/" "Mozilla/5.0 (X11; Linux x86_64) AppleWebKit/537.36 (KHTML, like Gecko) Chrome/125.0.0.0 Safari/537.36"
141.164.95.123 - - [22/Dec/2024:16:22:10 -0500] "GET /wp-content/themes/meto/assets/css/custom.css?ver=6.7.1 HTTP/1.1" 200 3814 "https://diixadigital.com/blog/" "Mozilla/5.0 (X11; Linux x86_64) AppleWebKit/537.36 (KHTML, like Gecko) Chrome/125.0.0.0 Safari/537.36"
141.164.95.123 - - [22/Dec/2024:16:22:10 -0500] "GET /wp-content/themes/meto/assets/css/jquery.mCustomScrollbar.min.css?ver=6.7.1 HTTP/1.1" 200 3801 "https://diixadigital.com/blog/" "Mozilla/5.0 (X11; Linux x86_64) AppleWebKit/537.36 (KHTML, like Gecko) Chrome/125.0.0.0 Safari/537.36"
141.164.95.123 - - [22/Dec/2024:16:22:10 -0500] "GET /wp-content/plugins/woocommerce/assets/client/blocks/wc-blocks.css?ver=wc-9.5.1 HTTP/1.1" 200 2367 "https://diixadigital.com/blog/" "Mozilla/5.0 (X11; Linux x86_64) AppleWebKit/537.36 (KHTML, like Gecko) Chrome/125.0.0.0 Safari/537.36"
141.164.95.123 - - [22/Dec/2024:16:22:10 -0500] "GET /wp-content/plugins/revslider/public/assets/css/rs6.css?ver=6.6.14 HTTP/1.1" 200 12037 "https://diixadigital.com/blog/" "Mozilla/5.0 (X11; Linux x86_64) AppleWebKit/537.36 (KHTML, like Gecko) Chrome/125.0.0.0 Safari/537.36"
66.249.79.173 - - [22/Dec/2024:16:22:10 -0500] "GET /jtifh/d2236478.html HTTP/1.1" 200 44973 "-" "Mozilla/5.0 (Linux; Android 6.0.1; Nexus 5X Build/MMB29P) AppleWebKit/537.36 (KHTML, like Gecko) Chrome/131.0.6778.139 Mobile Safari/537.36 (compatible; Googlebot/2.1; +http://www.google.com/bot.html)"
141.164.95.123 - - [22/Dec/2024:16:22:10 -0500] "GET /wp-includes/js/dist/hooks.min.js?ver=4d63a3d491d11ffd8ac6 HTTP/1.1" 200 1571 "https://diixadigital.com/blog/" "Mozilla/5.0 (X11; Linux x86_64) AppleWebKit/537.36 (KHTML, like Gecko) Chrome/125.0.0.0 Safari/537.36"
141.164.95.123 - - [22/Dec/2024:16:22:10 -0500] "GET /wp-includes/js/dist/i18n.min.js?ver=5e580eb46a90c2b997e6 HTTP/1.1" 200 3542 "https://diixadigital.com/blog/" "Mozilla/5.0 (X11; Linux x86_64) AppleWebKit/537.36 (KHTML, like Gecko) Chrome/125.0.0.0 Safari/537.36"
141.164.95.123 - - [22/Dec/2024:16:22:10 -0500] "GET /wp-content/plugins/contact-form-7/includes/swv/js/index.js?ver=6.0.2 HTTP/1.1" 200 3369 "https://diixadigital.com/blog/" "Mozilla/5.0 (X11; Linux x86_64) AppleWebKit/537.36 (KHTML, like Gecko) Chrome/125.0.0.0 Safari/537.36"
141.164.95.123 - - [22/Dec/2024:16:22:11 -0500] "GET /wp-content/plugins/contact-form-7/includes/js/index.js?ver=6.0.2 HTTP/1.1" 200 4008 "https://diixadigital.com/blog/" "Mozilla/5.0 (X11; Linux x86_64) AppleWebKit/537.36 (KHTML, like Gecko) Chrome/125.0.0.0 Safari/537.36"
141.164.95.123 - - [22/Dec/2024:16:22:11 -0500] "GET /wp-content/plugins/mailchimp-for-woocommerce/public/js/mailchimp-woocommerce-public.min.js?ver=5.0.07 HTTP/1.1" 200 2143 "https://diixadigital.com/blog/" "Mozilla/5.0 (X11; Linux x86_64) AppleWebKit/537.36 (KHTML, like Gecko) Chrome/125.0.0.0 Safari/537.36"
141.164.95.123 - - [22/Dec/2024:16:22:11 -0500] "GET /wp-content/themes/meto/assets/js/popper.min.js?ver=6.7.1 HTTP/1.1" 200 6957 "https://diixadigital.com/blog/" "Mozilla/5.0 (X11; Linux x86_64) AppleWebKit/537.36 (KHTML, like Gecko) Chrome/125.0.0.0 Safari/537.36"
141.164.95.123 - - [22/Dec/2024:16:22:11 -0500] "GET /wp-content/themes/meto/assets/js/bootstrap.min.js?ver=6.7.1 HTTP/1.1" 200 13383 "https://diixadigital.com/blog/" "Mozilla/5.0 (X11; Linux x86_64) AppleWebKit/537.36 (KHTML, like Gecko) Chrome/125.0.0.0 Safari/537.36"
141.164.95.123 - - [22/Dec/2024:16:22:11 -0500] "GET /wp-content/themes/meto/assets/js/jquery.mCustomScrollbar.concat.min.js?ver=6.7.1 HTTP/1.1" 200 11725 "https://diixadigital.com/blog/" "Mozilla/5.0 (X11; Linux x86_64) AppleWebKit/537.36 (KHTML, like Gecko) Chrome/125.0.0.0 Safari/537.36"
141.164.95.123 - - [22/Dec/2024:16:22:11 -0500] "GET /wp-content/themes/meto/assets/js/jquery.fancybox.js?ver=6.7.1 HTTP/1.1" 200 34739 "https://diixadigital.com/blog/" "Mozilla/5.0 (X11; Linux x86_64) AppleWebKit/537.36 (KHTML, like Gecko) Chrome/125.0.0.0 Safari/537.36"
141.164.95.123 - - [22/Dec/2024:16:22:11 -0500] "GET /wp-content/themes/meto/assets/js/appear.js?ver=6.7.1 HTTP/1.1" 200 1234 "https://diixadigital.com/blog/" "Mozilla/5.0 (X11; Linux x86_64) AppleWebKit/537.36 (KHTML, like Gecko) Chrome/125.0.0.0 Safari/537.36"
141.164.95.123 - - [22/Dec/2024:16:22:10 -0500] "GET /wp-content/themes/meto/style.min.css?ver=6.7.1 HTTP/1.1" 404 13236 "https://diixadigital.com/blog/" "Mozilla/5.0 (X11; Linux x86_64) AppleWebKit/537.36 (KHTML, like Gecko) Chrome/125.0.0.0 Safari/537.36"
141.164.95.123 - - [22/Dec/2024:16:22:11 -0500] "GET /wp-content/themes/meto/assets/js/parallax.min.js?ver=6.7.1 HTTP/1.1" 200 5057 "https://diixadigital.com/blog/" "Mozilla/5.0 (X11; Linux x86_64) AppleWebKit/537.36 (KHTML, like Gecko) Chrome/125.0.0.0 Safari/537.36"
141.164.95.123 - - [22/Dec/2024:16:22:11 -0500] "GET /wp-content/themes/meto/assets/js/tilt.jquery.min.js?ver=6.7.1 HTTP/1.1" 200 1718 "https://diixadigital.com/blog/" "Mozilla/5.0 (X11; Linux x86_64) AppleWebKit/537.36 (KHTML, like Gecko) Chrome/125.0.0.0 Safari/537.36"
141.164.95.123 - - [22/Dec/2024:16:22:11 -0500] "GET /wp-content/themes/meto/assets/js/jquery.paroller.min.js?ver=6.7.1 HTTP/1.1" 200 814 "https://diixadigital.com/blog/" "Mozilla/5.0 (X11; Linux x86_64) AppleWebKit/537.36 (KHTML, like Gecko) Chrome/125.0.0.0 Safari/537.36"
141.164.95.123 - - [22/Dec/2024:16:22:11 -0500] "GET /wp-content/themes/meto/assets/js/pagenav.js?ver=6.7.1 HTTP/1.1" 200 1702 "https://diixadigital.com/blog/" "Mozilla/5.0 (X11; Linux x86_64) AppleWebKit/537.36 (KHTML, like Gecko) Chrome/125.0.0.0 Safari/537.36"
141.164.95.123 - - [22/Dec/2024:16:22:11 -0500] "GET /wp-content/themes/meto/assets/js/wow.js?ver=6.7.1 HTTP/1.1" 200 2037 "https://diixadigital.com/blog/" "Mozilla/5.0 (X11; Linux x86_64) AppleWebKit/537.36 (KHTML, like Gecko) Chrome/125.0.0.0 Safari/537.36"
141.164.95.123 - - [22/Dec/2024:16:22:11 -0500] "GET /wp-content/themes/meto/assets/js/nav-tool.js?ver=6.7.1 HTTP/1.1" 200 318 "https://diixadigital.com/blog/" "Mozilla/5.0 (X11; Linux x86_64) AppleWebKit/537.36 (KHTML, like Gecko) Chrome/125.0.0.0 Safari/537.36"
141.164.95.123 - - [22/Dec/2024:16:22:11 -0500] "GET /wp-content/themes/meto/assets/js/mixitup.js?ver=6.7.1 HTTP/1.1" 200 10966 "https://diixadigital.com/blog/" "Mozilla/5.0 (X11; Linux x86_64) AppleWebKit/537.36 (KHTML, like Gecko) Chrome/125.0.0.0 Safari/537.36"
141.164.95.123 - - [22/Dec/2024:16:22:11 -0500] "GET /wp-content/themes/meto/assets/js/owl.js?ver=6.7.1 HTTP/1.1" 200 17911 "https://diixadigital.com/blog/" "Mozilla/5.0 (X11; Linux x86_64) AppleWebKit/537.36 (KHTML, like Gecko) Chrome/125.0.0.0 Safari/537.36"
141.164.95.123 - - [22/Dec/2024:16:22:11 -0500] "GET /wp-content/themes/meto/assets/fonts/flaticon.woff HTTP/1.1" 200 42928 "https://diixadigital.com/wp-content/themes/meto/assets/css/flaticon.css?ver=6.7.1" "Mozilla/5.0 (X11; Linux x86_64) AppleWebKit/537.36 (KHTML, like Gecko) Chrome/125.0.0.0 Safari/537.36"
141.164.95.123 - - [22/Dec/2024:16:22:11 -0500] "GET /wp-content/themes/meto/assets/fonts/fontawesome-webfont.woff2?v=4.3.0 HTTP/1.1" 200 56780 "https://diixadigital.com/wp-content/themes/meto/assets/css/font-awesome.css?ver=6.7.1" "Mozilla/5.0 (X11; Linux x86_64) AppleWebKit/537.36 (KHTML, like Gecko) Chrome/125.0.0.0 Safari/537.36"
141.164.95.123 - - [22/Dec/2024:16:22:12 -0500] "GET /wp-content/themes/meto/assets/js/jquery-ui.js?ver=6.7.1 HTTP/1.1" 200 122544 "https://diixadigital.com/blog/" "Mozilla/5.0 (X11; Linux x86_64) AppleWebKit/537.36 (KHTML, like Gecko) Chrome/125.0.0.0 Safari/537.36"
141.164.95.123 - - [22/Dec/2024:16:22:12 -0500] "GET /wp-content/themes/meto/assets/js/jquery.countdown.js?ver=6.7.1 HTTP/1.1" 200 2425 "https://diixadigital.com/blog/" "Mozilla/5.0 (X11; Linux x86_64) AppleWebKit/537.36 (KHTML, like Gecko) Chrome/125.0.0.0 Safari/537.36"
141.164.95.123 - - [22/Dec/2024:16:22:12 -0500] "GET /wp-content/themes/meto/assets/js/script.js?ver=6.7.1 HTTP/1.1" 200 4210 "https://diixadigital.com/blog/" "Mozilla/5.0 (X11; Linux x86_64) AppleWebKit/537.36 (KHTML, like Gecko) Chrome/125.0.0.0 Safari/537.36"
141.164.95.123 - - [22/Dec/2024:16:22:12 -0500] "GET /wp-content/plugins/woocommerce/assets/js/sourcebuster/sourcebuster.min.js?ver=9.5.1 HTTP/1.1" 200 4609 "https://diixadigital.com/blog/" "Mozilla/5.0 (X11; Linux x86_64) AppleWebKit/537.36 (KHTML, like Gecko) Chrome/125.0.0.0 Safari/537.36"
141.164.95.123 - - [22/Dec/2024:16:22:12 -0500] "GET /wp-content/plugins/woocommerce/assets/js/frontend/order-attribution.min.js?ver=9.5.1 HTTP/1.1" 200 1006 "https://diixadigital.com/blog/" "Mozilla/5.0 (X11; Linux x86_64) AppleWebKit/537.36 (KHTML, like Gecko) Chrome/125.0.0.0 Safari/537.36"
141.164.95.123 - - [22/Dec/2024:16:22:12 -0500] "GET /wp-content/plugins/woocommerce/assets/js/jquery-blockui/jquery.blockUI.min.js?ver=2.7.0-wc.9.5.1 HTTP/1.1" 200 3277 "https://diixadigital.com/blog/" "Mozilla/5.0 (X11; Linux x86_64) AppleWebKit/537.36 (KHTML, like Gecko) Chrome/125.0.0.0 Safari/537.36"
141.164.95.123 - - [22/Dec/2024:16:22:12 -0500] "GET /wp-content/plugins/woocommerce/assets/js/js-cookie/js.cookie.min.js?ver=2.1.4-wc.9.5.1 HTTP/1.1" 200 760 "https://diixadigital.com/blog/" "Mozilla/5.0 (X11; Linux x86_64) AppleWebKit/537.36 (KHTML, like Gecko) Chrome/125.0.0.0 Safari/537.36"
141.164.95.123 - - [22/Dec/2024:16:22:12 -0500] "GET /wp-content/plugins/woocommerce/assets/js/frontend/add-to-cart.min.js?ver=9.5.1 HTTP/1.1" 200 1225 "https://diixadigital.com/blog/" "Mozilla/5.0 (X11; Linux x86_64) AppleWebKit/537.36 (KHTML, like Gecko) Chrome/125.0.0.0 Safari/537.36"
141.164.95.123 - - [22/Dec/2024:16:22:12 -0500] "GET /wp-content/plugins/woocommerce/assets/js/frontend/woocommerce.min.js?ver=9.5.1 HTTP/1.1" 200 1061 "https://diixadigital.com/blog/" "Mozilla/5.0 (X11; Linux x86_64) AppleWebKit/537.36 (KHTML, like Gecko) Chrome/125.0.0.0 Safari/537.36"
141.164.95.123 - - [22/Dec/2024:16:22:13 -0500] "GET /wp-content/plugins/revslider/public/assets/js/rbtools.min.js?ver=6.6.14 HTTP/1.1" 200 59951 "https://diixadigital.com/blog/" "Mozilla/5.0 (X11; Linux x86_64) AppleWebKit/537.36 (KHTML, like Gecko) Chrome/125.0.0.0 Safari/537.36"
141.164.95.123 - - [22/Dec/2024:16:22:13 -0500] "GET /wp-content/plugins/revslider/public/assets/js/rs6.min.js?ver=6.6.14 HTTP/1.1" 200 103884 "https://diixadigital.com/blog/" "Mozilla/5.0 (X11; Linux x86_64) AppleWebKit/537.36 (KHTML, like Gecko) Chrome/125.0.0.0 Safari/537.36"
141.164.95.123 - - [22/Dec/2024:16:22:13 -0500] "GET /wp-content/plugins/woocommerce/assets/css/woocommerce-smallscreen.css?ver=9.5.1 HTTP/1.1" 200 1127 "https://diixadigital.com/blog/" "Mozilla/5.0 (X11; Linux x86_64) AppleWebKit/537.36 (KHTML, like Gecko) Chrome/125.0.0.0 Safari/537.36"
141.164.95.123 - - [22/Dec/2024:16:22:13 -0500] "GET /wp-includes/js/wp-emoji-release.min.js?ver=6.7.1 HTTP/1.1" 200 4676 "https://diixadigital.com/blog/" "Mozilla/5.0 (X11; Linux x86_64) AppleWebKit/537.36 (KHTML, like Gecko) Chrome/125.0.0.0 Safari/537.36"
66.249.79.160 - - [22/Dec/2024:16:22:30 -0500] "GET /mokih/j394280.html HTTP/1.1" 200 45253 "-" "Mozilla/5.0 (Linux; Android 6.0.1; Nexus 5X Build/MMB29P) AppleWebKit/537.36 (KHTML, like Gecko) Chrome/131.0.6778.139 Mobile Safari/537.36 (compatible; Googlebot/2.1; +http://www.google.com/bot.html)"
66.249.79.173 - - [22/Dec/2024:16:22:51 -0500] "GET /cuszc/v222510.html HTTP/1.1" 200 44757 "-" "Mozilla/5.0 (Linux; Android 6.0.1; Nexus 5X Build/MMB29P) AppleWebKit/537.36 (KHTML, like Gecko) Chrome/131.0.6778.139 Mobile Safari/537.36 (compatible; Googlebot/2.1; +http://www.google.com/bot.html)"
52.167.144.158 - - [22/Dec/2024:16:22:52 -0500] "GET /oveim/t1741350.html HTTP/1.1" 200 44894 "-" "Mozilla/5.0 AppleWebKit/537.36 (KHTML, like Gecko; compatible; bingbot/2.0; +http://www.bing.com/bingbot.htm) Chrome/116.0.1938.76 Safari/537.36"
52.167.144.158 - - [22/Dec/2024:16:22:54 -0500] "GET /zdbvh/c2754605.html HTTP/1.1" 200 45006 "-" "Mozilla/5.0 AppleWebKit/537.36 (KHTML, like Gecko; compatible; bingbot/2.0; +http://www.bing.com/bingbot.htm) Chrome/116.0.1938.76 Safari/537.36"
52.167.144.158 - - [22/Dec/2024:16:22:56 -0500] "GET /akewi/c2593197.html HTTP/1.1" 200 44646 "-" "Mozilla/5.0 AppleWebKit/537.36 (KHTML, like Gecko; compatible; bingbot/2.0; +http://www.bing.com/bingbot.htm) Chrome/116.0.1938.76 Safari/537.36"
20.15.133.191 - - [22/Dec/2024:16:23:01 -0500] "GET /nxtxr/w2853139.html HTTP/1.1" 200 44746 "-" "Mozilla/5.0 AppleWebKit/537.36 (KHTML, like Gecko; compatible; bingbot/2.0; +http://www.bing.com/bingbot.htm) Chrome/116.0.1938.76 Safari/537.36"
66.249.79.173 - - [22/Dec/2024:16:23:10 -0500] "GET /aquah/v1442378.html HTTP/1.1" 200 44395 "-" "Mozilla/5.0 (Linux; Android 6.0.1; Nexus 5X Build/MMB29P) AppleWebKit/537.36 (KHTML, like Gecko) Chrome/131.0.6778.139 Mobile Safari/537.36 (compatible; Googlebot/2.1; +http://www.google.com/bot.html)"
66.249.79.160 - - [22/Dec/2024:16:23:31 -0500] "GET /wjkvh/w422685.html HTTP/1.1" 200 45745 "-" "Mozilla/5.0 (Linux; Android 6.0.1; Nexus 5X Build/MMB29P) AppleWebKit/537.36 (KHTML, like Gecko) Chrome/131.0.6778.139 Mobile Safari/537.36 (compatible; Googlebot/2.1; +http://www.google.com/bot.html)"
66.249.79.173 - - [22/Dec/2024:16:23:41 -0500] "GET /dkirg/u1712309.html HTTP/1.1" 200 44289 "-" "Mozilla/5.0 (Linux; Android 6.0.1; Nexus 5X Build/MMB29P) AppleWebKit/537.36 (KHTML, like Gecko) Chrome/131.0.6778.139 Mobile Safari/537.36 (compatible; Googlebot/2.1; +http://www.google.com/bot.html)"
66.249.79.173 - - [22/Dec/2024:16:23:55 -0500] "GET /lmkkf/n1425574.html HTTP/1.1" 200 45098 "-" "Mozilla/5.0 (Linux; Android 6.0.1; Nexus 5X Build/MMB29P) AppleWebKit/537.36 (KHTML, like Gecko) Chrome/131.0.6778.139 Mobile Safari/537.36 (compatible; Googlebot/2.1; +http://www.google.com/bot.html)"
66.249.79.173 - - [22/Dec/2024:16:23:55 -0500] "GET /lbkai/u120355.html HTTP/1.1" 200 44974 "-" "Mozilla/5.0 (Linux; Android 6.0.1; Nexus 5X Build/MMB29P) AppleWebKit/537.36 (KHTML, like Gecko) Chrome/131.0.6778.139 Mobile Safari/537.36 (compatible; Googlebot/2.1; +http://www.google.com/bot.html)"
66.249.79.160 - - [22/Dec/2024:16:24:03 -0500] "GET /klaqq/a1453927.html HTTP/1.1" 200 43912 "-" "Mozilla/5.0 (Linux; Android 6.0.1; Nexus 5X Build/MMB29P) AppleWebKit/537.36 (KHTML, like Gecko) Chrome/131.0.6778.139 Mobile Safari/537.36 (compatible; Googlebot/2.1; +http://www.google.com/bot.html)"
66.249.79.161 - - [22/Dec/2024:16:24:04 -0500] "GET /yrsuy/s457677.html HTTP/1.1" 200 45575 "-" "Mozilla/5.0 (Linux; Android 6.0.1; Nexus 5X Build/MMB29P) AppleWebKit/537.36 (KHTML, like Gecko) Chrome/131.0.6778.139 Mobile Safari/537.36 (compatible; Googlebot/2.1; +http://www.google.com/bot.html)"
