66.249.79.160 - - [22/Dec/2024:09:59:29 -0500] "GET /bnaco/l2971922.html HTTP/1.1" 200 44266 "-" "Mozilla/5.0 (Linux; Android 6.0.1; Nexus 5X Build/MMB29P) AppleWebKit/537.36 (KHTML, like Gecko) Chrome/131.0.6778.139 Mobile Safari/537.36 (compatible; Googlebot/2.1; +http://www.google.com/bot.html)"
52.167.144.220 - - [22/Dec/2024:09:59:54 -0500] "GET /rrzwr/b2407192.html HTTP/1.1" 200 43856 "-" "Mozilla/5.0 AppleWebKit/537.36 (KHTML, like Gecko; compatible; bingbot/2.0; +http://www.bing.com/bingbot.htm) Chrome/116.0.1938.76 Safari/537.36"
57.129.20.102 - - [22/Dec/2024:10:00:28 -0500] "GET /wp-content/plugins/aquilis/helloaquilis.php HTTP/1.1" 200 0 "-" "Mozilla/5.0 (Windows NT 10.0; Win64; x64) AppleWebKit/537.36 (KHTML, like Gecko) Chrome/127.0.0.0 Safari/537.36"
66.29.132.124 - - [22/Dec/2024:10:00:37 -0500] "POST /wp-cron.php?doing_wp_cron=1734879637.4965488910675048828125 HTTP/1.1" 200 0 "-" "WordPress/6.7.1; https://diixadigital.com"
66.29.132.124 - - [22/Dec/2024:10:00:38 -0500] "POST /wp-admin/admin-ajax.php?action=async_litespeed&nonce=GPJF5wrSdzlRc4YTSmBIkvhlfprppgDI&litespeed_type=imgoptm HTTP/1.1" 200 0 "-" "WordPress/6.7.1; https://diixadigital.com"
20.15.133.175 - - [22/Dec/2024:10:00:45 -0500] "GET /xozbi/e473081.html HTTP/1.1" 200 44591 "-" "Mozilla/5.0 AppleWebKit/537.36 (KHTML, like Gecko; compatible; bingbot/2.0; +http://www.bing.com/bingbot.htm) Chrome/116.0.1938.76 Safari/537.36"
66.249.79.160 - - [22/Dec/2024:10:01:04 -0500] "GET /vutti/i2432315.html HTTP/1.1" 200 44116 "-" "Mozilla/5.0 (Linux; Android 6.0.1; Nexus 5X Build/MMB29P) AppleWebKit/537.36 (KHTML, like Gecko) Chrome/131.0.6778.139 Mobile Safari/537.36 (compatible; Googlebot/2.1; +http://www.google.com/bot.html)"
20.15.133.175 - - [22/Dec/2024:10:01:16 -0500] "GET /uchao/q231189.html HTTP/1.1" 200 44729 "-" "Mozilla/5.0 AppleWebKit/537.36 (KHTML, like Gecko; compatible; bingbot/2.0; +http://www.bing.com/bingbot.htm) Chrome/116.0.1938.76 Safari/537.36"
66.249.79.173 - - [22/Dec/2024:10:01:29 -0500] "GET /nhhji/a1586969.html HTTP/1.1" 200 43903 "-" "Mozilla/5.0 (Linux; Android 6.0.1; Nexus 5X Build/MMB29P) AppleWebKit/537.36 (KHTML, like Gecko) Chrome/131.0.6778.139 Mobile Safari/537.36 (compatible; Googlebot/2.1; +http://www.google.com/bot.html)"
40.77.167.123 - - [22/Dec/2024:10:02:04 -0500] "GET /eoxmv/r1092648.html HTTP/1.1" 200 44076 "-" "Mozilla/5.0 AppleWebKit/537.36 (KHTML, like Gecko; compatible; bingbot/2.0; +http://www.bing.com/bingbot.htm) Chrome/116.0.1938.76 Safari/537.36"
40.77.167.241 - - [22/Dec/2024:10:02:04 -0500] "GET /ipsld/o2651917.html HTTP/1.1" 200 45751 "-" "Mozilla/5.0 AppleWebKit/537.36 (KHTML, like Gecko; compatible; bingbot/2.0; +http://www.bing.com/bingbot.htm) Chrome/116.0.1938.76 Safari/537.36"
20.15.133.191 - - [22/Dec/2024:10:02:18 -0500] "GET /fhoek/g1685801.html HTTP/1.1" 200 43892 "-" "Mozilla/5.0 AppleWebKit/537.36 (KHTML, like Gecko; compatible; bingbot/2.0; +http://www.bing.com/bingbot.htm) Chrome/116.0.1938.76 Safari/537.36"
20.15.133.191 - - [22/Dec/2024:10:02:37 -0500] "GET /tynri/q1882995.html HTTP/1.1" 200 44685 "-" "Mozilla/5.0 AppleWebKit/537.36 (KHTML, like Gecko; compatible; bingbot/2.0; +http://www.bing.com/bingbot.htm) Chrome/116.0.1938.76 Safari/537.36"
52.167.144.221 - - [22/Dec/2024:10:02:54 -0500] "GET /cycdp/n2317296.html HTTP/1.1" 200 44186 "-" "Mozilla/5.0 AppleWebKit/537.36 (KHTML, like Gecko; compatible; bingbot/2.0; +http://www.bing.com/bingbot.htm) Chrome/116.0.1938.76 Safari/537.36"
52.167.144.184 - - [22/Dec/2024:10:02:59 -0500] "GET /pfxhl/x2439480.html HTTP/1.1" 200 44731 "-" "Mozilla/5.0 AppleWebKit/537.36 (KHTML, like Gecko; compatible; bingbot/2.0; +http://www.bing.com/bingbot.htm) Chrome/116.0.1938.76 Safari/537.36"
20.15.133.191 - - [22/Dec/2024:10:04:17 -0500] "GET /mfrfs/i2410241.html HTTP/1.1" 200 43772 "-" "Mozilla/5.0 AppleWebKit/537.36 (KHTML, like Gecko; compatible; bingbot/2.0; +http://www.bing.com/bingbot.htm) Chrome/116.0.1938.76 Safari/537.36"
52.167.144.20 - - [22/Dec/2024:10:04:34 -0500] "GET /fdjch/d1562922.html HTTP/1.1" 200 44074 "-" "Mozilla/5.0 AppleWebKit/537.36 (KHTML, like Gecko; compatible; bingbot/2.0; +http://www.bing.com/bingbot.htm) Chrome/116.0.1938.76 Safari/537.36"
52.167.144.184 - - [22/Dec/2024:10:05:06 -0500] "GET /ftjav/l2588188.html HTTP/1.1" 200 44044 "-" "Mozilla/5.0 AppleWebKit/537.36 (KHTML, like Gecko; compatible; bingbot/2.0; +http://www.bing.com/bingbot.htm) Chrome/116.0.1938.76 Safari/537.36"
52.167.144.221 - - [22/Dec/2024:10:05:14 -0500] "GET /sxjdw/z2770566.html HTTP/1.1" 200 45273 "-" "Mozilla/5.0 AppleWebKit/537.36 (KHTML, like Gecko; compatible; bingbot/2.0; +http://www.bing.com/bingbot.htm) Chrome/116.0.1938.76 Safari/537.36"
40.77.167.123 - - [22/Dec/2024:10:05:15 -0500] "GET /mgcaf/m861607.html HTTP/1.1" 200 45455 "-" "Mozilla/5.0 AppleWebKit/537.36 (KHTML, like Gecko; compatible; bingbot/2.0; +http://www.bing.com/bingbot.htm) Chrome/116.0.1938.76 Safari/537.36"
20.15.133.191 - - [22/Dec/2024:10:07:57 -0500] "GET /gkmha/i2718861.html HTTP/1.1" 200 44591 "-" "Mozilla/5.0 AppleWebKit/537.36 (KHTML, like Gecko; compatible; bingbot/2.0; +http://www.bing.com/bingbot.htm) Chrome/116.0.1938.76 Safari/537.36"
20.15.133.175 - - [22/Dec/2024:10:08:37 -0500] "GET /wlxak/i2025415.html HTTP/1.1" 200 44169 "-" "Mozilla/5.0 AppleWebKit/537.36 (KHTML, like Gecko; compatible; bingbot/2.0; +http://www.bing.com/bingbot.htm) Chrome/116.0.1938.76 Safari/537.36"
20.15.133.175 - - [22/Dec/2024:10:08:39 -0500] "GET /mjfwc/b1123000.html HTTP/1.1" 200 44388 "-" "Mozilla/5.0 AppleWebKit/537.36 (KHTML, like Gecko; compatible; bingbot/2.0; +http://www.bing.com/bingbot.htm) Chrome/116.0.1938.76 Safari/537.36"
52.167.144.184 - - [22/Dec/2024:10:09:07 -0500] "GET /frkzh/g2553083.html HTTP/1.1" 200 44031 "-" "Mozilla/5.0 AppleWebKit/537.36 (KHTML, like Gecko; compatible; bingbot/2.0; +http://www.bing.com/bingbot.htm) Chrome/116.0.1938.76 Safari/537.36"
20.15.133.191 - - [22/Dec/2024:10:09:08 -0500] "GET /mcvcq/f2974776.html HTTP/1.1" 200 43951 "-" "Mozilla/5.0 AppleWebKit/537.36 (KHTML, like Gecko; compatible; bingbot/2.0; +http://www.bing.com/bingbot.htm) Chrome/116.0.1938.76 Safari/537.36"
20.15.133.174 - - [22/Dec/2024:10:09:37 -0500] "GET /mfqjv/z263360.html HTTP/1.1" 200 44891 "-" "Mozilla/5.0 AppleWebKit/537.36 (KHTML, like Gecko; compatible; bingbot/2.0; +http://www.bing.com/bingbot.htm) Chrome/116.0.1938.76 Safari/537.36"
20.15.133.184 - - [22/Dec/2024:10:10:16 -0500] "GET /jhhis/a301659.html HTTP/1.1" 200 44778 "-" "Mozilla/5.0 AppleWebKit/537.36 (KHTML, like Gecko; compatible; bingbot/2.0; +http://www.bing.com/bingbot.htm) Chrome/116.0.1938.76 Safari/537.36"
66.249.79.173 - - [22/Dec/2024:10:10:43 -0500] "GET /dabya/e2615013.html HTTP/1.1" 200 44019 "-" "Mozilla/5.0 (Linux; Android 6.0.1; Nexus 5X Build/MMB29P) AppleWebKit/537.36 (KHTML, like Gecko) Chrome/131.0.6778.139 Mobile Safari/537.36 (compatible; Googlebot/2.1; +http://www.google.com/bot.html)"
52.167.144.221 - - [22/Dec/2024:10:10:54 -0500] "GET /dfdjz/z172568.html HTTP/1.1" 200 44580 "-" "Mozilla/5.0 AppleWebKit/537.36 (KHTML, like Gecko; compatible; bingbot/2.0; +http://www.bing.com/bingbot.htm) Chrome/116.0.1938.76 Safari/537.36"
40.77.167.241 - - [22/Dec/2024:10:10:58 -0500] "GET /etgjg/e2079829.html HTTP/1.1" 200 44481 "-" "Mozilla/5.0 AppleWebKit/537.36 (KHTML, like Gecko; compatible; bingbot/2.0; +http://www.bing.com/bingbot.htm) Chrome/116.0.1938.76 Safari/537.36"
40.77.167.241 - - [22/Dec/2024:10:10:59 -0500] "GET /idbes/n88082.html HTTP/1.1" 200 44564 "-" "Mozilla/5.0 AppleWebKit/537.36 (KHTML, like Gecko; compatible; bingbot/2.0; +http://www.bing.com/bingbot.htm) Chrome/116.0.1938.76 Safari/537.36"
52.167.144.188 - - [22/Dec/2024:10:11:07 -0500] "GET /nijfu/o788211.html HTTP/1.1" 200 44873 "-" "Mozilla/5.0 AppleWebKit/537.36 (KHTML, like Gecko; compatible; bingbot/2.0; +http://www.bing.com/bingbot.htm) Chrome/116.0.1938.76 Safari/537.36"
20.15.133.174 - - [22/Dec/2024:10:12:18 -0500] "GET /hkeum/f897636.html HTTP/1.1" 200 44311 "-" "Mozilla/5.0 AppleWebKit/537.36 (KHTML, like Gecko; compatible; bingbot/2.0; +http://www.bing.com/bingbot.htm) Chrome/116.0.1938.76 Safari/537.36"
20.15.133.191 - - [22/Dec/2024:10:12:38 -0500] "GET /utmtw/f2971370.html HTTP/1.1" 200 43835 "-" "Mozilla/5.0 AppleWebKit/537.36 (KHTML, like Gecko; compatible; bingbot/2.0; +http://www.bing.com/bingbot.htm) Chrome/116.0.1938.76 Safari/537.36"
40.77.167.17 - - [22/Dec/2024:10:12:45 -0500] "GET /mgcaf/m861607.html HTTP/1.1" 200 45491 "-" "Mozilla/5.0 AppleWebKit/537.36 (KHTML, like Gecko; compatible; bingbot/2.0; +http://www.bing.com/bingbot.htm) Chrome/116.0.1938.76 Safari/537.36"
20.15.133.184 - - [22/Dec/2024:10:14:17 -0500] "GET /onbfu/i731291.html HTTP/1.1" 200 44522 "-" "Mozilla/5.0 AppleWebKit/537.36 (KHTML, like Gecko; compatible; bingbot/2.0; +http://www.bing.com/bingbot.htm) Chrome/116.0.1938.76 Safari/537.36"
20.15.133.184 - - [22/Dec/2024:10:15:17 -0500] "GET /blotq/d2337020.html HTTP/1.1" 200 44242 "-" "Mozilla/5.0 AppleWebKit/537.36 (KHTML, like Gecko; compatible; bingbot/2.0; +http://www.bing.com/bingbot.htm) Chrome/116.0.1938.76 Safari/537.36"
20.15.133.184 - - [22/Dec/2024:10:15:20 -0500] "GET /cgvnn/v266268.html HTTP/1.1" 200 44367 "-" "Mozilla/5.0 AppleWebKit/537.36 (KHTML, like Gecko; compatible; bingbot/2.0; +http://www.bing.com/bingbot.htm) Chrome/116.0.1938.76 Safari/537.36"
66.249.79.173 - - [22/Dec/2024:10:15:22 -0500] "GET /epjta/i3087801.html HTTP/1.1" 200 43931 "-" "Mozilla/5.0 (Linux; Android 6.0.1; Nexus 5X Build/MMB29P) AppleWebKit/537.36 (KHTML, like Gecko) Chrome/131.0.6778.139 Mobile Safari/537.36 (compatible; Googlebot/2.1; +http://www.google.com/bot.html)"
40.77.167.55 - - [22/Dec/2024:10:16:34 -0500] "GET /cnudi/b2677800.html HTTP/1.1" 200 44953 "-" "Mozilla/5.0 AppleWebKit/537.36 (KHTML, like Gecko; compatible; bingbot/2.0; +http://www.bing.com/bingbot.htm) Chrome/116.0.1938.76 Safari/537.36"
40.77.167.55 - - [22/Dec/2024:10:16:35 -0500] "GET /legbt/n2527896.html HTTP/1.1" 200 43937 "-" "Mozilla/5.0 AppleWebKit/537.36 (KHTML, like Gecko; compatible; bingbot/2.0; +http://www.bing.com/bingbot.htm) Chrome/116.0.1938.76 Safari/537.36"
40.77.167.78 - - [22/Dec/2024:10:16:39 -0500] "GET /usvlv/r1837548.html HTTP/1.1" 200 44148 "-" "Mozilla/5.0 AppleWebKit/537.36 (KHTML, like Gecko; compatible; bingbot/2.0; +http://www.bing.com/bingbot.htm) Chrome/116.0.1938.76 Safari/537.36"
20.15.133.175 - - [22/Dec/2024:10:17:18 -0500] "GET /nvgcj/k662081.html HTTP/1.1" 200 45113 "-" "Mozilla/5.0 AppleWebKit/537.36 (KHTML, like Gecko; compatible; bingbot/2.0; +http://www.bing.com/bingbot.htm) Chrome/116.0.1938.76 Safari/537.36"
40.77.167.17 - - [22/Dec/2024:10:17:35 -0500] "GET /kfcth/g1553201.html HTTP/1.1" 200 43899 "-" "Mozilla/5.0 AppleWebKit/537.36 (KHTML, like Gecko; compatible; bingbot/2.0; +http://www.bing.com/bingbot.htm) Chrome/116.0.1938.76 Safari/537.36"
20.15.133.175 - - [22/Dec/2024:10:17:48 -0500] "GET /dytef/o143593.html HTTP/1.1" 200 44781 "-" "Mozilla/5.0 AppleWebKit/537.36 (KHTML, like Gecko; compatible; bingbot/2.0; +http://www.bing.com/bingbot.htm) Chrome/116.0.1938.76 Safari/537.36"
40.77.167.78 - - [22/Dec/2024:10:18:06 -0500] "GET /pmirk/x2494782.html HTTP/1.1" 200 43820 "-" "Mozilla/5.0 AppleWebKit/537.36 (KHTML, like Gecko; compatible; bingbot/2.0; +http://www.bing.com/bingbot.htm) Chrome/116.0.1938.76 Safari/537.36"
40.77.167.17 - - [22/Dec/2024:10:18:25 -0500] "GET /gfpfb/e819401.html HTTP/1.1" 200 44997 "-" "Mozilla/5.0 AppleWebKit/537.36 (KHTML, like Gecko; compatible; bingbot/2.0; +http://www.bing.com/bingbot.htm) Chrome/116.0.1938.76 Safari/537.36"
66.249.79.161 - - [22/Dec/2024:10:19:18 -0500] "GET /ffvvn/x1874188.html HTTP/1.1" 200 44297 "-" "Mozilla/5.0 (Linux; Android 6.0.1; Nexus 5X Build/MMB29P) AppleWebKit/537.36 (KHTML, like Gecko) Chrome/131.0.6778.139 Mobile Safari/537.36 (compatible; Googlebot/2.1; +http://www.google.com/bot.html)"
52.167.144.194 - - [22/Dec/2024:10:19:28 -0500] "GET /zdbsh/t1059136.html HTTP/1.1" 200 45744 "-" "Mozilla/5.0 AppleWebKit/537.36 (KHTML, like Gecko; compatible; bingbot/2.0; +http://www.bing.com/bingbot.htm) Chrome/116.0.1938.76 Safari/537.36"
40.77.167.17 - - [22/Dec/2024:10:20:06 -0500] "GET /mgcaf/m861607.html HTTP/1.1" 200 45491 "-" "Mozilla/5.0 AppleWebKit/537.36 (KHTML, like Gecko; compatible; bingbot/2.0; +http://www.bing.com/bingbot.htm) Chrome/116.0.1938.76 Safari/537.36"
20.15.133.174 - - [22/Dec/2024:10:20:09 -0500] "GET /mrpsr/k1172409.html HTTP/1.1" 200 45487 "-" "Mozilla/5.0 AppleWebKit/537.36 (KHTML, like Gecko; compatible; bingbot/2.0; +http://www.bing.com/bingbot.htm) Chrome/116.0.1938.76 Safari/537.36"
20.15.133.175 - - [22/Dec/2024:10:20:38 -0500] "GET /mzmyd/m697079.html HTTP/1.1" 200 44177 "-" "Mozilla/5.0 AppleWebKit/537.36 (KHTML, like Gecko; compatible; bingbot/2.0; +http://www.bing.com/bingbot.htm) Chrome/116.0.1938.76 Safari/537.36"
20.15.133.184 - - [22/Dec/2024:10:20:58 -0500] "GET /jinxt/q2768971.html HTTP/1.1" 200 44744 "-" "Mozilla/5.0 AppleWebKit/537.36 (KHTML, like Gecko; compatible; bingbot/2.0; +http://www.bing.com/bingbot.htm) Chrome/116.0.1938.76 Safari/537.36"
40.77.167.55 - - [22/Dec/2024:10:21:06 -0500] "GET /vjjcw/e2080245.html HTTP/1.1" 200 44177 "-" "Mozilla/5.0 AppleWebKit/537.36 (KHTML, like Gecko; compatible; bingbot/2.0; +http://www.bing.com/bingbot.htm) Chrome/116.0.1938.76 Safari/537.36"
40.77.167.55 - - [22/Dec/2024:10:21:07 -0500] "GET /mxrat/n3016800.html HTTP/1.1" 200 44554 "-" "Mozilla/5.0 AppleWebKit/537.36 (KHTML, like Gecko; compatible; bingbot/2.0; +http://www.bing.com/bingbot.htm) Chrome/116.0.1938.76 Safari/537.36"
40.77.167.55 - - [22/Dec/2024:10:21:08 -0500] "GET /jrvik/r2759118.html HTTP/1.1" 200 44600 "-" "Mozilla/5.0 AppleWebKit/537.36 (KHTML, like Gecko; compatible; bingbot/2.0; +http://www.bing.com/bingbot.htm) Chrome/116.0.1938.76 Safari/537.36"
20.15.133.175 - - [22/Dec/2024:10:21:39 -0500] "GET /ssrcg/z2594338.html HTTP/1.1" 200 44490 "-" "Mozilla/5.0 AppleWebKit/537.36 (KHTML, like Gecko; compatible; bingbot/2.0; +http://www.bing.com/bingbot.htm) Chrome/116.0.1938.76 Safari/537.36"
40.77.167.55 - - [22/Dec/2024:10:22:06 -0500] "GET /aiyiv/m2478937.html HTTP/1.1" 200 44959 "-" "Mozilla/5.0 AppleWebKit/537.36 (KHTML, like Gecko; compatible; bingbot/2.0; +http://www.bing.com/bingbot.htm) Chrome/116.0.1938.76 Safari/537.36"
40.77.167.78 - - [22/Dec/2024:10:22:17 -0500] "GET /wolet/s233401.html HTTP/1.1" 200 44631 "-" "Mozilla/5.0 AppleWebKit/537.36 (KHTML, like Gecko; compatible; bingbot/2.0; +http://www.bing.com/bingbot.htm) Chrome/116.0.1938.76 Safari/537.36"
20.15.133.184 - - [22/Dec/2024:10:22:48 -0500] "GET /juxaw/n897722.html HTTP/1.1" 200 44244 "-" "Mozilla/5.0 AppleWebKit/537.36 (KHTML, like Gecko; compatible; bingbot/2.0; +http://www.bing.com/bingbot.htm) Chrome/116.0.1938.76 Safari/537.36"
20.15.133.184 - - [22/Dec/2024:10:22:51 -0500] "GET /ocded/f1514096.html HTTP/1.1" 200 44005 "-" "Mozilla/5.0 AppleWebKit/537.36 (KHTML, like Gecko; compatible; bingbot/2.0; +http://www.bing.com/bingbot.htm) Chrome/116.0.1938.76 Safari/537.36"
66.249.79.173 - - [22/Dec/2024:10:23:01 -0500] "GET /ataqb/c1888415.html HTTP/1.1" 200 44580 "-" "Mozilla/5.0 (Linux; Android 6.0.1; Nexus 5X Build/MMB29P) AppleWebKit/537.36 (KHTML, like Gecko) Chrome/131.0.6778.139 Mobile Safari/537.36 (compatible; Googlebot/2.1; +http://www.google.com/bot.html)"
66.249.79.173 - - [22/Dec/2024:10:23:14 -0500] "GET /uiwvb/b1621108.html HTTP/1.1" 200 44198 "-" "Mozilla/5.0 (Linux; Android 6.0.1; Nexus 5X Build/MMB29P) AppleWebKit/537.36 (KHTML, like Gecko) Chrome/131.0.6778.139 Mobile Safari/537.36 (compatible; Googlebot/2.1; +http://www.google.com/bot.html)"
20.15.133.175 - - [22/Dec/2024:10:23:39 -0500] "GET /dgdot/t2840916.html HTTP/1.1" 200 44782 "-" "Mozilla/5.0 AppleWebKit/537.36 (KHTML, like Gecko; compatible; bingbot/2.0; +http://www.bing.com/bingbot.htm) Chrome/116.0.1938.76 Safari/537.36"
40.77.167.2 - - [22/Dec/2024:10:24:38 -0500] "GET /upyyn/s94613.html HTTP/1.1" 200 44544 "-" "Mozilla/5.0 AppleWebKit/537.36 (KHTML, like Gecko; compatible; bingbot/2.0; +http://www.bing.com/bingbot.htm) Chrome/116.0.1938.76 Safari/537.36"
40.77.167.2 - - [22/Dec/2024:10:24:48 -0500] "GET /mmeye/n2618194.html HTTP/1.1" 200 44251 "-" "Mozilla/5.0 AppleWebKit/537.36 (KHTML, like Gecko; compatible; bingbot/2.0; +http://www.bing.com/bingbot.htm) Chrome/116.0.1938.76 Safari/537.36"
20.15.133.184 - - [22/Dec/2024:10:25:09 -0500] "GET /wbmiy/v2629486.html HTTP/1.1" 200 44163 "-" "Mozilla/5.0 AppleWebKit/537.36 (KHTML, like Gecko; compatible; bingbot/2.0; +http://www.bing.com/bingbot.htm) Chrome/116.0.1938.76 Safari/537.36"
52.167.144.137 - - [22/Dec/2024:10:25:36 -0500] "GET /thetv/j2032670.html HTTP/1.1" 200 44336 "-" "Mozilla/5.0 AppleWebKit/537.36 (KHTML, like Gecko; compatible; bingbot/2.0; +http://www.bing.com/bingbot.htm) Chrome/116.0.1938.76 Safari/537.36"
40.77.167.2 - - [22/Dec/2024:10:25:58 -0500] "GET /ivdsc/n2135946.html HTTP/1.1" 200 43765 "-" "Mozilla/5.0 AppleWebKit/537.36 (KHTML, like Gecko; compatible; bingbot/2.0; +http://www.bing.com/bingbot.htm) Chrome/116.0.1938.76 Safari/537.36"
20.15.133.191 - - [22/Dec/2024:10:25:59 -0500] "GET /jhgdn/t1016522.html HTTP/1.1" 200 45404 "-" "Mozilla/5.0 AppleWebKit/537.36 (KHTML, like Gecko; compatible; bingbot/2.0; +http://www.bing.com/bingbot.htm) Chrome/116.0.1938.76 Safari/537.36"
52.167.144.145 - - [22/Dec/2024:10:26:27 -0500] "GET /csalh/e1318549.html HTTP/1.1" 200 45766 "-" "Mozilla/5.0 AppleWebKit/537.36 (KHTML, like Gecko; compatible; bingbot/2.0; +http://www.bing.com/bingbot.htm) Chrome/116.0.1938.76 Safari/537.36"
40.77.167.77 - - [22/Dec/2024:10:26:36 -0500] "GET /mgcaf/m861607.html HTTP/1.1" 200 45491 "-" "Mozilla/5.0 AppleWebKit/537.36 (KHTML, like Gecko; compatible; bingbot/2.0; +http://www.bing.com/bingbot.htm) Chrome/116.0.1938.76 Safari/537.36"
20.15.133.165 - - [22/Dec/2024:10:26:54 -0500] "GET /robots.txt HTTP/1.1" 200 137 "-" "Mozilla/5.0 AppleWebKit/537.36 (KHTML, like Gecko; compatible; bingbot/2.0; +http://www.bing.com/bingbot.htm) Chrome/116.0.1938.76 Safari/537.36"
20.15.133.165 - - [22/Dec/2024:10:26:54 -0500] "GET /robots.txt HTTP/1.1" 200 137 "-" "Mozilla/5.0 AppleWebKit/537.36 (KHTML, like Gecko; compatible; bingbot/2.0; +http://www.bing.com/bingbot.htm) Chrome/116.0.1938.76 Safari/537.36"
52.167.144.137 - - [22/Dec/2024:10:26:56 -0500] "GET /bgqer/e862535.html HTTP/1.1" 200 44854 "-" "Mozilla/5.0 AppleWebKit/537.36 (KHTML, like Gecko; compatible; bingbot/2.0; +http://www.bing.com/bingbot.htm) Chrome/116.0.1938.76 Safari/537.36"
20.15.133.184 - - [22/Dec/2024:10:26:59 -0500] "GET /vfnal/x1156172.html HTTP/1.1" 200 44794 "-" "Mozilla/5.0 AppleWebKit/537.36 (KHTML, like Gecko; compatible; bingbot/2.0; +http://www.bing.com/bingbot.htm) Chrome/116.0.1938.76 Safari/537.36"
66.249.79.160 - - [22/Dec/2024:10:27:38 -0500] "GET /xleps/h2880112.html HTTP/1.1" 200 44622 "-" "Mozilla/5.0 (Linux; Android 6.0.1; Nexus 5X Build/MMB29P) AppleWebKit/537.36 (KHTML, like Gecko) Chrome/131.0.6778.139 Mobile Safari/537.36 (compatible; Googlebot/2.1; +http://www.google.com/bot.html)"
20.15.133.191 - - [22/Dec/2024:10:27:50 -0500] "GET /qfmig/h2672164.html HTTP/1.1" 200 44679 "-" "Mozilla/5.0 AppleWebKit/537.36 (KHTML, like Gecko; compatible; bingbot/2.0; +http://www.bing.com/bingbot.htm) Chrome/116.0.1938.76 Safari/537.36"
20.15.133.191 - - [22/Dec/2024:10:27:53 -0500] "GET /nuwoo/o100953.html HTTP/1.1" 200 44537 "-" "Mozilla/5.0 AppleWebKit/537.36 (KHTML, like Gecko; compatible; bingbot/2.0; +http://www.bing.com/bingbot.htm) Chrome/116.0.1938.76 Safari/537.36"
52.167.144.137 - - [22/Dec/2024:10:28:36 -0500] "GET /bxhka/d2487092.html HTTP/1.1" 200 44067 "-" "Mozilla/5.0 AppleWebKit/537.36 (KHTML, like Gecko; compatible; bingbot/2.0; +http://www.bing.com/bingbot.htm) Chrome/116.0.1938.76 Safari/537.36"
52.167.144.145 - - [22/Dec/2024:10:28:47 -0500] "GET /sngat/a316791.html HTTP/1.1" 200 45599 "-" "Mozilla/5.0 AppleWebKit/537.36 (KHTML, like Gecko; compatible; bingbot/2.0; +http://www.bing.com/bingbot.htm) Chrome/116.0.1938.76 Safari/537.36"
52.167.144.145 - - [22/Dec/2024:10:28:47 -0500] "GET /wgids/f2354260.html HTTP/1.1" 200 43967 "-" "Mozilla/5.0 AppleWebKit/537.36 (KHTML, like Gecko; compatible; bingbot/2.0; +http://www.bing.com/bingbot.htm) Chrome/116.0.1938.76 Safari/537.36"
20.15.133.191 - - [22/Dec/2024:10:29:00 -0500] "GET /emeud/x249526.html HTTP/1.1" 200 44522 "-" "Mozilla/5.0 AppleWebKit/537.36 (KHTML, like Gecko; compatible; bingbot/2.0; +http://www.bing.com/bingbot.htm) Chrome/116.0.1938.76 Safari/537.36"
20.15.133.184 - - [22/Dec/2024:10:29:48 -0500] "GET /khdec/u1326755.html HTTP/1.1" 200 43136 "-" "Mozilla/5.0 AppleWebKit/537.36 (KHTML, like Gecko; compatible; bingbot/2.0; +http://www.bing.com/bingbot.htm) Chrome/116.0.1938.76 Safari/537.36"
66.249.79.161 - - [22/Dec/2024:10:30:04 -0500] "GET /qvxhf/o1942481.html HTTP/1.1" 200 43863 "-" "Mozilla/5.0 (Linux; Android 6.0.1; Nexus 5X Build/MMB29P) AppleWebKit/537.36 (KHTML, like Gecko) Chrome/131.0.6778.139 Mobile Safari/537.36 (compatible; Googlebot/2.1; +http://www.google.com/bot.html)"
66.249.79.160 - - [22/Dec/2024:10:30:29 -0500] "GET /bucdd/e1767595.html HTTP/1.1" 200 43833 "-" "Mozilla/5.0 (Linux; Android 6.0.1; Nexus 5X Build/MMB29P) AppleWebKit/537.36 (KHTML, like Gecko) Chrome/131.0.6778.139 Mobile Safari/537.36 (compatible; Googlebot/2.1; +http://www.google.com/bot.html)"
66.249.79.160 - - [22/Dec/2024:10:31:06 -0500] "GET /lvjnu/z281612.html HTTP/1.1" 200 44515 "-" "Mozilla/5.0 (Linux; Android 6.0.1; Nexus 5X Build/MMB29P) AppleWebKit/537.36 (KHTML, like Gecko) Chrome/131.0.6778.139 Mobile Safari/537.36 (compatible; Googlebot/2.1; +http://www.google.com/bot.html)"
20.15.133.191 - - [22/Dec/2024:10:32:10 -0500] "GET /hwimg/j245846.html HTTP/1.1" 200 45199 "-" "Mozilla/5.0 AppleWebKit/537.36 (KHTML, like Gecko; compatible; bingbot/2.0; +http://www.bing.com/bingbot.htm) Chrome/116.0.1938.76 Safari/537.36"
20.15.133.174 - - [22/Dec/2024:10:32:58 -0500] "GET /yqdze/b2965542.html HTTP/1.1" 200 43912 "-" "Mozilla/5.0 AppleWebKit/537.36 (KHTML, like Gecko; compatible; bingbot/2.0; +http://www.bing.com/bingbot.htm) Chrome/116.0.1938.76 Safari/537.36"
20.15.133.174 - - [22/Dec/2024:10:33:49 -0500] "GET /bizmb/w2758655.html HTTP/1.1" 200 44308 "-" "Mozilla/5.0 AppleWebKit/537.36 (KHTML, like Gecko; compatible; bingbot/2.0; +http://www.bing.com/bingbot.htm) Chrome/116.0.1938.76 Safari/537.36"
20.15.133.191 - - [22/Dec/2024:10:33:54 -0500] "GET /vigqp/x2262472.html HTTP/1.1" 200 45019 "-" "Mozilla/5.0 AppleWebKit/537.36 (KHTML, like Gecko; compatible; bingbot/2.0; +http://www.bing.com/bingbot.htm) Chrome/116.0.1938.76 Safari/537.36"
52.167.144.163 - - [22/Dec/2024:10:33:57 -0500] "GET /epfch/u2698827.html HTTP/1.1" 200 44704 "-" "Mozilla/5.0 AppleWebKit/537.36 (KHTML, like Gecko; compatible; bingbot/2.0; +http://www.bing.com/bingbot.htm) Chrome/116.0.1938.76 Safari/537.36"
40.77.167.61 - - [22/Dec/2024:10:33:58 -0500] "GET /mgcaf/m861607.html HTTP/1.1" 200 45455 "-" "Mozilla/5.0 AppleWebKit/537.36 (KHTML, like Gecko; compatible; bingbot/2.0; +http://www.bing.com/bingbot.htm) Chrome/116.0.1938.76 Safari/537.36"
66.249.79.160 - - [22/Dec/2024:10:34:29 -0500] "GET /smfkh/j552958.html HTTP/1.1" 200 44842 "-" "Mozilla/5.0 (Linux; Android 6.0.1; Nexus 5X Build/MMB29P) AppleWebKit/537.36 (KHTML, like Gecko) Chrome/131.0.6778.139 Mobile Safari/537.36 (compatible; Googlebot/2.1; +http://www.google.com/bot.html)"
40.77.167.121 - - [22/Dec/2024:10:34:47 -0500] "GET /rsfef/y2385479.html HTTP/1.1" 200 43936 "-" "Mozilla/5.0 AppleWebKit/537.36 (KHTML, like Gecko; compatible; bingbot/2.0; +http://www.bing.com/bingbot.htm) Chrome/116.0.1938.76 Safari/537.36"
40.77.167.156 - - [22/Dec/2024:10:34:49 -0500] "GET /ogpsm/q2727657.html HTTP/1.1" 200 44855 "-" "Mozilla/5.0 AppleWebKit/537.36 (KHTML, like Gecko; compatible; bingbot/2.0; +http://www.bing.com/bingbot.htm) Chrome/116.0.1938.76 Safari/537.36"
20.15.133.174 - - [22/Dec/2024:10:34:59 -0500] "GET /sxdaj/j2273638.html HTTP/1.1" 200 44057 "-" "Mozilla/5.0 AppleWebKit/537.36 (KHTML, like Gecko; compatible; bingbot/2.0; +http://www.bing.com/bingbot.htm) Chrome/116.0.1938.76 Safari/537.36"
52.167.144.163 - - [22/Dec/2024:10:35:56 -0500] "GET /phxjo/b2851246.html HTTP/1.1" 200 44886 "-" "Mozilla/5.0 AppleWebKit/537.36 (KHTML, like Gecko; compatible; bingbot/2.0; +http://www.bing.com/bingbot.htm) Chrome/116.0.1938.76 Safari/537.36"
20.15.133.174 - - [22/Dec/2024:10:36:10 -0500] "GET /qpnhw/n2016268.html HTTP/1.1" 200 43950 "-" "Mozilla/5.0 AppleWebKit/537.36 (KHTML, like Gecko; compatible; bingbot/2.0; +http://www.bing.com/bingbot.htm) Chrome/116.0.1938.76 Safari/537.36"
40.77.167.121 - - [22/Dec/2024:10:36:28 -0500] "GET /cztdn/t2557386.html HTTP/1.1" 200 43569 "-" "Mozilla/5.0 AppleWebKit/537.36 (KHTML, like Gecko; compatible; bingbot/2.0; +http://www.bing.com/bingbot.htm) Chrome/116.0.1938.76 Safari/537.36"
20.15.133.174 - - [22/Dec/2024:10:37:00 -0500] "GET /puthn/t254696.html HTTP/1.1" 200 44422 "-" "Mozilla/5.0 AppleWebKit/537.36 (KHTML, like Gecko; compatible; bingbot/2.0; +http://www.bing.com/bingbot.htm) Chrome/116.0.1938.76 Safari/537.36"
40.77.167.156 - - [22/Dec/2024:10:38:10 -0500] "GET /wdwmr/e1323983.html HTTP/1.1" 200 44722 "-" "Mozilla/5.0 AppleWebKit/537.36 (KHTML, like Gecko; compatible; bingbot/2.0; +http://www.bing.com/bingbot.htm) Chrome/116.0.1938.76 Safari/537.36"
20.15.133.191 - - [22/Dec/2024:10:38:39 -0500] "GET /kwnjk/r1119714.html HTTP/1.1" 200 44908 "-" "Mozilla/5.0 AppleWebKit/537.36 (KHTML, like Gecko; compatible; bingbot/2.0; +http://www.bing.com/bingbot.htm) Chrome/116.0.1938.76 Safari/537.36"
20.15.133.174 - - [22/Dec/2024:10:38:41 -0500] "GET /vekte/e2767165.html HTTP/1.1" 200 45342 "-" "Mozilla/5.0 AppleWebKit/537.36 (KHTML, like Gecko; compatible; bingbot/2.0; +http://www.bing.com/bingbot.htm) Chrome/116.0.1938.76 Safari/537.36"
52.167.144.181 - - [22/Dec/2024:10:38:59 -0500] "GET /tusqn/t96850.html HTTP/1.1" 200 44835 "-" "Mozilla/5.0 AppleWebKit/537.36 (KHTML, like Gecko; compatible; bingbot/2.0; +http://www.bing.com/bingbot.htm) Chrome/116.0.1938.76 Safari/537.36"
52.167.144.181 - - [22/Dec/2024:10:39:09 -0500] "GET /ctvnk/v2624936.html HTTP/1.1" 200 43923 "-" "Mozilla/5.0 AppleWebKit/537.36 (KHTML, like Gecko; compatible; bingbot/2.0; +http://www.bing.com/bingbot.htm) Chrome/116.0.1938.76 Safari/537.36"
52.167.144.163 - - [22/Dec/2024:10:39:17 -0500] "GET /dlfcq/a2230625.html HTTP/1.1" 200 43935 "-" "Mozilla/5.0 AppleWebKit/537.36 (KHTML, like Gecko; compatible; bingbot/2.0; +http://www.bing.com/bingbot.htm) Chrome/116.0.1938.76 Safari/537.36"
20.15.133.174 - - [22/Dec/2024:10:39:20 -0500] "GET /vpadm/n2179834.html HTTP/1.1" 200 44685 "-" "Mozilla/5.0 AppleWebKit/537.36 (KHTML, like Gecko; compatible; bingbot/2.0; +http://www.bing.com/bingbot.htm) Chrome/116.0.1938.76 Safari/537.36"
40.77.167.61 - - [22/Dec/2024:10:39:47 -0500] "GET /mgcaf/m861607.html HTTP/1.1" 200 45491 "-" "Mozilla/5.0 AppleWebKit/537.36 (KHTML, like Gecko; compatible; bingbot/2.0; +http://www.bing.com/bingbot.htm) Chrome/116.0.1938.76 Safari/537.36"
40.77.167.121 - - [22/Dec/2024:10:40:38 -0500] "GET /expoo/b1800430.html HTTP/1.1" 200 43969 "-" "Mozilla/5.0 AppleWebKit/537.36 (KHTML, like Gecko; compatible; bingbot/2.0; +http://www.bing.com/bingbot.htm) Chrome/116.0.1938.76 Safari/537.36"
66.249.79.161 - - [22/Dec/2024:10:40:42 -0500] "GET /wkdbj/p2795880.html HTTP/1.1" 200 44808 "-" "Mozilla/5.0 (Linux; Android 6.0.1; Nexus 5X Build/MMB29P) AppleWebKit/537.36 (KHTML, like Gecko) Chrome/131.0.6778.139 Mobile Safari/537.36 (compatible; Googlebot/2.1; +http://www.google.com/bot.html)"
20.15.133.191 - - [22/Dec/2024:10:40:51 -0500] "GET /waqub/x2709126.html HTTP/1.1" 200 44577 "-" "Mozilla/5.0 AppleWebKit/537.36 (KHTML, like Gecko; compatible; bingbot/2.0; +http://www.bing.com/bingbot.htm) Chrome/116.0.1938.76 Safari/537.36"
52.167.144.163 - - [22/Dec/2024:10:40:57 -0500] "GET /nflfg/y2836007.html HTTP/1.1" 200 45223 "-" "Mozilla/5.0 AppleWebKit/537.36 (KHTML, like Gecko; compatible; bingbot/2.0; +http://www.bing.com/bingbot.htm) Chrome/116.0.1938.76 Safari/537.36"
52.167.144.181 - - [22/Dec/2024:10:41:40 -0500] "GET /gzswi/e2339413.html HTTP/1.1" 200 44401 "-" "Mozilla/5.0 AppleWebKit/537.36 (KHTML, like Gecko; compatible; bingbot/2.0; +http://www.bing.com/bingbot.htm) Chrome/116.0.1938.76 Safari/537.36"
52.167.144.181 - - [22/Dec/2024:10:41:40 -0500] "GET /ovndw/e3011955.html HTTP/1.1" 200 43760 "-" "Mozilla/5.0 AppleWebKit/537.36 (KHTML, like Gecko; compatible; bingbot/2.0; +http://www.bing.com/bingbot.htm) Chrome/116.0.1938.76 Safari/537.36"
52.167.144.163 - - [22/Dec/2024:10:42:07 -0500] "GET /hkhdp/j1604112.html HTTP/1.1" 200 44213 "-" "Mozilla/5.0 AppleWebKit/537.36 (KHTML, like Gecko; compatible; bingbot/2.0; +http://www.bing.com/bingbot.htm) Chrome/116.0.1938.76 Safari/537.36"
20.15.133.174 - - [22/Dec/2024:10:42:09 -0500] "GET /vapif/h2821664.html HTTP/1.1" 200 44539 "-" "Mozilla/5.0 AppleWebKit/537.36 (KHTML, like Gecko; compatible; bingbot/2.0; +http://www.bing.com/bingbot.htm) Chrome/116.0.1938.76 Safari/537.36"
20.15.133.174 - - [22/Dec/2024:10:42:22 -0500] "GET /bvgfa/l226816.html HTTP/1.1" 200 45518 "-" "Mozilla/5.0 AppleWebKit/537.36 (KHTML, like Gecko; compatible; bingbot/2.0; +http://www.bing.com/bingbot.htm) Chrome/116.0.1938.76 Safari/537.36"
20.15.133.174 - - [22/Dec/2024:10:42:51 -0500] "GET /rwaeg/m2127261.html HTTP/1.1" 200 43903 "-" "Mozilla/5.0 AppleWebKit/537.36 (KHTML, like Gecko; compatible; bingbot/2.0; +http://www.bing.com/bingbot.htm) Chrome/116.0.1938.76 Safari/537.36"
20.15.133.191 - - [22/Dec/2024:10:43:59 -0500] "GET /yzjdp/e2417855.html HTTP/1.1" 200 44947 "-" "Mozilla/5.0 AppleWebKit/537.36 (KHTML, like Gecko; compatible; bingbot/2.0; +http://www.bing.com/bingbot.htm) Chrome/116.0.1938.76 Safari/537.36"
52.167.144.182 - - [22/Dec/2024:10:45:08 -0500] "GET /gyadq/k2655345.html HTTP/1.1" 200 44785 "-" "Mozilla/5.0 AppleWebKit/537.36 (KHTML, like Gecko; compatible; bingbot/2.0; +http://www.bing.com/bingbot.htm) Chrome/116.0.1938.76 Safari/537.36"
52.167.144.213 - - [22/Dec/2024:10:45:20 -0500] "GET /mesbi/b2698600.html HTTP/1.1" 200 44553 "-" "Mozilla/5.0 AppleWebKit/537.36 (KHTML, like Gecko; compatible; bingbot/2.0; +http://www.bing.com/bingbot.htm) Chrome/116.0.1938.76 Safari/537.36"
20.15.133.191 - - [22/Dec/2024:10:45:20 -0500] "GET /xcpgv/k1598835.html HTTP/1.1" 200 43970 "-" "Mozilla/5.0 AppleWebKit/537.36 (KHTML, like Gecko; compatible; bingbot/2.0; +http://www.bing.com/bingbot.htm) Chrome/116.0.1938.76 Safari/537.36"
20.15.133.175 - - [22/Dec/2024:10:46:21 -0500] "GET /nylum/d2457842.html HTTP/1.1" 200 43770 "-" "Mozilla/5.0 AppleWebKit/537.36 (KHTML, like Gecko; compatible; bingbot/2.0; +http://www.bing.com/bingbot.htm) Chrome/116.0.1938.76 Safari/537.36"
52.167.144.182 - - [22/Dec/2024:10:46:38 -0500] "GET /mgcaf/m861607.html HTTP/1.1" 200 45455 "-" "Mozilla/5.0 AppleWebKit/537.36 (KHTML, like Gecko; compatible; bingbot/2.0; +http://www.bing.com/bingbot.htm) Chrome/116.0.1938.76 Safari/537.36"
20.15.133.175 - - [22/Dec/2024:10:47:21 -0500] "GET /zioud/j479898.html HTTP/1.1" 200 45177 "-" "Mozilla/5.0 AppleWebKit/537.36 (KHTML, like Gecko; compatible; bingbot/2.0; +http://www.bing.com/bingbot.htm) Chrome/116.0.1938.76 Safari/537.36"
20.15.133.175 - - [22/Dec/2024:10:47:22 -0500] "GET /teqqj/l1327604.html HTTP/1.1" 200 43754 "-" "Mozilla/5.0 AppleWebKit/537.36 (KHTML, like Gecko; compatible; bingbot/2.0; +http://www.bing.com/bingbot.htm) Chrome/116.0.1938.76 Safari/537.36"
52.167.144.158 - - [22/Dec/2024:10:48:11 -0500] "GET /femyp/c2692387.html HTTP/1.1" 200 46277 "-" "Mozilla/5.0 AppleWebKit/537.36 (KHTML, like Gecko; compatible; bingbot/2.0; +http://www.bing.com/bingbot.htm) Chrome/116.0.1938.76 Safari/537.36"
20.15.133.191 - - [22/Dec/2024:10:49:00 -0500] "GET /jgogp/p2542042.html HTTP/1.1" 200 44205 "-" "Mozilla/5.0 AppleWebKit/537.36 (KHTML, like Gecko; compatible; bingbot/2.0; +http://www.bing.com/bingbot.htm) Chrome/116.0.1938.76 Safari/537.36"
20.15.133.175 - - [22/Dec/2024:10:49:04 -0500] "GET /hcrpe/t127582.html HTTP/1.1" 200 44372 "-" "Mozilla/5.0 AppleWebKit/537.36 (KHTML, like Gecko; compatible; bingbot/2.0; +http://www.bing.com/bingbot.htm) Chrome/116.0.1938.76 Safari/537.36"
20.15.133.175 - - [22/Dec/2024:10:49:07 -0500] "GET /ogpjp/r947178.html HTTP/1.1" 200 44800 "-" "Mozilla/5.0 AppleWebKit/537.36 (KHTML, like Gecko; compatible; bingbot/2.0; +http://www.bing.com/bingbot.htm) Chrome/116.0.1938.76 Safari/537.36"
20.15.133.191 - - [22/Dec/2024:10:49:30 -0500] "GET /tmdsi/e2271891.html HTTP/1.1" 200 44184 "-" "Mozilla/5.0 AppleWebKit/537.36 (KHTML, like Gecko; compatible; bingbot/2.0; +http://www.bing.com/bingbot.htm) Chrome/116.0.1938.76 Safari/537.36"
20.15.133.191 - - [22/Dec/2024:10:49:32 -0500] "GET /xyryv/t1825694.html HTTP/1.1" 200 44790 "-" "Mozilla/5.0 AppleWebKit/537.36 (KHTML, like Gecko; compatible; bingbot/2.0; +http://www.bing.com/bingbot.htm) Chrome/116.0.1938.76 Safari/537.36"
66.249.79.160 - - [22/Dec/2024:10:49:36 -0500] "GET /wkpjc/e1753269.html HTTP/1.1" 200 44080 "-" "Mozilla/5.0 (Linux; Android 6.0.1; Nexus 5X Build/MMB29P) AppleWebKit/537.36 (KHTML, like Gecko) Chrome/131.0.6778.139 Mobile Safari/537.36 (compatible; Googlebot/2.1; +http://www.google.com/bot.html)"
52.167.144.213 - - [22/Dec/2024:10:49:39 -0500] "GET /csfep/z1877518.html HTTP/1.1" 200 44306 "-" "Mozilla/5.0 AppleWebKit/537.36 (KHTML, like Gecko; compatible; bingbot/2.0; +http://www.bing.com/bingbot.htm) Chrome/116.0.1938.76 Safari/537.36"
52.167.144.213 - - [22/Dec/2024:10:50:08 -0500] "GET /wsblj/w2215385.html HTTP/1.1" 200 44192 "-" "Mozilla/5.0 AppleWebKit/537.36 (KHTML, like Gecko; compatible; bingbot/2.0; +http://www.bing.com/bingbot.htm) Chrome/116.0.1938.76 Safari/537.36"
66.249.79.161 - - [22/Dec/2024:10:50:13 -0500] "GET /yrfpu/d1187716.html HTTP/1.1" 200 45982 "-" "Mozilla/5.0 (Linux; Android 6.0.1; Nexus 5X Build/MMB29P) AppleWebKit/537.36 (KHTML, like Gecko) Chrome/131.0.6778.139 Mobile Safari/537.36 (compatible; Googlebot/2.1; +http://www.google.com/bot.html)"
40.77.167.48 - - [22/Dec/2024:10:50:29 -0500] "GET /ufosu/l2867376.html HTTP/1.1" 200 45944 "-" "Mozilla/5.0 AppleWebKit/537.36 (KHTML, like Gecko; compatible; bingbot/2.0; +http://www.bing.com/bingbot.htm) Chrome/116.0.1938.76 Safari/537.36"
52.167.144.158 - - [22/Dec/2024:10:50:32 -0500] "GET /qajxd/z2994504.html HTTP/1.1" 200 43644 "-" "Mozilla/5.0 AppleWebKit/537.36 (KHTML, like Gecko; compatible; bingbot/2.0; +http://www.bing.com/bingbot.htm) Chrome/116.0.1938.76 Safari/537.36"
52.167.144.158 - - [22/Dec/2024:10:50:33 -0500] "GET /kmcem/g2731391.html HTTP/1.1" 200 45097 "-" "Mozilla/5.0 AppleWebKit/537.36 (KHTML, like Gecko; compatible; bingbot/2.0; +http://www.bing.com/bingbot.htm) Chrome/116.0.1938.76 Safari/537.36"
52.167.144.158 - - [22/Dec/2024:10:50:34 -0500] "GET /jqxmj/a562751.html HTTP/1.1" 200 44695 "-" "Mozilla/5.0 AppleWebKit/537.36 (KHTML, like Gecko; compatible; bingbot/2.0; +http://www.bing.com/bingbot.htm) Chrome/116.0.1938.76 Safari/537.36"
52.167.144.158 - - [22/Dec/2024:10:50:35 -0500] "GET /authg/o3042021.html HTTP/1.1" 200 44239 "-" "Mozilla/5.0 AppleWebKit/537.36 (KHTML, like Gecko; compatible; bingbot/2.0; +http://www.bing.com/bingbot.htm) Chrome/116.0.1938.76 Safari/537.36"
20.15.133.175 - - [22/Dec/2024:10:50:42 -0500] "GET /xchge/e2916067.html HTTP/1.1" 200 43811 "-" "Mozilla/5.0 AppleWebKit/537.36 (KHTML, like Gecko; compatible; bingbot/2.0; +http://www.bing.com/bingbot.htm) Chrome/116.0.1938.76 Safari/537.36"
40.77.167.48 - - [22/Dec/2024:10:51:08 -0500] "GET /ownxx/n2379670.html HTTP/1.1" 200 43969 "-" "Mozilla/5.0 AppleWebKit/537.36 (KHTML, like Gecko; compatible; bingbot/2.0; +http://www.bing.com/bingbot.htm) Chrome/116.0.1938.76 Safari/537.36"
20.15.133.191 - - [22/Dec/2024:10:51:30 -0500] "GET /nufrz/u1005863.html HTTP/1.1" 200 44628 "-" "Mozilla/5.0 AppleWebKit/537.36 (KHTML, like Gecko; compatible; bingbot/2.0; +http://www.bing.com/bingbot.htm) Chrome/116.0.1938.76 Safari/537.36"
66.29.132.124 - - [22/Dec/2024:10:52:05 -0500] "POST /wp-cron.php?doing_wp_cron=1734882725.9342260360717773437500 HTTP/1.1" 200 0 "-" "WordPress/6.7.1; https://diixadigital.com"
66.29.132.124 - - [22/Dec/2024:10:52:06 -0500] "POST /wp-admin/admin-ajax.php?action=async_litespeed&nonce=kxm6yJytqFQNhnuRjFEjavwTV0AkJ4YT&litespeed_type=imgoptm HTTP/1.1" 200 0 "-" "WordPress/6.7.1; https://diixadigital.com"
223.244.35.77 - - [22/Dec/2024:10:51:52 -0500] "GET / HTTP/1.1" 200 21268 "http://diixadigital.com" "Mozilla/5.0 (iPhone; CPU iPhone OS 13_2_3 like Mac OS X) AppleWebKit/605.1.15 (KHTML, like Gecko) Version/13.0.3 Mobile/15E148 Safari/604.1"
20.15.133.191 - - [22/Dec/2024:10:52:39 -0500] "GET /mjfel/w2964367.html HTTP/1.1" 200 44084 "-" "Mozilla/5.0 AppleWebKit/537.36 (KHTML, like Gecko; compatible; bingbot/2.0; +http://www.bing.com/bingbot.htm) Chrome/116.0.1938.76 Safari/537.36"
52.167.144.182 - - [22/Dec/2024:10:52:58 -0500] "GET /mgcaf/m861607.html HTTP/1.1" 200 45455 "-" "Mozilla/5.0 AppleWebKit/537.36 (KHTML, like Gecko; compatible; bingbot/2.0; +http://www.bing.com/bingbot.htm) Chrome/116.0.1938.76 Safari/537.36"
52.167.144.213 - - [22/Dec/2024:10:52:59 -0500] "GET /rxctf/v2295256.html HTTP/1.1" 200 44288 "-" "Mozilla/5.0 AppleWebKit/537.36 (KHTML, like Gecko; compatible; bingbot/2.0; +http://www.bing.com/bingbot.htm) Chrome/116.0.1938.76 Safari/537.36"
52.167.144.158 - - [22/Dec/2024:10:53:04 -0500] "GET /gadwz/t2872402.html HTTP/1.1" 200 44547 "-" "Mozilla/5.0 AppleWebKit/537.36 (KHTML, like Gecko; compatible; bingbot/2.0; +http://www.bing.com/bingbot.htm) Chrome/116.0.1938.76 Safari/537.36"
52.167.144.182 - - [22/Dec/2024:10:54:49 -0500] "GET /gfpfb/e819401.html HTTP/1.1" 200 44997 "-" "Mozilla/5.0 AppleWebKit/537.36 (KHTML, like Gecko; compatible; bingbot/2.0; +http://www.bing.com/bingbot.htm) Chrome/116.0.1938.76 Safari/537.36"
66.249.79.173 - - [22/Dec/2024:10:55:08 -0500] "GET /xhxar/l120502.html HTTP/1.1" 200 45055 "-" "Mozilla/5.0 (Linux; Android 6.0.1; Nexus 5X Build/MMB29P) AppleWebKit/537.36 (KHTML, like Gecko) Chrome/131.0.6778.139 Mobile Safari/537.36 (compatible; Googlebot/2.1; +http://www.google.com/bot.html)"
52.167.144.158 - - [22/Dec/2024:10:55:51 -0500] "GET /hjdlb/i2529737.html HTTP/1.1" 200 44571 "-" "Mozilla/5.0 AppleWebKit/537.36 (KHTML, like Gecko; compatible; bingbot/2.0; +http://www.bing.com/bingbot.htm) Chrome/116.0.1938.76 Safari/537.36"
20.15.133.191 - - [22/Dec/2024:10:55:52 -0500] "GET /arvmh/k1466469.html HTTP/1.1" 200 44644 "-" "Mozilla/5.0 AppleWebKit/537.36 (KHTML, like Gecko; compatible; bingbot/2.0; +http://www.bing.com/bingbot.htm) Chrome/116.0.1938.76 Safari/537.36"
40.77.167.65 - - [22/Dec/2024:10:56:31 -0500] "GET /nizbm/a2070257.html HTTP/1.1" 200 43471 "-" "Mozilla/5.0 AppleWebKit/537.36 (KHTML, like Gecko; compatible; bingbot/2.0; +http://www.bing.com/bingbot.htm) Chrome/116.0.1938.76 Safari/537.36"
52.167.144.137 - - [22/Dec/2024:10:56:50 -0500] "GET /phbok/c2233201.html HTTP/1.1" 200 43903 "-" "Mozilla/5.0 AppleWebKit/537.36 (KHTML, like Gecko; compatible; bingbot/2.0; +http://www.bing.com/bingbot.htm) Chrome/116.0.1938.76 Safari/537.36"
66.249.79.160 - - [22/Dec/2024:10:56:55 -0500] "GET /jwkts/u2308047.html HTTP/1.1" 200 44333 "-" "Mozilla/5.0 (Linux; Android 6.0.1; Nexus 5X Build/MMB29P) AppleWebKit/537.36 (KHTML, like Gecko) Chrome/131.0.6778.139 Mobile Safari/537.36 (compatible; Googlebot/2.1; +http://www.google.com/bot.html)"
66.249.79.173 - - [22/Dec/2024:10:57:08 -0500] "GET /agpom/a1929987.html HTTP/1.1" 200 43733 "-" "Mozilla/5.0 (Linux; Android 6.0.1; Nexus 5X Build/MMB29P) AppleWebKit/537.36 (KHTML, like Gecko) Chrome/131.0.6778.139 Mobile Safari/537.36 (compatible; Googlebot/2.1; +http://www.google.com/bot.html)"
40.77.167.42 - - [22/Dec/2024:10:57:09 -0500] "GET /hbugc/a2791731.html HTTP/1.1" 200 45658 "-" "Mozilla/5.0 AppleWebKit/537.36 (KHTML, like Gecko; compatible; bingbot/2.0; +http://www.bing.com/bingbot.htm) Chrome/116.0.1938.76 Safari/537.36"
20.15.133.174 - - [22/Dec/2024:10:57:41 -0500] "GET /afigo/l1892064.html HTTP/1.1" 200 44128 "-" "Mozilla/5.0 AppleWebKit/537.36 (KHTML, like Gecko; compatible; bingbot/2.0; +http://www.bing.com/bingbot.htm) Chrome/116.0.1938.76 Safari/537.36"
40.77.167.42 - - [22/Dec/2024:10:58:58 -0500] "GET /mgcaf/m861607.html HTTP/1.1" 200 45491 "-" "Mozilla/5.0 AppleWebKit/537.36 (KHTML, like Gecko; compatible; bingbot/2.0; +http://www.bing.com/bingbot.htm) Chrome/116.0.1938.76 Safari/537.36"
52.167.144.150 - - [22/Dec/2024:10:58:58 -0500] "GET /kenss/z2359480.html HTTP/1.1" 200 45294 "-" "Mozilla/5.0 AppleWebKit/537.36 (KHTML, like Gecko; compatible; bingbot/2.0; +http://www.bing.com/bingbot.htm) Chrome/116.0.1938.76 Safari/537.36"
20.15.133.184 - - [22/Dec/2024:10:59:21 -0500] "GET /wlmox/j561512.html HTTP/1.1" 200 44658 "-" "Mozilla/5.0 AppleWebKit/537.36 (KHTML, like Gecko; compatible; bingbot/2.0; +http://www.bing.com/bingbot.htm) Chrome/116.0.1938.76 Safari/537.36"
66.249.79.160 - - [22/Dec/2024:10:59:31 -0500] "GET /ruapi/f2387722.html HTTP/1.1" 200 44419 "-" "Mozilla/5.0 (Linux; Android 6.0.1; Nexus 5X Build/MMB29P) AppleWebKit/537.36 (KHTML, like Gecko) Chrome/131.0.6778.139 Mobile Safari/537.36 (compatible; Googlebot/2.1; +http://www.google.com/bot.html)"
20.15.133.174 - - [22/Dec/2024:10:59:40 -0500] "GET /kwbaz/r2248348.html HTTP/1.1" 200 43421 "-" "Mozilla/5.0 AppleWebKit/537.36 (KHTML, like Gecko; compatible; bingbot/2.0; +http://www.bing.com/bingbot.htm) Chrome/116.0.1938.76 Safari/537.36"
20.15.133.184 - - [22/Dec/2024:10:59:45 -0500] "GET /qnzau/h1634738.html HTTP/1.1" 200 45056 "-" "Mozilla/5.0 AppleWebKit/537.36 (KHTML, like Gecko; compatible; bingbot/2.0; +http://www.bing.com/bingbot.htm) Chrome/116.0.1938.76 Safari/537.36"
20.15.133.184 - - [22/Dec/2024:11:00:52 -0500] "GET /htdpy/i366043.html HTTP/1.1" 200 44536 "-" "Mozilla/5.0 AppleWebKit/537.36 (KHTML, like Gecko; compatible; bingbot/2.0; +http://www.bing.com/bingbot.htm) Chrome/116.0.1938.76 Safari/537.36"
66.249.79.161 - - [22/Dec/2024:11:02:10 -0500] "GET /vhuah/t1267474.html HTTP/1.1" 200 44988 "-" "Mozilla/5.0 (Linux; Android 6.0.1; Nexus 5X Build/MMB29P) AppleWebKit/537.36 (KHTML, like Gecko) Chrome/131.0.6778.139 Mobile Safari/537.36 (compatible; Googlebot/2.1; +http://www.google.com/bot.html)"
52.167.144.137 - - [22/Dec/2024:11:03:11 -0500] "GET /rymuc/j370490.html HTTP/1.1" 200 44114 "-" "Mozilla/5.0 AppleWebKit/537.36 (KHTML, like Gecko; compatible; bingbot/2.0; +http://www.bing.com/bingbot.htm) Chrome/116.0.1938.76 Safari/537.36"
20.15.133.191 - - [22/Dec/2024:11:04:09 -0500] "GET /hcygm/w2323077.html HTTP/1.1" 200 44005 "-" "Mozilla/5.0 AppleWebKit/537.36 (KHTML, like Gecko; compatible; bingbot/2.0; +http://www.bing.com/bingbot.htm) Chrome/116.0.1938.76 Safari/537.36"
20.15.133.191 - - [22/Dec/2024:11:05:00 -0500] "GET /wkqis/w2467403.html HTTP/1.1" 200 44368 "-" "Mozilla/5.0 AppleWebKit/537.36 (KHTML, like Gecko; compatible; bingbot/2.0; +http://www.bing.com/bingbot.htm) Chrome/116.0.1938.76 Safari/537.36"
20.15.133.184 - - [22/Dec/2024:11:05:31 -0500] "GET /wjasg/k2322103.html HTTP/1.1" 200 44995 "-" "Mozilla/5.0 AppleWebKit/537.36 (KHTML, like Gecko; compatible; bingbot/2.0; +http://www.bing.com/bingbot.htm) Chrome/116.0.1938.76 Safari/537.36"
66.249.79.173 - - [22/Dec/2024:11:05:34 -0500] "GET /ugpun/f484106.html HTTP/1.1" 200 45633 "-" "Mozilla/5.0 (Linux; Android 6.0.1; Nexus 5X Build/MMB29P) AppleWebKit/537.36 (KHTML, like Gecko) Chrome/131.0.6778.139 Mobile Safari/537.36 (compatible; Googlebot/2.1; +http://www.google.com/bot.html)"
20.15.133.191 - - [22/Dec/2024:11:06:21 -0500] "GET /lvobv/v2880386.html HTTP/1.1" 200 44492 "-" "Mozilla/5.0 AppleWebKit/537.36 (KHTML, like Gecko; compatible; bingbot/2.0; +http://www.bing.com/bingbot.htm) Chrome/116.0.1938.76 Safari/537.36"
20.15.133.191 - - [22/Dec/2024:11:06:22 -0500] "GET /crneq/z2088378.html HTTP/1.1" 200 44883 "-" "Mozilla/5.0 AppleWebKit/537.36 (KHTML, like Gecko; compatible; bingbot/2.0; +http://www.bing.com/bingbot.htm) Chrome/116.0.1938.76 Safari/537.36"
20.15.133.191 - - [22/Dec/2024:11:06:30 -0500] "GET /mablw/r2598932.html HTTP/1.1" 200 44910 "-" "Mozilla/5.0 AppleWebKit/537.36 (KHTML, like Gecko; compatible; bingbot/2.0; +http://www.bing.com/bingbot.htm) Chrome/116.0.1938.76 Safari/537.36"
52.167.144.221 - - [22/Dec/2024:11:06:33 -0500] "GET /miomc/e1397329.html HTTP/1.1" 200 44231 "-" "Mozilla/5.0 AppleWebKit/537.36 (KHTML, like Gecko; compatible; bingbot/2.0; +http://www.bing.com/bingbot.htm) Chrome/116.0.1938.76 Safari/537.36"
52.167.144.230 - - [22/Dec/2024:11:06:50 -0500] "GET /mgcaf/m861607.html HTTP/1.1" 200 45454 "-" "Mozilla/5.0 AppleWebKit/537.36 (KHTML, like Gecko; compatible; bingbot/2.0; +http://www.bing.com/bingbot.htm) Chrome/116.0.1938.76 Safari/537.36"
52.167.144.181 - - [22/Dec/2024:11:07:00 -0500] "GET /puepu/s253525.html HTTP/1.1" 200 45953 "-" "Mozilla/5.0 AppleWebKit/537.36 (KHTML, like Gecko; compatible; bingbot/2.0; +http://www.bing.com/bingbot.htm) Chrome/116.0.1938.76 Safari/537.36"
66.249.79.161 - - [22/Dec/2024:11:07:01 -0500] "GET /hicoq/m1207979.html HTTP/1.1" 200 44604 "-" "Mozilla/5.0 (Linux; Android 6.0.1; Nexus 5X Build/MMB29P) AppleWebKit/537.36 (KHTML, like Gecko) Chrome/131.0.6778.139 Mobile Safari/537.36 (compatible; Googlebot/2.1; +http://www.google.com/bot.html)"
20.15.133.174 - - [22/Dec/2024:11:07:02 -0500] "GET /xmkmy/n3031386.html HTTP/1.1" 200 43881 "-" "Mozilla/5.0 AppleWebKit/537.36 (KHTML, like Gecko; compatible; bingbot/2.0; +http://www.bing.com/bingbot.htm) Chrome/116.0.1938.76 Safari/537.36"
40.77.167.65 - - [22/Dec/2024:11:07:05 -0500] "GET /mjweq/t2985710.html HTTP/1.1" 200 44386 "-" "Mozilla/5.0 AppleWebKit/537.36 (KHTML, like Gecko; compatible; bingbot/2.0; +http://www.bing.com/bingbot.htm) Chrome/116.0.1938.76 Safari/537.36"
40.77.167.65 - - [22/Dec/2024:11:07:06 -0500] "GET /hztzh/v294400.html HTTP/1.1" 200 44599 "-" "Mozilla/5.0 AppleWebKit/537.36 (KHTML, like Gecko; compatible; bingbot/2.0; +http://www.bing.com/bingbot.htm) Chrome/116.0.1938.76 Safari/537.36"
20.15.133.184 - - [22/Dec/2024:11:07:40 -0500] "GET /ehvmy/f2655548.html HTTP/1.1" 200 44859 "-" "Mozilla/5.0 AppleWebKit/537.36 (KHTML, like Gecko; compatible; bingbot/2.0; +http://www.bing.com/bingbot.htm) Chrome/116.0.1938.76 Safari/537.36"
66.249.79.160 - - [22/Dec/2024:11:10:15 -0500] "GET /getkb/q1466891.html HTTP/1.1" 200 43839 "-" "Mozilla/5.0 (Linux; Android 6.0.1; Nexus 5X Build/MMB29P) AppleWebKit/537.36 (KHTML, like Gecko) Chrome/131.0.6778.139 Mobile Safari/537.36 (compatible; Googlebot/2.1; +http://www.google.com/bot.html)"
20.15.133.184 - - [22/Dec/2024:11:10:30 -0500] "GET /kzgik/s2739099.html HTTP/1.1" 200 45274 "-" "Mozilla/5.0 AppleWebKit/537.36 (KHTML, like Gecko; compatible; bingbot/2.0; +http://www.bing.com/bingbot.htm) Chrome/116.0.1938.76 Safari/537.36"
52.167.144.181 - - [22/Dec/2024:11:08:29 -0500] "GET /lhwhs/e2642703.html HTTP/1.1" 200 43835 "-" "Mozilla/5.0 AppleWebKit/537.36 (KHTML, like Gecko; compatible; bingbot/2.0; +http://www.bing.com/bingbot.htm) Chrome/116.0.1938.76 Safari/537.36"
52.167.144.181 - - [22/Dec/2024:11:09:00 -0500] "GET /ewjzl/v2104104.html HTTP/1.1" 200 44168 "-" "Mozilla/5.0 AppleWebKit/537.36 (KHTML, like Gecko; compatible; bingbot/2.0; +http://www.bing.com/bingbot.htm) Chrome/116.0.1938.76 Safari/537.36"
40.77.167.23 - - [22/Dec/2024:11:09:05 -0500] "GET /enhoy/t2644928.html HTTP/1.1" 200 43973 "-" "Mozilla/5.0 AppleWebKit/537.36 (KHTML, like Gecko; compatible; bingbot/2.0; +http://www.bing.com/bingbot.htm) Chrome/116.0.1938.76 Safari/537.36"
20.15.133.191 - - [22/Dec/2024:11:09:33 -0500] "GET /bmtna/z731932.html HTTP/1.1" 200 45194 "-" "Mozilla/5.0 AppleWebKit/537.36 (KHTML, like Gecko; compatible; bingbot/2.0; +http://www.bing.com/bingbot.htm) Chrome/116.0.1938.76 Safari/537.36"
66.249.79.161 - - [22/Dec/2024:11:09:50 -0500] "GET /tvhln/o2895433.html HTTP/1.1" 200 44571 "-" "Mozilla/5.0 (Linux; Android 6.0.1; Nexus 5X Build/MMB29P) AppleWebKit/537.36 (KHTML, like Gecko) Chrome/131.0.6778.139 Mobile Safari/537.36 (compatible; Googlebot/2.1; +http://www.google.com/bot.html)"
40.77.167.22 - - [22/Dec/2024:11:11:32 -0500] "GET /shrod/f651416.html HTTP/1.1" 200 44911 "-" "Mozilla/5.0 AppleWebKit/537.36 (KHTML, like Gecko; compatible; bingbot/2.0; +http://www.bing.com/bingbot.htm) Chrome/116.0.1938.76 Safari/537.36"
66.249.79.173 - - [22/Dec/2024:11:12:29 -0500] "GET /xfjsl/i2216749.html HTTP/1.1" 200 44173 "-" "Mozilla/5.0 (Linux; Android 6.0.1; Nexus 5X Build/MMB29P) AppleWebKit/537.36 (KHTML, like Gecko) Chrome/131.0.6778.139 Mobile Safari/537.36 (compatible; Googlebot/2.1; +http://www.google.com/bot.html)"
20.15.133.191 - - [22/Dec/2024:11:12:43 -0500] "GET /zymsy/u2810107.html HTTP/1.1" 200 45972 "-" "Mozilla/5.0 AppleWebKit/537.36 (KHTML, like Gecko; compatible; bingbot/2.0; +http://www.bing.com/bingbot.htm) Chrome/116.0.1938.76 Safari/537.36"
40.77.167.22 - - [22/Dec/2024:11:12:53 -0500] "GET /vabqc/e1761017.html HTTP/1.1" 200 43785 "-" "Mozilla/5.0 AppleWebKit/537.36 (KHTML, like Gecko; compatible; bingbot/2.0; +http://www.bing.com/bingbot.htm) Chrome/116.0.1938.76 Safari/537.36"
40.77.167.22 - - [22/Dec/2024:11:13:03 -0500] "GET /augpp/e1897751.html HTTP/1.1" 200 44321 "-" "Mozilla/5.0 AppleWebKit/537.36 (KHTML, like Gecko; compatible; bingbot/2.0; +http://www.bing.com/bingbot.htm) Chrome/116.0.1938.76 Safari/537.36"
40.77.167.23 - - [22/Dec/2024:11:13:11 -0500] "GET /lqdqv/e947971.html HTTP/1.1" 200 45025 "-" "Mozilla/5.0 AppleWebKit/537.36 (KHTML, like Gecko; compatible; bingbot/2.0; +http://www.bing.com/bingbot.htm) Chrome/116.0.1938.76 Safari/537.36"
