194.32.122.41 - - [11/Jan/2025:01:47:15 -0500] "POST /register/ HTTP/1.0" 200 0 "https://misswavenigeria.com/register/" "Mozilla/5.0 (Windows NT 6.2; Win64; x64) AppleWebKit/537.36 (KHTML, like Gecko) Chrome/103.0.0.0 Safari/537.36"
194.32.122.41 - - [11/Jan/2025:01:49:45 -0500] "GET /register/ HTTP/1.0" 200 75934 "https://misswavenigeria.com/" "Mozilla/5.0 (Windows NT 6.2; Win64; x64) AppleWebKit/537.36 (KHTML, like Gecko) Chrome/103.0.0.0 Safari/537.36"
194.32.122.41 - - [11/Jan/2025:01:50:09 -0500] "GET / HTTP/1.0" 200 109067 "https://misswavenigeria.com/" "Mozilla/5.0 (Windows NT 6.1) AppleWebKit/537.36 (KHTML, like Gecko) Chrome/103.0.5060.114 Safari/537.36"
194.32.122.41 - - [11/Jan/2025:01:50:11 -0500] "GET /register/ HTTP/1.0" 200 75934 "https://misswavenigeria.com/register/" "Mozilla/5.0 (Windows NT 6.1) AppleWebKit/537.36 (KHTML, like Gecko) Chrome/103.0.5060.114 Safari/537.36"
66.29.132.124 - - [11/Jan/2025:01:50:18 -0500] "POST /wp-cron.php?doing_wp_cron=1736578217.9065260887145996093750 HTTP/1.1" 200 0 "-" "WordPress/6.7.1; https://misswavenigeria.com"
66.29.132.124 - - [11/Jan/2025:01:50:26 -0500] "POST /wp-admin/admin-ajax.php?action=async_litespeed&nonce=M33zXqUPmK4hxyFXEvHowec2WvX7EtxW&litespeed_type=imgoptm HTTP/1.1" 200 0 "-" "WordPress/6.7.1; https://misswavenigeria.com"
194.32.122.41 - - [11/Jan/2025:01:50:13 -0500] "POST /register/ HTTP/1.0" 200 0 "https://misswavenigeria.com/register/" "Mozilla/5.0 (Windows NT 6.1) AppleWebKit/537.36 (KHTML, like Gecko) Chrome/103.0.5060.114 Safari/537.36"
194.32.122.41 - - [11/Jan/2025:01:52:43 -0500] "GET /register/ HTTP/1.0" 200 75934 "https://misswavenigeria.com/" "Mozilla/5.0 (Windows NT 6.1) AppleWebKit/537.36 (KHTML, like Gecko) Chrome/103.0.5060.114 Safari/537.36"
194.32.122.41 - - [11/Jan/2025:01:53:03 -0500] "GET / HTTP/1.0" 200 109067 "https://misswavenigeria.com/" "Mozilla/5.0 (Windows NT 6.1; WOW64) AppleWebKit/537.36 (KHTML, like Gecko) Chrome/103.0.0.0 Safari/537.36"
194.32.122.41 - - [11/Jan/2025:01:53:05 -0500] "GET /register/ HTTP/1.0" 200 75934 "https://misswavenigeria.com/register/" "Mozilla/5.0 (Windows NT 6.1; WOW64) AppleWebKit/537.36 (KHTML, like Gecko) Chrome/103.0.0.0 Safari/537.36"
66.29.132.124 - - [11/Jan/2025:01:53:12 -0500] "POST /wp-cron.php?doing_wp_cron=1736578392.4057850837707519531250 HTTP/1.1" 200 0 "-" "WordPress/6.7.1; https://misswavenigeria.com"
66.29.132.124 - - [11/Jan/2025:01:53:25 -0500] "POST /wp-admin/admin-ajax.php?action=async_litespeed&nonce=gVfNPcyl1GciUgAQGjf57fnbkjVsc0nz&litespeed_type=imgoptm HTTP/1.1" 200 0 "-" "WordPress/6.7.1; https://misswavenigeria.com"
194.32.122.41 - - [11/Jan/2025:01:53:07 -0500] "POST /register/ HTTP/1.0" 200 0 "https://misswavenigeria.com/register/" "Mozilla/5.0 (Windows NT 6.1; WOW64) AppleWebKit/537.36 (KHTML, like Gecko) Chrome/103.0.0.0 Safari/537.36"
194.32.122.41 - - [11/Jan/2025:01:55:38 -0500] "GET /register/ HTTP/1.0" 200 75934 "https://misswavenigeria.com/" "Mozilla/5.0 (Windows NT 6.1; WOW64) AppleWebKit/537.36 (KHTML, like Gecko) Chrome/103.0.0.0 Safari/537.36"
194.32.122.41 - - [11/Jan/2025:01:56:00 -0500] "GET / HTTP/1.0" 200 109067 "https://misswavenigeria.com/" "Mozilla/5.0 (Windows NT 10.0; Win64; x64) AppleWebKit/537.36 (KHTML, like Gecko) Chrome/103.0.5060.114 Safari/537.36"
194.32.122.41 - - [11/Jan/2025:01:56:02 -0500] "GET /register/ HTTP/1.0" 200 75934 "https://misswavenigeria.com/register/" "Mozilla/5.0 (Windows NT 10.0; Win64; x64) AppleWebKit/537.36 (KHTML, like Gecko) Chrome/103.0.5060.114 Safari/537.36"
66.29.132.124 - - [11/Jan/2025:01:56:12 -0500] "POST /wp-cron.php?doing_wp_cron=1736578571.6081449985504150390625 HTTP/1.1" 200 0 "-" "WordPress/6.7.1; https://misswavenigeria.com"
66.29.132.124 - - [11/Jan/2025:01:56:16 -0500] "POST /wp-admin/admin-ajax.php?action=async_litespeed&nonce=Ylx7QGlL0JYs5VSOcPskmNcMHe5ijk4D&litespeed_type=imgoptm HTTP/1.1" 200 0 "-" "WordPress/6.7.1; https://misswavenigeria.com"
194.32.122.41 - - [11/Jan/2025:01:56:05 -0500] "POST /register/ HTTP/1.0" 200 0 "https://misswavenigeria.com/register/" "Mozilla/5.0 (Windows NT 10.0; Win64; x64) AppleWebKit/537.36 (KHTML, like Gecko) Chrome/103.0.5060.114 Safari/537.36"
194.32.122.41 - - [11/Jan/2025:01:58:35 -0500] "GET /register/ HTTP/1.0" 200 75934 "https://misswavenigeria.com/" "Mozilla/5.0 (Windows NT 10.0; Win64; x64) AppleWebKit/537.36 (KHTML, like Gecko) Chrome/103.0.5060.114 Safari/537.36"
194.32.122.41 - - [11/Jan/2025:01:59:01 -0500] "GET / HTTP/1.0" 200 109067 "https://misswavenigeria.com/" "Mozilla/5.0 (Windows NT 6.3; Win64; x64) AppleWebKit/537.36 (KHTML, like Gecko) Chrome/103.0.0.0 Safari/537.36"
194.32.122.41 - - [11/Jan/2025:01:59:03 -0500] "GET /register/ HTTP/1.0" 200 75934 "https://misswavenigeria.com/register/" "Mozilla/5.0 (Windows NT 6.3; Win64; x64) AppleWebKit/537.36 (KHTML, like Gecko) Chrome/103.0.0.0 Safari/537.36"
66.29.132.124 - - [11/Jan/2025:01:59:12 -0500] "POST /wp-cron.php?doing_wp_cron=1736578752.3132491111755371093750 HTTP/1.1" 200 0 "-" "WordPress/6.7.1; https://misswavenigeria.com"
66.29.132.124 - - [11/Jan/2025:01:59:23 -0500] "POST /wp-admin/admin-ajax.php?action=async_litespeed&nonce=oJ1BpD9E0c4fd4GUeYbd2qgABRTPKFQ1&litespeed_type=imgoptm HTTP/1.1" 200 0 "-" "WordPress/6.7.1; https://misswavenigeria.com"
47.128.122.206 - - [11/Jan/2025:01:59:50 -0500] "GET /wp-includes/php-compat/readonly.php HTTP/1.1" 200 0 "-" "Mozilla/5.0 (Linux; Android 5.0) AppleWebKit/537.36 (KHTML, like Gecko) Mobile Safari/537.36 (compatible; Bytespider; spider-feedback@bytedance.com)"
194.32.122.41 - - [11/Jan/2025:01:59:05 -0500] "POST /register/ HTTP/1.0" 200 0 "https://misswavenigeria.com/register/" "Mozilla/5.0 (Windows NT 6.3; Win64; x64) AppleWebKit/537.36 (KHTML, like Gecko) Chrome/103.0.0.0 Safari/537.36"
194.32.122.41 - - [11/Jan/2025:02:01:35 -0500] "GET /register/ HTTP/1.0" 200 75934 "https://misswavenigeria.com/" "Mozilla/5.0 (Windows NT 6.3; Win64; x64) AppleWebKit/537.36 (KHTML, like Gecko) Chrome/103.0.0.0 Safari/537.36"
194.32.122.41 - - [11/Jan/2025:02:02:02 -0500] "GET / HTTP/1.0" 200 109067 "https://misswavenigeria.com/" "Mozilla/5.0 (Windows NT 10.0; Win64; x64) AppleWebKit/537.36 (KHTML, like Gecko) Chrome/103.0.5060.134 Safari/537.36"
194.32.122.41 - - [11/Jan/2025:02:02:04 -0500] "GET /register/ HTTP/1.0" 200 75934 "https://misswavenigeria.com/register/" "Mozilla/5.0 (Windows NT 10.0; Win64; x64) AppleWebKit/537.36 (KHTML, like Gecko) Chrome/103.0.5060.134 Safari/537.36"
66.29.132.124 - - [11/Jan/2025:02:02:10 -0500] "POST /wp-cron.php?doing_wp_cron=1736578929.9057679176330566406250 HTTP/1.1" 200 0 "-" "WordPress/6.7.1; https://misswavenigeria.com"
66.29.132.124 - - [11/Jan/2025:02:02:14 -0500] "POST /wp-admin/admin-ajax.php?action=async_litespeed&nonce=fmVb5576BWXCs3psAi0ISHEA5dylqqdW&litespeed_type=imgoptm HTTP/1.1" 200 0 "-" "WordPress/6.7.1; https://misswavenigeria.com"
194.32.122.41 - - [11/Jan/2025:02:02:06 -0500] "POST /register/ HTTP/1.0" 200 0 "https://misswavenigeria.com/register/" "Mozilla/5.0 (Windows NT 10.0; Win64; x64) AppleWebKit/537.36 (KHTML, like Gecko) Chrome/103.0.5060.134 Safari/537.36"
194.32.122.41 - - [11/Jan/2025:02:04:36 -0500] "GET /register/ HTTP/1.0" 200 75934 "https://misswavenigeria.com/" "Mozilla/5.0 (Windows NT 10.0; Win64; x64) AppleWebKit/537.36 (KHTML, like Gecko) Chrome/103.0.5060.134 Safari/537.36"
194.32.122.41 - - [11/Jan/2025:02:05:01 -0500] "GET / HTTP/1.0" 200 109067 "https://misswavenigeria.com/" "Mozilla/5.0 (Windows NT 6.3; WOW64) AppleWebKit/537.36 (KHTML, like Gecko) Chrome/103.0.0.0 Safari/537.36"
194.32.122.41 - - [11/Jan/2025:02:05:03 -0500] "GET /register/ HTTP/1.0" 200 75934 "https://misswavenigeria.com/register/" "Mozilla/5.0 (Windows NT 6.3; WOW64) AppleWebKit/537.36 (KHTML, like Gecko) Chrome/103.0.0.0 Safari/537.36"
66.29.132.124 - - [11/Jan/2025:02:05:11 -0500] "POST /wp-cron.php?doing_wp_cron=1736579110.3091459274291992187500 HTTP/1.1" 200 0 "-" "WordPress/6.7.1; https://misswavenigeria.com"
66.29.132.124 - - [11/Jan/2025:02:05:21 -0500] "POST /wp-admin/admin-ajax.php?action=async_litespeed&nonce=7hcGfViI6yAi2jiV2Li9fqoTWREUkHZC&litespeed_type=imgoptm HTTP/1.1" 200 0 "-" "WordPress/6.7.1; https://misswavenigeria.com"
194.32.122.41 - - [11/Jan/2025:02:05:05 -0500] "POST /register/ HTTP/1.0" 200 0 "https://misswavenigeria.com/register/" "Mozilla/5.0 (Windows NT 6.3; WOW64) AppleWebKit/537.36 (KHTML, like Gecko) Chrome/103.0.0.0 Safari/537.36"
194.32.122.41 - - [11/Jan/2025:02:07:35 -0500] "GET /register/ HTTP/1.0" 200 75934 "https://misswavenigeria.com/" "Mozilla/5.0 (Windows NT 6.3; WOW64) AppleWebKit/537.36 (KHTML, like Gecko) Chrome/103.0.0.0 Safari/537.36"
194.32.122.41 - - [11/Jan/2025:02:08:03 -0500] "GET / HTTP/1.0" 200 109067 "https://misswavenigeria.com/" "Mozilla/5.0 (Windows NT 10.0) AppleWebKit/537.36 (KHTML, like Gecko) Chrome/103.0.0.0 Safari/537.36"
194.32.122.41 - - [11/Jan/2025:02:08:05 -0500] "GET /register/ HTTP/1.0" 200 75934 "https://misswavenigeria.com/register/" "Mozilla/5.0 (Windows NT 10.0) AppleWebKit/537.36 (KHTML, like Gecko) Chrome/103.0.0.0 Safari/537.36"
66.29.132.124 - - [11/Jan/2025:02:08:10 -0500] "POST /wp-cron.php?doing_wp_cron=1736579290.6057889461517333984375 HTTP/1.1" 200 0 "-" "WordPress/6.7.1; https://misswavenigeria.com"
66.29.132.124 - - [11/Jan/2025:02:08:17 -0500] "POST /wp-admin/admin-ajax.php?action=async_litespeed&nonce=BT1wi2FOgmDbiSTvUk1dRBlY5ZGrgaGl&litespeed_type=imgoptm HTTP/1.1" 200 0 "-" "WordPress/6.7.1; https://misswavenigeria.com"
194.32.122.41 - - [11/Jan/2025:02:08:06 -0500] "POST /register/ HTTP/1.0" 200 0 "https://misswavenigeria.com/register/" "Mozilla/5.0 (Windows NT 10.0) AppleWebKit/537.36 (KHTML, like Gecko) Chrome/103.0.0.0 Safari/537.36"
194.32.122.41 - - [11/Jan/2025:02:10:37 -0500] "GET /register/ HTTP/1.0" 200 75934 "https://misswavenigeria.com/" "Mozilla/5.0 (Windows NT 10.0) AppleWebKit/537.36 (KHTML, like Gecko) Chrome/103.0.0.0 Safari/537.36"
194.32.122.41 - - [11/Jan/2025:02:11:02 -0500] "GET / HTTP/1.0" 200 109067 "https://misswavenigeria.com/" "Mozilla/5.0 (Windows NT 10.0; Win64; x64) AppleWebKit/537.36 (KHTML, like Gecko) Chrome/103.0.0.0 Safari/537.36"
194.32.122.41 - - [11/Jan/2025:02:11:05 -0500] "GET /register/ HTTP/1.0" 200 75934 "https://misswavenigeria.com/register/" "Mozilla/5.0 (Windows NT 10.0; Win64; x64) AppleWebKit/537.36 (KHTML, like Gecko) Chrome/103.0.0.0 Safari/537.36"
66.29.132.124 - - [11/Jan/2025:02:11:07 -0500] "POST /wp-cron.php?doing_wp_cron=1736579467.3556659221649169921875 HTTP/1.1" 200 0 "-" "WordPress/6.7.1; https://misswavenigeria.com"
66.29.132.124 - - [11/Jan/2025:02:11:07 -0500] "POST /wp-admin/admin-ajax.php?action=async_litespeed&nonce=wmt9KbqdBAZ0WVxPyjFdxLe5fFd7nexm&litespeed_type=imgoptm HTTP/1.1" 200 21 "-" "WordPress/6.7.1; https://misswavenigeria.com"
47.128.30.30 - - [11/Jan/2025:02:12:33 -0500] "GET /wp-includes/sodium_compat/src/Core32/ChaCha20.php HTTP/1.1" 500 0 "-" "Mozilla/5.0 (Linux; Android 5.0) AppleWebKit/537.36 (KHTML, like Gecko) Mobile Safari/537.36 (compatible; Bytespider; spider-feedback@bytedance.com)"
194.32.122.41 - - [11/Jan/2025:02:11:06 -0500] "POST /register/ HTTP/1.0" 200 0 "https://misswavenigeria.com/register/" "Mozilla/5.0 (Windows NT 10.0; Win64; x64) AppleWebKit/537.36 (KHTML, like Gecko) Chrome/103.0.0.0 Safari/537.36"
194.32.122.41 - - [11/Jan/2025:02:13:37 -0500] "GET /register/ HTTP/1.0" 200 75934 "https://misswavenigeria.com/" "Mozilla/5.0 (Windows NT 10.0; Win64; x64) AppleWebKit/537.36 (KHTML, like Gecko) Chrome/103.0.0.0 Safari/537.36"
194.32.122.41 - - [11/Jan/2025:02:14:04 -0500] "GET / HTTP/1.0" 200 109067 "https://misswavenigeria.com/" "Mozilla/5.0 (Windows NT 10.0; Win64; x64) AppleWebKit/537.36 (KHTML, like Gecko) Chrome/103.0.5060.66 Safari/537.36"
194.32.122.41 - - [11/Jan/2025:02:14:06 -0500] "GET /register/ HTTP/1.0" 200 75934 "https://misswavenigeria.com/register/" "Mozilla/5.0 (Windows NT 10.0; Win64; x64) AppleWebKit/537.36 (KHTML, like Gecko) Chrome/103.0.5060.66 Safari/537.36"
66.29.132.124 - - [11/Jan/2025:02:14:08 -0500] "POST /wp-cron.php?doing_wp_cron=1736579648.6804509162902832031250 HTTP/1.1" 200 0 "-" "WordPress/6.7.1; https://misswavenigeria.com"
66.29.132.124 - - [11/Jan/2025:02:14:09 -0500] "POST /wp-admin/admin-ajax.php?action=async_litespeed&nonce=9sk7EqUh7y0GyqEZn59XhWlnTW4Hp6Zi&litespeed_type=imgoptm HTTP/1.1" 200 21 "-" "WordPress/6.7.1; https://misswavenigeria.com"
194.32.122.41 - - [11/Jan/2025:02:14:08 -0500] "POST /register/ HTTP/1.0" 200 76060 "https://misswavenigeria.com/register/" "Mozilla/5.0 (Windows NT 10.0; Win64; x64) AppleWebKit/537.36 (KHTML, like Gecko) Chrome/103.0.5060.66 Safari/537.36"
66.29.132.124 - - [11/Jan/2025:02:16:16 -0500] "POST /wp-cron.php?doing_wp_cron=1736579776.4060699939727783203125 HTTP/1.1" 200 0 "-" "WordPress/6.7.1; https://misswavenigeria.com"
194.32.122.41 - - [11/Jan/2025:02:16:16 -0500] "GET /register/ HTTP/1.0" 200 75934 "https://misswavenigeria.com/" "Mozilla/5.0 (Windows NT 10.0; Win64; x64) AppleWebKit/537.36 (KHTML, like Gecko) Chrome/103.0.5060.66 Safari/537.36"
66.29.132.124 - - [11/Jan/2025:02:16:16 -0500] "POST /wp-admin/admin-ajax.php?action=async_litespeed&nonce=XlIkxxeiJYaUa3UJ34x9ovDrQT5XgC5t&litespeed_type=imgoptm HTTP/1.1" 200 21 "-" "WordPress/6.7.1; https://misswavenigeria.com"
66.249.79.4 - - [11/Jan/2025:02:16:26 -0500] "GET /goods/C666434?k=product HTTP/1.1" 200 68997 "-" "Mozilla/5.0 (Linux; Android 6.0.1; Nexus 5X Build/MMB29P) AppleWebKit/537.36 (KHTML, like Gecko) Chrome/131.0.6778.264 Mobile Safari/537.36 (compatible; Googlebot/2.1; +http://www.google.com/bot.html)"
47.128.31.1 - - [11/Jan/2025:02:16:33 -0500] "GET /wp-includes/widgets/class-wp-widget-calendar.php HTTP/1.1" 500 0 "-" "Mozilla/5.0 (Linux; Android 5.0) AppleWebKit/537.36 (KHTML, like Gecko) Mobile Safari/537.36 (compatible; Bytespider; spider-feedback@bytedance.com)"
66.29.132.124 - - [11/Jan/2025:02:17:06 -0500] "POST /wp-cron.php?doing_wp_cron=1736579826.6800189018249511718750 HTTP/1.1" 200 0 "-" "WordPress/6.7.1; https://misswavenigeria.com"
194.32.122.41 - - [11/Jan/2025:02:17:06 -0500] "GET / HTTP/1.0" 200 109065 "https://misswavenigeria.com/" "Mozilla/5.0 (Windows NT 6.1; Win64; x64) AppleWebKit/537.36 (KHTML, like Gecko) Chrome/103.0.0.0 Safari/537.36"
66.29.132.124 - - [11/Jan/2025:02:17:07 -0500] "POST /wp-admin/admin-ajax.php?action=async_litespeed&nonce=UJNs1pjOBgygLj9khLAdDTbwifa0hQfu&litespeed_type=imgoptm HTTP/1.1" 200 21 "-" "WordPress/6.7.1; https://misswavenigeria.com"
194.32.122.41 - - [11/Jan/2025:02:17:09 -0500] "GET /register/ HTTP/1.0" 200 75934 "https://misswavenigeria.com/register/" "Mozilla/5.0 (Windows NT 6.1; Win64; x64) AppleWebKit/537.36 (KHTML, like Gecko) Chrome/103.0.0.0 Safari/537.36"
194.32.122.41 - - [11/Jan/2025:02:17:10 -0500] "POST /register/ HTTP/1.0" 200 76060 "https://misswavenigeria.com/register/" "Mozilla/5.0 (Windows NT 6.1; Win64; x64) AppleWebKit/537.36 (KHTML, like Gecko) Chrome/103.0.0.0 Safari/537.36"
66.29.132.124 - - [11/Jan/2025:02:19:31 -0500] "POST /wp-cron.php?doing_wp_cron=1736579971.1994841098785400390625 HTTP/1.1" 200 0 "-" "WordPress/6.7.1; https://misswavenigeria.com"
194.32.122.41 - - [11/Jan/2025:02:19:30 -0500] "GET /register/ HTTP/1.0" 200 75934 "https://misswavenigeria.com/" "Mozilla/5.0 (Windows NT 6.1; Win64; x64) AppleWebKit/537.36 (KHTML, like Gecko) Chrome/103.0.0.0 Safari/537.36"
66.29.132.124 - - [11/Jan/2025:02:19:32 -0500] "POST /wp-admin/admin-ajax.php?action=async_litespeed&nonce=pFIxCTzQWLha4vgbaUOws63KeySg0fE7&litespeed_type=imgoptm HTTP/1.1" 200 21 "-" "WordPress/6.7.1; https://misswavenigeria.com"
66.29.132.124 - - [11/Jan/2025:02:20:07 -0500] "POST /wp-cron.php?doing_wp_cron=1736580007.0491609573364257812500 HTTP/1.1" 200 0 "-" "WordPress/6.7.1; https://misswavenigeria.com"
194.32.122.41 - - [11/Jan/2025:02:20:06 -0500] "GET / HTTP/1.0" 200 109063 "https://misswavenigeria.com/" "Mozilla/5.0 (Windows NT 6.3; WOW64) AppleWebKit/537.36 (KHTML, like Gecko) Chrome/103.0.0.0 Safari/537.36"
66.29.132.124 - - [11/Jan/2025:02:20:09 -0500] "POST /wp-admin/admin-ajax.php?action=async_litespeed&nonce=8eI9bmPgWqMxdp2OJievtIxPpiq6S1Ub&litespeed_type=imgoptm HTTP/1.1" 200 0 "-" "WordPress/6.7.1; https://misswavenigeria.com"
194.32.122.41 - - [11/Jan/2025:02:20:10 -0500] "GET /register/ HTTP/1.0" 200 75934 "https://misswavenigeria.com/register/" "Mozilla/5.0 (Windows NT 6.3; WOW64) AppleWebKit/537.36 (KHTML, like Gecko) Chrome/103.0.0.0 Safari/537.36"
47.128.45.250 - - [11/Jan/2025:02:20:34 -0500] "GET /wp-includes/class-wp-object-cache.php HTTP/1.1" 200 0 "-" "Mozilla/5.0 (Linux; Android 5.0) AppleWebKit/537.36 (KHTML, like Gecko) Mobile Safari/537.36 (compatible; Bytespider; spider-feedback@bytedance.com)"
66.249.79.3 - - [11/Jan/2025:02:21:02 -0500] "GET /goods/Y24490?k=product HTTP/1.1" 200 67562 "-" "Mozilla/5.0 (Linux; Android 6.0.1; Nexus 5X Build/MMB29P) AppleWebKit/537.36 (KHTML, like Gecko) Chrome/131.0.6778.264 Mobile Safari/537.36 (compatible; Googlebot/2.1; +http://www.google.com/bot.html)"
66.249.68.67 - - [11/Jan/2025:02:21:36 -0500] "GET /?product=waveform17141817-797 HTTP/1.1" 200 69997 "-" "Mozilla/5.0 (Linux; Android 6.0.1; Nexus 5X Build/MMB29P) AppleWebKit/537.36 (KHTML, like Gecko) Chrome/131.0.6778.264 Mobile Safari/537.36 (compatible; Googlebot/2.1; +http://www.google.com/bot.html)"
194.32.122.41 - - [11/Jan/2025:02:20:12 -0500] "POST /register/ HTTP/1.0" 200 0 "https://misswavenigeria.com/register/" "Mozilla/5.0 (Windows NT 6.3; WOW64) AppleWebKit/537.36 (KHTML, like Gecko) Chrome/103.0.0.0 Safari/537.36"
194.32.122.41 - - [11/Jan/2025:02:22:43 -0500] "GET /register/ HTTP/1.0" 200 75934 "https://misswavenigeria.com/" "Mozilla/5.0 (Windows NT 6.3; WOW64) AppleWebKit/537.36 (KHTML, like Gecko) Chrome/103.0.0.0 Safari/537.36"
194.32.122.41 - - [11/Jan/2025:02:23:13 -0500] "GET / HTTP/1.0" 200 109063 "https://misswavenigeria.com/" "Mozilla/5.0 (Windows NT 10.0; Win64; x64) AppleWebKit/537.36 (KHTML, like Gecko) Chrome/103.0.5060.66 Safari/537.36"
194.32.122.41 - - [11/Jan/2025:02:23:15 -0500] "GET /register/ HTTP/1.0" 200 75934 "https://misswavenigeria.com/register/" "Mozilla/5.0 (Windows NT 10.0; Win64; x64) AppleWebKit/537.36 (KHTML, like Gecko) Chrome/103.0.5060.66 Safari/537.36"
66.29.132.124 - - [11/Jan/2025:02:23:17 -0500] "POST /wp-cron.php?doing_wp_cron=1736580197.8607130050659179687500 HTTP/1.1" 200 0 "-" "WordPress/6.7.1; https://misswavenigeria.com"
66.29.132.124 - - [11/Jan/2025:02:23:18 -0500] "POST /wp-admin/admin-ajax.php?action=async_litespeed&nonce=4CFOlM1kZDyvo85XY6vJT8dcdDMv5VzJ&litespeed_type=imgoptm HTTP/1.1" 200 21 "-" "WordPress/6.7.1; https://misswavenigeria.com"
47.128.44.170 - - [11/Jan/2025:02:24:35 -0500] "GET /wp-includes/sodium_compat/src/Core32/ChaCha20/IetfCtx.php HTTP/1.1" 500 0 "-" "Mozilla/5.0 (Linux; Android 5.0) AppleWebKit/537.36 (KHTML, like Gecko) Mobile Safari/537.36 (compatible; Bytespider; spider-feedback@bytedance.com)"
194.32.122.41 - - [11/Jan/2025:02:23:17 -0500] "POST /register/ HTTP/1.0" 200 0 "https://misswavenigeria.com/register/" "Mozilla/5.0 (Windows NT 10.0; Win64; x64) AppleWebKit/537.36 (KHTML, like Gecko) Chrome/103.0.5060.66 Safari/537.36"
194.32.122.41 - - [11/Jan/2025:02:25:48 -0500] "GET /register/ HTTP/1.0" 200 75934 "https://misswavenigeria.com/" "Mozilla/5.0 (Windows NT 10.0; Win64; x64) AppleWebKit/537.36 (KHTML, like Gecko) Chrome/103.0.5060.66 Safari/537.36"
194.32.122.41 - - [11/Jan/2025:02:26:13 -0500] "GET / HTTP/1.0" 200 109063 "https://misswavenigeria.com/" "Mozilla/5.0 (Windows NT 6.1; WOW64) AppleWebKit/537.36 (KHTML, like Gecko) Chrome/103.0.0.0 Safari/537.36"
194.32.122.41 - - [11/Jan/2025:02:26:15 -0500] "GET /register/ HTTP/1.0" 200 75934 "https://misswavenigeria.com/register/" "Mozilla/5.0 (Windows NT 6.1; WOW64) AppleWebKit/537.36 (KHTML, like Gecko) Chrome/103.0.0.0 Safari/537.36"
66.29.132.124 - - [11/Jan/2025:02:26:18 -0500] "POST /wp-cron.php?doing_wp_cron=1736580378.4877779483795166015625 HTTP/1.1" 200 0 "-" "WordPress/6.7.1; https://misswavenigeria.com"
66.29.132.124 - - [11/Jan/2025:02:26:19 -0500] "POST /wp-admin/admin-ajax.php?action=async_litespeed&nonce=SwAgfrvtmoYgQeQn8G39oQt05RJnNyOl&litespeed_type=imgoptm HTTP/1.1" 200 21 "-" "WordPress/6.7.1; https://misswavenigeria.com"
194.32.122.41 - - [11/Jan/2025:02:26:17 -0500] "POST /register/ HTTP/1.0" 200 0 "https://misswavenigeria.com/register/" "Mozilla/5.0 (Windows NT 6.1; WOW64) AppleWebKit/537.36 (KHTML, like Gecko) Chrome/103.0.0.0 Safari/537.36"
194.32.122.41 - - [11/Jan/2025:02:28:48 -0500] "GET /register/ HTTP/1.0" 200 75934 "https://misswavenigeria.com/" "Mozilla/5.0 (Windows NT 6.1; WOW64) AppleWebKit/537.36 (KHTML, like Gecko) Chrome/103.0.0.0 Safari/537.36"
194.32.122.41 - - [11/Jan/2025:02:29:10 -0500] "GET / HTTP/1.0" 200 109063 "https://misswavenigeria.com/" "Mozilla/5.0 (Windows NT 10.0; Win64; x64) AppleWebKit/537.36 (KHTML, like Gecko) Chrome/103.0.0.0 Safari/537.36 Herring/95.1.8810.11"
194.32.122.41 - - [11/Jan/2025:02:29:12 -0500] "GET /register/ HTTP/1.0" 200 75934 "https://misswavenigeria.com/register/" "Mozilla/5.0 (Windows NT 10.0; Win64; x64) AppleWebKit/537.36 (KHTML, like Gecko) Chrome/103.0.0.0 Safari/537.36 Herring/95.1.8810.11"
66.29.132.124 - - [11/Jan/2025:02:29:14 -0500] "POST /wp-cron.php?doing_wp_cron=1736580554.6923320293426513671875 HTTP/1.1" 200 0 "-" "WordPress/6.7.1; https://misswavenigeria.com"
66.29.132.124 - - [11/Jan/2025:02:29:15 -0500] "POST /wp-admin/admin-ajax.php?action=async_litespeed&nonce=9gpq8XKFQPqa8xoeZmVo94YR2lxB0edt&litespeed_type=imgoptm HTTP/1.1" 200 21 "-" "WordPress/6.7.1; https://misswavenigeria.com"
194.32.122.41 - - [11/Jan/2025:02:29:14 -0500] "POST /register/ HTTP/1.0" 200 0 "https://misswavenigeria.com/register/" "Mozilla/5.0 (Windows NT 10.0; Win64; x64) AppleWebKit/537.36 (KHTML, like Gecko) Chrome/103.0.0.0 Safari/537.36 Herring/95.1.8810.11"
194.32.122.41 - - [11/Jan/2025:02:31:44 -0500] "GET /register/ HTTP/1.0" 200 75934 "https://misswavenigeria.com/" "Mozilla/5.0 (Windows NT 10.0; Win64; x64) AppleWebKit/537.36 (KHTML, like Gecko) Chrome/103.0.0.0 Safari/537.36 Herring/95.1.8810.11"
194.32.122.41 - - [11/Jan/2025:02:32:09 -0500] "GET / HTTP/1.0" 200 109063 "https://misswavenigeria.com/" "Mozilla/5.0 (Windows NT 6.2; Win64; x64) AppleWebKit/537.36 (KHTML, like Gecko) Chrome/103.0.0.0 Safari/537.36"
194.32.122.41 - - [11/Jan/2025:02:32:11 -0500] "GET /register/ HTTP/1.0" 200 75934 "https://misswavenigeria.com/register/" "Mozilla/5.0 (Windows NT 6.2; Win64; x64) AppleWebKit/537.36 (KHTML, like Gecko) Chrome/103.0.0.0 Safari/537.36"
66.29.132.124 - - [11/Jan/2025:02:32:13 -0500] "POST /wp-cron.php?doing_wp_cron=1736580733.8265619277954101562500 HTTP/1.1" 200 0 "-" "WordPress/6.7.1; https://misswavenigeria.com"
66.29.132.124 - - [11/Jan/2025:02:32:14 -0500] "POST /wp-admin/admin-ajax.php?action=async_litespeed&nonce=YoFsCnUeU7zImGCwtcNtoG8vkIM8xGW6&litespeed_type=imgoptm HTTP/1.1" 200 21 "-" "WordPress/6.7.1; https://misswavenigeria.com"
194.32.122.41 - - [11/Jan/2025:02:32:13 -0500] "POST /register/ HTTP/1.0" 200 0 "https://misswavenigeria.com/register/" "Mozilla/5.0 (Windows NT 6.2; Win64; x64) AppleWebKit/537.36 (KHTML, like Gecko) Chrome/103.0.0.0 Safari/537.36"
194.32.122.41 - - [11/Jan/2025:02:34:44 -0500] "GET /register/ HTTP/1.0" 200 75934 "https://misswavenigeria.com/" "Mozilla/5.0 (Windows NT 6.2; Win64; x64) AppleWebKit/537.36 (KHTML, like Gecko) Chrome/103.0.0.0 Safari/537.36"
194.32.122.41 - - [11/Jan/2025:02:35:10 -0500] "GET / HTTP/1.0" 200 109063 "https://misswavenigeria.com/" "Mozilla/5.0 (Windows NT 6.3; Win64; x64) AppleWebKit/537.36 (KHTML, like Gecko) Chrome/103.0.5060.114 Safari/537.36"
194.32.122.41 - - [11/Jan/2025:02:35:12 -0500] "GET /register/ HTTP/1.0" 200 75934 "https://misswavenigeria.com/register/" "Mozilla/5.0 (Windows NT 6.3; Win64; x64) AppleWebKit/537.36 (KHTML, like Gecko) Chrome/103.0.5060.114 Safari/537.36"
66.29.132.124 - - [11/Jan/2025:02:35:14 -0500] "POST /wp-cron.php?doing_wp_cron=1736580914.7750210762023925781250 HTTP/1.1" 200 0 "-" "WordPress/6.7.1; https://misswavenigeria.com"
66.29.132.124 - - [11/Jan/2025:02:35:15 -0500] "POST /wp-admin/admin-ajax.php?action=async_litespeed&nonce=bQNG1dpfM8ULNQalPt7t6arZpK6X88mI&litespeed_type=imgoptm HTTP/1.1" 200 21 "-" "WordPress/6.7.1; https://misswavenigeria.com"
194.32.122.41 - - [11/Jan/2025:02:35:14 -0500] "POST /register/ HTTP/1.0" 200 0 "https://misswavenigeria.com/register/" "Mozilla/5.0 (Windows NT 6.3; Win64; x64) AppleWebKit/537.36 (KHTML, like Gecko) Chrome/103.0.5060.114 Safari/537.36"
194.32.122.41 - - [11/Jan/2025:02:37:44 -0500] "GET /register/ HTTP/1.0" 200 75934 "https://misswavenigeria.com/" "Mozilla/5.0 (Windows NT 6.3; Win64; x64) AppleWebKit/537.36 (KHTML, like Gecko) Chrome/103.0.5060.114 Safari/537.36"
194.32.122.41 - - [11/Jan/2025:02:38:05 -0500] "GET / HTTP/1.0" 200 109063 "https://misswavenigeria.com/" "Mozilla/5.0 (Windows NT 6.1; WOW64) AppleWebKit/537.36 (KHTML, like Gecko) Chrome/103.0.0.0 Safari/537.36"
194.32.122.41 - - [11/Jan/2025:02:38:07 -0500] "GET /register/ HTTP/1.0" 200 75934 "https://misswavenigeria.com/register/" "Mozilla/5.0 (Windows NT 6.1; WOW64) AppleWebKit/537.36 (KHTML, like Gecko) Chrome/103.0.0.0 Safari/537.36"
66.249.79.4 - - [11/Jan/2025:02:38:08 -0500] "GET /goods/V261633?k=product HTTP/1.1" 200 69353 "-" "Mozilla/5.0 (Linux; Android 6.0.1; Nexus 5X Build/MMB29P) AppleWebKit/537.36 (KHTML, like Gecko) Chrome/131.0.6778.264 Mobile Safari/537.36 (compatible; Googlebot/2.1; +http://www.google.com/bot.html)"
66.29.132.124 - - [11/Jan/2025:02:38:10 -0500] "POST /wp-cron.php?doing_wp_cron=1736581090.1269059181213378906250 HTTP/1.1" 200 0 "-" "WordPress/6.7.1; https://misswavenigeria.com"
66.29.132.124 - - [11/Jan/2025:02:38:10 -0500] "POST /wp-admin/admin-ajax.php?action=async_litespeed&nonce=NHdvxjw82rz8kQfkS5TqvwKysD4j6u1F&litespeed_type=imgoptm HTTP/1.1" 200 21 "-" "WordPress/6.7.1; https://misswavenigeria.com"
194.32.122.41 - - [11/Jan/2025:02:38:09 -0500] "POST /register/ HTTP/1.0" 200 0 "https://misswavenigeria.com/register/" "Mozilla/5.0 (Windows NT 6.1; WOW64) AppleWebKit/537.36 (KHTML, like Gecko) Chrome/103.0.0.0 Safari/537.36"
194.32.122.41 - - [11/Jan/2025:02:40:40 -0500] "GET /register/ HTTP/1.0" 200 75934 "https://misswavenigeria.com/" "Mozilla/5.0 (Windows NT 6.1; WOW64) AppleWebKit/537.36 (KHTML, like Gecko) Chrome/103.0.0.0 Safari/537.36"
194.32.122.41 - - [11/Jan/2025:02:41:05 -0500] "GET / HTTP/1.0" 200 109063 "https://misswavenigeria.com/" "Mozilla/5.0 (Windows NT 6.1; Win64; x64) AppleWebKit/537.36 (KHTML, like Gecko) Chrome/103.0.0.0 Safari/537.36"
194.32.122.41 - - [11/Jan/2025:02:41:08 -0500] "GET /register/ HTTP/1.0" 200 75934 "https://misswavenigeria.com/register/" "Mozilla/5.0 (Windows NT 6.1; Win64; x64) AppleWebKit/537.36 (KHTML, like Gecko) Chrome/103.0.0.0 Safari/537.36"
66.29.132.124 - - [11/Jan/2025:02:41:10 -0500] "POST /wp-cron.php?doing_wp_cron=1736581270.7940928936004638671875 HTTP/1.1" 200 0 "-" "WordPress/6.7.1; https://misswavenigeria.com"
66.29.132.124 - - [11/Jan/2025:02:41:11 -0500] "POST /wp-admin/admin-ajax.php?action=async_litespeed&nonce=E9VOFClenyV6nOcUGxuZtHwTt6Pt7DxF&litespeed_type=imgoptm HTTP/1.1" 200 21 "-" "WordPress/6.7.1; https://misswavenigeria.com"
194.32.122.41 - - [11/Jan/2025:02:41:10 -0500] "POST /register/ HTTP/1.0" 200 0 "https://misswavenigeria.com/register/" "Mozilla/5.0 (Windows NT 6.1; Win64; x64) AppleWebKit/537.36 (KHTML, like Gecko) Chrome/103.0.0.0 Safari/537.36"
194.32.122.41 - - [11/Jan/2025:02:43:40 -0500] "GET /register/ HTTP/1.0" 200 75934 "https://misswavenigeria.com/" "Mozilla/5.0 (Windows NT 6.1; Win64; x64) AppleWebKit/537.36 (KHTML, like Gecko) Chrome/103.0.0.0 Safari/537.36"
194.32.122.41 - - [11/Jan/2025:02:44:08 -0500] "GET / HTTP/1.0" 200 109063 "https://misswavenigeria.com/" "Mozilla/5.0 (Windows NT 10.0; Win64; x64) AppleWebKit/537.36 (KHTML, like Gecko) Chrome/103.0.5042.0 Safari/537.36"
194.32.122.41 - - [11/Jan/2025:02:44:10 -0500] "GET /register/ HTTP/1.0" 200 75934 "https://misswavenigeria.com/register/" "Mozilla/5.0 (Windows NT 10.0; Win64; x64) AppleWebKit/537.36 (KHTML, like Gecko) Chrome/103.0.5042.0 Safari/537.36"
66.29.132.124 - - [11/Jan/2025:02:44:12 -0500] "POST /wp-cron.php?doing_wp_cron=1736581452.8575689792633056640625 HTTP/1.1" 200 0 "-" "WordPress/6.7.1; https://misswavenigeria.com"
66.29.132.124 - - [11/Jan/2025:02:44:13 -0500] "POST /wp-admin/admin-ajax.php?action=async_litespeed&nonce=dZ1UDDWRcyMIiElHyaXSwMN43P1m9RYq&litespeed_type=imgoptm HTTP/1.1" 200 21 "-" "WordPress/6.7.1; https://misswavenigeria.com"
194.32.122.41 - - [11/Jan/2025:02:44:12 -0500] "POST /register/ HTTP/1.0" 200 0 "https://misswavenigeria.com/register/" "Mozilla/5.0 (Windows NT 10.0; Win64; x64) AppleWebKit/537.36 (KHTML, like Gecko) Chrome/103.0.5042.0 Safari/537.36"
194.32.122.41 - - [11/Jan/2025:02:46:42 -0500] "GET /register/ HTTP/1.0" 200 75934 "https://misswavenigeria.com/" "Mozilla/5.0 (Windows NT 10.0; Win64; x64) AppleWebKit/537.36 (KHTML, like Gecko) Chrome/103.0.5042.0 Safari/537.36"
66.249.68.69 - - [11/Jan/2025:02:46:58 -0500] "GET /goods/98342.html HTTP/1.1" 200 67915 "-" "Mozilla/5.0 (Linux; Android 6.0.1; Nexus 5X Build/MMB29P) AppleWebKit/537.36 (KHTML, like Gecko) Chrome/131.0.6778.264 Mobile Safari/537.36 (compatible; Googlebot/2.1; +http://www.google.com/bot.html)"
194.32.122.41 - - [11/Jan/2025:02:47:08 -0500] "GET / HTTP/1.0" 200 109063 "https://misswavenigeria.com/" "Mozilla/5.0 (Windows NT 6.3) AppleWebKit/537.36 (KHTML, like Gecko) Chrome/103.0.0.0 Safari/537.36"
194.32.122.41 - - [11/Jan/2025:02:47:11 -0500] "GET /register/ HTTP/1.0" 200 75934 "https://misswavenigeria.com/register/" "Mozilla/5.0 (Windows NT 6.3) AppleWebKit/537.36 (KHTML, like Gecko) Chrome/103.0.0.0 Safari/537.36"
66.29.132.124 - - [11/Jan/2025:02:47:14 -0500] "POST /wp-cron.php?doing_wp_cron=1736581634.5581190586090087890625 HTTP/1.1" 200 0 "-" "WordPress/6.7.1; https://misswavenigeria.com"
66.29.132.124 - - [11/Jan/2025:02:47:15 -0500] "POST /wp-admin/admin-ajax.php?action=async_litespeed&nonce=u5DYciLsNhaXx0pBLwMUPEpiNYbvr9UV&litespeed_type=imgoptm HTTP/1.1" 200 21 "-" "WordPress/6.7.1; https://misswavenigeria.com"
66.249.79.3 - - [11/Jan/2025:02:48:32 -0500] "GET /goods/I953064?k=product HTTP/1.1" 200 69066 "-" "Mozilla/5.0 (Linux; Android 6.0.1; Nexus 5X Build/MMB29P) AppleWebKit/537.36 (KHTML, like Gecko) Chrome/131.0.6778.264 Mobile Safari/537.36 (compatible; Googlebot/2.1; +http://www.google.com/bot.html)"
194.32.122.41 - - [11/Jan/2025:02:47:13 -0500] "POST /register/ HTTP/1.0" 200 0 "https://misswavenigeria.com/register/" "Mozilla/5.0 (Windows NT 6.3) AppleWebKit/537.36 (KHTML, like Gecko) Chrome/103.0.0.0 Safari/537.36"
194.32.122.41 - - [11/Jan/2025:02:49:43 -0500] "GET /register/ HTTP/1.0" 200 75934 "https://misswavenigeria.com/" "Mozilla/5.0 (Windows NT 6.3) AppleWebKit/537.36 (KHTML, like Gecko) Chrome/103.0.0.0 Safari/537.36"
194.32.122.41 - - [11/Jan/2025:02:50:03 -0500] "GET / HTTP/1.0" 200 109063 "https://misswavenigeria.com/" "Mozilla/5.0 (Windows NT 10.0; Win64; x64) AppleWebKit/537.36 (KHTML, like Gecko) Chrome/103.0.0.0 Safari/537.36"
194.32.122.41 - - [11/Jan/2025:02:50:06 -0500] "GET /register/ HTTP/1.0" 200 75934 "https://misswavenigeria.com/register/" "Mozilla/5.0 (Windows NT 10.0; Win64; x64) AppleWebKit/537.36 (KHTML, like Gecko) Chrome/103.0.0.0 Safari/537.36"
66.29.132.124 - - [11/Jan/2025:02:50:12 -0500] "POST /wp-cron.php?doing_wp_cron=1736581811.1923959255218505859375 HTTP/1.1" 200 0 "-" "WordPress/6.7.1; https://misswavenigeria.com"
66.29.132.124 - - [11/Jan/2025:02:50:14 -0500] "POST /wp-admin/admin-ajax.php?action=async_litespeed&nonce=RrvJI8iT8ACby9eGcP3y8cWftHDvRKjC&litespeed_type=imgoptm HTTP/1.1" 200 0 "-" "WordPress/6.7.1; https://misswavenigeria.com"
66.249.79.2 - - [11/Jan/2025:02:52:19 -0500] "GET /goods/R923563?k=product HTTP/1.1" 200 70724 "-" "Mozilla/5.0 (Linux; Android 6.0.1; Nexus 5X Build/MMB29P) AppleWebKit/537.36 (KHTML, like Gecko) Chrome/131.0.6778.264 Mobile Safari/537.36 (compatible; Googlebot/2.1; +http://www.google.com/bot.html)"
194.32.122.41 - - [11/Jan/2025:02:50:10 -0500] "POST /register/ HTTP/1.0" 200 0 "https://misswavenigeria.com/register/" "Mozilla/5.0 (Windows NT 10.0; Win64; x64) AppleWebKit/537.36 (KHTML, like Gecko) Chrome/103.0.0.0 Safari/537.36"
194.32.122.41 - - [11/Jan/2025:02:52:39 -0500] "GET /register/ HTTP/1.0" 200 75934 "https://misswavenigeria.com/" "Mozilla/5.0 (Windows NT 10.0; Win64; x64) AppleWebKit/537.36 (KHTML, like Gecko) Chrome/103.0.0.0 Safari/537.36"
194.32.122.41 - - [11/Jan/2025:02:53:00 -0500] "GET / HTTP/1.0" 200 109063 "https://misswavenigeria.com/" "Mozilla/5.0 (Windows NT 10.0; Win64; x64) AppleWebKit/537.36 (KHTML, like Gecko) Chrome/103.0.5042.0 Safari/537.36"
194.32.122.41 - - [11/Jan/2025:02:53:03 -0500] "GET /register/ HTTP/1.0" 200 75934 "https://misswavenigeria.com/register/" "Mozilla/5.0 (Windows NT 10.0; Win64; x64) AppleWebKit/537.36 (KHTML, like Gecko) Chrome/103.0.5042.0 Safari/537.36"
66.29.132.124 - - [11/Jan/2025:02:53:09 -0500] "POST /wp-cron.php?doing_wp_cron=1736581989.3188760280609130859375 HTTP/1.1" 200 0 "-" "WordPress/6.7.1; https://misswavenigeria.com"
66.29.132.124 - - [11/Jan/2025:02:53:11 -0500] "POST /wp-admin/admin-ajax.php?action=async_litespeed&nonce=AnOi33rdHwYdLt6iNfHVuD5QUqoRWzDD&litespeed_type=imgoptm HTTP/1.1" 200 0 "-" "WordPress/6.7.1; https://misswavenigeria.com"
194.32.122.41 - - [11/Jan/2025:02:53:06 -0500] "POST /register/ HTTP/1.0" 200 0 "https://misswavenigeria.com/register/" "Mozilla/5.0 (Windows NT 10.0; Win64; x64) AppleWebKit/537.36 (KHTML, like Gecko) Chrome/103.0.5042.0 Safari/537.36"
194.32.122.41 - - [11/Jan/2025:02:55:36 -0500] "GET /register/ HTTP/1.0" 200 75934 "https://misswavenigeria.com/" "Mozilla/5.0 (Windows NT 10.0; Win64; x64) AppleWebKit/537.36 (KHTML, like Gecko) Chrome/103.0.5042.0 Safari/537.36"
194.32.122.41 - - [11/Jan/2025:02:56:01 -0500] "GET / HTTP/1.0" 200 109063 "https://misswavenigeria.com/" "Mozilla/5.0 (Windows NT 10.0; Win64; x64) AppleWebKit/537.36 (KHTML, like Gecko) Chrome/103.0.5060.66 Safari/537.36"
194.32.122.41 - - [11/Jan/2025:02:56:03 -0500] "GET /register/ HTTP/1.0" 200 75934 "https://misswavenigeria.com/register/" "Mozilla/5.0 (Windows NT 10.0; Win64; x64) AppleWebKit/537.36 (KHTML, like Gecko) Chrome/103.0.5060.66 Safari/537.36"
66.29.132.124 - - [11/Jan/2025:02:56:06 -0500] "POST /wp-cron.php?doing_wp_cron=1736582166.4702119827270507812500 HTTP/1.1" 200 0 "-" "WordPress/6.7.1; https://misswavenigeria.com"
66.29.132.124 - - [11/Jan/2025:02:56:08 -0500] "POST /wp-admin/admin-ajax.php?action=async_litespeed&nonce=OLfDElSGJ84HE0cfw8v34xo92EL6b6Vd&litespeed_type=imgoptm HTTP/1.1" 200 0 "-" "WordPress/6.7.1; https://misswavenigeria.com"
194.32.122.41 - - [11/Jan/2025:02:56:05 -0500] "POST /register/ HTTP/1.0" 200 0 "https://misswavenigeria.com/register/" "Mozilla/5.0 (Windows NT 10.0; Win64; x64) AppleWebKit/537.36 (KHTML, like Gecko) Chrome/103.0.5060.66 Safari/537.36"
194.32.122.41 - - [11/Jan/2025:02:58:36 -0500] "GET /register/ HTTP/1.0" 200 75934 "https://misswavenigeria.com/" "Mozilla/5.0 (Windows NT 10.0; Win64; x64) AppleWebKit/537.36 (KHTML, like Gecko) Chrome/103.0.5060.66 Safari/537.36"
194.32.122.41 - - [11/Jan/2025:02:58:56 -0500] "GET / HTTP/1.0" 200 109063 "https://misswavenigeria.com/" "Mozilla/5.0 (Windows NT 6.3; WOW64) AppleWebKit/537.36 (KHTML, like Gecko) Chrome/103.0.0.0 Safari/537.36"
194.32.122.41 - - [11/Jan/2025:02:58:58 -0500] "GET /register/ HTTP/1.0" 200 75934 "https://misswavenigeria.com/register/" "Mozilla/5.0 (Windows NT 6.3; WOW64) AppleWebKit/537.36 (KHTML, like Gecko) Chrome/103.0.0.0 Safari/537.36"
66.29.132.124 - - [11/Jan/2025:02:59:00 -0500] "POST /wp-cron.php?doing_wp_cron=1736582340.3105309009552001953125 HTTP/1.1" 200 0 "-" "WordPress/6.7.1; https://misswavenigeria.com"
66.29.132.124 - - [11/Jan/2025:02:59:00 -0500] "POST /wp-admin/admin-ajax.php?action=async_litespeed&nonce=LABDoRSJUXRC2zOVJAqjQDP88JuPSJYz&litespeed_type=imgoptm HTTP/1.1" 200 21 "-" "WordPress/6.7.1; https://misswavenigeria.com"
194.32.122.41 - - [11/Jan/2025:02:59:00 -0500] "POST /register/ HTTP/1.0" 200 0 "https://misswavenigeria.com/register/" "Mozilla/5.0 (Windows NT 6.3; WOW64) AppleWebKit/537.36 (KHTML, like Gecko) Chrome/103.0.0.0 Safari/537.36"
194.32.122.41 - - [11/Jan/2025:03:01:30 -0500] "GET /register/ HTTP/1.0" 200 75934 "https://misswavenigeria.com/" "Mozilla/5.0 (Windows NT 6.3; WOW64) AppleWebKit/537.36 (KHTML, like Gecko) Chrome/103.0.0.0 Safari/537.36"
194.32.122.41 - - [11/Jan/2025:03:02:03 -0500] "GET / HTTP/1.0" 200 109063 "https://misswavenigeria.com/" "Mozilla/5.0 (Windows NT 10.0; Win64; x64) AppleWebKit/537.36 (KHTML, like Gecko) Chrome/103.0.0.0 Safari/537.36 Herring/95.1.8810.11"
194.32.122.41 - - [11/Jan/2025:03:02:05 -0500] "GET /register/ HTTP/1.0" 200 75934 "https://misswavenigeria.com/register/" "Mozilla/5.0 (Windows NT 10.0; Win64; x64) AppleWebKit/537.36 (KHTML, like Gecko) Chrome/103.0.0.0 Safari/537.36 Herring/95.1.8810.11"
66.29.132.124 - - [11/Jan/2025:03:02:07 -0500] "POST /wp-cron.php?doing_wp_cron=1736582527.8164930343627929687500 HTTP/1.1" 200 0 "-" "WordPress/6.7.1; https://misswavenigeria.com"
66.29.132.124 - - [11/Jan/2025:03:02:08 -0500] "POST /wp-admin/admin-ajax.php?action=async_litespeed&nonce=hdL8N1IKxWvMcabYnXEhnM1D2R33slmi&litespeed_type=imgoptm HTTP/1.1" 200 21 "-" "WordPress/6.7.1; https://misswavenigeria.com"
194.32.122.41 - - [11/Jan/2025:03:02:07 -0500] "POST /register/ HTTP/1.0" 200 0 "https://misswavenigeria.com/register/" "Mozilla/5.0 (Windows NT 10.0; Win64; x64) AppleWebKit/537.36 (KHTML, like Gecko) Chrome/103.0.0.0 Safari/537.36 Herring/95.1.8810.11"
194.32.122.41 - - [11/Jan/2025:03:04:38 -0500] "GET /register/ HTTP/1.0" 200 75934 "https://misswavenigeria.com/" "Mozilla/5.0 (Windows NT 10.0; Win64; x64) AppleWebKit/537.36 (KHTML, like Gecko) Chrome/103.0.0.0 Safari/537.36 Herring/95.1.8810.11"
194.32.122.41 - - [11/Jan/2025:03:05:09 -0500] "GET / HTTP/1.0" 200 109063 "https://misswavenigeria.com/" "Mozilla/5.0 (Windows NT 6.1; Win64; x64) AppleWebKit/537.36 (KHTML, like Gecko) Chrome/103.0.0.0 Safari/537.36"
194.32.122.41 - - [11/Jan/2025:03:05:11 -0500] "GET /register/ HTTP/1.0" 200 75934 "https://misswavenigeria.com/register/" "Mozilla/5.0 (Windows NT 6.1; Win64; x64) AppleWebKit/537.36 (KHTML, like Gecko) Chrome/103.0.0.0 Safari/537.36"
66.29.132.124 - - [11/Jan/2025:03:05:16 -0500] "POST /wp-cron.php?doing_wp_cron=1736582715.5478389263153076171875 HTTP/1.1" 200 0 "-" "WordPress/6.7.1; https://misswavenigeria.com"
66.29.132.124 - - [11/Jan/2025:03:05:17 -0500] "POST /wp-admin/admin-ajax.php?action=async_litespeed&nonce=1CpsqOjkkYOLJn3Iu5p2FxIrcqYWCNVx&litespeed_type=imgoptm HTTP/1.1" 200 0 "-" "WordPress/6.7.1; https://misswavenigeria.com"
194.32.122.41 - - [11/Jan/2025:03:05:14 -0500] "POST /register/ HTTP/1.0" 200 0 "https://misswavenigeria.com/register/" "Mozilla/5.0 (Windows NT 6.1; Win64; x64) AppleWebKit/537.36 (KHTML, like Gecko) Chrome/103.0.0.0 Safari/537.36"
194.32.122.41 - - [11/Jan/2025:03:07:44 -0500] "GET /register/ HTTP/1.0" 200 75934 "https://misswavenigeria.com/" "Mozilla/5.0 (Windows NT 6.1; Win64; x64) AppleWebKit/537.36 (KHTML, like Gecko) Chrome/103.0.0.0 Safari/537.36"
194.32.122.41 - - [11/Jan/2025:03:08:16 -0500] "GET / HTTP/1.0" 200 109063 "https://misswavenigeria.com/" "Mozilla/5.0 (Windows NT 6.2; Win64; x64) AppleWebKit/537.36 (KHTML, like Gecko) Chrome/103.0.0.0 Safari/537.36"
194.32.122.41 - - [11/Jan/2025:03:08:19 -0500] "GET /register/ HTTP/1.0" 200 75934 "https://misswavenigeria.com/register/" "Mozilla/5.0 (Windows NT 6.2; Win64; x64) AppleWebKit/537.36 (KHTML, like Gecko) Chrome/103.0.0.0 Safari/537.36"
66.29.132.124 - - [11/Jan/2025:03:08:21 -0500] "POST /wp-cron.php?doing_wp_cron=1736582901.8221189975738525390625 HTTP/1.1" 200 0 "-" "WordPress/6.7.1; https://misswavenigeria.com"
66.29.132.124 - - [11/Jan/2025:03:08:22 -0500] "POST /wp-admin/admin-ajax.php?action=async_litespeed&nonce=mEx8rGP5mq9ZjIqqojqRYQKmZu6FFlYk&litespeed_type=imgoptm HTTP/1.1" 200 21 "-" "WordPress/6.7.1; https://misswavenigeria.com"
194.32.122.41 - - [11/Jan/2025:03:08:21 -0500] "POST /register/ HTTP/1.0" 200 0 "https://misswavenigeria.com/register/" "Mozilla/5.0 (Windows NT 6.2; Win64; x64) AppleWebKit/537.36 (KHTML, like Gecko) Chrome/103.0.0.0 Safari/537.36"
194.32.122.41 - - [11/Jan/2025:03:10:51 -0500] "GET /register/ HTTP/1.0" 200 75934 "https://misswavenigeria.com/" "Mozilla/5.0 (Windows NT 6.2; Win64; x64) AppleWebKit/537.36 (KHTML, like Gecko) Chrome/103.0.0.0 Safari/537.36"
194.32.122.41 - - [11/Jan/2025:03:11:30 -0500] "GET / HTTP/1.0" 200 109063 "https://misswavenigeria.com/" "Mozilla/5.0 (Windows NT 6.1; Win64; x64) AppleWebKit/537.36 (KHTML, like Gecko) Chrome/103.0.0.0 Safari/537.36"
194.32.122.41 - - [11/Jan/2025:03:11:32 -0500] "GET /register/ HTTP/1.0" 200 75934 "https://misswavenigeria.com/register/" "Mozilla/5.0 (Windows NT 6.1; Win64; x64) AppleWebKit/537.36 (KHTML, like Gecko) Chrome/103.0.0.0 Safari/537.36"
66.29.132.124 - - [11/Jan/2025:03:11:34 -0500] "POST /wp-cron.php?doing_wp_cron=1736583094.9139480590820312500000 HTTP/1.1" 200 0 "-" "WordPress/6.7.1; https://misswavenigeria.com"
66.29.132.124 - - [11/Jan/2025:03:11:35 -0500] "POST /wp-admin/admin-ajax.php?action=async_litespeed&nonce=TI35ZpnoupVDXL3g8W8sqEGYpnkw3w6t&litespeed_type=imgoptm HTTP/1.1" 200 21 "-" "WordPress/6.7.1; https://misswavenigeria.com"
194.32.122.41 - - [11/Jan/2025:03:11:34 -0500] "POST /register/ HTTP/1.0" 200 76060 "https://misswavenigeria.com/register/" "Mozilla/5.0 (Windows NT 6.1; Win64; x64) AppleWebKit/537.36 (KHTML, like Gecko) Chrome/103.0.0.0 Safari/537.36"
66.29.132.124 - - [11/Jan/2025:03:13:58 -0500] "POST /wp-cron.php?doing_wp_cron=1736583238.2986140251159667968750 HTTP/1.1" 200 0 "-" "WordPress/6.7.1; https://misswavenigeria.com"
194.32.122.41 - - [11/Jan/2025:03:13:58 -0500] "GET /register/ HTTP/1.0" 200 75934 "https://misswavenigeria.com/" "Mozilla/5.0 (Windows NT 6.1; Win64; x64) AppleWebKit/537.36 (KHTML, like Gecko) Chrome/103.0.0.0 Safari/537.36"
66.29.132.124 - - [11/Jan/2025:03:13:58 -0500] "POST /wp-admin/admin-ajax.php?action=async_litespeed&nonce=2prn2QFjkDgXdmo9U1UAYnxhurZGjV26&litespeed_type=imgoptm HTTP/1.1" 200 21 "-" "WordPress/6.7.1; https://misswavenigeria.com"
66.29.132.124 - - [11/Jan/2025:03:14:44 -0500] "POST /wp-cron.php?doing_wp_cron=1736583284.1345229148864746093750 HTTP/1.1" 200 0 "-" "WordPress/6.7.1; https://misswavenigeria.com"
194.32.122.41 - - [11/Jan/2025:03:14:43 -0500] "GET / HTTP/1.0" 200 109067 "https://misswavenigeria.com/" "Mozilla/5.0 (Windows NT 6.1; Win64; x64) AppleWebKit/537.36 (KHTML, like Gecko) Chrome/103.0.5060.66 Safari/537.36"
194.32.122.41 - - [11/Jan/2025:03:14:46 -0500] "GET /register/ HTTP/1.0" 200 75934 "https://misswavenigeria.com/register/" "Mozilla/5.0 (Windows NT 6.1; Win64; x64) AppleWebKit/537.36 (KHTML, like Gecko) Chrome/103.0.5060.66 Safari/537.36"
194.32.122.41 - - [11/Jan/2025:03:14:48 -0500] "POST /register/ HTTP/1.0" 200 76060 "https://misswavenigeria.com/register/" "Mozilla/5.0 (Windows NT 6.1; Win64; x64) AppleWebKit/537.36 (KHTML, like Gecko) Chrome/103.0.5060.66 Safari/537.36"
66.29.132.124 - - [11/Jan/2025:03:16:58 -0500] "POST /wp-cron.php?doing_wp_cron=1736583418.6223220825195312500000 HTTP/1.1" 200 0 "-" "WordPress/6.7.1; https://misswavenigeria.com"
194.32.122.41 - - [11/Jan/2025:03:16:58 -0500] "GET /register/ HTTP/1.0" 200 75934 "https://misswavenigeria.com/" "Mozilla/5.0 (Windows NT 6.1; Win64; x64) AppleWebKit/537.36 (KHTML, like Gecko) Chrome/103.0.5060.66 Safari/537.36"
66.29.132.124 - - [11/Jan/2025:03:16:58 -0500] "POST /wp-admin/admin-ajax.php?action=async_litespeed&nonce=2CAHv1Emv8ug33j5KEE9ITzBBMRXYGx7&litespeed_type=imgoptm HTTP/1.1" 200 21 "-" "WordPress/6.7.1; https://misswavenigeria.com"
66.29.132.124 - - [11/Jan/2025:03:17:56 -0500] "POST /wp-cron.php?doing_wp_cron=1736583476.6113181114196777343750 HTTP/1.1" 200 0 "-" "WordPress/6.7.1; https://misswavenigeria.com"
194.32.122.41 - - [11/Jan/2025:03:17:56 -0500] "GET / HTTP/1.0" 200 109067 "https://misswavenigeria.com/" "Mozilla/5.0 (Windows NT 10.0; Win64; x64) AppleWebKit/537.36 (KHTML, like Gecko) Chrome/103.0.0.0 Safari/537.36"
66.29.132.124 - - [11/Jan/2025:03:17:56 -0500] "POST /wp-admin/admin-ajax.php?action=async_litespeed&nonce=q5mfvZl09VwoeCJFSW3Hl5TKZLYfyNJZ&litespeed_type=imgoptm HTTP/1.1" 200 21 "-" "WordPress/6.7.1; https://misswavenigeria.com"
194.32.122.41 - - [11/Jan/2025:03:17:58 -0500] "GET /register/ HTTP/1.0" 200 75934 "https://misswavenigeria.com/register/" "Mozilla/5.0 (Windows NT 10.0; Win64; x64) AppleWebKit/537.36 (KHTML, like Gecko) Chrome/103.0.0.0 Safari/537.36"
194.32.122.41 - - [11/Jan/2025:03:18:00 -0500] "POST /register/ HTTP/1.0" 200 76060 "https://misswavenigeria.com/register/" "Mozilla/5.0 (Windows NT 10.0; Win64; x64) AppleWebKit/537.36 (KHTML, like Gecko) Chrome/103.0.0.0 Safari/537.36"
66.29.132.124 - - [11/Jan/2025:03:19:54 -0500] "POST /wp-cron.php?doing_wp_cron=1736583593.9939699172973632812500 HTTP/1.1" 200 0 "-" "WordPress/6.7.1; https://misswavenigeria.com"
194.32.122.41 - - [11/Jan/2025:03:19:53 -0500] "GET /register/ HTTP/1.0" 200 75934 "https://misswavenigeria.com/" "Mozilla/5.0 (Windows NT 10.0; Win64; x64) AppleWebKit/537.36 (KHTML, like Gecko) Chrome/103.0.0.0 Safari/537.36"
66.29.132.124 - - [11/Jan/2025:03:19:54 -0500] "POST /wp-admin/admin-ajax.php?action=async_litespeed&nonce=aZyFBf5ML4S8ozFHzxw3uWodTKv7Ka0D&litespeed_type=imgoptm HTTP/1.1" 200 21 "-" "WordPress/6.7.1; https://misswavenigeria.com"
66.29.132.124 - - [11/Jan/2025:03:21:10 -0500] "POST /wp-cron.php?doing_wp_cron=1736583670.1536679267883300781250 HTTP/1.1" 200 0 "-" "WordPress/6.7.1; https://misswavenigeria.com"
194.32.122.41 - - [11/Jan/2025:03:21:09 -0500] "GET / HTTP/1.0" 200 109065 "https://misswavenigeria.com/" "Mozilla/5.0 (Windows NT 6.3) AppleWebKit/537.36 (KHTML, like Gecko) Chrome/103.0.0.0 Safari/537.36"
66.29.132.124 - - [11/Jan/2025:03:21:10 -0500] "POST /wp-admin/admin-ajax.php?action=async_litespeed&nonce=IGDlTiC2CwISWYm3aSIBCF5cgNNoCZpa&litespeed_type=imgoptm HTTP/1.1" 200 21 "-" "WordPress/6.7.1; https://misswavenigeria.com"
194.32.122.41 - - [11/Jan/2025:03:21:12 -0500] "GET /register/ HTTP/1.0" 200 75934 "https://misswavenigeria.com/register/" "Mozilla/5.0 (Windows NT 6.3) AppleWebKit/537.36 (KHTML, like Gecko) Chrome/103.0.0.0 Safari/537.36"
194.32.122.41 - - [11/Jan/2025:03:21:14 -0500] "POST /register/ HTTP/1.0" 200 0 "https://misswavenigeria.com/register/" "Mozilla/5.0 (Windows NT 6.3) AppleWebKit/537.36 (KHTML, like Gecko) Chrome/103.0.0.0 Safari/537.36"
194.32.122.41 - - [11/Jan/2025:03:23:45 -0500] "GET /register/ HTTP/1.0" 200 75934 "https://misswavenigeria.com/" "Mozilla/5.0 (Windows NT 6.3) AppleWebKit/537.36 (KHTML, like Gecko) Chrome/103.0.0.0 Safari/537.36"
194.32.122.41 - - [11/Jan/2025:03:24:26 -0500] "GET / HTTP/1.0" 200 109065 "https://misswavenigeria.com/" "Mozilla/5.0 (Windows NT 6.1; WOW64) AppleWebKit/537.36 (KHTML, like Gecko) Chrome/103.0.0.0 Safari/537.36"
194.32.122.41 - - [11/Jan/2025:03:24:28 -0500] "GET /register/ HTTP/1.0" 200 75934 "https://misswavenigeria.com/register/" "Mozilla/5.0 (Windows NT 6.1; WOW64) AppleWebKit/537.36 (KHTML, like Gecko) Chrome/103.0.0.0 Safari/537.36"
66.29.132.124 - - [11/Jan/2025:03:24:30 -0500] "POST /wp-cron.php?doing_wp_cron=1736583870.7194850444793701171875 HTTP/1.1" 200 0 "-" "WordPress/6.7.1; https://misswavenigeria.com"
66.29.132.124 - - [11/Jan/2025:03:24:31 -0500] "POST /wp-admin/admin-ajax.php?action=async_litespeed&nonce=l8K7LhGfT35kQqSLsASdpXufyFhFV1lZ&litespeed_type=imgoptm HTTP/1.1" 200 21 "-" "WordPress/6.7.1; https://misswavenigeria.com"
194.32.122.41 - - [11/Jan/2025:03:24:30 -0500] "POST /register/ HTTP/1.0" 200 0 "https://misswavenigeria.com/register/" "Mozilla/5.0 (Windows NT 6.1; WOW64) AppleWebKit/537.36 (KHTML, like Gecko) Chrome/103.0.0.0 Safari/537.36"
194.32.122.41 - - [11/Jan/2025:03:27:00 -0500] "GET /register/ HTTP/1.0" 200 75934 "https://misswavenigeria.com/" "Mozilla/5.0 (Windows NT 6.1; WOW64) AppleWebKit/537.36 (KHTML, like Gecko) Chrome/103.0.0.0 Safari/537.36"
194.32.122.41 - - [11/Jan/2025:03:27:42 -0500] "GET / HTTP/1.0" 200 109065 "https://misswavenigeria.com/" "Mozilla/5.0 (Windows NT 6.1; WOW64) AppleWebKit/537.36 (KHTML, like Gecko) Chrome/103.0.0.0 Safari/537.36"
194.32.122.41 - - [11/Jan/2025:03:27:44 -0500] "GET /register/ HTTP/1.0" 200 75934 "https://misswavenigeria.com/register/" "Mozilla/5.0 (Windows NT 6.1; WOW64) AppleWebKit/537.36 (KHTML, like Gecko) Chrome/103.0.0.0 Safari/537.36"
66.29.132.124 - - [11/Jan/2025:03:27:46 -0500] "POST /wp-cron.php?doing_wp_cron=1736584066.4710659980773925781250 HTTP/1.1" 200 0 "-" "WordPress/6.7.1; https://misswavenigeria.com"
66.29.132.124 - - [11/Jan/2025:03:27:46 -0500] "POST /wp-admin/admin-ajax.php?action=async_litespeed&nonce=47odCP2e1CLgEnHi8ByGHwS9se1WtfbT&litespeed_type=imgoptm HTTP/1.1" 200 21 "-" "WordPress/6.7.1; https://misswavenigeria.com"
194.32.122.41 - - [11/Jan/2025:03:27:46 -0500] "POST /register/ HTTP/1.0" 200 0 "https://misswavenigeria.com/register/" "Mozilla/5.0 (Windows NT 6.1; WOW64) AppleWebKit/537.36 (KHTML, like Gecko) Chrome/103.0.0.0 Safari/537.36"
194.32.122.41 - - [11/Jan/2025:03:30:17 -0500] "GET /register/ HTTP/1.0" 200 75934 "https://misswavenigeria.com/" "Mozilla/5.0 (Windows NT 6.1; WOW64) AppleWebKit/537.36 (KHTML, like Gecko) Chrome/103.0.0.0 Safari/537.36"
194.32.122.41 - - [11/Jan/2025:03:30:57 -0500] "GET / HTTP/1.0" 200 109065 "https://misswavenigeria.com/" "Mozilla/5.0 (Windows NT 6.1; Win64; x64) AppleWebKit/537.36 (KHTML, like Gecko) Chrome/103.0.5060.114 Safari/537.36"
