194.32.122.41 - - [11/Jan/2025:10:11:56 -0500] "GET /register/ HTTP/1.0" 200 75934 "https://misswavenigeria.com/" "Mozilla/5.0 (Windows NT 6.1; Win64; x64) AppleWebKit/537.36 (KHTML, like Gecko) Chrome/103.0.5060.114 Safari/537.36"
66.29.132.124 - - [11/Jan/2025:10:11:57 -0500] "POST /wp-admin/admin-ajax.php?action=async_litespeed&nonce=IsxV9LL3NyDJeMUrrrgQRJwwfC0G8i9p&litespeed_type=imgoptm HTTP/1.1" 200 21 "-" "WordPress/6.7.1; https://misswavenigeria.com"
47.128.52.31 - - [11/Jan/2025:10:13:30 -0500] "GET /wp-includes/class-wp-user-request.php HTTP/1.1" 200 0 "-" "Mozilla/5.0 (Linux; Android 5.0) AppleWebKit/537.36 (KHTML, like Gecko) Mobile Safari/537.36 (compatible; Bytespider; spider-feedback@bytedance.com)"
66.249.79.4 - - [11/Jan/2025:10:13:30 -0500] "GET /goods/G59624?k=product HTTP/1.1" 200 68064 "-" "Mozilla/5.0 (Linux; Android 6.0.1; Nexus 5X Build/MMB29P) AppleWebKit/537.36 (KHTML, like Gecko) Chrome/131.0.6778.264 Mobile Safari/537.36 (compatible; Googlebot/2.1; +http://www.google.com/bot.html)"
66.29.132.124 - - [11/Jan/2025:10:13:40 -0500] "POST /wp-cron.php?doing_wp_cron=1736608420.5913510322570800781250 HTTP/1.1" 200 0 "-" "WordPress/6.7.1; https://misswavenigeria.com"
194.32.122.41 - - [11/Jan/2025:10:13:39 -0500] "GET / HTTP/1.0" 200 109067 "https://misswavenigeria.com/" "Mozilla/5.0 (Windows NT 10.0; Win64; x64) AppleWebKit/537.36 (KHTML, like Gecko) Chrome/103.0.5060.134 Safari/537.36"
66.29.132.124 - - [11/Jan/2025:10:13:40 -0500] "POST /wp-admin/admin-ajax.php?action=async_litespeed&nonce=FbHjrSA4GywHZplC6uulfL2jOvu0kJTY&litespeed_type=imgoptm HTTP/1.1" 200 21 "-" "WordPress/6.7.1; https://misswavenigeria.com"
194.32.122.41 - - [11/Jan/2025:10:13:42 -0500] "GET /register/ HTTP/1.0" 200 75934 "https://misswavenigeria.com/register/" "Mozilla/5.0 (Windows NT 10.0; Win64; x64) AppleWebKit/537.36 (KHTML, like Gecko) Chrome/103.0.5060.134 Safari/537.36"
194.32.122.41 - - [11/Jan/2025:10:13:44 -0500] "POST /register/ HTTP/1.0" 200 76060 "https://misswavenigeria.com/register/" "Mozilla/5.0 (Windows NT 10.0; Win64; x64) AppleWebKit/537.36 (KHTML, like Gecko) Chrome/103.0.5060.134 Safari/537.36"
66.29.132.124 - - [11/Jan/2025:10:15:38 -0500] "POST /wp-cron.php?doing_wp_cron=1736608538.7368729114532470703125 HTTP/1.1" 200 0 "-" "WordPress/6.7.1; https://misswavenigeria.com"
194.32.122.41 - - [11/Jan/2025:10:15:38 -0500] "GET /register/ HTTP/1.0" 200 75934 "https://misswavenigeria.com/" "Mozilla/5.0 (Windows NT 10.0; Win64; x64) AppleWebKit/537.36 (KHTML, like Gecko) Chrome/103.0.5060.134 Safari/537.36"
66.29.132.124 - - [11/Jan/2025:10:15:38 -0500] "POST /wp-admin/admin-ajax.php?action=async_litespeed&nonce=eUIXaxY7FhmQ74jZMoQVtNM0v3hNxJvJ&litespeed_type=imgoptm HTTP/1.1" 200 21 "-" "WordPress/6.7.1; https://misswavenigeria.com"
66.29.132.124 - - [11/Jan/2025:10:16:52 -0500] "POST /wp-cron.php?doing_wp_cron=1736608612.8992540836334228515625 HTTP/1.1" 200 0 "-" "WordPress/6.7.1; https://misswavenigeria.com"
194.32.122.41 - - [11/Jan/2025:10:16:52 -0500] "GET / HTTP/1.0" 200 109065 "https://misswavenigeria.com/" "Mozilla/5.0 (Windows NT 10.0; Win64; x64) AppleWebKit/537.36 (KHTML, like Gecko) Chrome/103.0.5060.66 Safari/537.36"
66.29.132.124 - - [11/Jan/2025:10:16:53 -0500] "POST /wp-admin/admin-ajax.php?action=async_litespeed&nonce=sMrWrbQujZOMu6O7xkB8uQ59TS23ESKD&litespeed_type=imgoptm HTTP/1.1" 200 21 "-" "WordPress/6.7.1; https://misswavenigeria.com"
194.32.122.41 - - [11/Jan/2025:10:16:55 -0500] "GET /register/ HTTP/1.0" 200 75934 "https://misswavenigeria.com/register/" "Mozilla/5.0 (Windows NT 10.0; Win64; x64) AppleWebKit/537.36 (KHTML, like Gecko) Chrome/103.0.5060.66 Safari/537.36"
194.32.122.41 - - [11/Jan/2025:10:16:57 -0500] "POST /register/ HTTP/1.0" 200 76060 "https://misswavenigeria.com/register/" "Mozilla/5.0 (Windows NT 10.0; Win64; x64) AppleWebKit/537.36 (KHTML, like Gecko) Chrome/103.0.5060.66 Safari/537.36"
66.29.132.124 - - [11/Jan/2025:10:18:14 -0500] "POST /wp-cron.php?doing_wp_cron=1736608694.0598580837249755859375 HTTP/1.1" 200 0 "-" "WordPress/6.7.1; https://misswavenigeria.com"
194.32.122.41 - - [11/Jan/2025:10:18:13 -0500] "GET /register/ HTTP/1.0" 200 75934 "https://misswavenigeria.com/" "Mozilla/5.0 (Windows NT 10.0; Win64; x64) AppleWebKit/537.36 (KHTML, like Gecko) Chrome/103.0.5060.66 Safari/537.36"
66.29.132.124 - - [11/Jan/2025:10:18:14 -0500] "POST /wp-admin/admin-ajax.php?action=async_litespeed&nonce=J5RPybkWlpfBexjbNswtxtnGCkHuUMjP&litespeed_type=imgoptm HTTP/1.1" 200 21 "-" "WordPress/6.7.1; https://misswavenigeria.com"
66.29.132.124 - - [11/Jan/2025:10:20:19 -0500] "POST /wp-cron.php?doing_wp_cron=1736608819.6265048980712890625000 HTTP/1.1" 200 0 "-" "WordPress/6.7.1; https://misswavenigeria.com"
194.32.122.41 - - [11/Jan/2025:10:20:17 -0500] "GET / HTTP/1.0" 200 109067 "https://misswavenigeria.com/" "Mozilla/5.0 (Windows NT 6.1; Win64; x64) AppleWebKit/537.36 (KHTML, like Gecko) Chrome/103.0.0.0 Safari/537.36"
66.29.132.124 - - [11/Jan/2025:10:20:20 -0500] "POST /wp-admin/admin-ajax.php?action=async_litespeed&nonce=1RH9rMXmJUKtPFVcLVpSJ36Dcj7lFk6s&litespeed_type=imgoptm HTTP/1.1" 200 21 "-" "WordPress/6.7.1; https://misswavenigeria.com"
194.32.122.41 - - [11/Jan/2025:10:20:23 -0500] "GET /register/ HTTP/1.0" 200 75934 "https://misswavenigeria.com/register/" "Mozilla/5.0 (Windows NT 6.1; Win64; x64) AppleWebKit/537.36 (KHTML, like Gecko) Chrome/103.0.0.0 Safari/537.36"
66.29.132.124 - - [11/Jan/2025:10:20:26 -0500] "POST /wp-cron.php?doing_wp_cron=1736608826.2583649158477783203125 HTTP/1.1" 200 0 "-" "WordPress/6.7.1; https://misswavenigeria.com"
47.128.96.111 - - [11/Jan/2025:10:20:46 -0500] "GET /wp-includes/ID3/module.audio-video.asf.php HTTP/1.1" 200 0 "-" "Mozilla/5.0 (Linux; Android 5.0) AppleWebKit/537.36 (KHTML, like Gecko) Mobile Safari/537.36 (compatible; Bytespider; spider-feedback@bytedance.com)"
194.32.122.41 - - [11/Jan/2025:10:20:26 -0500] "POST /register/ HTTP/1.0" 200 76060 "https://misswavenigeria.com/register/" "Mozilla/5.0 (Windows NT 6.1; Win64; x64) AppleWebKit/537.36 (KHTML, like Gecko) Chrome/103.0.0.0 Safari/537.36"
66.29.132.124 - - [11/Jan/2025:10:21:55 -0500] "POST /wp-cron.php?doing_wp_cron=1736608915.0109410285949707031250 HTTP/1.1" 200 0 "-" "WordPress/6.7.1; https://misswavenigeria.com"
194.32.122.41 - - [11/Jan/2025:10:21:54 -0500] "GET /register/ HTTP/1.0" 200 75934 "https://misswavenigeria.com/" "Mozilla/5.0 (Windows NT 6.1; Win64; x64) AppleWebKit/537.36 (KHTML, like Gecko) Chrome/103.0.0.0 Safari/537.36"
66.29.132.124 - - [11/Jan/2025:10:21:55 -0500] "POST /wp-admin/admin-ajax.php?action=async_litespeed&nonce=7xl0TZojTPCCtqaTx6z6XedFqJ1fyVRv&litespeed_type=imgoptm HTTP/1.1" 200 21 "-" "WordPress/6.7.1; https://misswavenigeria.com"
66.29.132.124 - - [11/Jan/2025:10:23:26 -0500] "POST /wp-cron.php?doing_wp_cron=1736609005.9342279434204101562500 HTTP/1.1" 200 0 "-" "WordPress/6.7.1; https://misswavenigeria.com"
194.32.122.41 - - [11/Jan/2025:10:23:23 -0500] "GET / HTTP/1.0" 200 109065 "https://misswavenigeria.com/" "Mozilla/5.0 (Windows NT 6.3) AppleWebKit/537.36 (KHTML, like Gecko) Chrome/103.0.0.0 Safari/537.36"
66.29.132.124 - - [11/Jan/2025:10:23:26 -0500] "POST /wp-admin/admin-ajax.php?action=async_litespeed&nonce=Zklh7DRKlyyuxHgBlkUriL3KNCtDpLCv&litespeed_type=imgoptm HTTP/1.1" 200 21 "-" "WordPress/6.7.1; https://misswavenigeria.com"
194.32.122.41 - - [11/Jan/2025:10:23:28 -0500] "GET /register/ HTTP/1.0" 200 75934 "https://misswavenigeria.com/register/" "Mozilla/5.0 (Windows NT 6.3) AppleWebKit/537.36 (KHTML, like Gecko) Chrome/103.0.0.0 Safari/537.36"
66.249.68.69 - - [11/Jan/2025:10:24:54 -0500] "GET /goods/177173.html HTTP/1.1" 200 68074 "-" "Mozilla/5.0 (Linux; Android 6.0.1; Nexus 5X Build/MMB29P) AppleWebKit/537.36 (KHTML, like Gecko) Chrome/131.0.6778.264 Mobile Safari/537.36 (compatible; Googlebot/2.1; +http://www.google.com/bot.html)"
194.32.122.41 - - [11/Jan/2025:10:23:30 -0500] "POST /register/ HTTP/1.0" 200 76060 "https://misswavenigeria.com/register/" "Mozilla/5.0 (Windows NT 6.3) AppleWebKit/537.36 (KHTML, like Gecko) Chrome/103.0.0.0 Safari/537.36"
66.29.132.124 - - [11/Jan/2025:10:25:21 -0500] "POST /wp-cron.php?doing_wp_cron=1736609121.8775320053100585937500 HTTP/1.1" 200 0 "-" "WordPress/6.7.1; https://misswavenigeria.com"
194.32.122.41 - - [11/Jan/2025:10:25:21 -0500] "GET /register/ HTTP/1.0" 200 75934 "https://misswavenigeria.com/" "Mozilla/5.0 (Windows NT 6.3) AppleWebKit/537.36 (KHTML, like Gecko) Chrome/103.0.0.0 Safari/537.36"
66.29.132.124 - - [11/Jan/2025:10:25:22 -0500] "POST /wp-admin/admin-ajax.php?action=async_litespeed&nonce=VYElFpm6uRzMHmf6qMEBoSIxmZZw6J6Y&litespeed_type=imgoptm HTTP/1.1" 200 21 "-" "WordPress/6.7.1; https://misswavenigeria.com"
66.29.132.124 - - [11/Jan/2025:10:26:35 -0500] "POST /wp-cron.php?doing_wp_cron=1736609195.6584410667419433593750 HTTP/1.1" 200 0 "-" "WordPress/6.7.1; https://misswavenigeria.com"
194.32.122.41 - - [11/Jan/2025:10:26:35 -0500] "GET / HTTP/1.0" 200 109063 "https://misswavenigeria.com/" "Mozilla/5.0 (Windows NT 10.0) AppleWebKit/537.36 (KHTML, like Gecko) Chrome/103.0.0.0 Safari/537.36"
66.29.132.124 - - [11/Jan/2025:10:26:35 -0500] "POST /wp-admin/admin-ajax.php?action=async_litespeed&nonce=WFtOmexB105QYDToSso9SM4MNaYbTJYY&litespeed_type=imgoptm HTTP/1.1" 200 21 "-" "WordPress/6.7.1; https://misswavenigeria.com"
194.32.122.41 - - [11/Jan/2025:10:26:37 -0500] "GET /register/ HTTP/1.0" 200 75934 "https://misswavenigeria.com/register/" "Mozilla/5.0 (Windows NT 10.0) AppleWebKit/537.36 (KHTML, like Gecko) Chrome/103.0.0.0 Safari/537.36"
194.32.122.41 - - [11/Jan/2025:10:26:39 -0500] "POST /register/ HTTP/1.0" 200 76060 "https://misswavenigeria.com/register/" "Mozilla/5.0 (Windows NT 10.0) AppleWebKit/537.36 (KHTML, like Gecko) Chrome/103.0.0.0 Safari/537.36"
66.29.132.124 - - [11/Jan/2025:10:27:54 -0500] "POST /wp-cron.php?doing_wp_cron=1736609274.9670529365539550781250 HTTP/1.1" 200 0 "-" "WordPress/6.7.1; https://misswavenigeria.com"
194.32.122.41 - - [11/Jan/2025:10:27:54 -0500] "GET /register/ HTTP/1.0" 200 75934 "https://misswavenigeria.com/" "Mozilla/5.0 (Windows NT 10.0) AppleWebKit/537.36 (KHTML, like Gecko) Chrome/103.0.0.0 Safari/537.36"
66.29.132.124 - - [11/Jan/2025:10:27:55 -0500] "POST /wp-admin/admin-ajax.php?action=async_litespeed&nonce=6BAG2JgAMqoM6zyt5NZGnhkBzbTPAT8v&litespeed_type=imgoptm HTTP/1.1" 200 21 "-" "WordPress/6.7.1; https://misswavenigeria.com"
66.29.132.124 - - [11/Jan/2025:10:29:44 -0500] "POST /wp-cron.php?doing_wp_cron=1736609384.2557129859924316406250 HTTP/1.1" 200 0 "-" "WordPress/6.7.1; https://misswavenigeria.com"
194.32.122.41 - - [11/Jan/2025:10:29:42 -0500] "GET / HTTP/1.0" 200 109067 "https://misswavenigeria.com/" "Mozilla/5.0 (Windows NT 10.0; Win64; x64) AppleWebKit/537.36 (KHTML, like Gecko) Chrome/103.0.5060.114 Safari/537.36"
66.29.132.124 - - [11/Jan/2025:10:29:44 -0500] "POST /wp-admin/admin-ajax.php?action=async_litespeed&nonce=Rmjb0yWf9z8xsnWUf2beeh1wlIZgNCPz&litespeed_type=imgoptm HTTP/1.1" 200 21 "-" "WordPress/6.7.1; https://misswavenigeria.com"
194.32.122.41 - - [11/Jan/2025:10:29:46 -0500] "GET /register/ HTTP/1.0" 200 75934 "https://misswavenigeria.com/register/" "Mozilla/5.0 (Windows NT 10.0; Win64; x64) AppleWebKit/537.36 (KHTML, like Gecko) Chrome/103.0.5060.114 Safari/537.36"
194.32.122.41 - - [11/Jan/2025:10:29:48 -0500] "POST /register/ HTTP/1.0" 200 76060 "https://misswavenigeria.com/register/" "Mozilla/5.0 (Windows NT 10.0; Win64; x64) AppleWebKit/537.36 (KHTML, like Gecko) Chrome/103.0.5060.114 Safari/537.36"
66.29.132.124 - - [11/Jan/2025:10:31:28 -0500] "POST /wp-cron.php?doing_wp_cron=1736609488.6510250568389892578125 HTTP/1.1" 200 0 "-" "WordPress/6.7.1; https://misswavenigeria.com"
194.32.122.41 - - [11/Jan/2025:10:31:28 -0500] "GET /register/ HTTP/1.0" 200 75934 "https://misswavenigeria.com/" "Mozilla/5.0 (Windows NT 10.0; Win64; x64) AppleWebKit/537.36 (KHTML, like Gecko) Chrome/103.0.5060.114 Safari/537.36"
66.29.132.124 - - [11/Jan/2025:10:31:28 -0500] "POST /wp-admin/admin-ajax.php?action=async_litespeed&nonce=qxUlyYwDqxRxTYhH188Py5Cex4Pfd7en&litespeed_type=imgoptm HTTP/1.1" 200 21 "-" "WordPress/6.7.1; https://misswavenigeria.com"
66.29.132.124 - - [11/Jan/2025:10:32:50 -0500] "POST /wp-cron.php?doing_wp_cron=1736609570.2122650146484375000000 HTTP/1.1" 200 0 "-" "WordPress/6.7.1; https://misswavenigeria.com"
194.32.122.41 - - [11/Jan/2025:10:32:50 -0500] "GET / HTTP/1.0" 200 109067 "https://misswavenigeria.com/" "Mozilla/5.0 (Windows NT 6.3; Win64; x64) AppleWebKit/537.36 (KHTML, like Gecko) Chrome/103.0.5060.53 Safari/537.36"
66.29.132.124 - - [11/Jan/2025:10:32:50 -0500] "POST /wp-admin/admin-ajax.php?action=async_litespeed&nonce=q1qRSFdjG2dVryNhfZwi7WeI33H77Ioh&litespeed_type=imgoptm HTTP/1.1" 200 21 "-" "WordPress/6.7.1; https://misswavenigeria.com"
194.32.122.41 - - [11/Jan/2025:10:32:52 -0500] "GET /register/ HTTP/1.0" 200 75934 "https://misswavenigeria.com/register/" "Mozilla/5.0 (Windows NT 6.3; Win64; x64) AppleWebKit/537.36 (KHTML, like Gecko) Chrome/103.0.5060.53 Safari/537.36"
194.32.122.41 - - [11/Jan/2025:10:32:54 -0500] "POST /register/ HTTP/1.0" 200 76060 "https://misswavenigeria.com/register/" "Mozilla/5.0 (Windows NT 6.3; Win64; x64) AppleWebKit/537.36 (KHTML, like Gecko) Chrome/103.0.5060.53 Safari/537.36"
66.29.132.124 - - [11/Jan/2025:10:34:15 -0500] "POST /wp-cron.php?doing_wp_cron=1736609655.5957329273223876953125 HTTP/1.1" 200 0 "-" "WordPress/6.7.1; https://misswavenigeria.com"
194.32.122.41 - - [11/Jan/2025:10:34:15 -0500] "GET /register/ HTTP/1.0" 200 75934 "https://misswavenigeria.com/" "Mozilla/5.0 (Windows NT 6.3; Win64; x64) AppleWebKit/537.36 (KHTML, like Gecko) Chrome/103.0.5060.53 Safari/537.36"
66.29.132.124 - - [11/Jan/2025:10:34:15 -0500] "POST /wp-admin/admin-ajax.php?action=async_litespeed&nonce=IkM9jMU61dPCqGkzbnK9OxMZLInCFSCu&litespeed_type=imgoptm HTTP/1.1" 200 21 "-" "WordPress/6.7.1; https://misswavenigeria.com"
66.249.79.2 - - [11/Jan/2025:10:34:58 -0500] "GET /goods/M637870?k=product HTTP/1.1" 200 67985 "-" "Mozilla/5.0 (Linux; Android 6.0.1; Nexus 5X Build/MMB29P) AppleWebKit/537.36 (KHTML, like Gecko) Chrome/131.0.6778.264 Mobile Safari/537.36 (compatible; Googlebot/2.1; +http://www.google.com/bot.html)"
66.29.132.124 - - [11/Jan/2025:10:36:00 -0500] "POST /wp-cron.php?doing_wp_cron=1736609760.8337230682373046875000 HTTP/1.1" 200 0 "-" "WordPress/6.7.1; https://misswavenigeria.com"
194.32.122.41 - - [11/Jan/2025:10:36:00 -0500] "GET / HTTP/1.0" 200 109067 "https://misswavenigeria.com/" "Mozilla/5.0 (Windows NT 10.0) AppleWebKit/537.36 (KHTML, like Gecko) Chrome/103.0.0.0 Safari/537.36"
66.29.132.124 - - [11/Jan/2025:10:36:01 -0500] "POST /wp-admin/admin-ajax.php?action=async_litespeed&nonce=ccaqxQG7C24MA00TsRXgEbFmGXgiHCN3&litespeed_type=imgoptm HTTP/1.1" 200 21 "-" "WordPress/6.7.1; https://misswavenigeria.com"
194.32.122.41 - - [11/Jan/2025:10:36:03 -0500] "GET /register/ HTTP/1.0" 200 75934 "https://misswavenigeria.com/register/" "Mozilla/5.0 (Windows NT 10.0) AppleWebKit/537.36 (KHTML, like Gecko) Chrome/103.0.0.0 Safari/537.36"
194.32.122.41 - - [11/Jan/2025:10:36:04 -0500] "POST /register/ HTTP/1.0" 200 76060 "https://misswavenigeria.com/register/" "Mozilla/5.0 (Windows NT 10.0) AppleWebKit/537.36 (KHTML, like Gecko) Chrome/103.0.0.0 Safari/537.36"
66.29.132.124 - - [11/Jan/2025:10:37:34 -0500] "POST /wp-cron.php?doing_wp_cron=1736609853.9776320457458496093750 HTTP/1.1" 200 0 "-" "WordPress/6.7.1; https://misswavenigeria.com"
194.32.122.41 - - [11/Jan/2025:10:37:33 -0500] "GET /register/ HTTP/1.0" 200 75934 "https://misswavenigeria.com/" "Mozilla/5.0 (Windows NT 10.0) AppleWebKit/537.36 (KHTML, like Gecko) Chrome/103.0.0.0 Safari/537.36"
66.29.132.124 - - [11/Jan/2025:10:37:34 -0500] "POST /wp-admin/admin-ajax.php?action=async_litespeed&nonce=Ag11RaRWBzENgsmf4SxGXfxDeuFZkiBq&litespeed_type=imgoptm HTTP/1.1" 200 21 "-" "WordPress/6.7.1; https://misswavenigeria.com"
66.29.132.124 - - [11/Jan/2025:10:39:14 -0500] "POST /wp-cron.php?doing_wp_cron=1736609954.2770900726318359375000 HTTP/1.1" 200 0 "-" "WordPress/6.7.1; https://misswavenigeria.com"
194.32.122.41 - - [11/Jan/2025:10:39:11 -0500] "GET / HTTP/1.0" 200 109065 "https://misswavenigeria.com/" "Mozilla/5.0 (Windows NT 10.0; Win64; x64) AppleWebKit/537.36 (KHTML, like Gecko) Chrome/103.0.0.0 Safari/537.36 OpenWave/97.4.2043.44"
66.29.132.124 - - [11/Jan/2025:10:39:14 -0500] "POST /wp-admin/admin-ajax.php?action=async_litespeed&nonce=a5lnr7W0S6MyaLAa8puY4KcDkarwhJ1j&litespeed_type=imgoptm HTTP/1.1" 200 21 "-" "WordPress/6.7.1; https://misswavenigeria.com"
194.32.122.41 - - [11/Jan/2025:10:39:17 -0500] "GET /register/ HTTP/1.0" 200 75934 "https://misswavenigeria.com/register/" "Mozilla/5.0 (Windows NT 10.0; Win64; x64) AppleWebKit/537.36 (KHTML, like Gecko) Chrome/103.0.0.0 Safari/537.36 OpenWave/97.4.2043.44"
194.32.122.41 - - [11/Jan/2025:10:39:18 -0500] "POST /register/ HTTP/1.0" 200 0 "https://misswavenigeria.com/register/" "Mozilla/5.0 (Windows NT 10.0; Win64; x64) AppleWebKit/537.36 (KHTML, like Gecko) Chrome/103.0.0.0 Safari/537.36 OpenWave/97.4.2043.44"
194.32.122.41 - - [11/Jan/2025:10:41:49 -0500] "GET /register/ HTTP/1.0" 200 75934 "https://misswavenigeria.com/" "Mozilla/5.0 (Windows NT 10.0; Win64; x64) AppleWebKit/537.36 (KHTML, like Gecko) Chrome/103.0.0.0 Safari/537.36 OpenWave/97.4.2043.44"
194.32.122.41 - - [11/Jan/2025:10:42:29 -0500] "GET / HTTP/1.0" 200 109065 "https://misswavenigeria.com/" "Mozilla/5.0 (Windows NT 6.3; Win64; x64) AppleWebKit/537.36 (KHTML, like Gecko) Chrome/103.0.0.0 Safari/537.36"
194.32.122.41 - - [11/Jan/2025:10:42:31 -0500] "GET /register/ HTTP/1.0" 200 75934 "https://misswavenigeria.com/register/" "Mozilla/5.0 (Windows NT 6.3; Win64; x64) AppleWebKit/537.36 (KHTML, like Gecko) Chrome/103.0.0.0 Safari/537.36"
66.29.132.124 - - [11/Jan/2025:10:42:34 -0500] "POST /wp-cron.php?doing_wp_cron=1736610154.1254649162292480468750 HTTP/1.1" 200 0 "-" "WordPress/6.7.1; https://misswavenigeria.com"
66.29.132.124 - - [11/Jan/2025:10:42:34 -0500] "POST /wp-admin/admin-ajax.php?action=async_litespeed&nonce=rd3KSym8RgLrxAotXlZyJ9vJ9veCLAgr&litespeed_type=imgoptm HTTP/1.1" 200 21 "-" "WordPress/6.7.1; https://misswavenigeria.com"
14.155.184.18 - - [11/Jan/2025:10:43:56 -0500] "GET /robots.txt HTTP/1.1" 200 142 "-" "Mozilla/5.0 (Windows NT 10.0; Win64; x64) AppleWebKit/537.36 (KHTML, like Gecko) Chrome/74.0.3283.29 Safari/537.36"
194.32.122.41 - - [11/Jan/2025:10:42:33 -0500] "POST /register/ HTTP/1.0" 200 76060 "https://misswavenigeria.com/register/" "Mozilla/5.0 (Windows NT 6.3; Win64; x64) AppleWebKit/537.36 (KHTML, like Gecko) Chrome/103.0.0.0 Safari/537.36"
66.29.132.124 - - [11/Jan/2025:10:44:29 -0500] "POST /wp-cron.php?doing_wp_cron=1736610269.1871581077575683593750 HTTP/1.1" 200 0 "-" "WordPress/6.7.1; https://misswavenigeria.com"
194.32.122.41 - - [11/Jan/2025:10:44:28 -0500] "GET /register/ HTTP/1.0" 200 75934 "https://misswavenigeria.com/" "Mozilla/5.0 (Windows NT 6.3; Win64; x64) AppleWebKit/537.36 (KHTML, like Gecko) Chrome/103.0.0.0 Safari/537.36"
66.29.132.124 - - [11/Jan/2025:10:44:29 -0500] "POST /wp-admin/admin-ajax.php?action=async_litespeed&nonce=AjUJkYktjGFUIUXM1N9nR1mBpTB4UZ0k&litespeed_type=imgoptm HTTP/1.1" 200 21 "-" "WordPress/6.7.1; https://misswavenigeria.com"
66.29.132.124 - - [11/Jan/2025:10:45:44 -0500] "POST /wp-cron.php?doing_wp_cron=1736610344.5072278976440429687500 HTTP/1.1" 200 0 "-" "WordPress/6.7.1; https://misswavenigeria.com"
194.32.122.41 - - [11/Jan/2025:10:45:44 -0500] "GET / HTTP/1.0" 200 109065 "https://misswavenigeria.com/" "Mozilla/5.0 (Windows NT 10.0; Win64; x64) AppleWebKit/537.36 (KHTML, like Gecko) Chrome/103.0.5042.0 Safari/537.36"
66.29.132.124 - - [11/Jan/2025:10:45:44 -0500] "POST /wp-admin/admin-ajax.php?action=async_litespeed&nonce=VUt4wTCRcJC7n93CL7K23j1ss0y0nrAk&litespeed_type=imgoptm HTTP/1.1" 200 21 "-" "WordPress/6.7.1; https://misswavenigeria.com"
194.32.122.41 - - [11/Jan/2025:10:45:46 -0500] "GET /register/ HTTP/1.0" 200 75934 "https://misswavenigeria.com/register/" "Mozilla/5.0 (Windows NT 10.0; Win64; x64) AppleWebKit/537.36 (KHTML, like Gecko) Chrome/103.0.5042.0 Safari/537.36"
66.249.79.2 - - [11/Jan/2025:10:46:32 -0500] "GET /goods/N552201?k=product HTTP/1.1" 200 70377 "-" "Mozilla/5.0 (Linux; Android 6.0.1; Nexus 5X Build/MMB29P) AppleWebKit/537.36 (KHTML, like Gecko) Chrome/131.0.6778.264 Mobile Safari/537.36 (compatible; Googlebot/2.1; +http://www.google.com/bot.html)"
194.32.122.41 - - [11/Jan/2025:10:45:48 -0500] "POST /register/ HTTP/1.0" 200 76060 "https://misswavenigeria.com/register/" "Mozilla/5.0 (Windows NT 10.0; Win64; x64) AppleWebKit/537.36 (KHTML, like Gecko) Chrome/103.0.5042.0 Safari/537.36"
66.29.132.124 - - [11/Jan/2025:10:47:50 -0500] "POST /wp-cron.php?doing_wp_cron=1736610470.4271109104156494140625 HTTP/1.1" 200 0 "-" "WordPress/6.7.1; https://misswavenigeria.com"
194.32.122.41 - - [11/Jan/2025:10:47:50 -0500] "GET /register/ HTTP/1.0" 200 75934 "https://misswavenigeria.com/" "Mozilla/5.0 (Windows NT 10.0; Win64; x64) AppleWebKit/537.36 (KHTML, like Gecko) Chrome/103.0.5042.0 Safari/537.36"
66.29.132.124 - - [11/Jan/2025:10:47:50 -0500] "POST /wp-admin/admin-ajax.php?action=async_litespeed&nonce=oyJaretytxmo3B6Eo3Q4TCPuV5vYufI3&litespeed_type=imgoptm HTTP/1.1" 200 21 "-" "WordPress/6.7.1; https://misswavenigeria.com"
66.29.132.124 - - [11/Jan/2025:10:49:00 -0500] "POST /wp-cron.php?doing_wp_cron=1736610540.1380889415740966796875 HTTP/1.1" 200 0 "-" "WordPress/6.7.1; https://misswavenigeria.com"
194.32.122.41 - - [11/Jan/2025:10:48:59 -0500] "GET / HTTP/1.0" 200 109067 "https://misswavenigeria.com/" "Mozilla/5.0 (Windows NT 6.1; Win64; x64) AppleWebKit/537.36 (KHTML, like Gecko) Chrome/103.0.0.0 Safari/537.36"
66.29.132.124 - - [11/Jan/2025:10:49:00 -0500] "POST /wp-admin/admin-ajax.php?action=async_litespeed&nonce=fXSeyhTI3KFrtXT5SLSubtqc8bwNMUE4&litespeed_type=imgoptm HTTP/1.1" 200 21 "-" "WordPress/6.7.1; https://misswavenigeria.com"
194.32.122.41 - - [11/Jan/2025:10:49:02 -0500] "GET /register/ HTTP/1.0" 200 75934 "https://misswavenigeria.com/register/" "Mozilla/5.0 (Windows NT 6.1; Win64; x64) AppleWebKit/537.36 (KHTML, like Gecko) Chrome/103.0.0.0 Safari/537.36"
66.249.79.2 - - [11/Jan/2025:10:49:40 -0500] "GET /goods/M124188?k=product HTTP/1.1" 200 68789 "-" "Mozilla/5.0 (Linux; Android 6.0.1; Nexus 5X Build/MMB29P) AppleWebKit/537.36 (KHTML, like Gecko) Chrome/131.0.6778.264 Mobile Safari/537.36 (compatible; Googlebot/2.1; +http://www.google.com/bot.html)"
194.32.122.41 - - [11/Jan/2025:10:49:04 -0500] "POST /register/ HTTP/1.0" 200 76060 "https://misswavenigeria.com/register/" "Mozilla/5.0 (Windows NT 6.1; Win64; x64) AppleWebKit/537.36 (KHTML, like Gecko) Chrome/103.0.0.0 Safari/537.36"
66.29.132.124 - - [11/Jan/2025:10:51:14 -0500] "POST /wp-cron.php?doing_wp_cron=1736610674.0258328914642333984375 HTTP/1.1" 200 0 "-" "WordPress/6.7.1; https://misswavenigeria.com"
194.32.122.41 - - [11/Jan/2025:10:51:13 -0500] "GET /register/ HTTP/1.0" 200 75934 "https://misswavenigeria.com/" "Mozilla/5.0 (Windows NT 6.1; Win64; x64) AppleWebKit/537.36 (KHTML, like Gecko) Chrome/103.0.0.0 Safari/537.36"
66.29.132.124 - - [11/Jan/2025:10:51:14 -0500] "POST /wp-admin/admin-ajax.php?action=async_litespeed&nonce=FjrI6haVayQ8SIJrmVvnZee0DxcaNavk&litespeed_type=imgoptm HTTP/1.1" 200 21 "-" "WordPress/6.7.1; https://misswavenigeria.com"
66.29.132.124 - - [11/Jan/2025:10:52:15 -0500] "POST /wp-cron.php?doing_wp_cron=1736610735.7967300415039062500000 HTTP/1.1" 200 0 "-" "WordPress/6.7.1; https://misswavenigeria.com"
194.32.122.41 - - [11/Jan/2025:10:52:15 -0500] "GET / HTTP/1.0" 200 109067 "https://misswavenigeria.com/" "Mozilla/5.0 (Windows NT 6.1; Win64; x64) AppleWebKit/537.36 (KHTML, like Gecko) Chrome/103.0.0.0 Safari/537.36"
66.29.132.124 - - [11/Jan/2025:10:52:16 -0500] "POST /wp-admin/admin-ajax.php?action=async_litespeed&nonce=tcUCb15RXPM1mWwVtwDMXSK59CA0giqA&litespeed_type=imgoptm HTTP/1.1" 200 21 "-" "WordPress/6.7.1; https://misswavenigeria.com"
194.32.122.41 - - [11/Jan/2025:10:52:18 -0500] "GET /register/ HTTP/1.0" 200 75934 "https://misswavenigeria.com/register/" "Mozilla/5.0 (Windows NT 6.1; Win64; x64) AppleWebKit/537.36 (KHTML, like Gecko) Chrome/103.0.0.0 Safari/537.36"
194.32.122.41 - - [11/Jan/2025:10:52:19 -0500] "POST /register/ HTTP/1.0" 200 76060 "https://misswavenigeria.com/register/" "Mozilla/5.0 (Windows NT 6.1; Win64; x64) AppleWebKit/537.36 (KHTML, like Gecko) Chrome/103.0.0.0 Safari/537.36"
66.29.132.124 - - [11/Jan/2025:10:54:14 -0500] "POST /wp-cron.php?doing_wp_cron=1736610854.6594510078430175781250 HTTP/1.1" 200 0 "-" "WordPress/6.7.1; https://misswavenigeria.com"
194.32.122.41 - - [11/Jan/2025:10:54:14 -0500] "GET /register/ HTTP/1.0" 200 75934 "https://misswavenigeria.com/" "Mozilla/5.0 (Windows NT 6.1; Win64; x64) AppleWebKit/537.36 (KHTML, like Gecko) Chrome/103.0.0.0 Safari/537.36"
66.29.132.124 - - [11/Jan/2025:10:54:14 -0500] "POST /wp-admin/admin-ajax.php?action=async_litespeed&nonce=OsVEVExVdQxp5iDhouwHjLmBLyGO9zrR&litespeed_type=imgoptm HTTP/1.1" 200 21 "-" "WordPress/6.7.1; https://misswavenigeria.com"
66.249.79.2 - - [11/Jan/2025:10:54:23 -0500] "GET /goods/W185402?k=product HTTP/1.1" 200 69057 "-" "Mozilla/5.0 (Linux; Android 6.0.1; Nexus 5X Build/MMB29P) AppleWebKit/537.36 (KHTML, like Gecko) Chrome/131.0.6778.264 Mobile Safari/537.36 (compatible; Googlebot/2.1; +http://www.google.com/bot.html)"
51.8.102.6 - - [11/Jan/2025:10:54:29 -0500] "GET /robots.txt HTTP/1.1" 304 0 "-" "Mozilla/5.0 AppleWebKit/537.36 (KHTML, like Gecko); compatible; OAI-SearchBot/1.0; +https://openai.com/searchbot"
66.249.68.67 - - [11/Jan/2025:10:54:49 -0500] "GET /goods/707961.html HTTP/1.1" 200 70027 "-" "Mozilla/5.0 (Linux; Android 6.0.1; Nexus 5X Build/MMB29P) AppleWebKit/537.36 (KHTML, like Gecko) Chrome/131.0.6778.264 Mobile Safari/537.36 (compatible; Googlebot/2.1; +http://www.google.com/bot.html)"
66.29.132.124 - - [11/Jan/2025:10:55:26 -0500] "POST /wp-cron.php?doing_wp_cron=1736610926.1165890693664550781250 HTTP/1.1" 200 0 "-" "WordPress/6.7.1; https://misswavenigeria.com"
194.32.122.41 - - [11/Jan/2025:10:55:25 -0500] "GET / HTTP/1.0" 200 109067 "https://misswavenigeria.com/" "Mozilla/5.0 (Windows NT 10.0) AppleWebKit/537.36 (KHTML, like Gecko) Chrome/103.0.0.0 Safari/537.36"
66.29.132.124 - - [11/Jan/2025:10:55:26 -0500] "POST /wp-admin/admin-ajax.php?action=async_litespeed&nonce=WEHogzTiIf362dQszupoB8bTQa9bDHua&litespeed_type=imgoptm HTTP/1.1" 200 21 "-" "WordPress/6.7.1; https://misswavenigeria.com"
194.32.122.41 - - [11/Jan/2025:10:55:28 -0500] "GET /register/ HTTP/1.0" 200 75934 "https://misswavenigeria.com/register/" "Mozilla/5.0 (Windows NT 10.0) AppleWebKit/537.36 (KHTML, like Gecko) Chrome/103.0.0.0 Safari/537.36"
194.32.122.41 - - [11/Jan/2025:10:55:30 -0500] "POST /register/ HTTP/1.0" 200 76060 "https://misswavenigeria.com/register/" "Mozilla/5.0 (Windows NT 10.0) AppleWebKit/537.36 (KHTML, like Gecko) Chrome/103.0.0.0 Safari/537.36"
66.29.132.124 - - [11/Jan/2025:10:57:54 -0500] "POST /wp-cron.php?doing_wp_cron=1736611074.7342839241027832031250 HTTP/1.1" 200 0 "-" "WordPress/6.7.1; https://misswavenigeria.com"
194.32.122.41 - - [11/Jan/2025:10:57:54 -0500] "GET /register/ HTTP/1.0" 200 75934 "https://misswavenigeria.com/" "Mozilla/5.0 (Windows NT 10.0) AppleWebKit/537.36 (KHTML, like Gecko) Chrome/103.0.0.0 Safari/537.36"
66.29.132.124 - - [11/Jan/2025:10:57:54 -0500] "POST /wp-admin/admin-ajax.php?action=async_litespeed&nonce=y9vJNicfNt45ZU8FKVnDdtywBPL2IqgX&litespeed_type=imgoptm HTTP/1.1" 200 21 "-" "WordPress/6.7.1; https://misswavenigeria.com"
66.29.132.124 - - [11/Jan/2025:10:58:41 -0500] "POST /wp-cron.php?doing_wp_cron=1736611121.2623000144958496093750 HTTP/1.1" 200 0 "-" "WordPress/6.7.1; https://misswavenigeria.com"
194.32.122.41 - - [11/Jan/2025:10:58:41 -0500] "GET / HTTP/1.0" 200 109065 "https://misswavenigeria.com/" "Mozilla/5.0 (Windows NT 10.0; Win64; x64) AppleWebKit/537.36 (KHTML, like Gecko) Chrome/103.0.0.0 Safari/537.36"
194.32.122.41 - - [11/Jan/2025:10:58:44 -0500] "GET /register/ HTTP/1.0" 200 75934 "https://misswavenigeria.com/register/" "Mozilla/5.0 (Windows NT 10.0; Win64; x64) AppleWebKit/537.36 (KHTML, like Gecko) Chrome/103.0.0.0 Safari/537.36"
194.32.122.41 - - [11/Jan/2025:10:58:45 -0500] "POST /register/ HTTP/1.0" 200 76060 "https://misswavenigeria.com/register/" "Mozilla/5.0 (Windows NT 10.0; Win64; x64) AppleWebKit/537.36 (KHTML, like Gecko) Chrome/103.0.0.0 Safari/537.36"
66.29.132.124 - - [11/Jan/2025:11:00:46 -0500] "POST /wp-cron.php?doing_wp_cron=1736611246.2040359973907470703125 HTTP/1.1" 200 0 "-" "WordPress/6.7.1; https://misswavenigeria.com"
194.32.122.41 - - [11/Jan/2025:11:00:45 -0500] "GET /register/ HTTP/1.0" 200 75934 "https://misswavenigeria.com/" "Mozilla/5.0 (Windows NT 10.0; Win64; x64) AppleWebKit/537.36 (KHTML, like Gecko) Chrome/103.0.0.0 Safari/537.36"
66.29.132.124 - - [11/Jan/2025:11:00:46 -0500] "POST /wp-admin/admin-ajax.php?action=async_litespeed&nonce=106DQrV8QmR7zF513lPCeOhMoAuPr2Mi&litespeed_type=imgoptm HTTP/1.1" 200 21 "-" "WordPress/6.7.1; https://misswavenigeria.com"
66.29.132.124 - - [11/Jan/2025:11:01:55 -0500] "POST /wp-cron.php?doing_wp_cron=1736611315.3139309883117675781250 HTTP/1.1" 200 0 "-" "WordPress/6.7.1; https://misswavenigeria.com"
194.32.122.41 - - [11/Jan/2025:11:01:55 -0500] "GET / HTTP/1.0" 200 109065 "https://misswavenigeria.com/" "Mozilla/5.0 (Windows NT 6.1; Win64; x64) AppleWebKit/537.36 (KHTML, like Gecko) Chrome/103.0.5060.114 Safari/537.36"
66.29.132.124 - - [11/Jan/2025:11:01:55 -0500] "POST /wp-admin/admin-ajax.php?action=async_litespeed&nonce=sOMmux543dpB3XiRL3JPGnHdO7IW6tSd&litespeed_type=imgoptm HTTP/1.1" 200 21 "-" "WordPress/6.7.1; https://misswavenigeria.com"
194.32.122.41 - - [11/Jan/2025:11:01:57 -0500] "GET /register/ HTTP/1.0" 200 75934 "https://misswavenigeria.com/register/" "Mozilla/5.0 (Windows NT 6.1; Win64; x64) AppleWebKit/537.36 (KHTML, like Gecko) Chrome/103.0.5060.114 Safari/537.36"
66.249.79.3 - - [11/Jan/2025:11:02:23 -0500] "GET /goods/I207592?k=product HTTP/1.1" 200 69086 "-" "Mozilla/5.0 (Linux; Android 6.0.1; Nexus 5X Build/MMB29P) AppleWebKit/537.36 (KHTML, like Gecko) Chrome/131.0.6778.264 Mobile Safari/537.36 (compatible; Googlebot/2.1; +http://www.google.com/bot.html)"
194.32.122.41 - - [11/Jan/2025:11:01:59 -0500] "POST /register/ HTTP/1.0" 200 76060 "https://misswavenigeria.com/register/" "Mozilla/5.0 (Windows NT 6.1; Win64; x64) AppleWebKit/537.36 (KHTML, like Gecko) Chrome/103.0.5060.114 Safari/537.36"
66.29.132.124 - - [11/Jan/2025:11:03:35 -0500] "POST /wp-cron.php?doing_wp_cron=1736611415.4970688819885253906250 HTTP/1.1" 200 0 "-" "WordPress/6.7.1; https://misswavenigeria.com"
194.32.122.41 - - [11/Jan/2025:11:03:35 -0500] "GET /register/ HTTP/1.0" 200 75934 "https://misswavenigeria.com/" "Mozilla/5.0 (Windows NT 6.1; Win64; x64) AppleWebKit/537.36 (KHTML, like Gecko) Chrome/103.0.5060.114 Safari/537.36"
66.29.132.124 - - [11/Jan/2025:11:03:35 -0500] "POST /wp-admin/admin-ajax.php?action=async_litespeed&nonce=NkASPUFYv5TFZ4cmYABZp5Vc3WqlwJDs&litespeed_type=imgoptm HTTP/1.1" 200 21 "-" "WordPress/6.7.1; https://misswavenigeria.com"
66.29.132.124 - - [11/Jan/2025:11:05:10 -0500] "POST /wp-cron.php?doing_wp_cron=1736611510.7493169307708740234375 HTTP/1.1" 200 0 "-" "WordPress/6.7.1; https://misswavenigeria.com"
194.32.122.41 - - [11/Jan/2025:11:05:08 -0500] "GET / HTTP/1.0" 200 109065 "https://misswavenigeria.com/" "Mozilla/5.0 (Windows NT 10.0; Win64; x64) AppleWebKit/537.36 (KHTML, like Gecko) Chrome/103.0.5060.53 Safari/537.36"
66.29.132.124 - - [11/Jan/2025:11:05:11 -0500] "POST /wp-admin/admin-ajax.php?action=async_litespeed&nonce=wb4GhniK4buQj06lUzzQ3TJ5s5FqE5VF&litespeed_type=imgoptm HTTP/1.1" 200 21 "-" "WordPress/6.7.1; https://misswavenigeria.com"
194.32.122.41 - - [11/Jan/2025:11:05:14 -0500] "GET /register/ HTTP/1.0" 200 75934 "https://misswavenigeria.com/register/" "Mozilla/5.0 (Windows NT 10.0; Win64; x64) AppleWebKit/537.36 (KHTML, like Gecko) Chrome/103.0.5060.53 Safari/537.36"
194.32.122.41 - - [11/Jan/2025:11:05:16 -0500] "POST /register/ HTTP/1.0" 200 76060 "https://misswavenigeria.com/register/" "Mozilla/5.0 (Windows NT 10.0; Win64; x64) AppleWebKit/537.36 (KHTML, like Gecko) Chrome/103.0.5060.53 Safari/537.36"
66.29.132.124 - - [11/Jan/2025:11:06:38 -0500] "POST /wp-cron.php?doing_wp_cron=1736611598.4285271167755126953125 HTTP/1.1" 200 0 "-" "WordPress/6.7.1; https://misswavenigeria.com"
194.32.122.41 - - [11/Jan/2025:11:06:38 -0500] "GET /register/ HTTP/1.0" 200 75934 "https://misswavenigeria.com/" "Mozilla/5.0 (Windows NT 10.0; Win64; x64) AppleWebKit/537.36 (KHTML, like Gecko) Chrome/103.0.5060.53 Safari/537.36"
66.29.132.124 - - [11/Jan/2025:11:06:38 -0500] "POST /wp-admin/admin-ajax.php?action=async_litespeed&nonce=JzwgvAMsNNrUp3wUqh9CJdnqHQ6gIrkK&litespeed_type=imgoptm HTTP/1.1" 200 21 "-" "WordPress/6.7.1; https://misswavenigeria.com"
66.29.132.124 - - [11/Jan/2025:11:08:21 -0500] "POST /wp-cron.php?doing_wp_cron=1736611701.3650350570678710937500 HTTP/1.1" 200 0 "-" "WordPress/6.7.1; https://misswavenigeria.com"
194.32.122.41 - - [11/Jan/2025:11:08:19 -0500] "GET / HTTP/1.0" 200 109067 "https://misswavenigeria.com/" "Mozilla/5.0 (Windows NT 6.1; Win64; x64) AppleWebKit/537.36 (KHTML, like Gecko) Chrome/103.0.5060.114 Safari/537.36"
66.29.132.124 - - [11/Jan/2025:11:08:21 -0500] "POST /wp-admin/admin-ajax.php?action=async_litespeed&nonce=0TA95sSlDrbij474HG7rjXBQtoEbtCsq&litespeed_type=imgoptm HTTP/1.1" 200 21 "-" "WordPress/6.7.1; https://misswavenigeria.com"
194.32.122.41 - - [11/Jan/2025:11:08:24 -0500] "GET /register/ HTTP/1.0" 200 75934 "https://misswavenigeria.com/register/" "Mozilla/5.0 (Windows NT 6.1; Win64; x64) AppleWebKit/537.36 (KHTML, like Gecko) Chrome/103.0.5060.114 Safari/537.36"
66.29.132.124 - - [11/Jan/2025:11:08:26 -0500] "POST /wp-cron.php?doing_wp_cron=1736611706.8200531005859375000000 HTTP/1.1" 200 0 "-" "WordPress/6.7.1; https://misswavenigeria.com"
194.32.122.41 - - [11/Jan/2025:11:08:26 -0500] "POST /register/ HTTP/1.0" 200 0 "https://misswavenigeria.com/register/" "Mozilla/5.0 (Windows NT 6.1; Win64; x64) AppleWebKit/537.36 (KHTML, like Gecko) Chrome/103.0.5060.114 Safari/537.36"
194.32.122.41 - - [11/Jan/2025:11:10:57 -0500] "GET /register/ HTTP/1.0" 200 75934 "https://misswavenigeria.com/" "Mozilla/5.0 (Windows NT 6.1; Win64; x64) AppleWebKit/537.36 (KHTML, like Gecko) Chrome/103.0.5060.114 Safari/537.36"
194.32.122.41 - - [11/Jan/2025:11:11:34 -0500] "GET / HTTP/1.0" 200 109067 "https://misswavenigeria.com/" "Mozilla/5.0 (Windows NT 10.0; Win64; x64) AppleWebKit/537.36 (KHTML, like Gecko) Chrome/103.0.5060.66 Safari/537.36"
194.32.122.41 - - [11/Jan/2025:11:11:36 -0500] "GET /register/ HTTP/1.0" 200 75934 "https://misswavenigeria.com/register/" "Mozilla/5.0 (Windows NT 10.0; Win64; x64) AppleWebKit/537.36 (KHTML, like Gecko) Chrome/103.0.5060.66 Safari/537.36"
66.29.132.124 - - [11/Jan/2025:11:11:39 -0500] "POST /wp-cron.php?doing_wp_cron=1736611899.6846199035644531250000 HTTP/1.1" 200 0 "-" "WordPress/6.7.1; https://misswavenigeria.com"
66.29.132.124 - - [11/Jan/2025:11:11:39 -0500] "POST /wp-admin/admin-ajax.php?action=async_litespeed&nonce=puPvjT2qudwLkgtV9aKbX5jYxQiYi4Lh&litespeed_type=imgoptm HTTP/1.1" 200 21 "-" "WordPress/6.7.1; https://misswavenigeria.com"
194.32.122.41 - - [11/Jan/2025:11:11:38 -0500] "POST /register/ HTTP/1.0" 200 0 "https://misswavenigeria.com/register/" "Mozilla/5.0 (Windows NT 10.0; Win64; x64) AppleWebKit/537.36 (KHTML, like Gecko) Chrome/103.0.5060.66 Safari/537.36"
194.32.122.41 - - [11/Jan/2025:11:14:09 -0500] "GET /register/ HTTP/1.0" 200 75934 "https://misswavenigeria.com/" "Mozilla/5.0 (Windows NT 10.0; Win64; x64) AppleWebKit/537.36 (KHTML, like Gecko) Chrome/103.0.5060.66 Safari/537.36"
66.249.79.4 - - [11/Jan/2025:11:14:24 -0500] "GET /goods/H857201?k=product HTTP/1.1" 200 68942 "-" "Mozilla/5.0 (Linux; Android 6.0.1; Nexus 5X Build/MMB29P) AppleWebKit/537.36 (KHTML, like Gecko) Chrome/131.0.6778.264 Mobile Safari/537.36 (compatible; Googlebot/2.1; +http://www.google.com/bot.html)"
194.32.122.41 - - [11/Jan/2025:11:14:52 -0500] "GET / HTTP/1.0" 200 109067 "https://misswavenigeria.com/" "Mozilla/5.0 (Windows NT 6.3; Win64; x64) AppleWebKit/537.36 (KHTML, like Gecko) Chrome/103.0.0.0 Safari/537.36"
194.32.122.41 - - [11/Jan/2025:11:14:55 -0500] "GET /register/ HTTP/1.0" 200 75934 "https://misswavenigeria.com/register/" "Mozilla/5.0 (Windows NT 6.3; Win64; x64) AppleWebKit/537.36 (KHTML, like Gecko) Chrome/103.0.0.0 Safari/537.36"
66.29.132.124 - - [11/Jan/2025:11:14:57 -0500] "POST /wp-cron.php?doing_wp_cron=1736612097.0323140621185302734375 HTTP/1.1" 200 0 "-" "WordPress/6.7.1; https://misswavenigeria.com"
66.29.132.124 - - [11/Jan/2025:11:14:57 -0500] "POST /wp-admin/admin-ajax.php?action=async_litespeed&nonce=Hakisn8ctD4JqeKxcoPdcHKpTVEVqj9z&litespeed_type=imgoptm HTTP/1.1" 200 21 "-" "WordPress/6.7.1; https://misswavenigeria.com"
194.32.122.41 - - [11/Jan/2025:11:14:56 -0500] "POST /register/ HTTP/1.0" 200 76060 "https://misswavenigeria.com/register/" "Mozilla/5.0 (Windows NT 6.3; Win64; x64) AppleWebKit/537.36 (KHTML, like Gecko) Chrome/103.0.0.0 Safari/537.36"
66.29.132.124 - - [11/Jan/2025:11:16:20 -0500] "POST /wp-cron.php?doing_wp_cron=1736612180.7336459159851074218750 HTTP/1.1" 200 0 "-" "WordPress/6.7.1; https://misswavenigeria.com"
194.32.122.41 - - [11/Jan/2025:11:16:20 -0500] "GET /register/ HTTP/1.0" 200 75934 "https://misswavenigeria.com/" "Mozilla/5.0 (Windows NT 6.3; Win64; x64) AppleWebKit/537.36 (KHTML, like Gecko) Chrome/103.0.0.0 Safari/537.36"
66.29.132.124 - - [11/Jan/2025:11:16:20 -0500] "POST /wp-admin/admin-ajax.php?action=async_litespeed&nonce=4BkYNmuQN7mhKo4rSDGg4Zio7VQlxjtX&litespeed_type=imgoptm HTTP/1.1" 200 21 "-" "WordPress/6.7.1; https://misswavenigeria.com"
47.128.61.194 - - [11/Jan/2025:11:16:48 -0500] "GET /wp-includes/IXR/class-IXR-request.php HTTP/1.1" 200 0 "-" "Mozilla/5.0 (Linux; Android 5.0) AppleWebKit/537.36 (KHTML, like Gecko) Mobile Safari/537.36 (compatible; Bytespider; spider-feedback@bytedance.com)"
66.29.132.124 - - [11/Jan/2025:11:18:09 -0500] "POST /wp-cron.php?doing_wp_cron=1736612289.1441740989685058593750 HTTP/1.1" 200 0 "-" "WordPress/6.7.1; https://misswavenigeria.com"
194.32.122.41 - - [11/Jan/2025:11:18:08 -0500] "GET / HTTP/1.0" 200 109065 "https://misswavenigeria.com/" "Mozilla/5.0 (Windows NT 6.3; Win64; x64) AppleWebKit/537.36 (KHTML, like Gecko) Chrome/103.0.5060.53 Safari/537.36"
66.29.132.124 - - [11/Jan/2025:11:18:09 -0500] "POST /wp-admin/admin-ajax.php?action=async_litespeed&nonce=vHVA8iJLDzUPOwN64oMFy0lRSyRf38H8&litespeed_type=imgoptm HTTP/1.1" 200 21 "-" "WordPress/6.7.1; https://misswavenigeria.com"
194.32.122.41 - - [11/Jan/2025:11:18:11 -0500] "GET /register/ HTTP/1.0" 200 75934 "https://misswavenigeria.com/register/" "Mozilla/5.0 (Windows NT 6.3; Win64; x64) AppleWebKit/537.36 (KHTML, like Gecko) Chrome/103.0.5060.53 Safari/537.36"
194.32.122.41 - - [11/Jan/2025:11:18:13 -0500] "POST /register/ HTTP/1.0" 200 76060 "https://misswavenigeria.com/register/" "Mozilla/5.0 (Windows NT 6.3; Win64; x64) AppleWebKit/537.36 (KHTML, like Gecko) Chrome/103.0.5060.53 Safari/537.36"
66.29.132.124 - - [11/Jan/2025:11:19:47 -0500] "POST /wp-cron.php?doing_wp_cron=1736612387.0220170021057128906250 HTTP/1.1" 200 0 "-" "WordPress/6.7.1; https://misswavenigeria.com"
194.32.122.41 - - [11/Jan/2025:11:19:46 -0500] "GET /register/ HTTP/1.0" 200 75934 "https://misswavenigeria.com/" "Mozilla/5.0 (Windows NT 6.3; Win64; x64) AppleWebKit/537.36 (KHTML, like Gecko) Chrome/103.0.5060.53 Safari/537.36"
66.29.132.124 - - [11/Jan/2025:11:19:47 -0500] "POST /wp-admin/admin-ajax.php?action=async_litespeed&nonce=rdDZewDPLCk7sMgpf5qCmlgL7I3B6UfA&litespeed_type=imgoptm HTTP/1.1" 200 21 "-" "WordPress/6.7.1; https://misswavenigeria.com"
47.128.45.64 - - [11/Jan/2025:11:20:48 -0500] "GET /wp-includes/assets/script-loader-packages.php HTTP/1.1" 200 0 "-" "Mozilla/5.0 (Linux; Android 5.0) AppleWebKit/537.36 (KHTML, like Gecko) Mobile Safari/537.36 (compatible; Bytespider; spider-feedback@bytedance.com)"
66.29.132.124 - - [11/Jan/2025:11:21:26 -0500] "POST /wp-cron.php?doing_wp_cron=1736612486.4903941154479980468750 HTTP/1.1" 200 0 "-" "WordPress/6.7.1; https://misswavenigeria.com"
194.32.122.41 - - [11/Jan/2025:11:21:26 -0500] "GET / HTTP/1.0" 200 109065 "https://misswavenigeria.com/" "Mozilla/5.0 (Windows NT 6.1; Win64; x64) AppleWebKit/537.36 (KHTML, like Gecko) Chrome/103.0.0.0 Safari/537.36"
66.29.132.124 - - [11/Jan/2025:11:21:26 -0500] "POST /wp-admin/admin-ajax.php?action=async_litespeed&nonce=GREvPxCeksw00OVtQx6QP4DKB10MJB08&litespeed_type=imgoptm HTTP/1.1" 200 21 "-" "WordPress/6.7.1; https://misswavenigeria.com"
194.32.122.41 - - [11/Jan/2025:11:21:28 -0500] "GET /register/ HTTP/1.0" 200 75934 "https://misswavenigeria.com/register/" "Mozilla/5.0 (Windows NT 6.1; Win64; x64) AppleWebKit/537.36 (KHTML, like Gecko) Chrome/103.0.0.0 Safari/537.36"
194.32.122.41 - - [11/Jan/2025:11:21:30 -0500] "POST /register/ HTTP/1.0" 200 76060 "https://misswavenigeria.com/register/" "Mozilla/5.0 (Windows NT 6.1; Win64; x64) AppleWebKit/537.36 (KHTML, like Gecko) Chrome/103.0.0.0 Safari/537.36"
66.29.132.124 - - [11/Jan/2025:11:22:56 -0500] "POST /wp-cron.php?doing_wp_cron=1736612576.4354059696197509765625 HTTP/1.1" 200 0 "-" "WordPress/6.7.1; https://misswavenigeria.com"
194.32.122.41 - - [11/Jan/2025:11:22:56 -0500] "GET /register/ HTTP/1.0" 200 75934 "https://misswavenigeria.com/" "Mozilla/5.0 (Windows NT 6.1; Win64; x64) AppleWebKit/537.36 (KHTML, like Gecko) Chrome/103.0.0.0 Safari/537.36"
66.29.132.124 - - [11/Jan/2025:11:22:56 -0500] "POST /wp-admin/admin-ajax.php?action=async_litespeed&nonce=1Nna3E9cmINhzu5rA4mlgWsySZqDoEdZ&litespeed_type=imgoptm HTTP/1.1" 200 21 "-" "WordPress/6.7.1; https://misswavenigeria.com"
66.29.132.124 - - [11/Jan/2025:11:24:41 -0500] "POST /wp-cron.php?doing_wp_cron=1736612681.6182610988616943359375 HTTP/1.1" 200 0 "-" "WordPress/6.7.1; https://misswavenigeria.com"
194.32.122.41 - - [11/Jan/2025:11:24:39 -0500] "GET / HTTP/1.0" 200 109065 "https://misswavenigeria.com/" "Mozilla/5.0 (Windows NT 6.1; WOW64) AppleWebKit/537.36 (KHTML, like Gecko) Chrome/103.0.0.0 Safari/537.36"
66.29.132.124 - - [11/Jan/2025:11:24:41 -0500] "POST /wp-admin/admin-ajax.php?action=async_litespeed&nonce=JAUYOM0ikfAGSdPYDtCZpjA4yygXaJI9&litespeed_type=imgoptm HTTP/1.1" 200 21 "-" "WordPress/6.7.1; https://misswavenigeria.com"
194.32.122.41 - - [11/Jan/2025:11:24:44 -0500] "GET /register/ HTTP/1.0" 200 75934 "https://misswavenigeria.com/register/" "Mozilla/5.0 (Windows NT 6.1; WOW64) AppleWebKit/537.36 (KHTML, like Gecko) Chrome/103.0.0.0 Safari/537.36"
47.128.51.54 - - [11/Jan/2025:11:24:48 -0500] "GET /wp-includes/rest-api/endpoints/class-wp-rest-menu-items-controller.php HTTP/1.1" 500 0 "-" "Mozilla/5.0 (Linux; Android 5.0) AppleWebKit/537.36 (KHTML, like Gecko) Mobile Safari/537.36 (compatible; Bytespider; spider-feedback@bytedance.com)"
194.32.122.41 - - [11/Jan/2025:11:24:45 -0500] "POST /register/ HTTP/1.0" 200 76060 "https://misswavenigeria.com/register/" "Mozilla/5.0 (Windows NT 6.1; WOW64) AppleWebKit/537.36 (KHTML, like Gecko) Chrome/103.0.0.0 Safari/537.36"
66.29.132.124 - - [11/Jan/2025:11:26:12 -0500] "POST /wp-cron.php?doing_wp_cron=1736612772.8249030113220214843750 HTTP/1.1" 200 0 "-" "WordPress/6.7.1; https://misswavenigeria.com"
194.32.122.41 - - [11/Jan/2025:11:26:12 -0500] "GET /register/ HTTP/1.0" 200 75934 "https://misswavenigeria.com/" "Mozilla/5.0 (Windows NT 6.1; WOW64) AppleWebKit/537.36 (KHTML, like Gecko) Chrome/103.0.0.0 Safari/537.36"
66.29.132.124 - - [11/Jan/2025:11:26:12 -0500] "POST /wp-admin/admin-ajax.php?action=async_litespeed&nonce=KoLOE4uk1OEImXN7ARRkdd4fWWIslHBj&litespeed_type=imgoptm HTTP/1.1" 200 21 "-" "WordPress/6.7.1; https://misswavenigeria.com"
66.249.79.3 - - [11/Jan/2025:11:26:43 -0500] "GET /guide/285 HTTP/1.1" 200 66927 "-" "Mozilla/5.0 (Linux; Android 6.0.1; Nexus 5X Build/MMB29P) AppleWebKit/537.36 (KHTML, like Gecko) Chrome/131.0.6778.264 Mobile Safari/537.36 (compatible; Googlebot/2.1; +http://www.google.com/bot.html)"
66.29.132.124 - - [11/Jan/2025:11:27:58 -0500] "POST /wp-cron.php?doing_wp_cron=1736612878.3668301105499267578125 HTTP/1.1" 200 0 "-" "WordPress/6.7.1; https://misswavenigeria.com"
194.32.122.41 - - [11/Jan/2025:11:27:58 -0500] "GET / HTTP/1.0" 200 109065 "https://misswavenigeria.com/" "Mozilla/5.0 (Windows NT 10.0; Win64; x64) AppleWebKit/537.36 (KHTML, like Gecko) Chrome/103.0.5060.66 Safari/537.36"
66.29.132.124 - - [11/Jan/2025:11:27:58 -0500] "POST /wp-admin/admin-ajax.php?action=async_litespeed&nonce=NwqhT01nNOCgPfRTlSUPLrm2SiRcKITr&litespeed_type=imgoptm HTTP/1.1" 200 21 "-" "WordPress/6.7.1; https://misswavenigeria.com"
194.32.122.41 - - [11/Jan/2025:11:28:00 -0500] "GET /register/ HTTP/1.0" 200 75934 "https://misswavenigeria.com/register/" "Mozilla/5.0 (Windows NT 10.0; Win64; x64) AppleWebKit/537.36 (KHTML, like Gecko) Chrome/103.0.5060.66 Safari/537.36"
66.249.79.3 - - [11/Jan/2025:11:28:44 -0500] "GET /goods/E946950?k=product HTTP/1.1" 200 71973 "-" "Mozilla/5.0 (Linux; Android 6.0.1; Nexus 5X Build/MMB29P) AppleWebKit/537.36 (KHTML, like Gecko) Chrome/131.0.6778.264 Mobile Safari/537.36 (compatible; Googlebot/2.1; +http://www.google.com/bot.html)"
194.32.122.41 - - [11/Jan/2025:11:28:03 -0500] "POST /register/ HTTP/1.0" 200 76060 "https://misswavenigeria.com/register/" "Mozilla/5.0 (Windows NT 10.0; Win64; x64) AppleWebKit/537.36 (KHTML, like Gecko) Chrome/103.0.5060.66 Safari/537.36"
66.29.132.124 - - [11/Jan/2025:11:29:19 -0500] "POST /wp-cron.php?doing_wp_cron=1736612959.5205559730529785156250 HTTP/1.1" 200 0 "-" "WordPress/6.7.1; https://misswavenigeria.com"
194.32.122.41 - - [11/Jan/2025:11:29:19 -0500] "GET /register/ HTTP/1.0" 200 75934 "https://misswavenigeria.com/" "Mozilla/5.0 (Windows NT 10.0; Win64; x64) AppleWebKit/537.36 (KHTML, like Gecko) Chrome/103.0.5060.66 Safari/537.36"
66.29.132.124 - - [11/Jan/2025:11:29:19 -0500] "POST /wp-admin/admin-ajax.php?action=async_litespeed&nonce=xs6aocuNuOhDzmzACdNoPyZxYC4S37Jh&litespeed_type=imgoptm HTTP/1.1" 200 21 "-" "WordPress/6.7.1; https://misswavenigeria.com"
66.29.132.124 - - [11/Jan/2025:11:31:15 -0500] "POST /wp-cron.php?doing_wp_cron=1736613075.0388429164886474609375 HTTP/1.1" 200 0 "-" "WordPress/6.7.1; https://misswavenigeria.com"
194.32.122.41 - - [11/Jan/2025:11:31:12 -0500] "GET / HTTP/1.0" 200 109065 "https://misswavenigeria.com/" "Mozilla/5.0 (Windows NT 6.1; Win64; x64) AppleWebKit/537.36 (KHTML, like Gecko) Chrome/103.0.0.0 Safari/537.36"
66.29.132.124 - - [11/Jan/2025:11:31:15 -0500] "POST /wp-admin/admin-ajax.php?action=async_litespeed&nonce=fxRb9iNmPVjbWP4K2aXv65XHjBVDcYsu&litespeed_type=imgoptm HTTP/1.1" 200 21 "-" "WordPress/6.7.1; https://misswavenigeria.com"
194.32.122.41 - - [11/Jan/2025:11:31:17 -0500] "GET /register/ HTTP/1.0" 200 75934 "https://misswavenigeria.com/register/" "Mozilla/5.0 (Windows NT 6.1; Win64; x64) AppleWebKit/537.36 (KHTML, like Gecko) Chrome/103.0.0.0 Safari/537.36"
194.32.122.41 - - [11/Jan/2025:11:31:19 -0500] "POST /register/ HTTP/1.0" 200 76060 "https://misswavenigeria.com/register/" "Mozilla/5.0 (Windows NT 6.1; Win64; x64) AppleWebKit/537.36 (KHTML, like Gecko) Chrome/103.0.0.0 Safari/537.36"
66.29.132.124 - - [11/Jan/2025:11:32:44 -0500] "POST /wp-cron.php?doing_wp_cron=1736613164.1000630855560302734375 HTTP/1.1" 200 0 "-" "WordPress/6.7.1; https://misswavenigeria.com"
194.32.122.41 - - [11/Jan/2025:11:32:43 -0500] "GET /register/ HTTP/1.0" 200 75934 "https://misswavenigeria.com/" "Mozilla/5.0 (Windows NT 6.1; Win64; x64) AppleWebKit/537.36 (KHTML, like Gecko) Chrome/103.0.0.0 Safari/537.36"
66.29.132.124 - - [11/Jan/2025:11:32:44 -0500] "POST /wp-admin/admin-ajax.php?action=async_litespeed&nonce=BNRQmEpasOccq2bcfRSxHhqbQZvo39FN&litespeed_type=imgoptm HTTP/1.1" 200 21 "-" "WordPress/6.7.1; https://misswavenigeria.com"
66.29.132.124 - - [11/Jan/2025:11:34:31 -0500] "POST /wp-cron.php?doing_wp_cron=1736613271.3195459842681884765625 HTTP/1.1" 200 0 "-" "WordPress/6.7.1; https://misswavenigeria.com"
194.32.122.41 - - [11/Jan/2025:11:34:29 -0500] "GET / HTTP/1.0" 200 109067 "https://misswavenigeria.com/" "Mozilla/5.0 (Windows NT 10.0; Win64; x64) AppleWebKit/537.36 (KHTML, like Gecko) Chrome/103.0.5060.114 Safari/537.36"
66.29.132.124 - - [11/Jan/2025:11:34:31 -0500] "POST /wp-admin/admin-ajax.php?action=async_litespeed&nonce=in5bNMJ7bsJwe2OMNw6zUnHEoSt8DRSN&litespeed_type=imgoptm HTTP/1.1" 200 21 "-" "WordPress/6.7.1; https://misswavenigeria.com"
194.32.122.41 - - [11/Jan/2025:11:34:33 -0500] "GET /register/ HTTP/1.0" 200 75934 "https://misswavenigeria.com/register/" "Mozilla/5.0 (Windows NT 10.0; Win64; x64) AppleWebKit/537.36 (KHTML, like Gecko) Chrome/103.0.5060.114 Safari/537.36"
194.32.122.41 - - [11/Jan/2025:11:34:35 -0500] "POST /register/ HTTP/1.0" 200 76060 "https://misswavenigeria.com/register/" "Mozilla/5.0 (Windows NT 10.0; Win64; x64) AppleWebKit/537.36 (KHTML, like Gecko) Chrome/103.0.5060.114 Safari/537.36"
66.29.132.124 - - [11/Jan/2025:11:36:02 -0500] "POST /wp-cron.php?doing_wp_cron=1736613362.2410290241241455078125 HTTP/1.1" 200 0 "-" "WordPress/6.7.1; https://misswavenigeria.com"
194.32.122.41 - - [11/Jan/2025:11:36:02 -0500] "GET /register/ HTTP/1.0" 200 75934 "https://misswavenigeria.com/" "Mozilla/5.0 (Windows NT 10.0; Win64; x64) AppleWebKit/537.36 (KHTML, like Gecko) Chrome/103.0.5060.114 Safari/537.36"
66.29.132.124 - - [11/Jan/2025:11:36:02 -0500] "POST /wp-admin/admin-ajax.php?action=async_litespeed&nonce=anbjKfAKkdGP5SmRboJqmD1sqPEmfTMS&litespeed_type=imgoptm HTTP/1.1" 200 21 "-" "WordPress/6.7.1; https://misswavenigeria.com"
