66.249.79.102 - - [11/Jan/2025:12:37:08 -0500] "GET /goods/861083.html HTTP/1.1" 200 68893 "-" "Mozilla/5.0 (Linux; Android 6.0.1; Nexus 5X Build/MMB29P) AppleWebKit/537.36 (KHTML, like Gecko) Chrome/131.0.6778.264 Mobile Safari/537.36 (compatible; Googlebot/2.1; +http://www.google.com/bot.html)"
194.32.122.41 - - [11/Jan/2025:12:36:12 -0500] "POST /register/ HTTP/1.0" 200 76060 "https://misswavenigeria.com/register/" "Mozilla/5.0 (Windows NT 6.1) AppleWebKit/537.36 (KHTML, like Gecko) Chrome/103.0.5060.114 Safari/537.36"
66.29.132.124 - - [11/Jan/2025:12:37:56 -0500] "POST /wp-cron.php?doing_wp_cron=1736617076.6095049381256103515625 HTTP/1.1" 200 0 "-" "WordPress/6.7.1; https://misswavenigeria.com"
194.32.122.41 - - [11/Jan/2025:12:37:56 -0500] "GET /register/ HTTP/1.0" 200 75934 "https://misswavenigeria.com/" "Mozilla/5.0 (Windows NT 6.1) AppleWebKit/537.36 (KHTML, like Gecko) Chrome/103.0.5060.114 Safari/537.36"
66.29.132.124 - - [11/Jan/2025:12:37:56 -0500] "POST /wp-admin/admin-ajax.php?action=async_litespeed&nonce=u1pbeca5JPForlAlTxxGBUG89VqMYDN2&litespeed_type=imgoptm HTTP/1.1" 200 21 "-" "WordPress/6.7.1; https://misswavenigeria.com"
66.29.132.124 - - [11/Jan/2025:12:39:00 -0500] "POST /wp-cron.php?doing_wp_cron=1736617140.7154779434204101562500 HTTP/1.1" 200 0 "-" "WordPress/6.7.1; https://misswavenigeria.com"
13.74.118.40 - - [11/Jan/2025:12:39:00 -0500] "GET /autoload_classmap.php HTTP/1.1" 404 67231 "-" "-"
66.29.132.124 - - [11/Jan/2025:12:39:00 -0500] "POST /wp-admin/admin-ajax.php?action=async_litespeed&nonce=92aU8VWQbziuBLImmzYFjhW4XOanfkhT&litespeed_type=imgoptm HTTP/1.1" 200 21 "-" "WordPress/6.7.1; https://misswavenigeria.com"
13.74.118.40 - - [11/Jan/2025:12:39:01 -0500] "GET /post.php HTTP/1.1" 404 67231 "-" "-"
13.74.118.40 - - [11/Jan/2025:12:39:02 -0500] "GET /1.php HTTP/1.1" 404 67231 "-" "-"
13.74.118.40 - - [11/Jan/2025:12:39:02 -0500] "GET /flower.php HTTP/1.1" 404 67231 "-" "-"
13.74.118.40 - - [11/Jan/2025:12:39:03 -0500] "GET /admin.php HTTP/1.1" 404 67231 "-" "-"
13.74.118.40 - - [11/Jan/2025:12:39:04 -0500] "GET /file.php HTTP/1.1" 404 67231 "-" "-"
13.74.118.40 - - [11/Jan/2025:12:39:05 -0500] "GET /meta.php HTTP/1.1" 404 67231 "-" "-"
13.74.118.40 - - [11/Jan/2025:12:39:06 -0500] "GET /index.php HTTP/1.1" 301 0 "-" "-"
13.74.118.40 - - [11/Jan/2025:12:39:06 -0500] "GET / HTTP/1.1" 200 109067 "-" "-"
13.74.118.40 - - [11/Jan/2025:12:39:07 -0500] "GET /about.php HTTP/1.1" 404 67231 "-" "-"
13.74.118.40 - - [11/Jan/2025:12:39:07 -0500] "GET /randkeyword.php HTTP/1.1" 404 67231 "-" "-"
13.74.118.40 - - [11/Jan/2025:12:39:08 -0500] "GET /goods.php HTTP/1.1" 404 67231 "-" "-"
13.74.118.40 - - [11/Jan/2025:12:39:09 -0500] "GET /hehe.php HTTP/1.1" 404 67231 "-" "-"
13.74.118.40 - - [11/Jan/2025:12:39:09 -0500] "GET /user.php HTTP/1.1" 404 67231 "-" "-"
66.249.79.104 - - [11/Jan/2025:12:39:09 -0500] "GET /goods/904051.html HTTP/1.1" 200 74262 "-" "Mozilla/5.0 (Linux; Android 6.0.1; Nexus 5X Build/MMB29P) AppleWebKit/537.36 (KHTML, like Gecko) Chrome/131.0.6778.264 Mobile Safari/537.36 (compatible; Googlebot/2.1; +http://www.google.com/bot.html)"
13.74.118.40 - - [11/Jan/2025:12:39:10 -0500] "GET /wp-2019.php HTTP/1.1" 404 67231 "-" "-"
13.74.118.40 - - [11/Jan/2025:12:39:11 -0500] "GET /chosen.php HTTP/1.1" 404 67231 "-" "-"
13.74.118.40 - - [11/Jan/2025:12:39:12 -0500] "GET /functions.php HTTP/1.1" 404 67231 "-" "-"
13.74.118.40 - - [11/Jan/2025:12:39:13 -0500] "GET /cron.php HTTP/1.1" 404 67231 "-" "-"
13.74.118.40 - - [11/Jan/2025:12:39:13 -0500] "GET /edit.php HTTP/1.1" 404 67231 "-" "-"
13.74.118.40 - - [11/Jan/2025:12:39:14 -0500] "GET /gecko-new.php HTTP/1.1" 404 67231 "-" "-"
13.74.118.40 - - [11/Jan/2025:12:39:15 -0500] "GET /cookie.php HTTP/1.1" 404 67231 "-" "-"
13.74.118.40 - - [11/Jan/2025:12:39:16 -0500] "GET /xleet.php HTTP/1.1" 404 67231 "-" "-"
13.74.118.40 - - [11/Jan/2025:12:39:17 -0500] "GET /spip.php HTTP/1.1" 404 67231 "-" "-"
13.74.118.40 - - [11/Jan/2025:12:39:17 -0500] "GET /22.php HTTP/1.1" 404 67231 "-" "-"
13.74.118.40 - - [11/Jan/2025:12:39:18 -0500] "GET /room.php HTTP/1.1" 404 67231 "-" "-"
13.74.118.40 - - [11/Jan/2025:12:39:19 -0500] "GET /disagreed.php HTTP/1.1" 404 67231 "-" "-"
13.74.118.40 - - [11/Jan/2025:12:39:19 -0500] "GET /text.php HTTP/1.1" 404 67231 "-" "-"
13.74.118.40 - - [11/Jan/2025:12:39:20 -0500] "GET /alfa-rex.php HTTP/1.1" 404 67231 "-" "-"
13.74.118.40 - - [11/Jan/2025:12:39:20 -0500] "GET /alfa-rex.php7 HTTP/1.1" 404 67231 "-" "-"
13.74.118.40 - - [11/Jan/2025:12:39:21 -0500] "GET /feeds.php HTTP/1.1" 404 67231 "-" "-"
13.74.118.40 - - [11/Jan/2025:12:39:21 -0500] "GET /radio.php HTTP/1.1" 404 67231 "-" "-"
13.74.118.40 - - [11/Jan/2025:12:39:22 -0500] "GET /dropdown.php HTTP/1.1" 404 67231 "-" "-"
13.74.118.40 - - [11/Jan/2025:12:39:23 -0500] "GET /defaults.php HTTP/1.1" 404 67231 "-" "-"
13.74.118.40 - - [11/Jan/2025:12:39:23 -0500] "GET /system.php HTTP/1.1" 404 67231 "-" "-"
13.74.118.40 - - [11/Jan/2025:12:39:24 -0500] "GET /colors.php HTTP/1.1" 404 67231 "-" "-"
66.29.132.124 - - [11/Jan/2025:12:39:25 -0500] "POST /wp-cron.php?doing_wp_cron=1736617165.3666799068450927734375 HTTP/1.1" 200 0 "-" "WordPress/6.7.1; https://misswavenigeria.com"
13.74.118.40 - - [11/Jan/2025:12:39:25 -0500] "GET /updates.php HTTP/1.1" 404 67231 "-" "-"
13.74.118.40 - - [11/Jan/2025:12:39:25 -0500] "GET /alfa-rex1.php HTTP/1.1" 404 67231 "-" "-"
13.74.118.40 - - [11/Jan/2025:12:39:26 -0500] "GET /wp-index.php HTTP/1.1" 404 67231 "-" "-"
13.74.118.40 - - [11/Jan/2025:12:39:27 -0500] "GET /wp-admin.php HTTP/1.1" 404 67231 "-" "-"
13.74.118.40 - - [11/Jan/2025:12:39:27 -0500] "GET /alfa.php HTTP/1.1" 404 67231 "-" "-"
13.74.118.40 - - [11/Jan/2025:12:39:28 -0500] "GET /alfanew.php7 HTTP/1.1" 404 67231 "-" "-"
13.74.118.40 - - [11/Jan/2025:12:39:29 -0500] "GET /locale.php HTTP/1.1" 404 67231 "-" "-"
13.74.118.40 - - [11/Jan/2025:12:39:29 -0500] "GET /wxo.php HTTP/1.1" 404 67231 "-" "-"
13.74.118.40 - - [11/Jan/2025:12:39:30 -0500] "GET /colour.php HTTP/1.1" 404 67231 "-" "-"
13.74.118.40 - - [11/Jan/2025:12:39:31 -0500] "GET /files.php HTTP/1.1" 404 67231 "-" "-"
13.74.118.40 - - [11/Jan/2025:12:39:31 -0500] "GET /install.php HTTP/1.1" 404 67231 "-" "-"
13.74.118.40 - - [11/Jan/2025:12:39:32 -0500] "GET /wp-contentt.php HTTP/1.1" 404 67231 "-" "-"
13.74.118.40 - - [11/Jan/2025:12:39:33 -0500] "GET /config.php7 HTTP/1.1" 404 67231 "-" "-"
13.74.118.40 - - [11/Jan/2025:12:39:33 -0500] "GET /config.php HTTP/1.1" 404 67231 "-" "-"
13.74.118.40 - - [11/Jan/2025:12:39:34 -0500] "GET /theme.php HTTP/1.1" 404 67231 "-" "-"
13.74.118.40 - - [11/Jan/2025:12:39:35 -0500] "GET /block-bindings.php HTTP/1.1" 404 67231 "-" "-"
13.74.118.40 - - [11/Jan/2025:12:39:36 -0500] "GET /class_api.php HTTP/1.1" 404 67231 "-" "-"
13.74.118.40 - - [11/Jan/2025:12:39:37 -0500] "GET /inputs.php HTTP/1.1" 404 67231 "-" "-"
13.74.118.40 - - [11/Jan/2025:12:39:37 -0500] "GET /root.php HTTP/1.1" 404 67231 "-" "-"
13.74.118.40 - - [11/Jan/2025:12:39:38 -0500] "GET /menu.php HTTP/1.1" 404 67231 "-" "-"
13.74.118.40 - - [11/Jan/2025:12:39:39 -0500] "GET /plugin.php HTTP/1.1" 404 67231 "-" "-"
13.74.118.40 - - [11/Jan/2025:12:39:39 -0500] "GET /cloud.php HTTP/1.1" 404 67231 "-" "-"
13.74.118.40 - - [11/Jan/2025:12:39:40 -0500] "GET /configs.php HTTP/1.1" 404 67231 "-" "-"
13.74.118.40 - - [11/Jan/2025:12:39:41 -0500] "GET /wp-configs.php HTTP/1.1" 404 67231 "-" "-"
13.74.118.40 - - [11/Jan/2025:12:39:41 -0500] "GET /update.php HTTP/1.1" 404 67231 "-" "-"
13.74.118.40 - - [11/Jan/2025:12:39:42 -0500] "GET /2.php HTTP/1.1" 404 67231 "-" "-"
13.74.118.40 - - [11/Jan/2025:12:39:42 -0500] "GET /input.php HTTP/1.1" 404 67231 "-" "-"
13.74.118.40 - - [11/Jan/2025:12:39:43 -0500] "GET /aaa.php HTTP/1.1" 404 67231 "-" "-"
66.249.79.4 - - [11/Jan/2025:12:39:51 -0500] "GET /item/N11171615?c=722&keyword=peroration HTTP/1.1" 200 70003 "-" "Mozilla/5.0 (Linux; Android 6.0.1; Nexus 5X Build/MMB29P) AppleWebKit/537.36 (KHTML, like Gecko) Chrome/131.0.6778.264 Mobile Safari/537.36 (compatible; Googlebot/2.1; +http://www.google.com/bot.html)"
194.32.122.41 - - [11/Jan/2025:12:40:00 -0500] "GET / HTTP/1.0" 200 109067 "https://misswavenigeria.com/" "Mozilla/5.0 (Windows NT 10.0) AppleWebKit/537.36 (KHTML, like Gecko) Chrome/103.0.0.0 Safari/537.36"
194.32.122.41 - - [11/Jan/2025:12:40:03 -0500] "GET /register/ HTTP/1.0" 200 75934 "https://misswavenigeria.com/register/" "Mozilla/5.0 (Windows NT 10.0) AppleWebKit/537.36 (KHTML, like Gecko) Chrome/103.0.0.0 Safari/537.36"
66.29.132.124 - - [11/Jan/2025:12:40:07 -0500] "POST /wp-cron.php?doing_wp_cron=1736617206.9467549324035644531250 HTTP/1.1" 200 0 "-" "WordPress/6.7.1; https://misswavenigeria.com"
66.29.132.124 - - [11/Jan/2025:12:40:08 -0500] "POST /wp-admin/admin-ajax.php?action=async_litespeed&nonce=LIEsyn0rD9IaetwmGft2tdkx3eKQCXE6&litespeed_type=imgoptm HTTP/1.1" 200 0 "-" "WordPress/6.7.1; https://misswavenigeria.com"
66.249.79.168 - - [11/Jan/2025:12:40:48 -0500] "GET /goods/267614.html HTTP/1.1" 200 72112 "-" "Mozilla/5.0 (Linux; Android 6.0.1; Nexus 5X Build/MMB29P) AppleWebKit/537.36 (KHTML, like Gecko) Chrome/131.0.6778.264 Mobile Safari/537.36 (compatible; Googlebot/2.1; +http://www.google.com/bot.html)"
194.32.122.41 - - [11/Jan/2025:12:40:05 -0500] "POST /register/ HTTP/1.0" 200 76060 "https://misswavenigeria.com/register/" "Mozilla/5.0 (Windows NT 10.0) AppleWebKit/537.36 (KHTML, like Gecko) Chrome/103.0.0.0 Safari/537.36"
66.29.132.124 - - [11/Jan/2025:12:42:23 -0500] "POST /wp-cron.php?doing_wp_cron=1736617343.6422340869903564453125 HTTP/1.1" 200 0 "-" "WordPress/6.7.1; https://misswavenigeria.com"
194.32.122.41 - - [11/Jan/2025:12:42:23 -0500] "GET /register/ HTTP/1.0" 200 75934 "https://misswavenigeria.com/" "Mozilla/5.0 (Windows NT 10.0) AppleWebKit/537.36 (KHTML, like Gecko) Chrome/103.0.0.0 Safari/537.36"
66.29.132.124 - - [11/Jan/2025:12:42:23 -0500] "POST /wp-admin/admin-ajax.php?action=async_litespeed&nonce=BUkXqfQ08xE9JseWwls1BmsMnj7Hor3I&litespeed_type=imgoptm HTTP/1.1" 200 21 "-" "WordPress/6.7.1; https://misswavenigeria.com"
66.249.68.32 - - [11/Jan/2025:12:42:26 -0500] "GET /goods/I360030?k=product HTTP/1.1" 200 69623 "-" "Mozilla/5.0 (Linux; Android 6.0.1; Nexus 5X Build/MMB29P) AppleWebKit/537.36 (KHTML, like Gecko) Chrome/131.0.6778.264 Mobile Safari/537.36 (compatible; Googlebot/2.1; +http://www.google.com/bot.html)"
66.29.132.124 - - [11/Jan/2025:12:43:18 -0500] "POST /wp-cron.php?doing_wp_cron=1736617398.6912701129913330078125 HTTP/1.1" 200 0 "-" "WordPress/6.7.1; https://misswavenigeria.com"
194.32.122.41 - - [11/Jan/2025:12:43:18 -0500] "GET / HTTP/1.0" 200 109065 "https://misswavenigeria.com/" "Mozilla/5.0 (Windows NT 10.0; Win64; x64) AppleWebKit/537.36 (KHTML, like Gecko) Chrome/103.0.5060.66 Safari/537.36"
66.29.132.124 - - [11/Jan/2025:12:43:19 -0500] "POST /wp-admin/admin-ajax.php?action=async_litespeed&nonce=J74q5rVHUXfBo2oSJp4rZTZnsLcnejfm&litespeed_type=imgoptm HTTP/1.1" 200 21 "-" "WordPress/6.7.1; https://misswavenigeria.com"
194.32.122.41 - - [11/Jan/2025:12:43:21 -0500] "GET /register/ HTTP/1.0" 200 75934 "https://misswavenigeria.com/register/" "Mozilla/5.0 (Windows NT 10.0; Win64; x64) AppleWebKit/537.36 (KHTML, like Gecko) Chrome/103.0.5060.66 Safari/537.36"
194.32.122.41 - - [11/Jan/2025:12:43:23 -0500] "POST /register/ HTTP/1.0" 200 0 "https://misswavenigeria.com/register/" "Mozilla/5.0 (Windows NT 10.0; Win64; x64) AppleWebKit/537.36 (KHTML, like Gecko) Chrome/103.0.5060.66 Safari/537.36"
194.32.122.41 - - [11/Jan/2025:12:45:53 -0500] "GET /register/ HTTP/1.0" 200 75934 "https://misswavenigeria.com/" "Mozilla/5.0 (Windows NT 10.0; Win64; x64) AppleWebKit/537.36 (KHTML, like Gecko) Chrome/103.0.5060.66 Safari/537.36"
194.32.122.41 - - [11/Jan/2025:12:46:36 -0500] "GET / HTTP/1.0" 200 109065 "https://misswavenigeria.com/" "Mozilla/5.0 (Windows NT 10.0; Win64; x64) AppleWebKit/537.36 (KHTML, like Gecko) Chrome/103.0.0.0 Safari/537.36 Herring/95.1.8810.11"
194.32.122.41 - - [11/Jan/2025:12:46:38 -0500] "GET /register/ HTTP/1.0" 200 75934 "https://misswavenigeria.com/register/" "Mozilla/5.0 (Windows NT 10.0; Win64; x64) AppleWebKit/537.36 (KHTML, like Gecko) Chrome/103.0.0.0 Safari/537.36 Herring/95.1.8810.11"
66.29.132.124 - - [11/Jan/2025:12:46:40 -0500] "POST /wp-cron.php?doing_wp_cron=1736617600.5374979972839355468750 HTTP/1.1" 200 0 "-" "WordPress/6.7.1; https://misswavenigeria.com"
66.29.132.124 - - [11/Jan/2025:12:46:40 -0500] "POST /wp-admin/admin-ajax.php?action=async_litespeed&nonce=ZN9cuYJqeGy0k2Vbb0ST2NMkPtRDCofh&litespeed_type=imgoptm HTTP/1.1" 200 21 "-" "WordPress/6.7.1; https://misswavenigeria.com"
66.249.68.66 - - [11/Jan/2025:12:48:11 -0500] "GET /goods/W401046?k=product HTTP/1.1" 200 68860 "-" "Mozilla/5.0 (Linux; Android 6.0.1; Nexus 5X Build/MMB29P) AppleWebKit/537.36 (KHTML, like Gecko) Chrome/131.0.6778.264 Mobile Safari/537.36 (compatible; Googlebot/2.1; +http://www.google.com/bot.html)"
66.249.79.204 - - [11/Jan/2025:12:48:52 -0500] "GET /goods/1472844?keyword=%E5%B7%A5%E5%85%B7%E3%80%81DIY%E7%94%A8%E5%93%81 HTTP/1.1" 200 70051 "-" "Mozilla/5.0 (Linux; Android 6.0.1; Nexus 5X Build/MMB29P) AppleWebKit/537.36 (KHTML, like Gecko) Chrome/131.0.6778.264 Mobile Safari/537.36 (compatible; Googlebot/2.1; +http://www.google.com/bot.html)"
194.32.122.41 - - [11/Jan/2025:12:46:40 -0500] "POST /register/ HTTP/1.0" 200 0 "https://misswavenigeria.com/register/" "Mozilla/5.0 (Windows NT 10.0; Win64; x64) AppleWebKit/537.36 (KHTML, like Gecko) Chrome/103.0.0.0 Safari/537.36 Herring/95.1.8810.11"
194.32.122.41 - - [11/Jan/2025:12:49:10 -0500] "GET /register/ HTTP/1.0" 200 75934 "https://misswavenigeria.com/" "Mozilla/5.0 (Windows NT 10.0; Win64; x64) AppleWebKit/537.36 (KHTML, like Gecko) Chrome/103.0.0.0 Safari/537.36 Herring/95.1.8810.11"
66.249.79.169 - - [11/Jan/2025:12:49:12 -0500] "GET /static/3594482?keyword=%E6%96%B0%E5%93%81 HTTP/1.1" 200 70280 "-" "Mozilla/5.0 (Linux; Android 6.0.1; Nexus 5X Build/MMB29P) AppleWebKit/537.36 (KHTML, like Gecko) Chrome/131.0.6778.264 Mobile Safari/537.36 (compatible; Googlebot/2.1; +http://www.google.com/bot.html)"
66.249.79.204 - - [11/Jan/2025:12:49:39 -0500] "GET /goods/2526064?keyword=%E3%82%AB%E3%83%90%E3%83%B3%E3%83%89%E3%82%BA%E3%83%83%E3%82%AB%E3%80%80%E3%83%80%E3%83%83%E3%82%B7%E3%83%A5%E3%83%9C%E3%83%BC%E3%83%89%E3%80%80%E8%87%AA%E5%8B%95%E5%B7%BB%E3%81%8D HTTP/1.1" 200 68331 "-" "Mozilla/5.0 (Linux; Android 6.0.1; Nexus 5X Build/MMB29P) AppleWebKit/537.36 (KHTML, like Gecko) Chrome/131.0.6778.264 Mobile Safari/537.36 (compatible; Googlebot/2.1; +http://www.google.com/bot.html)"
194.32.122.41 - - [11/Jan/2025:12:49:56 -0500] "GET / HTTP/1.0" 200 109065 "https://misswavenigeria.com/" "Mozilla/5.0 (Windows NT 6.1; Win64; x64) AppleWebKit/537.36 (KHTML, like Gecko) Chrome/103.0.0.0 Safari/537.36"
194.32.122.41 - - [11/Jan/2025:12:49:59 -0500] "GET /register/ HTTP/1.0" 200 75934 "https://misswavenigeria.com/register/" "Mozilla/5.0 (Windows NT 6.1; Win64; x64) AppleWebKit/537.36 (KHTML, like Gecko) Chrome/103.0.0.0 Safari/537.36"
66.29.132.124 - - [11/Jan/2025:12:50:01 -0500] "POST /wp-cron.php?doing_wp_cron=1736617801.4219980239868164062500 HTTP/1.1" 200 0 "-" "WordPress/6.7.1; https://misswavenigeria.com"
66.29.132.124 - - [11/Jan/2025:12:50:02 -0500] "POST /wp-admin/admin-ajax.php?action=async_litespeed&nonce=P5NJrk3Gztcgx0xkSJulSIxM2PR70t1i&litespeed_type=imgoptm HTTP/1.1" 200 0 "-" "WordPress/6.7.1; https://misswavenigeria.com"
66.249.68.68 - - [11/Jan/2025:12:50:23 -0500] "GET /goods/1157124 HTTP/1.1" 200 70226 "-" "Mozilla/5.0 (Linux; Android 6.0.1; Nexus 5X Build/MMB29P) AppleWebKit/537.36 (KHTML, like Gecko) Chrome/131.0.6778.264 Mobile Safari/537.36 (compatible; Googlebot/2.1; +http://www.google.com/bot.html)"
66.249.79.3 - - [11/Jan/2025:12:50:25 -0500] "GET /static/2929147 HTTP/1.1" 200 68728 "-" "Mozilla/5.0 (Linux; Android 6.0.1; Nexus 5X Build/MMB29P) AppleWebKit/537.36 (KHTML, like Gecko) Chrome/131.0.6778.264 Mobile Safari/537.36 (compatible; Googlebot/2.1; +http://www.google.com/bot.html)"
66.249.79.205 - - [11/Jan/2025:12:51:28 -0500] "GET /goods/2526064?keyword=%E3%83%95%E3%82%A1%E3%83%83%E3%82%B7%E3%83%A7%E3%83%B3 HTTP/1.1" 200 70437 "-" "Mozilla/5.0 (Linux; Android 6.0.1; Nexus 5X Build/MMB29P) AppleWebKit/537.36 (KHTML, like Gecko) Chrome/131.0.6778.264 Mobile Safari/537.36 (compatible; Googlebot/2.1; +http://www.google.com/bot.html)"
194.32.122.41 - - [11/Jan/2025:12:50:00 -0500] "POST /register/ HTTP/1.0" 200 76060 "https://misswavenigeria.com/register/" "Mozilla/5.0 (Windows NT 6.1; Win64; x64) AppleWebKit/537.36 (KHTML, like Gecko) Chrome/103.0.0.0 Safari/537.36"
66.29.132.124 - - [11/Jan/2025:12:52:31 -0500] "POST /wp-cron.php?doing_wp_cron=1736617951.6202590465545654296875 HTTP/1.1" 200 0 "-" "WordPress/6.7.1; https://misswavenigeria.com"
194.32.122.41 - - [11/Jan/2025:12:52:31 -0500] "GET /register/ HTTP/1.0" 200 75934 "https://misswavenigeria.com/" "Mozilla/5.0 (Windows NT 6.1; Win64; x64) AppleWebKit/537.36 (KHTML, like Gecko) Chrome/103.0.0.0 Safari/537.36"
66.29.132.124 - - [11/Jan/2025:12:52:31 -0500] "POST /wp-admin/admin-ajax.php?action=async_litespeed&nonce=shBA47OnXmDq1BnL6fgbVIdJSeDsuGqN&litespeed_type=imgoptm HTTP/1.1" 200 21 "-" "WordPress/6.7.1; https://misswavenigeria.com"
66.249.79.168 - - [11/Jan/2025:12:53:00 -0500] "GET /goods/824794.html HTTP/1.1" 200 67266 "-" "Mozilla/5.0 (Linux; Android 6.0.1; Nexus 5X Build/MMB29P) AppleWebKit/537.36 (KHTML, like Gecko) Chrome/131.0.6778.264 Mobile Safari/537.36 (compatible; Googlebot/2.1; +http://www.google.com/bot.html)"
66.29.132.124 - - [11/Jan/2025:12:53:07 -0500] "POST /wp-cron.php?doing_wp_cron=1736617987.6423749923706054687500 HTTP/1.1" 200 0 "-" "WordPress/6.7.1; https://misswavenigeria.com"
194.32.122.41 - - [11/Jan/2025:12:53:07 -0500] "GET / HTTP/1.0" 200 109067 "https://misswavenigeria.com/" "Mozilla/5.0 (Windows NT 10.0; Win64; x64) AppleWebKit/537.36 (KHTML, like Gecko) Chrome/103.0.5060.114 Safari/537.36"
66.29.132.124 - - [11/Jan/2025:12:53:08 -0500] "POST /wp-admin/admin-ajax.php?action=async_litespeed&nonce=xN4EN89WyQKc0pX61H1pVJGCELtrk8sR&litespeed_type=imgoptm HTTP/1.1" 200 21 "-" "WordPress/6.7.1; https://misswavenigeria.com"
194.32.122.41 - - [11/Jan/2025:12:53:10 -0500] "GET /register/ HTTP/1.0" 200 75934 "https://misswavenigeria.com/register/" "Mozilla/5.0 (Windows NT 10.0; Win64; x64) AppleWebKit/537.36 (KHTML, like Gecko) Chrome/103.0.5060.114 Safari/537.36"
66.249.68.67 - - [11/Jan/2025:12:53:58 -0500] "GET /static/2818192 HTTP/1.1" 200 67392 "-" "Mozilla/5.0 (Linux; Android 6.0.1; Nexus 5X Build/MMB29P) AppleWebKit/537.36 (KHTML, like Gecko) Chrome/131.0.6778.264 Mobile Safari/537.36 (compatible; Googlebot/2.1; +http://www.google.com/bot.html)"
66.249.68.69 - - [11/Jan/2025:12:54:56 -0500] "GET /static/3927962 HTTP/1.1" 200 69934 "-" "Mozilla/5.0 (Linux; Android 6.0.1; Nexus 5X Build/MMB29P) AppleWebKit/537.36 (KHTML, like Gecko) Chrome/131.0.6778.264 Mobile Safari/537.36 (compatible; Googlebot/2.1; +http://www.google.com/bot.html)"
194.32.122.41 - - [11/Jan/2025:12:53:12 -0500] "POST /register/ HTTP/1.0" 200 76060 "https://misswavenigeria.com/register/" "Mozilla/5.0 (Windows NT 10.0; Win64; x64) AppleWebKit/537.36 (KHTML, like Gecko) Chrome/103.0.5060.114 Safari/537.36"
66.29.132.124 - - [11/Jan/2025:12:55:21 -0500] "POST /wp-cron.php?doing_wp_cron=1736618121.1594309806823730468750 HTTP/1.1" 200 0 "-" "WordPress/6.7.1; https://misswavenigeria.com"
194.32.122.41 - - [11/Jan/2025:12:55:20 -0500] "GET /register/ HTTP/1.0" 200 75934 "https://misswavenigeria.com/" "Mozilla/5.0 (Windows NT 10.0; Win64; x64) AppleWebKit/537.36 (KHTML, like Gecko) Chrome/103.0.5060.114 Safari/537.36"
66.29.132.124 - - [11/Jan/2025:12:55:21 -0500] "POST /wp-admin/admin-ajax.php?action=async_litespeed&nonce=FW92yPOyebZrJZJOHoUmEgee8wghL8ah&litespeed_type=imgoptm HTTP/1.1" 200 21 "-" "WordPress/6.7.1; https://misswavenigeria.com"
66.249.68.69 - - [11/Jan/2025:12:55:53 -0500] "GET /static/1988221?keyword=3x950x1310 HTTP/1.1" 200 69398 "-" "Mozilla/5.0 (Linux; Android 6.0.1; Nexus 5X Build/MMB29P) AppleWebKit/537.36 (KHTML, like Gecko) Chrome/131.0.6778.264 Mobile Safari/537.36 (compatible; Googlebot/2.1; +http://www.google.com/bot.html)"
66.29.132.124 - - [11/Jan/2025:12:56:17 -0500] "POST /wp-cron.php?doing_wp_cron=1736618177.5427598953247070312500 HTTP/1.1" 200 0 "-" "WordPress/6.7.1; https://misswavenigeria.com"
194.32.122.41 - - [11/Jan/2025:12:56:17 -0500] "GET / HTTP/1.0" 200 109065 "https://misswavenigeria.com/" "Mozilla/5.0 (Windows NT 6.3; WOW64) AppleWebKit/537.36 (KHTML, like Gecko) Chrome/103.0.5060.114 Safari/537.36"
66.29.132.124 - - [11/Jan/2025:12:56:17 -0500] "POST /wp-admin/admin-ajax.php?action=async_litespeed&nonce=3Rmt3tZ4MYXveJNux1lTVpvnjpSi6UVF&litespeed_type=imgoptm HTTP/1.1" 200 21 "-" "WordPress/6.7.1; https://misswavenigeria.com"
194.32.122.41 - - [11/Jan/2025:12:56:19 -0500] "GET /register/ HTTP/1.0" 200 75934 "https://misswavenigeria.com/register/" "Mozilla/5.0 (Windows NT 6.3; WOW64) AppleWebKit/537.36 (KHTML, like Gecko) Chrome/103.0.5060.114 Safari/537.36"
66.249.79.3 - - [11/Jan/2025:12:57:09 -0500] "GET /goods/C29824?k=product HTTP/1.1" 200 68136 "-" "Mozilla/5.0 (Linux; Android 6.0.1; Nexus 5X Build/MMB29P) AppleWebKit/537.36 (KHTML, like Gecko) Chrome/131.0.6778.264 Mobile Safari/537.36 (compatible; Googlebot/2.1; +http://www.google.com/bot.html)"
66.249.68.68 - - [11/Jan/2025:12:57:28 -0500] "GET /goods/767.html HTTP/1.1" 200 79432 "-" "Mozilla/5.0 (Linux; Android 6.0.1; Nexus 5X Build/MMB29P) AppleWebKit/537.36 (KHTML, like Gecko) Chrome/131.0.6778.264 Mobile Safari/537.36 (compatible; Googlebot/2.1; +http://www.google.com/bot.html)"
194.32.122.41 - - [11/Jan/2025:12:56:21 -0500] "POST /register/ HTTP/1.0" 200 76060 "https://misswavenigeria.com/register/" "Mozilla/5.0 (Windows NT 6.3; WOW64) AppleWebKit/537.36 (KHTML, like Gecko) Chrome/103.0.5060.114 Safari/537.36"
66.29.132.124 - - [11/Jan/2025:12:57:54 -0500] "POST /wp-cron.php?doing_wp_cron=1736618274.9095990657806396484375 HTTP/1.1" 200 0 "-" "WordPress/6.7.1; https://misswavenigeria.com"
194.32.122.41 - - [11/Jan/2025:12:57:54 -0500] "GET /register/ HTTP/1.0" 200 75934 "https://misswavenigeria.com/" "Mozilla/5.0 (Windows NT 6.3; WOW64) AppleWebKit/537.36 (KHTML, like Gecko) Chrome/103.0.5060.114 Safari/537.36"
66.29.132.124 - - [11/Jan/2025:12:57:55 -0500] "POST /wp-admin/admin-ajax.php?action=async_litespeed&nonce=TuwU3ZFOdyZMQ1zso1dqVqHHeZXr0M18&litespeed_type=imgoptm HTTP/1.1" 200 21 "-" "WordPress/6.7.1; https://misswavenigeria.com"
66.249.68.68 - - [11/Jan/2025:12:58:28 -0500] "GET /goods/2257639 HTTP/1.1" 200 68833 "-" "Mozilla/5.0 (Linux; Android 6.0.1; Nexus 5X Build/MMB29P) AppleWebKit/537.36 (KHTML, like Gecko) Chrome/131.0.6778.264 Mobile Safari/537.36 (compatible; Googlebot/2.1; +http://www.google.com/bot.html)"
66.249.68.68 - - [11/Jan/2025:12:58:47 -0500] "GET /goods/772784 HTTP/1.1" 200 72572 "-" "Mozilla/5.0 (Linux; Android 6.0.1; Nexus 5X Build/MMB29P) AppleWebKit/537.36 (KHTML, like Gecko) Chrome/131.0.6778.264 Mobile Safari/537.36 (compatible; Googlebot/2.1; +http://www.google.com/bot.html)"
66.249.68.68 - - [11/Jan/2025:12:59:12 -0500] "GET /goods/4186856 HTTP/1.1" 200 70055 "-" "Mozilla/5.0 (Linux; Android 6.0.1; Nexus 5X Build/MMB29P) AppleWebKit/537.36 (KHTML, like Gecko) Chrome/131.0.6778.264 Mobile Safari/537.36 (compatible; Googlebot/2.1; +http://www.google.com/bot.html)"
66.29.132.124 - - [11/Jan/2025:12:59:31 -0500] "POST /wp-cron.php?doing_wp_cron=1736618371.1615400314331054687500 HTTP/1.1" 200 0 "-" "WordPress/6.7.1; https://misswavenigeria.com"
194.32.122.41 - - [11/Jan/2025:12:59:30 -0500] "GET / HTTP/1.0" 200 109065 "https://misswavenigeria.com/" "Mozilla/5.0 (Windows NT 10.0; Win64; x64) AppleWebKit/537.36 (KHTML, like Gecko) Chrome/103.0.5042.0 Safari/537.36"
66.29.132.124 - - [11/Jan/2025:12:59:31 -0500] "POST /wp-admin/admin-ajax.php?action=async_litespeed&nonce=IpEPCn3abVqiD0mgzaOJridJw3aAN0BF&litespeed_type=imgoptm HTTP/1.1" 200 21 "-" "WordPress/6.7.1; https://misswavenigeria.com"
194.32.122.41 - - [11/Jan/2025:12:59:33 -0500] "GET /register/ HTTP/1.0" 200 75934 "https://misswavenigeria.com/register/" "Mozilla/5.0 (Windows NT 10.0; Win64; x64) AppleWebKit/537.36 (KHTML, like Gecko) Chrome/103.0.5042.0 Safari/537.36"
66.249.79.4 - - [11/Jan/2025:12:59:39 -0500] "GET /goods/I853848?k=product HTTP/1.1" 200 71666 "-" "Mozilla/5.0 (Linux; Android 6.0.1; Nexus 5X Build/MMB29P) AppleWebKit/537.36 (KHTML, like Gecko) Chrome/131.0.6778.264 Mobile Safari/537.36 (compatible; Googlebot/2.1; +http://www.google.com/bot.html)"
66.249.68.69 - - [11/Jan/2025:13:00:34 -0500] "GET /static/92228?keyword=%E7%9B%86%E6%A0%BD HTTP/1.1" 200 68659 "-" "Mozilla/5.0 (Linux; Android 6.0.1; Nexus 5X Build/MMB29P) AppleWebKit/537.36 (KHTML, like Gecko) Chrome/131.0.6778.264 Mobile Safari/537.36 (compatible; Googlebot/2.1; +http://www.google.com/bot.html)"
66.249.68.67 - - [11/Jan/2025:13:00:36 -0500] "GET /static/3053507 HTTP/1.1" 200 68482 "-" "Mozilla/5.0 (Linux; Android 6.0.1; Nexus 5X Build/MMB29P) AppleWebKit/537.36 (KHTML, like Gecko) Chrome/131.0.6778.264 Mobile Safari/537.36 (compatible; Googlebot/2.1; +http://www.google.com/bot.html)"
194.32.122.41 - - [11/Jan/2025:12:59:35 -0500] "POST /register/ HTTP/1.0" 200 76060 "https://misswavenigeria.com/register/" "Mozilla/5.0 (Windows NT 10.0; Win64; x64) AppleWebKit/537.36 (KHTML, like Gecko) Chrome/103.0.5042.0 Safari/537.36"
66.29.132.124 - - [11/Jan/2025:13:01:13 -0500] "POST /wp-cron.php?doing_wp_cron=1736618473.1568078994750976562500 HTTP/1.1" 200 0 "-" "WordPress/6.7.1; https://misswavenigeria.com"
194.32.122.41 - - [11/Jan/2025:13:01:12 -0500] "GET /register/ HTTP/1.0" 200 75934 "https://misswavenigeria.com/" "Mozilla/5.0 (Windows NT 10.0; Win64; x64) AppleWebKit/537.36 (KHTML, like Gecko) Chrome/103.0.5042.0 Safari/537.36"
66.29.132.124 - - [11/Jan/2025:13:01:13 -0500] "POST /wp-admin/admin-ajax.php?action=async_litespeed&nonce=ak3ahly9juItXy33w5VWW6uRrQ4WQAX8&litespeed_type=imgoptm HTTP/1.1" 200 21 "-" "WordPress/6.7.1; https://misswavenigeria.com"
66.249.68.68 - - [11/Jan/2025:13:01:13 -0500] "GET /static/2130854 HTTP/1.1" 200 67643 "-" "Mozilla/5.0 (Linux; Android 6.0.1; Nexus 5X Build/MMB29P) AppleWebKit/537.36 (KHTML, like Gecko) Chrome/131.0.6778.264 Mobile Safari/537.36 (compatible; Googlebot/2.1; +http://www.google.com/bot.html)"
66.249.68.69 - - [11/Jan/2025:13:02:09 -0500] "GET /goods/802932.html HTTP/1.1" 200 69244 "-" "Mozilla/5.0 (Linux; Android 6.0.1; Nexus 5X Build/MMB29P) AppleWebKit/537.36 (KHTML, like Gecko) Chrome/131.0.6778.264 Mobile Safari/537.36 (compatible; Googlebot/2.1; +http://www.google.com/bot.html)"
66.29.132.124 - - [11/Jan/2025:13:02:47 -0500] "POST /wp-cron.php?doing_wp_cron=1736618567.8150539398193359375000 HTTP/1.1" 200 0 "-" "WordPress/6.7.1; https://misswavenigeria.com"
194.32.122.41 - - [11/Jan/2025:13:02:47 -0500] "GET / HTTP/1.0" 200 109065 "https://misswavenigeria.com/" "Mozilla/5.0 (Windows NT 6.3; Win64; x64) AppleWebKit/537.36 (KHTML, like Gecko) Chrome/103.0.5060.66 Safari/537.36"
66.29.132.124 - - [11/Jan/2025:13:02:47 -0500] "POST /wp-admin/admin-ajax.php?action=async_litespeed&nonce=7Tah5WNdZgzbjBwhwJkD7LzhFVxpxkAR&litespeed_type=imgoptm HTTP/1.1" 200 21 "-" "WordPress/6.7.1; https://misswavenigeria.com"
194.32.122.41 - - [11/Jan/2025:13:02:50 -0500] "GET /register/ HTTP/1.0" 200 75934 "https://misswavenigeria.com/register/" "Mozilla/5.0 (Windows NT 6.3; Win64; x64) AppleWebKit/537.36 (KHTML, like Gecko) Chrome/103.0.5060.66 Safari/537.36"
66.29.132.124 - - [11/Jan/2025:13:02:51 -0500] "POST /wp-cron.php?doing_wp_cron=1736618571.9775040149688720703125 HTTP/1.1" 200 0 "-" "WordPress/6.7.1; https://misswavenigeria.com"
66.29.132.124 - - [11/Jan/2025:13:02:52 -0500] "POST /wp-admin/admin-ajax.php?action=async_litespeed&nonce=1ErAVsDLp6easpvkKCh83idQ6cglxqvj&litespeed_type=imgoptm HTTP/1.1" 200 21 "-" "WordPress/6.7.1; https://misswavenigeria.com"
66.249.68.68 - - [11/Jan/2025:13:03:01 -0500] "GET /goods/371012 HTTP/1.1" 200 68021 "-" "Mozilla/5.0 (Linux; Android 6.0.1; Nexus 5X Build/MMB29P) AppleWebKit/537.36 (KHTML, like Gecko) Chrome/131.0.6778.264 Mobile Safari/537.36 (compatible; Googlebot/2.1; +http://www.google.com/bot.html)"
194.32.122.41 - - [11/Jan/2025:13:02:51 -0500] "POST /register/ HTTP/1.0" 200 76060 "https://misswavenigeria.com/register/" "Mozilla/5.0 (Windows NT 6.3; Win64; x64) AppleWebKit/537.36 (KHTML, like Gecko) Chrome/103.0.5060.66 Safari/537.36"
66.29.132.124 - - [11/Jan/2025:13:04:11 -0500] "POST /wp-cron.php?doing_wp_cron=1736618651.4430730342864990234375 HTTP/1.1" 200 0 "-" "WordPress/6.7.1; https://misswavenigeria.com"
194.32.122.41 - - [11/Jan/2025:13:04:11 -0500] "GET /register/ HTTP/1.0" 200 75934 "https://misswavenigeria.com/" "Mozilla/5.0 (Windows NT 6.3; Win64; x64) AppleWebKit/537.36 (KHTML, like Gecko) Chrome/103.0.5060.66 Safari/537.36"
66.29.132.124 - - [11/Jan/2025:13:04:11 -0500] "POST /wp-admin/admin-ajax.php?action=async_litespeed&nonce=NI7Izc7jSHa3e05jUlDfGEmMef2xMCiw&litespeed_type=imgoptm HTTP/1.1" 200 21 "-" "WordPress/6.7.1; https://misswavenigeria.com"
66.249.68.67 - - [11/Jan/2025:13:04:35 -0500] "GET /static/579979?keyword=%E4%B8%8D%E5%AE%8C%E5%85%A8%E6%80%A7%E5%AE%9A%E7%90%86 HTTP/1.1" 200 68549 "-" "Mozilla/5.0 (Linux; Android 6.0.1; Nexus 5X Build/MMB29P) AppleWebKit/537.36 (KHTML, like Gecko) Chrome/131.0.6778.264 Mobile Safari/537.36 (compatible; Googlebot/2.1; +http://www.google.com/bot.html)"
66.249.68.69 - - [11/Jan/2025:13:05:11 -0500] "GET /static/92228?keyword=%E8%8A%B1%E3%80%81%E5%9C%92%E8%8A%B8 HTTP/1.1" 200 69158 "-" "Mozilla/5.0 (Linux; Android 6.0.1; Nexus 5X Build/MMB29P) AppleWebKit/537.36 (KHTML, like Gecko) Chrome/131.0.6778.264 Mobile Safari/537.36 (compatible; Googlebot/2.1; +http://www.google.com/bot.html)"
66.29.132.124 - - [11/Jan/2025:13:06:00 -0500] "POST /wp-cron.php?doing_wp_cron=1736618760.4911830425262451171875 HTTP/1.1" 200 0 "-" "WordPress/6.7.1; https://misswavenigeria.com"
194.32.122.41 - - [11/Jan/2025:13:06:00 -0500] "GET / HTTP/1.0" 200 109067 "https://misswavenigeria.com/" "Mozilla/5.0 (Windows NT 10.0; Win64; x64) AppleWebKit/537.36 (KHTML, like Gecko) Chrome/103.0.5060.66 Safari/537.36"
66.29.132.124 - - [11/Jan/2025:13:06:00 -0500] "POST /wp-admin/admin-ajax.php?action=async_litespeed&nonce=Jtyi4bTPgHt2i2AOrCUpBx4r3Eg3inMK&litespeed_type=imgoptm HTTP/1.1" 200 21 "-" "WordPress/6.7.1; https://misswavenigeria.com"
194.32.122.41 - - [11/Jan/2025:13:06:02 -0500] "GET /register/ HTTP/1.0" 200 75934 "https://misswavenigeria.com/register/" "Mozilla/5.0 (Windows NT 10.0; Win64; x64) AppleWebKit/537.36 (KHTML, like Gecko) Chrome/103.0.5060.66 Safari/537.36"
194.32.122.41 - - [11/Jan/2025:13:06:04 -0500] "POST /register/ HTTP/1.0" 200 76060 "https://misswavenigeria.com/register/" "Mozilla/5.0 (Windows NT 10.0; Win64; x64) AppleWebKit/537.36 (KHTML, like Gecko) Chrome/103.0.5060.66 Safari/537.36"
66.29.132.124 - - [11/Jan/2025:13:07:34 -0500] "POST /wp-cron.php?doing_wp_cron=1736618854.1079840660095214843750 HTTP/1.1" 200 0 "-" "WordPress/6.7.1; https://misswavenigeria.com"
194.32.122.41 - - [11/Jan/2025:13:07:33 -0500] "GET /register/ HTTP/1.0" 200 75934 "https://misswavenigeria.com/" "Mozilla/5.0 (Windows NT 10.0; Win64; x64) AppleWebKit/537.36 (KHTML, like Gecko) Chrome/103.0.5060.66 Safari/537.36"
66.29.132.124 - - [11/Jan/2025:13:07:34 -0500] "POST /wp-admin/admin-ajax.php?action=async_litespeed&nonce=ZjtY7U3ID09cWii7FhfchRtu54NVIeH6&litespeed_type=imgoptm HTTP/1.1" 200 21 "-" "WordPress/6.7.1; https://misswavenigeria.com"
66.249.68.69 - - [11/Jan/2025:13:07:35 -0500] "GET /goods/2671350 HTTP/1.1" 200 70490 "-" "Mozilla/5.0 (Linux; Android 6.0.1; Nexus 5X Build/MMB29P) AppleWebKit/537.36 (KHTML, like Gecko) Chrome/131.0.6778.264 Mobile Safari/537.36 (compatible; Googlebot/2.1; +http://www.google.com/bot.html)"
66.249.79.2 - - [11/Jan/2025:13:08:10 -0500] "GET /goods/U872216?k=product HTTP/1.1" 200 67614 "-" "Mozilla/5.0 (Linux; Android 6.0.1; Nexus 5X Build/MMB29P) AppleWebKit/537.36 (KHTML, like Gecko) Chrome/131.0.6778.264 Mobile Safari/537.36 (compatible; Googlebot/2.1; +http://www.google.com/bot.html)"
66.249.68.68 - - [11/Jan/2025:13:08:47 -0500] "GET /static/92228?keyword=%E3%80%90%E7%9A%90%E6%9C%88%E3%80%91%E3%81%95%E3%81%A4%E3%81%8D%E3%80%80%E8%8F%AF%E5%AE%9D%E3%80%80%E3%82%B5%E3%83%84%E3%82%AD%E3%80%80%E6%A8%B9%E9%BD%A255%E5%B9%B4%E3%80%80%E3%81%A4%E3%81%A4%E3%81%98%E7%A7%91%E3%80%806%E6%9C%88%E4%B8%AD%E6%97%AC%E3%80%9C%E4%B8%8B%E6%97%AC%E2%86%92%E6%BA%80%E9%96%8B HTTP/1.1" 200 69362 "-" "Mozilla/5.0 (Linux; Android 6.0.1; Nexus 5X Build/MMB29P) AppleWebKit/537.36 (KHTML, like Gecko) Chrome/131.0.6778.264 Mobile Safari/537.36 (compatible; Googlebot/2.1; +http://www.google.com/bot.html)"
66.249.79.4 - - [11/Jan/2025:13:09:01 -0500] "GET /goods/L878811?k=product HTTP/1.1" 200 69699 "-" "Mozilla/5.0 (Linux; Android 6.0.1; Nexus 5X Build/MMB29P) AppleWebKit/537.36 (KHTML, like Gecko) Chrome/131.0.6778.264 Mobile Safari/537.36 (compatible; Googlebot/2.1; +http://www.google.com/bot.html)"
66.29.132.124 - - [11/Jan/2025:13:09:22 -0500] "POST /wp-cron.php?doing_wp_cron=1736618961.9945960044860839843750 HTTP/1.1" 200 0 "-" "WordPress/6.7.1; https://misswavenigeria.com"
194.32.122.41 - - [11/Jan/2025:13:09:21 -0500] "GET / HTTP/1.0" 200 109065 "https://misswavenigeria.com/" "Mozilla/5.0 (Windows NT 10.0; Win64; x64) AppleWebKit/537.36 (KHTML, like Gecko) Chrome/103.0.5060.53 Safari/537.36"
66.29.132.124 - - [11/Jan/2025:13:09:22 -0500] "POST /wp-admin/admin-ajax.php?action=async_litespeed&nonce=UQnGXBSNULQ3H7q8AjLejfbJ4EZDBrkQ&litespeed_type=imgoptm HTTP/1.1" 200 21 "-" "WordPress/6.7.1; https://misswavenigeria.com"
194.32.122.41 - - [11/Jan/2025:13:09:24 -0500] "GET /register/ HTTP/1.0" 200 75934 "https://misswavenigeria.com/register/" "Mozilla/5.0 (Windows NT 10.0; Win64; x64) AppleWebKit/537.36 (KHTML, like Gecko) Chrome/103.0.5060.53 Safari/537.36"
66.29.132.124 - - [11/Jan/2025:13:09:26 -0500] "POST /wp-cron.php?doing_wp_cron=1736618966.3737840652465820312500 HTTP/1.1" 200 0 "-" "WordPress/6.7.1; https://misswavenigeria.com"
66.29.132.124 - - [11/Jan/2025:13:09:54 -0500] "POST /wp-cron.php?doing_wp_cron=1736618994.1205139160156250000000 HTTP/1.1" 200 0 "-" "WordPress/6.7.1; https://misswavenigeria.com"
5.161.99.209 - - [11/Jan/2025:13:09:53 -0500] "GET /a.php HTTP/1.1" 404 18012 "-" "Mozlila/5.0 (Linux; Android 7.0; SM-G892A Bulid/NRD90M; wv) AppleWebKit/537.36 (KHTML, like Gecko) Version/4.0 Chrome/60.0.3112.107 Moblie Safari/537.36"
66.29.132.124 - - [11/Jan/2025:13:09:54 -0500] "POST /wp-admin/admin-ajax.php?action=async_litespeed&nonce=Pzed4LSjcW1CsDbslqwJhJCpYVpyT23I&litespeed_type=imgoptm HTTP/1.1" 200 21 "-" "WordPress/6.7.1; https://misswavenigeria.com"
5.161.99.209 - - [11/Jan/2025:13:09:59 -0500] "GET /wp-content/plugins/seoxx/fm.php HTTP/1.1" 404 18012 "-" "Mozlila/5.0 (Linux; Android 7.0; SM-G892A Bulid/NRD90M; wv) AppleWebKit/537.36 (KHTML, like Gecko) Version/4.0 Chrome/60.0.3112.107 Moblie Safari/537.36"
66.249.68.69 - - [11/Jan/2025:13:10:20 -0500] "GET /static/1581839 HTTP/1.1" 200 67909 "-" "Mozilla/5.0 (Linux; Android 6.0.1; Nexus 5X Build/MMB29P) AppleWebKit/537.36 (KHTML, like Gecko) Chrome/131.0.6778.264 Mobile Safari/537.36 (compatible; Googlebot/2.1; +http://www.google.com/bot.html)"
194.32.122.41 - - [11/Jan/2025:13:09:26 -0500] "POST /register/ HTTP/1.0" 200 76060 "https://misswavenigeria.com/register/" "Mozilla/5.0 (Windows NT 10.0; Win64; x64) AppleWebKit/537.36 (KHTML, like Gecko) Chrome/103.0.5060.53 Safari/537.36"
66.29.132.124 - - [11/Jan/2025:13:11:08 -0500] "POST /wp-cron.php?doing_wp_cron=1736619068.7064559459686279296875 HTTP/1.1" 200 0 "-" "WordPress/6.7.1; https://misswavenigeria.com"
194.32.122.41 - - [11/Jan/2025:13:11:08 -0500] "GET /register/ HTTP/1.0" 200 75934 "https://misswavenigeria.com/" "Mozilla/5.0 (Windows NT 10.0; Win64; x64) AppleWebKit/537.36 (KHTML, like Gecko) Chrome/103.0.5060.53 Safari/537.36"
66.29.132.124 - - [11/Jan/2025:13:11:08 -0500] "POST /wp-admin/admin-ajax.php?action=async_litespeed&nonce=W34mELApECzDa464spm8GyRZxNOA1TIl&litespeed_type=imgoptm HTTP/1.1" 200 21 "-" "WordPress/6.7.1; https://misswavenigeria.com"
66.249.68.67 - - [11/Jan/2025:13:12:17 -0500] "GET /goods/4295365 HTTP/1.1" 200 69909 "-" "Mozilla/5.0 (Linux; Android 6.0.1; Nexus 5X Build/MMB29P) AppleWebKit/537.36 (KHTML, like Gecko) Chrome/131.0.6778.264 Mobile Safari/537.36 (compatible; Googlebot/2.1; +http://www.google.com/bot.html)"
66.29.132.124 - - [11/Jan/2025:13:12:37 -0500] "POST /wp-cron.php?doing_wp_cron=1736619157.9362299442291259765625 HTTP/1.1" 200 0 "-" "WordPress/6.7.1; https://misswavenigeria.com"
194.32.122.41 - - [11/Jan/2025:13:12:37 -0500] "GET / HTTP/1.0" 200 109065 "https://misswavenigeria.com/" "Mozilla/5.0 (Windows NT 10.0; WOW64) AppleWebKit/537.36 (KHTML, like Gecko) Chrome/103.0.0.0 Safari/537.36"
66.29.132.124 - - [11/Jan/2025:13:12:38 -0500] "POST /wp-admin/admin-ajax.php?action=async_litespeed&nonce=RfJcxsMOA4qsDynIqpfJiHaV01zcCQTu&litespeed_type=imgoptm HTTP/1.1" 200 21 "-" "WordPress/6.7.1; https://misswavenigeria.com"
194.32.122.41 - - [11/Jan/2025:13:12:40 -0500] "GET /register/ HTTP/1.0" 200 75934 "https://misswavenigeria.com/register/" "Mozilla/5.0 (Windows NT 10.0; WOW64) AppleWebKit/537.36 (KHTML, like Gecko) Chrome/103.0.0.0 Safari/537.36"
194.32.122.41 - - [11/Jan/2025:13:12:42 -0500] "POST /register/ HTTP/1.0" 200 0 "https://misswavenigeria.com/register/" "Mozilla/5.0 (Windows NT 10.0; WOW64) AppleWebKit/537.36 (KHTML, like Gecko) Chrome/103.0.0.0 Safari/537.36"
194.32.122.41 - - [11/Jan/2025:13:15:14 -0500] "GET /register/ HTTP/1.0" 200 75934 "https://misswavenigeria.com/" "Mozilla/5.0 (Windows NT 10.0; WOW64) AppleWebKit/537.36 (KHTML, like Gecko) Chrome/103.0.0.0 Safari/537.36"
66.249.79.2 - - [11/Jan/2025:13:15:20 -0500] "GET /goods/F94125?k=product HTTP/1.1" 200 69605 "-" "Mozilla/5.0 (Linux; Android 6.0.1; Nexus 5X Build/MMB29P) AppleWebKit/537.36 (KHTML, like Gecko) Chrome/131.0.6778.264 Mobile Safari/537.36 (compatible; Googlebot/2.1; +http://www.google.com/bot.html)"
194.32.122.41 - - [11/Jan/2025:13:15:57 -0500] "GET / HTTP/1.0" 200 109065 "https://misswavenigeria.com/" "Mozilla/5.0 (Windows NT 6.3; WOW64) AppleWebKit/537.36 (KHTML, like Gecko) Chrome/103.0.5060.114 Safari/537.36"
194.32.122.41 - - [11/Jan/2025:13:15:59 -0500] "GET /register/ HTTP/1.0" 200 75934 "https://misswavenigeria.com/register/" "Mozilla/5.0 (Windows NT 6.3; WOW64) AppleWebKit/537.36 (KHTML, like Gecko) Chrome/103.0.5060.114 Safari/537.36"
66.29.132.124 - - [11/Jan/2025:13:16:01 -0500] "POST /wp-cron.php?doing_wp_cron=1736619361.5943369865417480468750 HTTP/1.1" 200 0 "-" "WordPress/6.7.1; https://misswavenigeria.com"
66.29.132.124 - - [11/Jan/2025:13:16:02 -0500] "POST /wp-admin/admin-ajax.php?action=async_litespeed&nonce=EDIYaLHHMOxASanKA8B6G9oCu3CpdISV&litespeed_type=imgoptm HTTP/1.1" 200 21 "-" "WordPress/6.7.1; https://misswavenigeria.com"
66.249.68.67 - - [11/Jan/2025:13:16:12 -0500] "GET /goods/4295365?keyword=FOXEY HTTP/1.1" 200 69643 "-" "Mozilla/5.0 (Linux; Android 6.0.1; Nexus 5X Build/MMB29P) AppleWebKit/537.36 (KHTML, like Gecko) Chrome/131.0.6778.264 Mobile Safari/537.36 (compatible; Googlebot/2.1; +http://www.google.com/bot.html)"
66.249.68.68 - - [11/Jan/2025:13:17:33 -0500] "GET /static/1988221?keyword=3x950x1310?keyword=%E3%83%91%E3%82%A4%E3%82%AA%E3%83%8B%E3%82%A2DAT%E3%83%87%E3%83%83%E3%82%AD HTTP/1.1" 200 70006 "-" "Mozilla/5.0 (Linux; Android 6.0.1; Nexus 5X Build/MMB29P) AppleWebKit/537.36 (KHTML, like Gecko) Chrome/131.0.6778.264 Mobile Safari/537.36 (compatible; Googlebot/2.1; +http://www.google.com/bot.html)"
66.249.68.69 - - [11/Jan/2025:13:18:17 -0500] "GET /goods/4295365?keyword=%E3%83%AC%E3%83%87%E3%82%A3%E3%83%BC%E3%82%B9 HTTP/1.1" 200 70003 "-" "Mozilla/5.0 (Linux; Android 6.0.1; Nexus 5X Build/MMB29P) AppleWebKit/537.36 (KHTML, like Gecko) Chrome/131.0.6778.264 Mobile Safari/537.36 (compatible; Googlebot/2.1; +http://www.google.com/bot.html)"
194.32.122.41 - - [11/Jan/2025:13:16:01 -0500] "POST /register/ HTTP/1.0" 200 0 "https://misswavenigeria.com/register/" "Mozilla/5.0 (Windows NT 6.3; WOW64) AppleWebKit/537.36 (KHTML, like Gecko) Chrome/103.0.5060.114 Safari/537.36"
194.32.122.41 - - [11/Jan/2025:13:18:31 -0500] "GET /register/ HTTP/1.0" 200 75934 "https://misswavenigeria.com/" "Mozilla/5.0 (Windows NT 6.3; WOW64) AppleWebKit/537.36 (KHTML, like Gecko) Chrome/103.0.5060.114 Safari/537.36"
194.32.122.41 - - [11/Jan/2025:13:19:19 -0500] "GET / HTTP/1.0" 200 109065 "https://misswavenigeria.com/" "Mozilla/5.0 (Windows NT 10.0; Win64; x64) AppleWebKit/537.36 (KHTML, like Gecko) Chrome/103.0.5060.66 Safari/537.36"
194.32.122.41 - - [11/Jan/2025:13:19:22 -0500] "GET /register/ HTTP/1.0" 200 75934 "https://misswavenigeria.com/register/" "Mozilla/5.0 (Windows NT 10.0; Win64; x64) AppleWebKit/537.36 (KHTML, like Gecko) Chrome/103.0.5060.66 Safari/537.36"
66.29.132.124 - - [11/Jan/2025:13:19:25 -0500] "POST /wp-cron.php?doing_wp_cron=1736619565.3932669162750244140625 HTTP/1.1" 200 0 "-" "WordPress/6.7.1; https://misswavenigeria.com"
66.29.132.124 - - [11/Jan/2025:13:19:26 -0500] "POST /wp-admin/admin-ajax.php?action=async_litespeed&nonce=6hQNyT8qqgpgi470sy5SS952oB6eOzH6&litespeed_type=imgoptm HTTP/1.1" 200 21 "-" "WordPress/6.7.1; https://misswavenigeria.com"
66.249.68.68 - - [11/Jan/2025:13:19:52 -0500] "GET /static/441825 HTTP/1.1" 200 68272 "-" "Mozilla/5.0 (Linux; Android 6.0.1; Nexus 5X Build/MMB29P) AppleWebKit/537.36 (KHTML, like Gecko) Chrome/131.0.6778.264 Mobile Safari/537.36 (compatible; Googlebot/2.1; +http://www.google.com/bot.html)"
66.249.68.68 - - [11/Jan/2025:13:20:21 -0500] "GET /show/3506898 HTTP/1.1" 200 69108 "-" "Mozilla/5.0 (Linux; Android 6.0.1; Nexus 5X Build/MMB29P) AppleWebKit/537.36 (KHTML, like Gecko) Chrome/131.0.6778.264 Mobile Safari/537.36 (compatible; Googlebot/2.1; +http://www.google.com/bot.html)"
66.249.68.69 - - [11/Jan/2025:13:20:24 -0500] "GET /static/3942275 HTTP/1.1" 200 73120 "-" "Mozilla/5.0 (Linux; Android 6.0.1; Nexus 5X Build/MMB29P) AppleWebKit/537.36 (KHTML, like Gecko) Chrome/131.0.6778.264 Mobile Safari/537.36 (compatible; Googlebot/2.1; +http://www.google.com/bot.html)"
66.249.68.69 - - [11/Jan/2025:13:21:24 -0500] "GET /goods/4186856?keyword=FR-E740-5.5K HTTP/1.1" 200 72442 "-" "Mozilla/5.0 (Linux; Android 6.0.1; Nexus 5X Build/MMB29P) AppleWebKit/537.36 (KHTML, like Gecko) Chrome/131.0.6778.264 Mobile Safari/537.36 (compatible; Googlebot/2.1; +http://www.google.com/bot.html)"
194.32.122.41 - - [11/Jan/2025:13:19:24 -0500] "POST /register/ HTTP/1.0" 200 0 "https://misswavenigeria.com/register/" "Mozilla/5.0 (Windows NT 10.0; Win64; x64) AppleWebKit/537.36 (KHTML, like Gecko) Chrome/103.0.5060.66 Safari/537.36"
194.32.122.41 - - [11/Jan/2025:13:21:54 -0500] "GET /register/ HTTP/1.0" 200 75934 "https://misswavenigeria.com/" "Mozilla/5.0 (Windows NT 10.0; Win64; x64) AppleWebKit/537.36 (KHTML, like Gecko) Chrome/103.0.5060.66 Safari/537.36"
66.249.68.69 - - [11/Jan/2025:13:22:23 -0500] "GET /goods/1364738 HTTP/1.1" 200 68025 "-" "Mozilla/5.0 (Linux; Android 6.0.1; Nexus 5X Build/MMB29P) AppleWebKit/537.36 (KHTML, like Gecko) Chrome/131.0.6778.264 Mobile Safari/537.36 (compatible; Googlebot/2.1; +http://www.google.com/bot.html)"
66.249.68.69 - - [11/Jan/2025:13:22:25 -0500] "GET /static/3078445 HTTP/1.1" 200 69415 "-" "Mozilla/5.0 (Linux; Android 6.0.1; Nexus 5X Build/MMB29P) AppleWebKit/537.36 (KHTML, like Gecko) Chrome/131.0.6778.264 Mobile Safari/537.36 (compatible; Googlebot/2.1; +http://www.google.com/bot.html)"
194.32.122.41 - - [11/Jan/2025:13:22:37 -0500] "GET / HTTP/1.0" 200 109065 "https://misswavenigeria.com/" "Mozilla/5.0 (Windows NT 10.0; Win64; x64) AppleWebKit/537.36 (KHTML, like Gecko) Chrome/103.0.5060.53 Safari/537.36"
194.32.122.41 - - [11/Jan/2025:13:22:39 -0500] "GET /register/ HTTP/1.0" 200 75934 "https://misswavenigeria.com/register/" "Mozilla/5.0 (Windows NT 10.0; Win64; x64) AppleWebKit/537.36 (KHTML, like Gecko) Chrome/103.0.5060.53 Safari/537.36"
66.29.132.124 - - [11/Jan/2025:13:22:42 -0500] "POST /wp-cron.php?doing_wp_cron=1736619761.9771189689636230468750 HTTP/1.1" 200 0 "-" "WordPress/6.7.1; https://misswavenigeria.com"
66.29.132.124 - - [11/Jan/2025:13:22:42 -0500] "POST /wp-admin/admin-ajax.php?action=async_litespeed&nonce=DAVjuFX8Va51aDWfrvMtQK74KnngRULz&litespeed_type=imgoptm HTTP/1.1" 200 21 "-" "WordPress/6.7.1; https://misswavenigeria.com"
66.249.68.69 - - [11/Jan/2025:13:23:33 -0500] "GET /goods/2526064?keyword=%E3%83%95%E3%82%A1%E3%83%83%E3%82%B7%E3%83%A7%E3%83%B3?keyword=USA%E8%A3%BD HTTP/1.1" 200 69026 "-" "Mozilla/5.0 (Linux; Android 6.0.1; Nexus 5X Build/MMB29P) AppleWebKit/537.36 (KHTML, like Gecko) Chrome/131.0.6778.264 Mobile Safari/537.36 (compatible; Googlebot/2.1; +http://www.google.com/bot.html)"
66.249.68.68 - - [11/Jan/2025:13:23:53 -0500] "GET /static/1289628 HTTP/1.1" 200 71336 "-" "Mozilla/5.0 (Linux; Android 6.0.1; Nexus 5X Build/MMB29P) AppleWebKit/537.36 (KHTML, like Gecko) Chrome/131.0.6778.264 Mobile Safari/537.36 (compatible; Googlebot/2.1; +http://www.google.com/bot.html)"
194.32.122.41 - - [11/Jan/2025:13:22:41 -0500] "POST /register/ HTTP/1.0" 200 0 "https://misswavenigeria.com/register/" "Mozilla/5.0 (Windows NT 10.0; Win64; x64) AppleWebKit/537.36 (KHTML, like Gecko) Chrome/103.0.5060.53 Safari/537.36"
66.249.68.68 - - [11/Jan/2025:13:25:09 -0500] "GET /goods/4295365?keyword=%E5%AE%8C%E5%A3%B2 HTTP/1.1" 200 68767 "-" "Mozilla/5.0 (Linux; Android 6.0.1; Nexus 5X Build/MMB29P) AppleWebKit/537.36 (KHTML, like Gecko) Chrome/131.0.6778.264 Mobile Safari/537.36 (compatible; Googlebot/2.1; +http://www.google.com/bot.html)"
194.32.122.41 - - [11/Jan/2025:13:25:12 -0500] "GET /register/ HTTP/1.0" 200 75934 "https://misswavenigeria.com/" "Mozilla/5.0 (Windows NT 10.0; Win64; x64) AppleWebKit/537.36 (KHTML, like Gecko) Chrome/103.0.5060.53 Safari/537.36"
194.32.122.41 - - [11/Jan/2025:13:25:56 -0500] "GET / HTTP/1.0" 200 109065 "https://misswavenigeria.com/" "Mozilla/5.0 (Windows NT 6.3; Win64; x64) AppleWebKit/537.36 (KHTML, like Gecko) Chrome/103.0.5060.114 Safari/537.36"
194.32.122.41 - - [11/Jan/2025:13:25:58 -0500] "GET /register/ HTTP/1.0" 200 75934 "https://misswavenigeria.com/register/" "Mozilla/5.0 (Windows NT 6.3; Win64; x64) AppleWebKit/537.36 (KHTML, like Gecko) Chrome/103.0.5060.114 Safari/537.36"
66.29.132.124 - - [11/Jan/2025:13:26:00 -0500] "POST /wp-cron.php?doing_wp_cron=1736619960.2698268890380859375000 HTTP/1.1" 200 0 "-" "WordPress/6.7.1; https://misswavenigeria.com"
66.29.132.124 - - [11/Jan/2025:13:26:00 -0500] "POST /wp-admin/admin-ajax.php?action=async_litespeed&nonce=G8mlkikVz5hOEkP6yCaaOipvhAbSnItb&litespeed_type=imgoptm HTTP/1.1" 200 21 "-" "WordPress/6.7.1; https://misswavenigeria.com"
66.249.79.104 - - [11/Jan/2025:13:26:10 -0500] "GET /static/1226684 HTTP/1.1" 200 68916 "-" "Mozilla/5.0 (Linux; Android 6.0.1; Nexus 5X Build/MMB29P) AppleWebKit/537.36 (KHTML, like Gecko) Chrome/131.0.6778.264 Mobile Safari/537.36 (compatible; Googlebot/2.1; +http://www.google.com/bot.html)"
66.249.68.67 - - [11/Jan/2025:13:26:14 -0500] "GET /static/4228643 HTTP/1.1" 200 67486 "-" "Mozilla/5.0 (Linux; Android 6.0.1; Nexus 5X Build/MMB29P) AppleWebKit/537.36 (KHTML, like Gecko) Chrome/131.0.6778.264 Mobile Safari/537.36 (compatible; Googlebot/2.1; +http://www.google.com/bot.html)"
66.249.68.68 - - [11/Jan/2025:13:26:33 -0500] "GET /static/635825 HTTP/1.1" 200 71554 "-" "Mozilla/5.0 (Linux; Android 6.0.1; Nexus 5X Build/MMB29P) AppleWebKit/537.36 (KHTML, like Gecko) Chrome/131.0.6778.264 Mobile Safari/537.36 (compatible; Googlebot/2.1; +http://www.google.com/bot.html)"
66.249.68.67 - - [11/Jan/2025:13:26:56 -0500] "GET /static/4325052 HTTP/1.1" 200 69183 "-" "Mozilla/5.0 (Linux; Android 6.0.1; Nexus 5X Build/MMB29P) AppleWebKit/537.36 (KHTML, like Gecko) Chrome/131.0.6778.264 Mobile Safari/537.36 (compatible; Googlebot/2.1; +http://www.google.com/bot.html)"
66.249.68.69 - - [11/Jan/2025:13:27:53 -0500] "GET /static/3995884 HTTP/1.1" 200 68595 "-" "Mozilla/5.0 (Linux; Android 6.0.1; Nexus 5X Build/MMB29P) AppleWebKit/537.36 (KHTML, like Gecko) Chrome/131.0.6778.264 Mobile Safari/537.36 (compatible; Googlebot/2.1; +http://www.google.com/bot.html)"
194.32.122.41 - - [11/Jan/2025:13:25:59 -0500] "POST /register/ HTTP/1.0" 200 76060 "https://misswavenigeria.com/register/" "Mozilla/5.0 (Windows NT 6.3; Win64; x64) AppleWebKit/537.36 (KHTML, like Gecko) Chrome/103.0.5060.114 Safari/537.36"
66.29.132.124 - - [11/Jan/2025:13:28:04 -0500] "POST /wp-cron.php?doing_wp_cron=1736620084.3266301155090332031250 HTTP/1.1" 200 0 "-" "WordPress/6.7.1; https://misswavenigeria.com"
194.32.122.41 - - [11/Jan/2025:13:28:04 -0500] "GET /register/ HTTP/1.0" 200 75934 "https://misswavenigeria.com/" "Mozilla/5.0 (Windows NT 6.3; Win64; x64) AppleWebKit/537.36 (KHTML, like Gecko) Chrome/103.0.5060.114 Safari/537.36"
66.29.132.124 - - [11/Jan/2025:13:28:04 -0500] "POST /wp-admin/admin-ajax.php?action=async_litespeed&nonce=PXTenXkvH0FWJEFRxba0ufogY0KS0JaY&litespeed_type=imgoptm HTTP/1.1" 200 21 "-" "WordPress/6.7.1; https://misswavenigeria.com"
66.249.68.69 - - [11/Jan/2025:13:28:12 -0500] "GET /goods/4295365?keyword=%E6%8E%B2%E8%BC%89 HTTP/1.1" 200 68492 "-" "Mozilla/5.0 (Linux; Android 6.0.1; Nexus 5X Build/MMB29P) AppleWebKit/537.36 (KHTML, like Gecko) Chrome/131.0.6778.264 Mobile Safari/537.36 (compatible; Googlebot/2.1; +http://www.google.com/bot.html)"
66.29.132.124 - - [11/Jan/2025:13:29:10 -0500] "POST /wp-cron.php?doing_wp_cron=1736620150.9045178890228271484375 HTTP/1.1" 200 0 "-" "WordPress/6.7.1; https://misswavenigeria.com"
