66.29.132.124 - - [11/Jan/2025:04:56:59 -0500] "POST /wp-admin/admin-ajax.php?action=async_litespeed&nonce=3uuZVr4ETCmIbrzFkIj4jvBY4ZpMkR1Z&litespeed_type=imgoptm HTTP/1.1" 200 21 "-" "WordPress/6.7.1; https://misswavenigeria.com"
66.249.79.4 - - [11/Jan/2025:04:57:52 -0500] "GET /goods/L179567?k=product HTTP/1.1" 200 68910 "-" "Mozilla/5.0 (Linux; Android 6.0.1; Nexus 5X Build/MMB29P) AppleWebKit/537.36 (KHTML, like Gecko) Chrome/131.0.6778.264 Mobile Safari/537.36 (compatible; Googlebot/2.1; +http://www.google.com/bot.html)"
194.32.122.41 - - [11/Jan/2025:04:56:57 -0500] "POST /register/ HTTP/1.0" 200 76060 "https://misswavenigeria.com/register/" "Mozilla/5.0 (Windows NT 10.0; WOW64) AppleWebKit/537.36 (KHTML, like Gecko) Chrome/103.0.5060.114 Safari/537.36"
66.29.132.124 - - [11/Jan/2025:04:59:19 -0500] "POST /wp-cron.php?doing_wp_cron=1736589559.4813361167907714843750 HTTP/1.1" 200 0 "-" "WordPress/6.7.1; https://misswavenigeria.com"
194.32.122.41 - - [11/Jan/2025:04:59:19 -0500] "GET /register/ HTTP/1.0" 200 75934 "https://misswavenigeria.com/" "Mozilla/5.0 (Windows NT 10.0; WOW64) AppleWebKit/537.36 (KHTML, like Gecko) Chrome/103.0.5060.114 Safari/537.36"
66.29.132.124 - - [11/Jan/2025:04:59:19 -0500] "POST /wp-admin/admin-ajax.php?action=async_litespeed&nonce=RyfDiAW4fOIFxcGi01XhHj1FysHI7pse&litespeed_type=imgoptm HTTP/1.1" 200 21 "-" "WordPress/6.7.1; https://misswavenigeria.com"
66.29.132.124 - - [11/Jan/2025:05:00:01 -0500] "POST /wp-cron.php?doing_wp_cron=1736589601.6076190471649169921875 HTTP/1.1" 200 0 "-" "WordPress/6.7.1; https://misswavenigeria.com"
66.29.132.124 - - [11/Jan/2025:05:00:01 -0500] "POST /wp-admin/admin-ajax.php?action=async_litespeed&nonce=Nvz7wsnSUKyJ0HBdSlaA7x1zniuL3Vma&litespeed_type=imgoptm HTTP/1.1" 200 21 "-" "WordPress/6.7.1; https://misswavenigeria.com"
194.32.122.41 - - [11/Jan/2025:05:00:01 -0500] "GET / HTTP/1.0" 200 109067 "https://misswavenigeria.com/" "Mozilla/5.0 (Windows NT 10.0; Win64; x64) AppleWebKit/537.36 (KHTML, like Gecko) Chrome/103.0.5060.66 Safari/537.36"
194.32.122.41 - - [11/Jan/2025:05:00:07 -0500] "GET /register/ HTTP/1.0" 200 75934 "https://misswavenigeria.com/register/" "Mozilla/5.0 (Windows NT 10.0; Win64; x64) AppleWebKit/537.36 (KHTML, like Gecko) Chrome/103.0.5060.66 Safari/537.36"
194.32.122.41 - - [11/Jan/2025:05:00:09 -0500] "POST /register/ HTTP/1.0" 200 76060 "https://misswavenigeria.com/register/" "Mozilla/5.0 (Windows NT 10.0; Win64; x64) AppleWebKit/537.36 (KHTML, like Gecko) Chrome/103.0.5060.66 Safari/537.36"
66.29.132.124 - - [11/Jan/2025:05:02:08 -0500] "POST /wp-cron.php?doing_wp_cron=1736589728.1803228855133056640625 HTTP/1.1" 200 0 "-" "WordPress/6.7.1; https://misswavenigeria.com"
194.32.122.41 - - [11/Jan/2025:05:02:08 -0500] "GET /register/ HTTP/1.0" 200 75934 "https://misswavenigeria.com/" "Mozilla/5.0 (Windows NT 10.0; Win64; x64) AppleWebKit/537.36 (KHTML, like Gecko) Chrome/103.0.5060.66 Safari/537.36"
66.29.132.124 - - [11/Jan/2025:05:02:08 -0500] "POST /wp-admin/admin-ajax.php?action=async_litespeed&nonce=kpSMrJ3MGdhKR0cGUSVHnXbU4uXYHkIv&litespeed_type=imgoptm HTTP/1.1" 200 21 "-" "WordPress/6.7.1; https://misswavenigeria.com"
66.29.132.124 - - [11/Jan/2025:05:03:18 -0500] "POST /wp-cron.php?doing_wp_cron=1736589798.5748949050903320312500 HTTP/1.1" 200 0 "-" "WordPress/6.7.1; https://misswavenigeria.com"
194.32.122.41 - - [11/Jan/2025:05:03:18 -0500] "GET / HTTP/1.0" 200 109067 "https://misswavenigeria.com/" "Mozilla/5.0 (Windows NT 6.1; Win64; x64) AppleWebKit/537.36 (KHTML, like Gecko) Chrome/103.0.0.0 Safari/537.36"
66.29.132.124 - - [11/Jan/2025:05:03:18 -0500] "POST /wp-admin/admin-ajax.php?action=async_litespeed&nonce=6CNnt4X75bw3Nqatu1aIa3yJu3gUabET&litespeed_type=imgoptm HTTP/1.1" 200 21 "-" "WordPress/6.7.1; https://misswavenigeria.com"
194.32.122.41 - - [11/Jan/2025:05:03:20 -0500] "GET /register/ HTTP/1.0" 200 75934 "https://misswavenigeria.com/register/" "Mozilla/5.0 (Windows NT 6.1; Win64; x64) AppleWebKit/537.36 (KHTML, like Gecko) Chrome/103.0.0.0 Safari/537.36"
194.32.122.41 - - [11/Jan/2025:05:03:22 -0500] "POST /register/ HTTP/1.0" 200 76060 "https://misswavenigeria.com/register/" "Mozilla/5.0 (Windows NT 6.1; Win64; x64) AppleWebKit/537.36 (KHTML, like Gecko) Chrome/103.0.0.0 Safari/537.36"
66.29.132.124 - - [11/Jan/2025:05:05:22 -0500] "POST /wp-cron.php?doing_wp_cron=1736589922.0803449153900146484375 HTTP/1.1" 200 0 "-" "WordPress/6.7.1; https://misswavenigeria.com"
194.32.122.41 - - [11/Jan/2025:05:05:21 -0500] "GET /register/ HTTP/1.0" 200 75934 "https://misswavenigeria.com/" "Mozilla/5.0 (Windows NT 6.1; Win64; x64) AppleWebKit/537.36 (KHTML, like Gecko) Chrome/103.0.0.0 Safari/537.36"
66.29.132.124 - - [11/Jan/2025:05:05:22 -0500] "POST /wp-admin/admin-ajax.php?action=async_litespeed&nonce=AV09fJ4t2QxNtyIoem9O2ljygmcusaAB&litespeed_type=imgoptm HTTP/1.1" 200 21 "-" "WordPress/6.7.1; https://misswavenigeria.com"
66.29.132.124 - - [11/Jan/2025:05:06:31 -0500] "POST /wp-cron.php?doing_wp_cron=1736589991.6460559368133544921875 HTTP/1.1" 200 0 "-" "WordPress/6.7.1; https://misswavenigeria.com"
194.32.122.41 - - [11/Jan/2025:05:06:31 -0500] "GET / HTTP/1.0" 200 109065 "https://misswavenigeria.com/" "Mozilla/5.0 (Windows NT 10.0; WOW64) AppleWebKit/537.36 (KHTML, like Gecko) Chrome/103.0.5060.114 Safari/537.36"
66.29.132.124 - - [11/Jan/2025:05:06:31 -0500] "POST /wp-admin/admin-ajax.php?action=async_litespeed&nonce=mqhw86FdzieHvgcA6s9RDoPuzF4Nutoe&litespeed_type=imgoptm HTTP/1.1" 200 21 "-" "WordPress/6.7.1; https://misswavenigeria.com"
194.32.122.41 - - [11/Jan/2025:05:06:34 -0500] "GET /register/ HTTP/1.0" 200 75934 "https://misswavenigeria.com/register/" "Mozilla/5.0 (Windows NT 10.0; WOW64) AppleWebKit/537.36 (KHTML, like Gecko) Chrome/103.0.5060.114 Safari/537.36"
194.32.122.41 - - [11/Jan/2025:05:06:35 -0500] "POST /register/ HTTP/1.0" 200 76060 "https://misswavenigeria.com/register/" "Mozilla/5.0 (Windows NT 10.0; WOW64) AppleWebKit/537.36 (KHTML, like Gecko) Chrome/103.0.5060.114 Safari/537.36"
66.29.132.124 - - [11/Jan/2025:05:08:10 -0500] "POST /wp-cron.php?doing_wp_cron=1736590090.4073829650878906250000 HTTP/1.1" 200 0 "-" "WordPress/6.7.1; https://misswavenigeria.com"
194.32.122.41 - - [11/Jan/2025:05:08:10 -0500] "GET /register/ HTTP/1.0" 200 75934 "https://misswavenigeria.com/" "Mozilla/5.0 (Windows NT 10.0; WOW64) AppleWebKit/537.36 (KHTML, like Gecko) Chrome/103.0.5060.114 Safari/537.36"
66.29.132.124 - - [11/Jan/2025:05:08:10 -0500] "POST /wp-admin/admin-ajax.php?action=async_litespeed&nonce=SrEV4NRhv9zvQrNiwzninS86QXjhMSeo&litespeed_type=imgoptm HTTP/1.1" 200 21 "-" "WordPress/6.7.1; https://misswavenigeria.com"
66.29.132.124 - - [11/Jan/2025:05:09:46 -0500] "POST /wp-cron.php?doing_wp_cron=1736590186.0287780761718750000000 HTTP/1.1" 200 0 "-" "WordPress/6.7.1; https://misswavenigeria.com"
194.32.122.41 - - [11/Jan/2025:05:09:43 -0500] "GET / HTTP/1.0" 200 109067 "https://misswavenigeria.com/" "Mozilla/5.0 (Windows NT 6.1; Win64; x64) AppleWebKit/537.36 (KHTML, like Gecko) Chrome/103.0.0.0 Safari/537.36"
66.29.132.124 - - [11/Jan/2025:05:09:46 -0500] "POST /wp-admin/admin-ajax.php?action=async_litespeed&nonce=fEtpfOoLBjTHwnnqU1OMpMBrZIpr8WLH&litespeed_type=imgoptm HTTP/1.1" 200 21 "-" "WordPress/6.7.1; https://misswavenigeria.com"
194.32.122.41 - - [11/Jan/2025:05:09:48 -0500] "GET /register/ HTTP/1.0" 200 75934 "https://misswavenigeria.com/register/" "Mozilla/5.0 (Windows NT 6.1; Win64; x64) AppleWebKit/537.36 (KHTML, like Gecko) Chrome/103.0.0.0 Safari/537.36"
66.29.132.124 - - [11/Jan/2025:05:09:50 -0500] "POST /wp-cron.php?doing_wp_cron=1736590190.4818739891052246093750 HTTP/1.1" 200 0 "-" "WordPress/6.7.1; https://misswavenigeria.com"
66.29.132.124 - - [11/Jan/2025:05:09:50 -0500] "POST /wp-admin/admin-ajax.php?action=async_litespeed&nonce=tvlh01E7PsVMqiegPxhc5HiXB8Aj55g9&litespeed_type=imgoptm HTTP/1.1" 200 21 "-" "WordPress/6.7.1; https://misswavenigeria.com"
194.32.122.41 - - [11/Jan/2025:05:09:50 -0500] "POST /register/ HTTP/1.0" 200 76060 "https://misswavenigeria.com/register/" "Mozilla/5.0 (Windows NT 6.1; Win64; x64) AppleWebKit/537.36 (KHTML, like Gecko) Chrome/103.0.0.0 Safari/537.36"
66.29.132.124 - - [11/Jan/2025:05:12:00 -0500] "POST /wp-cron.php?doing_wp_cron=1736590320.2661418914794921875000 HTTP/1.1" 200 0 "-" "WordPress/6.7.1; https://misswavenigeria.com"
194.32.122.41 - - [11/Jan/2025:05:12:00 -0500] "GET /register/ HTTP/1.0" 200 75934 "https://misswavenigeria.com/" "Mozilla/5.0 (Windows NT 6.1; Win64; x64) AppleWebKit/537.36 (KHTML, like Gecko) Chrome/103.0.0.0 Safari/537.36"
66.29.132.124 - - [11/Jan/2025:05:12:00 -0500] "POST /wp-admin/admin-ajax.php?action=async_litespeed&nonce=4OwIjkVhoTkc6yN6cQCFJYPriNYnIZOT&litespeed_type=imgoptm HTTP/1.1" 200 21 "-" "WordPress/6.7.1; https://misswavenigeria.com"
66.29.132.124 - - [11/Jan/2025:05:12:53 -0500] "POST /wp-cron.php?doing_wp_cron=1736590373.4858660697937011718750 HTTP/1.1" 200 0 "-" "WordPress/6.7.1; https://misswavenigeria.com"
194.32.122.41 - - [11/Jan/2025:05:12:53 -0500] "GET / HTTP/1.0" 200 109067 "https://misswavenigeria.com/" "Mozilla/5.0 (Windows NT 6.3; Win64; x64) AppleWebKit/537.36 (KHTML, like Gecko) Chrome/103.0.5060.53 Safari/537.36"
66.29.132.124 - - [11/Jan/2025:05:12:53 -0500] "POST /wp-admin/admin-ajax.php?action=async_litespeed&nonce=sDdHqzNxLPWeXtMQyaXNxTTQ9ZcIbW9X&litespeed_type=imgoptm HTTP/1.1" 200 21 "-" "WordPress/6.7.1; https://misswavenigeria.com"
194.32.122.41 - - [11/Jan/2025:05:12:55 -0500] "GET /register/ HTTP/1.0" 200 75934 "https://misswavenigeria.com/register/" "Mozilla/5.0 (Windows NT 6.3; Win64; x64) AppleWebKit/537.36 (KHTML, like Gecko) Chrome/103.0.5060.53 Safari/537.36"
194.32.122.41 - - [11/Jan/2025:05:12:57 -0500] "POST /register/ HTTP/1.0" 200 76060 "https://misswavenigeria.com/register/" "Mozilla/5.0 (Windows NT 6.3; Win64; x64) AppleWebKit/537.36 (KHTML, like Gecko) Chrome/103.0.5060.53 Safari/537.36"
66.29.132.124 - - [11/Jan/2025:05:14:20 -0500] "POST /wp-cron.php?doing_wp_cron=1736590460.3895249366760253906250 HTTP/1.1" 200 0 "-" "WordPress/6.7.1; https://misswavenigeria.com"
194.32.122.41 - - [11/Jan/2025:05:14:20 -0500] "GET /register/ HTTP/1.0" 200 75934 "https://misswavenigeria.com/" "Mozilla/5.0 (Windows NT 6.3; Win64; x64) AppleWebKit/537.36 (KHTML, like Gecko) Chrome/103.0.5060.53 Safari/537.36"
66.29.132.124 - - [11/Jan/2025:05:14:20 -0500] "POST /wp-admin/admin-ajax.php?action=async_litespeed&nonce=ZtGEr5rNA8XIQzhm5OVNKhyFCTrqM5J5&litespeed_type=imgoptm HTTP/1.1" 200 21 "-" "WordPress/6.7.1; https://misswavenigeria.com"
66.29.132.124 - - [11/Jan/2025:05:16:06 -0500] "POST /wp-cron.php?doing_wp_cron=1736590566.3074069023132324218750 HTTP/1.1" 200 0 "-" "WordPress/6.7.1; https://misswavenigeria.com"
194.32.122.41 - - [11/Jan/2025:05:16:03 -0500] "GET / HTTP/1.0" 200 109067 "https://misswavenigeria.com/" "Mozilla/5.0 (Windows NT 10.0; Win64; x64) AppleWebKit/537.36 (KHTML, like Gecko) Chrome/103.0.0.0 Safari/537.36 OpenWave/97.4.2043.44"
66.29.132.124 - - [11/Jan/2025:05:16:06 -0500] "POST /wp-admin/admin-ajax.php?action=async_litespeed&nonce=sRbImDMtwX6DRaltH7aV1ZknlJntqaUB&litespeed_type=imgoptm HTTP/1.1" 200 21 "-" "WordPress/6.7.1; https://misswavenigeria.com"
194.32.122.41 - - [11/Jan/2025:05:16:08 -0500] "GET /register/ HTTP/1.0" 200 75934 "https://misswavenigeria.com/register/" "Mozilla/5.0 (Windows NT 10.0; Win64; x64) AppleWebKit/537.36 (KHTML, like Gecko) Chrome/103.0.0.0 Safari/537.36 OpenWave/97.4.2043.44"
194.32.122.41 - - [11/Jan/2025:05:16:10 -0500] "POST /register/ HTTP/1.0" 200 76060 "https://misswavenigeria.com/register/" "Mozilla/5.0 (Windows NT 10.0; Win64; x64) AppleWebKit/537.36 (KHTML, like Gecko) Chrome/103.0.0.0 Safari/537.36 OpenWave/97.4.2043.44"
66.29.132.124 - - [11/Jan/2025:05:17:38 -0500] "POST /wp-cron.php?doing_wp_cron=1736590658.0522840023040771484375 HTTP/1.1" 200 0 "-" "WordPress/6.7.1; https://misswavenigeria.com"
194.32.122.41 - - [11/Jan/2025:05:17:37 -0500] "GET /register/ HTTP/1.0" 200 75934 "https://misswavenigeria.com/" "Mozilla/5.0 (Windows NT 10.0; Win64; x64) AppleWebKit/537.36 (KHTML, like Gecko) Chrome/103.0.0.0 Safari/537.36 OpenWave/97.4.2043.44"
66.29.132.124 - - [11/Jan/2025:05:17:38 -0500] "POST /wp-admin/admin-ajax.php?action=async_litespeed&nonce=3WU9KfNciyWPt1fAEvj2k7NIDWgK0a8G&litespeed_type=imgoptm HTTP/1.1" 200 21 "-" "WordPress/6.7.1; https://misswavenigeria.com"
66.29.132.124 - - [11/Jan/2025:05:19:09 -0500] "POST /wp-cron.php?doing_wp_cron=1736590749.7459049224853515625000 HTTP/1.1" 200 0 "-" "WordPress/6.7.1; https://misswavenigeria.com"
194.32.122.41 - - [11/Jan/2025:05:19:08 -0500] "GET / HTTP/1.0" 200 109065 "https://misswavenigeria.com/" "Mozilla/5.0 (Windows NT 6.1; WOW64) AppleWebKit/537.36 (KHTML, like Gecko) Chrome/103.0.0.0 Safari/537.36"
66.29.132.124 - - [11/Jan/2025:05:19:10 -0500] "POST /wp-admin/admin-ajax.php?action=async_litespeed&nonce=z80UTpG28oEnZ91nZp6kMVHHRmwhYc8b&litespeed_type=imgoptm HTTP/1.1" 200 21 "-" "WordPress/6.7.1; https://misswavenigeria.com"
194.32.122.41 - - [11/Jan/2025:05:19:12 -0500] "GET /register/ HTTP/1.0" 200 75934 "https://misswavenigeria.com/register/" "Mozilla/5.0 (Windows NT 6.1; WOW64) AppleWebKit/537.36 (KHTML, like Gecko) Chrome/103.0.0.0 Safari/537.36"
194.32.122.41 - - [11/Jan/2025:05:19:14 -0500] "POST /register/ HTTP/1.0" 200 76060 "https://misswavenigeria.com/register/" "Mozilla/5.0 (Windows NT 6.1; WOW64) AppleWebKit/537.36 (KHTML, like Gecko) Chrome/103.0.0.0 Safari/537.36"
66.29.132.124 - - [11/Jan/2025:05:20:48 -0500] "POST /wp-cron.php?doing_wp_cron=1736590848.7386269569396972656250 HTTP/1.1" 200 0 "-" "WordPress/6.7.1; https://misswavenigeria.com"
194.32.122.41 - - [11/Jan/2025:05:20:48 -0500] "GET /register/ HTTP/1.0" 200 75934 "https://misswavenigeria.com/" "Mozilla/5.0 (Windows NT 6.1; WOW64) AppleWebKit/537.36 (KHTML, like Gecko) Chrome/103.0.0.0 Safari/537.36"
66.29.132.124 - - [11/Jan/2025:05:20:48 -0500] "POST /wp-admin/admin-ajax.php?action=async_litespeed&nonce=7MCzQacYLtU6kdL3YGjRXFW648uU33vT&litespeed_type=imgoptm HTTP/1.1" 200 21 "-" "WordPress/6.7.1; https://misswavenigeria.com"
66.29.132.124 - - [11/Jan/2025:05:22:15 -0500] "POST /wp-cron.php?doing_wp_cron=1736590935.1125130653381347656250 HTTP/1.1" 200 0 "-" "WordPress/6.7.1; https://misswavenigeria.com"
194.32.122.41 - - [11/Jan/2025:05:22:13 -0500] "GET / HTTP/1.0" 200 109067 "https://misswavenigeria.com/" "Mozilla/5.0 (Windows NT 6.1; Win64; x64) AppleWebKit/537.36 (KHTML, like Gecko) Chrome/103.0.0.0 Safari/537.36"
66.29.132.124 - - [11/Jan/2025:05:22:15 -0500] "POST /wp-admin/admin-ajax.php?action=async_litespeed&nonce=mX9DkyabziEqUOTWRbAzbBH0eB7ETpPF&litespeed_type=imgoptm HTTP/1.1" 200 21 "-" "WordPress/6.7.1; https://misswavenigeria.com"
194.32.122.41 - - [11/Jan/2025:05:22:17 -0500] "GET /register/ HTTP/1.0" 200 75934 "https://misswavenigeria.com/register/" "Mozilla/5.0 (Windows NT 6.1; Win64; x64) AppleWebKit/537.36 (KHTML, like Gecko) Chrome/103.0.0.0 Safari/537.36"
194.32.122.41 - - [11/Jan/2025:05:22:19 -0500] "POST /register/ HTTP/1.0" 200 76060 "https://misswavenigeria.com/register/" "Mozilla/5.0 (Windows NT 6.1; Win64; x64) AppleWebKit/537.36 (KHTML, like Gecko) Chrome/103.0.0.0 Safari/537.36"
66.29.132.124 - - [11/Jan/2025:05:24:18 -0500] "POST /wp-cron.php?doing_wp_cron=1736591058.7128310203552246093750 HTTP/1.1" 200 0 "-" "WordPress/6.7.1; https://misswavenigeria.com"
194.32.122.41 - - [11/Jan/2025:05:24:18 -0500] "GET /register/ HTTP/1.0" 200 75934 "https://misswavenigeria.com/" "Mozilla/5.0 (Windows NT 6.1; Win64; x64) AppleWebKit/537.36 (KHTML, like Gecko) Chrome/103.0.0.0 Safari/537.36"
66.29.132.124 - - [11/Jan/2025:05:24:19 -0500] "POST /wp-admin/admin-ajax.php?action=async_litespeed&nonce=wU7v18VYfyFgoNW6V6VC4i1ep0KxvJWz&litespeed_type=imgoptm HTTP/1.1" 200 21 "-" "WordPress/6.7.1; https://misswavenigeria.com"
66.29.132.124 - - [11/Jan/2025:05:25:28 -0500] "POST /wp-cron.php?doing_wp_cron=1736591128.0342049598693847656250 HTTP/1.1" 200 0 "-" "WordPress/6.7.1; https://misswavenigeria.com"
194.32.122.41 - - [11/Jan/2025:05:25:27 -0500] "GET / HTTP/1.0" 200 109065 "https://misswavenigeria.com/" "Mozilla/5.0 (Windows NT 10.0) AppleWebKit/537.36 (KHTML, like Gecko) Chrome/103.0.0.0 Safari/537.36"
66.29.132.124 - - [11/Jan/2025:05:25:28 -0500] "POST /wp-admin/admin-ajax.php?action=async_litespeed&nonce=uL6o8ZSlKAQUCW9KMdNJ2Pxx4jThi0PG&litespeed_type=imgoptm HTTP/1.1" 200 21 "-" "WordPress/6.7.1; https://misswavenigeria.com"
194.32.122.41 - - [11/Jan/2025:05:25:30 -0500] "GET /register/ HTTP/1.0" 200 75934 "https://misswavenigeria.com/register/" "Mozilla/5.0 (Windows NT 10.0) AppleWebKit/537.36 (KHTML, like Gecko) Chrome/103.0.0.0 Safari/537.36"
194.32.122.41 - - [11/Jan/2025:05:25:32 -0500] "POST /register/ HTTP/1.0" 200 76060 "https://misswavenigeria.com/register/" "Mozilla/5.0 (Windows NT 10.0) AppleWebKit/537.36 (KHTML, like Gecko) Chrome/103.0.0.0 Safari/537.36"
66.29.132.124 - - [11/Jan/2025:05:27:18 -0500] "POST /wp-cron.php?doing_wp_cron=1736591238.8189499378204345703125 HTTP/1.1" 200 0 "-" "WordPress/6.7.1; https://misswavenigeria.com"
194.32.122.41 - - [11/Jan/2025:05:27:18 -0500] "GET /register/ HTTP/1.0" 200 75934 "https://misswavenigeria.com/" "Mozilla/5.0 (Windows NT 10.0) AppleWebKit/537.36 (KHTML, like Gecko) Chrome/103.0.0.0 Safari/537.36"
66.29.132.124 - - [11/Jan/2025:05:27:19 -0500] "POST /wp-admin/admin-ajax.php?action=async_litespeed&nonce=9dP64xYvF9c5IctEmBsGHLPlWZdez8VQ&litespeed_type=imgoptm HTTP/1.1" 200 21 "-" "WordPress/6.7.1; https://misswavenigeria.com"
66.29.132.124 - - [11/Jan/2025:05:28:37 -0500] "POST /wp-cron.php?doing_wp_cron=1736591317.6155579090118408203125 HTTP/1.1" 200 0 "-" "WordPress/6.7.1; https://misswavenigeria.com"
194.32.122.41 - - [11/Jan/2025:05:28:37 -0500] "GET / HTTP/1.0" 200 109067 "https://misswavenigeria.com/" "Mozilla/5.0 (Windows NT 6.3) AppleWebKit/537.36 (KHTML, like Gecko) Chrome/103.0.0.0 Safari/537.36"
66.29.132.124 - - [11/Jan/2025:05:28:37 -0500] "POST /wp-admin/admin-ajax.php?action=async_litespeed&nonce=GgIvQN1TEpYGiUPwvSsKSLg7pM2G6md7&litespeed_type=imgoptm HTTP/1.1" 200 21 "-" "WordPress/6.7.1; https://misswavenigeria.com"
194.32.122.41 - - [11/Jan/2025:05:28:40 -0500] "GET /register/ HTTP/1.0" 200 75934 "https://misswavenigeria.com/register/" "Mozilla/5.0 (Windows NT 6.3) AppleWebKit/537.36 (KHTML, like Gecko) Chrome/103.0.0.0 Safari/537.36"
194.32.122.41 - - [11/Jan/2025:05:28:41 -0500] "POST /register/ HTTP/1.0" 200 76060 "https://misswavenigeria.com/register/" "Mozilla/5.0 (Windows NT 6.3) AppleWebKit/537.36 (KHTML, like Gecko) Chrome/103.0.0.0 Safari/537.36"
66.29.132.124 - - [11/Jan/2025:05:30:40 -0500] "POST /wp-cron.php?doing_wp_cron=1736591440.9568591117858886718750 HTTP/1.1" 200 0 "-" "WordPress/6.7.1; https://misswavenigeria.com"
194.32.122.41 - - [11/Jan/2025:05:30:40 -0500] "GET /register/ HTTP/1.0" 200 75934 "https://misswavenigeria.com/" "Mozilla/5.0 (Windows NT 6.3) AppleWebKit/537.36 (KHTML, like Gecko) Chrome/103.0.0.0 Safari/537.36"
66.29.132.124 - - [11/Jan/2025:05:30:41 -0500] "POST /wp-admin/admin-ajax.php?action=async_litespeed&nonce=e43i0t2fk4Mer4Ml0gI0ZcTqes3yINws&litespeed_type=imgoptm HTTP/1.1" 200 21 "-" "WordPress/6.7.1; https://misswavenigeria.com"
66.29.132.124 - - [11/Jan/2025:05:31:51 -0500] "POST /wp-cron.php?doing_wp_cron=1736591511.1412720680236816406250 HTTP/1.1" 200 0 "-" "WordPress/6.7.1; https://misswavenigeria.com"
194.32.122.41 - - [11/Jan/2025:05:31:50 -0500] "GET / HTTP/1.0" 200 109065 "https://misswavenigeria.com/" "Mozilla/5.0 (Windows NT 6.3; Win64; x64) AppleWebKit/537.36 (KHTML, like Gecko) Chrome/103.0.5060.53 Safari/537.36"
66.29.132.124 - - [11/Jan/2025:05:31:51 -0500] "POST /wp-admin/admin-ajax.php?action=async_litespeed&nonce=U4xGPYN7B9pEsGMLMnGVlZpO4AGOCZ5U&litespeed_type=imgoptm HTTP/1.1" 200 21 "-" "WordPress/6.7.1; https://misswavenigeria.com"
194.32.122.41 - - [11/Jan/2025:05:31:53 -0500] "GET /register/ HTTP/1.0" 200 75934 "https://misswavenigeria.com/register/" "Mozilla/5.0 (Windows NT 6.3; Win64; x64) AppleWebKit/537.36 (KHTML, like Gecko) Chrome/103.0.5060.53 Safari/537.36"
194.32.122.41 - - [11/Jan/2025:05:31:58 -0500] "POST /register/ HTTP/1.0" 200 76060 "https://misswavenigeria.com/register/" "Mozilla/5.0 (Windows NT 6.3; Win64; x64) AppleWebKit/537.36 (KHTML, like Gecko) Chrome/103.0.5060.53 Safari/537.36"
66.29.132.124 - - [11/Jan/2025:05:33:50 -0500] "POST /wp-cron.php?doing_wp_cron=1736591630.7781379222869873046875 HTTP/1.1" 200 0 "-" "WordPress/6.7.1; https://misswavenigeria.com"
194.32.122.41 - - [11/Jan/2025:05:33:50 -0500] "GET /register/ HTTP/1.0" 200 75934 "https://misswavenigeria.com/" "Mozilla/5.0 (Windows NT 6.3; Win64; x64) AppleWebKit/537.36 (KHTML, like Gecko) Chrome/103.0.5060.53 Safari/537.36"
66.29.132.124 - - [11/Jan/2025:05:33:51 -0500] "POST /wp-admin/admin-ajax.php?action=async_litespeed&nonce=tPihw73CMUsRTsBGW4pDUhwfT1apFJdz&litespeed_type=imgoptm HTTP/1.1" 200 21 "-" "WordPress/6.7.1; https://misswavenigeria.com"
66.29.132.124 - - [11/Jan/2025:05:35:01 -0500] "POST /wp-cron.php?doing_wp_cron=1736591700.9679100513458251953125 HTTP/1.1" 200 0 "-" "WordPress/6.7.1; https://misswavenigeria.com"
194.32.122.41 - - [11/Jan/2025:05:35:00 -0500] "GET / HTTP/1.0" 200 109067 "https://misswavenigeria.com/" "Mozilla/5.0 (Windows NT 6.3; WOW64) AppleWebKit/537.36 (KHTML, like Gecko) Chrome/103.0.0.0 Safari/537.36"
66.29.132.124 - - [11/Jan/2025:05:35:01 -0500] "POST /wp-admin/admin-ajax.php?action=async_litespeed&nonce=yc7ll7V5aiNP8ziYTiohbWoBILEI4ezU&litespeed_type=imgoptm HTTP/1.1" 200 21 "-" "WordPress/6.7.1; https://misswavenigeria.com"
194.32.122.41 - - [11/Jan/2025:05:35:03 -0500] "GET /register/ HTTP/1.0" 200 75934 "https://misswavenigeria.com/register/" "Mozilla/5.0 (Windows NT 6.3; WOW64) AppleWebKit/537.36 (KHTML, like Gecko) Chrome/103.0.0.0 Safari/537.36"
47.128.63.117 - - [11/Jan/2025:05:35:03 -0500] "GET /wp-includes/assets/script-loader-packages.min.php HTTP/1.1" 200 0 "-" "Mozilla/5.0 (Linux; Android 5.0) AppleWebKit/537.36 (KHTML, like Gecko) Mobile Safari/537.36 (compatible; Bytespider; spider-feedback@bytedance.com)"
194.32.122.41 - - [11/Jan/2025:05:35:05 -0500] "POST /register/ HTTP/1.0" 200 76060 "https://misswavenigeria.com/register/" "Mozilla/5.0 (Windows NT 6.3; WOW64) AppleWebKit/537.36 (KHTML, like Gecko) Chrome/103.0.0.0 Safari/537.36"
66.29.132.124 - - [11/Jan/2025:05:36:55 -0500] "POST /wp-cron.php?doing_wp_cron=1736591815.8050351142883300781250 HTTP/1.1" 200 0 "-" "WordPress/6.7.1; https://misswavenigeria.com"
194.32.122.41 - - [11/Jan/2025:05:36:55 -0500] "GET /register/ HTTP/1.0" 200 75934 "https://misswavenigeria.com/" "Mozilla/5.0 (Windows NT 6.3; WOW64) AppleWebKit/537.36 (KHTML, like Gecko) Chrome/103.0.0.0 Safari/537.36"
66.29.132.124 - - [11/Jan/2025:05:36:55 -0500] "POST /wp-admin/admin-ajax.php?action=async_litespeed&nonce=47J9zJjvOp7jtE7fxUSWbP1A9PCGQjiO&litespeed_type=imgoptm HTTP/1.1" 200 21 "-" "WordPress/6.7.1; https://misswavenigeria.com"
66.29.132.124 - - [11/Jan/2025:05:38:12 -0500] "POST /wp-cron.php?doing_wp_cron=1736591892.7226688861846923828125 HTTP/1.1" 200 0 "-" "WordPress/6.7.1; https://misswavenigeria.com"
194.32.122.41 - - [11/Jan/2025:05:38:10 -0500] "GET / HTTP/1.0" 200 109063 "https://misswavenigeria.com/" "Mozilla/5.0 (Windows NT 6.1) AppleWebKit/537.36 (KHTML, like Gecko) Chrome/103.0.0.0 Safari/537.36"
66.29.132.124 - - [11/Jan/2025:05:38:13 -0500] "POST /wp-admin/admin-ajax.php?action=async_litespeed&nonce=pvJMwzQuZCK48F7RoLbmahN8R6UzrsPj&litespeed_type=imgoptm HTTP/1.1" 200 21 "-" "WordPress/6.7.1; https://misswavenigeria.com"
194.32.122.41 - - [11/Jan/2025:05:38:15 -0500] "GET /register/ HTTP/1.0" 200 75934 "https://misswavenigeria.com/register/" "Mozilla/5.0 (Windows NT 6.1) AppleWebKit/537.36 (KHTML, like Gecko) Chrome/103.0.0.0 Safari/537.36"
49.51.72.76 - - [11/Jan/2025:05:38:31 -0500] "GET / HTTP/1.1" 200 24484 "http://misswavenigeria.com" "Mozilla/5.0 (iPhone; CPU iPhone OS 13_2_3 like Mac OS X) AppleWebKit/605.1.15 (KHTML, like Gecko) Version/13.0.3 Mobile/15E148 Safari/604.1"
47.128.47.0 - - [11/Jan/2025:05:39:03 -0500] "GET /wp-includes/feed-atom-comments.php HTTP/1.1" 500 0 "-" "Mozilla/5.0 (Linux; Android 5.0) AppleWebKit/537.36 (KHTML, like Gecko) Mobile Safari/537.36 (compatible; Bytespider; spider-feedback@bytedance.com)"
194.32.122.41 - - [11/Jan/2025:05:38:17 -0500] "POST /register/ HTTP/1.0" 200 76060 "https://misswavenigeria.com/register/" "Mozilla/5.0 (Windows NT 6.1) AppleWebKit/537.36 (KHTML, like Gecko) Chrome/103.0.0.0 Safari/537.36"
66.29.132.124 - - [11/Jan/2025:05:40:24 -0500] "POST /wp-cron.php?doing_wp_cron=1736592024.0248429775238037109375 HTTP/1.1" 200 0 "-" "WordPress/6.7.1; https://misswavenigeria.com"
194.32.122.41 - - [11/Jan/2025:05:40:23 -0500] "GET /register/ HTTP/1.0" 200 75934 "https://misswavenigeria.com/" "Mozilla/5.0 (Windows NT 6.1) AppleWebKit/537.36 (KHTML, like Gecko) Chrome/103.0.0.0 Safari/537.36"
66.29.132.124 - - [11/Jan/2025:05:40:24 -0500] "POST /wp-admin/admin-ajax.php?action=async_litespeed&nonce=maB0Oo9WWZLn8aJXngPdvdRixEDG7SjI&litespeed_type=imgoptm HTTP/1.1" 200 21 "-" "WordPress/6.7.1; https://misswavenigeria.com"
66.29.132.124 - - [11/Jan/2025:05:41:22 -0500] "POST /wp-cron.php?doing_wp_cron=1736592082.2949810028076171875000 HTTP/1.1" 200 0 "-" "WordPress/6.7.1; https://misswavenigeria.com"
194.32.122.41 - - [11/Jan/2025:05:41:21 -0500] "GET / HTTP/1.0" 200 109067 "https://misswavenigeria.com/" "Mozilla/5.0 (Windows NT 6.1; WOW64) AppleWebKit/537.36 (KHTML, like Gecko) Chrome/103.0.0.0 Safari/537.36"
66.29.132.124 - - [11/Jan/2025:05:41:22 -0500] "POST /wp-admin/admin-ajax.php?action=async_litespeed&nonce=14r6Aul2C4EWTcvTlxmuyIDLx0WGUoF6&litespeed_type=imgoptm HTTP/1.1" 200 21 "-" "WordPress/6.7.1; https://misswavenigeria.com"
194.32.122.41 - - [11/Jan/2025:05:41:25 -0500] "GET /register/ HTTP/1.0" 200 75934 "https://misswavenigeria.com/register/" "Mozilla/5.0 (Windows NT 6.1; WOW64) AppleWebKit/537.36 (KHTML, like Gecko) Chrome/103.0.0.0 Safari/537.36"
66.29.132.124 - - [11/Jan/2025:05:41:28 -0500] "POST /wp-cron.php?doing_wp_cron=1736592088.0760190486907958984375 HTTP/1.1" 200 0 "-" "WordPress/6.7.1; https://misswavenigeria.com"
47.128.37.183 - - [11/Jan/2025:05:43:04 -0500] "GET /wp-includes/embed-template.php HTTP/1.1" 500 0 "-" "Mozilla/5.0 (Linux; Android 5.0) AppleWebKit/537.36 (KHTML, like Gecko) Mobile Safari/537.36 (compatible; Bytespider; spider-feedback@bytedance.com)"
194.32.122.41 - - [11/Jan/2025:05:41:27 -0500] "POST /register/ HTTP/1.0" 200 0 "https://misswavenigeria.com/register/" "Mozilla/5.0 (Windows NT 6.1; WOW64) AppleWebKit/537.36 (KHTML, like Gecko) Chrome/103.0.0.0 Safari/537.36"
194.32.122.41 - - [11/Jan/2025:05:43:58 -0500] "GET /register/ HTTP/1.0" 200 75934 "https://misswavenigeria.com/" "Mozilla/5.0 (Windows NT 6.1; WOW64) AppleWebKit/537.36 (KHTML, like Gecko) Chrome/103.0.0.0 Safari/537.36"
194.32.122.41 - - [11/Jan/2025:05:44:26 -0500] "GET / HTTP/1.0" 200 109067 "https://misswavenigeria.com/" "Mozilla/5.0 (Windows NT 6.1) AppleWebKit/537.36 (KHTML, like Gecko) Chrome/103.0.5060.114 Safari/537.36"
194.32.122.41 - - [11/Jan/2025:05:44:29 -0500] "GET /register/ HTTP/1.0" 200 75934 "https://misswavenigeria.com/register/" "Mozilla/5.0 (Windows NT 6.1) AppleWebKit/537.36 (KHTML, like Gecko) Chrome/103.0.5060.114 Safari/537.36"
66.29.132.124 - - [11/Jan/2025:05:44:32 -0500] "POST /wp-cron.php?doing_wp_cron=1736592272.0067310333251953125000 HTTP/1.1" 200 0 "-" "WordPress/6.7.1; https://misswavenigeria.com"
66.29.132.124 - - [11/Jan/2025:05:44:32 -0500] "POST /wp-admin/admin-ajax.php?action=async_litespeed&nonce=ah7JhsqGenCFTXL6KS3UPbHnsHYAzprL&litespeed_type=imgoptm HTTP/1.1" 200 21 "-" "WordPress/6.7.1; https://misswavenigeria.com"
194.32.122.41 - - [11/Jan/2025:05:44:30 -0500] "POST /register/ HTTP/1.0" 200 0 "https://misswavenigeria.com/register/" "Mozilla/5.0 (Windows NT 6.1) AppleWebKit/537.36 (KHTML, like Gecko) Chrome/103.0.5060.114 Safari/537.36"
194.32.122.41 - - [11/Jan/2025:05:47:01 -0500] "GET /register/ HTTP/1.0" 200 75934 "https://misswavenigeria.com/" "Mozilla/5.0 (Windows NT 6.1) AppleWebKit/537.36 (KHTML, like Gecko) Chrome/103.0.5060.114 Safari/537.36"
47.128.123.45 - - [11/Jan/2025:05:47:04 -0500] "GET /wp-includes/block-supports/dimensions.php HTTP/1.1" 500 0 "-" "Mozilla/5.0 (Linux; Android 5.0) AppleWebKit/537.36 (KHTML, like Gecko) Mobile Safari/537.36 (compatible; Bytespider; spider-feedback@bytedance.com)"
194.32.122.41 - - [11/Jan/2025:05:47:37 -0500] "GET / HTTP/1.0" 200 109067 "https://misswavenigeria.com/" "Mozilla/5.0 (Windows NT 10.0) AppleWebKit/537.36 (KHTML, like Gecko) Chrome/103.0.0.0 Safari/537.36"
194.32.122.41 - - [11/Jan/2025:05:47:39 -0500] "GET /register/ HTTP/1.0" 200 75934 "https://misswavenigeria.com/register/" "Mozilla/5.0 (Windows NT 10.0) AppleWebKit/537.36 (KHTML, like Gecko) Chrome/103.0.0.0 Safari/537.36"
66.29.132.124 - - [11/Jan/2025:05:47:41 -0500] "POST /wp-cron.php?doing_wp_cron=1736592461.9560079574584960937500 HTTP/1.1" 200 0 "-" "WordPress/6.7.1; https://misswavenigeria.com"
66.29.132.124 - - [11/Jan/2025:05:47:42 -0500] "POST /wp-admin/admin-ajax.php?action=async_litespeed&nonce=5jdXU5V32vIaCNVJXKQZfv3PWiL0CKsj&litespeed_type=imgoptm HTTP/1.1" 200 21 "-" "WordPress/6.7.1; https://misswavenigeria.com"
194.32.122.41 - - [11/Jan/2025:05:47:41 -0500] "POST /register/ HTTP/1.0" 200 76060 "https://misswavenigeria.com/register/" "Mozilla/5.0 (Windows NT 10.0) AppleWebKit/537.36 (KHTML, like Gecko) Chrome/103.0.0.0 Safari/537.36"
66.29.132.124 - - [11/Jan/2025:05:49:49 -0500] "POST /wp-cron.php?doing_wp_cron=1736592589.5981180667877197265625 HTTP/1.1" 200 0 "-" "WordPress/6.7.1; https://misswavenigeria.com"
194.32.122.41 - - [11/Jan/2025:05:49:49 -0500] "GET /register/ HTTP/1.0" 200 75934 "https://misswavenigeria.com/" "Mozilla/5.0 (Windows NT 10.0) AppleWebKit/537.36 (KHTML, like Gecko) Chrome/103.0.0.0 Safari/537.36"
66.29.132.124 - - [11/Jan/2025:05:49:49 -0500] "POST /wp-admin/admin-ajax.php?action=async_litespeed&nonce=2VLBlEZRyk3JyZ8knUJU7cEhBlIHMvxI&litespeed_type=imgoptm HTTP/1.1" 200 21 "-" "WordPress/6.7.1; https://misswavenigeria.com"
52.167.144.183 - - [11/Jan/2025:05:49:51 -0500] "GET /sitemap_index.xml HTTP/1.1" 200 778 "-" "Mozilla/5.0 AppleWebKit/537.36 (KHTML, like Gecko; compatible; bingbot/2.0; +http://www.bing.com/bingbot.htm) Chrome/116.0.1938.76 Safari/537.36"
66.29.132.124 - - [11/Jan/2025:05:50:48 -0500] "POST /wp-cron.php?doing_wp_cron=1736592648.5433139801025390625000 HTTP/1.1" 200 0 "-" "WordPress/6.7.1; https://misswavenigeria.com"
194.32.122.41 - - [11/Jan/2025:05:50:48 -0500] "GET / HTTP/1.0" 200 109065 "https://misswavenigeria.com/" "Mozilla/5.0 (Windows NT 6.3; Win64; x64) AppleWebKit/537.36 (KHTML, like Gecko) Chrome/103.0.5060.53 Safari/537.36"
66.29.132.124 - - [11/Jan/2025:05:50:48 -0500] "POST /wp-admin/admin-ajax.php?action=async_litespeed&nonce=u17TM7BrrA7bwGFsiP6ASIyKXyeE4HPs&litespeed_type=imgoptm HTTP/1.1" 200 21 "-" "WordPress/6.7.1; https://misswavenigeria.com"
194.32.122.41 - - [11/Jan/2025:05:50:50 -0500] "GET /register/ HTTP/1.0" 200 75934 "https://misswavenigeria.com/register/" "Mozilla/5.0 (Windows NT 6.3; Win64; x64) AppleWebKit/537.36 (KHTML, like Gecko) Chrome/103.0.5060.53 Safari/537.36"
66.29.132.124 - - [11/Jan/2025:05:50:53 -0500] "POST /wp-cron.php?doing_wp_cron=1736592652.9565339088439941406250 HTTP/1.1" 200 0 "-" "WordPress/6.7.1; https://misswavenigeria.com"
66.29.132.124 - - [11/Jan/2025:05:50:53 -0500] "POST /wp-admin/admin-ajax.php?action=async_litespeed&nonce=Kbsin5MlUQwpahQtWMpjg0cZOVVyodYN&litespeed_type=imgoptm HTTP/1.1" 200 21 "-" "WordPress/6.7.1; https://misswavenigeria.com"
194.32.122.41 - - [11/Jan/2025:05:50:52 -0500] "POST /register/ HTTP/1.0" 200 76060 "https://misswavenigeria.com/register/" "Mozilla/5.0 (Windows NT 6.3; Win64; x64) AppleWebKit/537.36 (KHTML, like Gecko) Chrome/103.0.5060.53 Safari/537.36"
66.29.132.124 - - [11/Jan/2025:05:53:03 -0500] "POST /wp-cron.php?doing_wp_cron=1736592783.6284399032592773437500 HTTP/1.1" 200 0 "-" "WordPress/6.7.1; https://misswavenigeria.com"
194.32.122.41 - - [11/Jan/2025:05:53:03 -0500] "GET /register/ HTTP/1.0" 200 75934 "https://misswavenigeria.com/" "Mozilla/5.0 (Windows NT 6.3; Win64; x64) AppleWebKit/537.36 (KHTML, like Gecko) Chrome/103.0.5060.53 Safari/537.36"
66.29.132.124 - - [11/Jan/2025:05:53:04 -0500] "POST /wp-admin/admin-ajax.php?action=async_litespeed&nonce=zlkhu40WbEYYnTC9dAJJRbH7sK2tbUIy&litespeed_type=imgoptm HTTP/1.1" 200 21 "-" "WordPress/6.7.1; https://misswavenigeria.com"
66.29.132.124 - - [11/Jan/2025:05:53:56 -0500] "POST /wp-cron.php?doing_wp_cron=1736592836.8286170959472656250000 HTTP/1.1" 200 0 "-" "WordPress/6.7.1; https://misswavenigeria.com"
194.32.122.41 - - [11/Jan/2025:05:53:56 -0500] "GET / HTTP/1.0" 200 109065 "https://misswavenigeria.com/" "Mozilla/5.0 (Windows NT 6.1) AppleWebKit/537.36 (KHTML, like Gecko) Chrome/103.0.5060.114 Safari/537.36"
66.29.132.124 - - [11/Jan/2025:05:53:57 -0500] "POST /wp-admin/admin-ajax.php?action=async_litespeed&nonce=O6Bj0ysrfWmwrLhDlOxl8PTQnC9JWExG&litespeed_type=imgoptm HTTP/1.1" 200 21 "-" "WordPress/6.7.1; https://misswavenigeria.com"
194.32.122.41 - - [11/Jan/2025:05:53:59 -0500] "GET /register/ HTTP/1.0" 200 75934 "https://misswavenigeria.com/register/" "Mozilla/5.0 (Windows NT 6.1) AppleWebKit/537.36 (KHTML, like Gecko) Chrome/103.0.5060.114 Safari/537.36"
47.128.122.122 - - [11/Jan/2025:05:55:49 -0500] "GET /wp-includes/fonts/class-wp-font-face-resolver.php HTTP/1.1" 200 0 "-" "Mozilla/5.0 (Linux; Android 5.0) AppleWebKit/537.36 (KHTML, like Gecko) Mobile Safari/537.36 (compatible; Bytespider; spider-feedback@bytedance.com)"
194.32.122.41 - - [11/Jan/2025:05:54:01 -0500] "POST /register/ HTTP/1.0" 200 76060 "https://misswavenigeria.com/register/" "Mozilla/5.0 (Windows NT 6.1) AppleWebKit/537.36 (KHTML, like Gecko) Chrome/103.0.5060.114 Safari/537.36"
66.29.132.124 - - [11/Jan/2025:05:56:14 -0500] "POST /wp-cron.php?doing_wp_cron=1736592974.6767990589141845703125 HTTP/1.1" 200 0 "-" "WordPress/6.7.1; https://misswavenigeria.com"
194.32.122.41 - - [11/Jan/2025:05:56:14 -0500] "GET /register/ HTTP/1.0" 200 75934 "https://misswavenigeria.com/" "Mozilla/5.0 (Windows NT 6.1) AppleWebKit/537.36 (KHTML, like Gecko) Chrome/103.0.5060.114 Safari/537.36"
66.29.132.124 - - [11/Jan/2025:05:56:14 -0500] "POST /wp-admin/admin-ajax.php?action=async_litespeed&nonce=iXpOpY6brEb7Bka0Y2z6X65ZdhsnWwZN&litespeed_type=imgoptm HTTP/1.1" 200 21 "-" "WordPress/6.7.1; https://misswavenigeria.com"
66.29.132.124 - - [11/Jan/2025:05:57:05 -0500] "POST /wp-cron.php?doing_wp_cron=1736593025.8353199958801269531250 HTTP/1.1" 200 0 "-" "WordPress/6.7.1; https://misswavenigeria.com"
194.32.122.41 - - [11/Jan/2025:05:57:05 -0500] "GET / HTTP/1.0" 200 109067 "https://misswavenigeria.com/" "Mozilla/5.0 (Windows NT 10.0; WOW64) AppleWebKit/537.36 (KHTML, like Gecko) Chrome/103.0.0.0 Safari/537.36"
66.29.132.124 - - [11/Jan/2025:05:57:06 -0500] "POST /wp-admin/admin-ajax.php?action=async_litespeed&nonce=FDogM33rSwE1yzz1NoDd2obusdpeAwbR&litespeed_type=imgoptm HTTP/1.1" 200 21 "-" "WordPress/6.7.1; https://misswavenigeria.com"
194.32.122.41 - - [11/Jan/2025:05:57:08 -0500] "GET /register/ HTTP/1.0" 200 75934 "https://misswavenigeria.com/register/" "Mozilla/5.0 (Windows NT 10.0; WOW64) AppleWebKit/537.36 (KHTML, like Gecko) Chrome/103.0.0.0 Safari/537.36"
194.32.122.41 - - [11/Jan/2025:05:57:10 -0500] "POST /register/ HTTP/1.0" 200 76060 "https://misswavenigeria.com/register/" "Mozilla/5.0 (Windows NT 10.0; WOW64) AppleWebKit/537.36 (KHTML, like Gecko) Chrome/103.0.0.0 Safari/537.36"
66.29.132.124 - - [11/Jan/2025:05:58:51 -0500] "POST /wp-cron.php?doing_wp_cron=1736593131.1126449108123779296875 HTTP/1.1" 200 0 "-" "WordPress/6.7.1; https://misswavenigeria.com"
194.32.122.41 - - [11/Jan/2025:05:58:50 -0500] "GET /register/ HTTP/1.0" 200 75934 "https://misswavenigeria.com/" "Mozilla/5.0 (Windows NT 10.0; WOW64) AppleWebKit/537.36 (KHTML, like Gecko) Chrome/103.0.0.0 Safari/537.36"
66.29.132.124 - - [11/Jan/2025:05:58:51 -0500] "POST /wp-admin/admin-ajax.php?action=async_litespeed&nonce=4mzWWb1ApSi2r6wP9wXWIWxcmE6iqrTJ&litespeed_type=imgoptm HTTP/1.1" 200 21 "-" "WordPress/6.7.1; https://misswavenigeria.com"
47.128.19.173 - - [11/Jan/2025:05:59:50 -0500] "GET /wp-includes/rss-functions.php HTTP/1.1" 200 0 "-" "Mozilla/5.0 (Linux; Android 5.0) AppleWebKit/537.36 (KHTML, like Gecko) Mobile Safari/537.36 (compatible; Bytespider; spider-feedback@bytedance.com)"
66.29.132.124 - - [11/Jan/2025:06:00:12 -0500] "POST /wp-cron.php?doing_wp_cron=1736593212.2713069915771484375000 HTTP/1.1" 200 0 "-" "WordPress/6.7.1; https://misswavenigeria.com"
194.32.122.41 - - [11/Jan/2025:06:00:11 -0500] "GET / HTTP/1.0" 200 109065 "https://misswavenigeria.com/" "Mozilla/5.0 (Windows NT 6.3; Win64; x64) AppleWebKit/537.36 (KHTML, like Gecko) Chrome/103.0.5060.114 Safari/537.36"
66.29.132.124 - - [11/Jan/2025:06:00:12 -0500] "POST /wp-admin/admin-ajax.php?action=async_litespeed&nonce=dvGKxifSuBU1qvs4ejoG2IYHm0uLTyAg&litespeed_type=imgoptm HTTP/1.1" 200 21 "-" "WordPress/6.7.1; https://misswavenigeria.com"
194.32.122.41 - - [11/Jan/2025:06:00:14 -0500] "GET /register/ HTTP/1.0" 200 75934 "https://misswavenigeria.com/register/" "Mozilla/5.0 (Windows NT 6.3; Win64; x64) AppleWebKit/537.36 (KHTML, like Gecko) Chrome/103.0.5060.114 Safari/537.36"
194.32.122.41 - - [11/Jan/2025:06:00:16 -0500] "POST /register/ HTTP/1.0" 200 76060 "https://misswavenigeria.com/register/" "Mozilla/5.0 (Windows NT 6.3; Win64; x64) AppleWebKit/537.36 (KHTML, like Gecko) Chrome/103.0.5060.114 Safari/537.36"
66.29.132.124 - - [11/Jan/2025:06:01:59 -0500] "POST /wp-cron.php?doing_wp_cron=1736593319.9617919921875000000000 HTTP/1.1" 200 0 "-" "WordPress/6.7.1; https://misswavenigeria.com"
194.32.122.41 - - [11/Jan/2025:06:01:59 -0500] "GET /register/ HTTP/1.0" 200 75934 "https://misswavenigeria.com/" "Mozilla/5.0 (Windows NT 6.3; Win64; x64) AppleWebKit/537.36 (KHTML, like Gecko) Chrome/103.0.5060.114 Safari/537.36"
66.29.132.124 - - [11/Jan/2025:06:02:00 -0500] "POST /wp-admin/admin-ajax.php?action=async_litespeed&nonce=mGsvIY4KpGmWYP9ZhIbLjFNiX0T2FHGu&litespeed_type=imgoptm HTTP/1.1" 200 21 "-" "WordPress/6.7.1; https://misswavenigeria.com"
66.29.132.124 - - [11/Jan/2025:06:03:21 -0500] "POST /wp-cron.php?doing_wp_cron=1736593401.1862809658050537109375 HTTP/1.1" 200 0 "-" "WordPress/6.7.1; https://misswavenigeria.com"
194.32.122.41 - - [11/Jan/2025:06:03:21 -0500] "GET / HTTP/1.0" 200 109067 "https://misswavenigeria.com/" "Mozilla/5.0 (Windows NT 6.3; Win64; x64) AppleWebKit/537.36 (KHTML, like Gecko) Chrome/103.0.5060.66 Safari/537.36"
66.29.132.124 - - [11/Jan/2025:06:03:21 -0500] "POST /wp-admin/admin-ajax.php?action=async_litespeed&nonce=65qLkt1DyazFCfIER2Xd3ETHeK8nq5Vi&litespeed_type=imgoptm HTTP/1.1" 200 21 "-" "WordPress/6.7.1; https://misswavenigeria.com"
194.32.122.41 - - [11/Jan/2025:06:03:23 -0500] "GET /register/ HTTP/1.0" 200 75934 "https://misswavenigeria.com/register/" "Mozilla/5.0 (Windows NT 6.3; Win64; x64) AppleWebKit/537.36 (KHTML, like Gecko) Chrome/103.0.5060.66 Safari/537.36"
66.29.132.124 - - [11/Jan/2025:06:03:25 -0500] "POST /wp-cron.php?doing_wp_cron=1736593405.4589738845825195312500 HTTP/1.1" 200 0 "-" "WordPress/6.7.1; https://misswavenigeria.com"
47.128.21.167 - - [11/Jan/2025:06:03:50 -0500] "GET /wp-includes/class.wp-dependencies.php HTTP/1.1" 500 0 "-" "Mozilla/5.0 (Linux; Android 5.0) AppleWebKit/537.36 (KHTML, like Gecko) Mobile Safari/537.36 (compatible; Bytespider; spider-feedback@bytedance.com)"
194.32.122.41 - - [11/Jan/2025:06:03:25 -0500] "POST /register/ HTTP/1.0" 200 76060 "https://misswavenigeria.com/register/" "Mozilla/5.0 (Windows NT 6.3; Win64; x64) AppleWebKit/537.36 (KHTML, like Gecko) Chrome/103.0.5060.66 Safari/537.36"
66.29.132.124 - - [11/Jan/2025:06:04:53 -0500] "POST /wp-cron.php?doing_wp_cron=1736593493.3601160049438476562500 HTTP/1.1" 200 0 "-" "WordPress/6.7.1; https://misswavenigeria.com"
194.32.122.41 - - [11/Jan/2025:06:04:53 -0500] "GET /register/ HTTP/1.0" 200 75934 "https://misswavenigeria.com/" "Mozilla/5.0 (Windows NT 6.3; Win64; x64) AppleWebKit/537.36 (KHTML, like Gecko) Chrome/103.0.5060.66 Safari/537.36"
66.29.132.124 - - [11/Jan/2025:06:04:53 -0500] "POST /wp-admin/admin-ajax.php?action=async_litespeed&nonce=tTvWOmno5gRt39cFaJlBxH7mOMT8yuI8&litespeed_type=imgoptm HTTP/1.1" 200 21 "-" "WordPress/6.7.1; https://misswavenigeria.com"
185.147.125.18 - - [11/Jan/2025:06:04:56 -0500] "GET / HTTP/1.0" 200 109065 "https://misswavenigeria.com/" "Mozilla/5.0 (Windows NT 10.0.0; Win64; x64; ) AppleWebKit/537.36 (KHTML, like Gecko) Chrome/124.0.6367.60 Chrome/124.0.6367.60 Not-A.Brand/99  Safari/537.36"
185.147.125.18 - - [11/Jan/2025:06:04:57 -0500] "GET /contact/ HTTP/1.0" 200 77733 "https://misswavenigeria.com/contact/" "Mozilla/5.0 (Windows NT 10.0.0; Win64; x64; ) AppleWebKit/537.36 (KHTML, like Gecko) Chrome/124.0.6367.60 Chrome/124.0.6367.60 Not-A.Brand/99  Safari/537.36"
185.147.125.18 - - [11/Jan/2025:06:04:58 -0500] "POST /contact/ HTTP/1.0" 200 77752 "https://misswavenigeria.com/contact/" "Mozilla/5.0 (Windows NT 10.0.0; Win64; x64; ) AppleWebKit/537.36 (KHTML, like Gecko) Chrome/124.0.6367.60 Chrome/124.0.6367.60 Not-A.Brand/99  Safari/537.36"
194.32.122.41 - - [11/Jan/2025:06:06:33 -0500] "GET / HTTP/1.0" 200 109065 "https://misswavenigeria.com/" "Mozilla/5.0 (Windows NT 6.3) AppleWebKit/537.36 (KHTML, like Gecko) Chrome/103.0.0.0 Safari/537.36"
194.32.122.41 - - [11/Jan/2025:06:06:35 -0500] "GET /register/ HTTP/1.0" 200 75934 "https://misswavenigeria.com/register/" "Mozilla/5.0 (Windows NT 6.3) AppleWebKit/537.36 (KHTML, like Gecko) Chrome/103.0.0.0 Safari/537.36"
66.29.132.124 - - [11/Jan/2025:06:06:40 -0500] "POST /wp-cron.php?doing_wp_cron=1736593600.3103609085083007812500 HTTP/1.1" 200 0 "-" "WordPress/6.7.1; https://misswavenigeria.com"
66.29.132.124 - - [11/Jan/2025:06:06:40 -0500] "POST /wp-admin/admin-ajax.php?action=async_litespeed&nonce=5D8c95JBu9tJtsr3u6roCaaDR2BTREos&litespeed_type=imgoptm HTTP/1.1" 200 21 "-" "WordPress/6.7.1; https://misswavenigeria.com"
194.32.122.41 - - [11/Jan/2025:06:06:37 -0500] "POST /register/ HTTP/1.0" 200 76060 "https://misswavenigeria.com/register/" "Mozilla/5.0 (Windows NT 6.3) AppleWebKit/537.36 (KHTML, like Gecko) Chrome/103.0.0.0 Safari/537.36"
66.29.132.124 - - [11/Jan/2025:06:07:59 -0500] "POST /wp-cron.php?doing_wp_cron=1736593679.1193981170654296875000 HTTP/1.1" 200 0 "-" "WordPress/6.7.1; https://misswavenigeria.com"
194.32.122.41 - - [11/Jan/2025:06:07:58 -0500] "GET /register/ HTTP/1.0" 200 75934 "https://misswavenigeria.com/" "Mozilla/5.0 (Windows NT 6.3) AppleWebKit/537.36 (KHTML, like Gecko) Chrome/103.0.0.0 Safari/537.36"
66.29.132.124 - - [11/Jan/2025:06:07:59 -0500] "POST /wp-admin/admin-ajax.php?action=async_litespeed&nonce=mYRr2YhVtjLt32EILViEku594o85C4ZC&litespeed_type=imgoptm HTTP/1.1" 200 21 "-" "WordPress/6.7.1; https://misswavenigeria.com"
66.29.132.124 - - [11/Jan/2025:06:09:45 -0500] "POST /wp-cron.php?doing_wp_cron=1736593785.7505791187286376953125 HTTP/1.1" 200 0 "-" "WordPress/6.7.1; https://misswavenigeria.com"
194.32.122.41 - - [11/Jan/2025:06:09:44 -0500] "GET / HTTP/1.0" 200 109067 "https://misswavenigeria.com/" "Mozilla/5.0 (Windows NT 10.0; Win64; x64) AppleWebKit/537.36 (KHTML, like Gecko) Chrome/103.0.0.0 Safari/537.36 OpenWave/97.4.2043.44"
66.29.132.124 - - [11/Jan/2025:06:09:45 -0500] "POST /wp-admin/admin-ajax.php?action=async_litespeed&nonce=YK0zAVXK4WBZnMEYTH70WtROQQuCzOMT&litespeed_type=imgoptm HTTP/1.1" 200 21 "-" "WordPress/6.7.1; https://misswavenigeria.com"
194.32.122.41 - - [11/Jan/2025:06:09:48 -0500] "GET /register/ HTTP/1.0" 200 75934 "https://misswavenigeria.com/register/" "Mozilla/5.0 (Windows NT 10.0; Win64; x64) AppleWebKit/537.36 (KHTML, like Gecko) Chrome/103.0.0.0 Safari/537.36 OpenWave/97.4.2043.44"
66.29.132.124 - - [11/Jan/2025:06:09:50 -0500] "POST /wp-cron.php?doing_wp_cron=1736593790.1067619323730468750000 HTTP/1.1" 200 0 "-" "WordPress/6.7.1; https://misswavenigeria.com"
66.29.132.124 - - [11/Jan/2025:06:09:50 -0500] "POST /wp-admin/admin-ajax.php?action=async_litespeed&nonce=LUkDEycuKj1TOXJWsiqLqHMsNnWBU3Rt&litespeed_type=imgoptm HTTP/1.1" 200 21 "-" "WordPress/6.7.1; https://misswavenigeria.com"
194.32.122.41 - - [11/Jan/2025:06:09:49 -0500] "POST /register/ HTTP/1.0" 200 76060 "https://misswavenigeria.com/register/" "Mozilla/5.0 (Windows NT 10.0; Win64; x64) AppleWebKit/537.36 (KHTML, like Gecko) Chrome/103.0.0.0 Safari/537.36 OpenWave/97.4.2043.44"
66.29.132.124 - - [11/Jan/2025:06:11:18 -0500] "POST /wp-cron.php?doing_wp_cron=1736593878.4450728893280029296875 HTTP/1.1" 200 0 "-" "WordPress/6.7.1; https://misswavenigeria.com"
194.32.122.41 - - [11/Jan/2025:06:11:18 -0500] "GET /register/ HTTP/1.0" 200 75934 "https://misswavenigeria.com/" "Mozilla/5.0 (Windows NT 10.0; Win64; x64) AppleWebKit/537.36 (KHTML, like Gecko) Chrome/103.0.0.0 Safari/537.36 OpenWave/97.4.2043.44"
66.29.132.124 - - [11/Jan/2025:06:11:18 -0500] "POST /wp-admin/admin-ajax.php?action=async_litespeed&nonce=kvRCiSfyIom5LlvPbthRSy1AhHrPu5cM&litespeed_type=imgoptm HTTP/1.1" 200 21 "-" "WordPress/6.7.1; https://misswavenigeria.com"
66.29.132.124 - - [11/Jan/2025:06:12:54 -0500] "POST /wp-cron.php?doing_wp_cron=1736593974.8774518966674804687500 HTTP/1.1" 200 0 "-" "WordPress/6.7.1; https://misswavenigeria.com"
194.32.122.41 - - [11/Jan/2025:06:12:52 -0500] "GET / HTTP/1.0" 200 109065 "https://misswavenigeria.com/" "Mozilla/5.0 (Windows NT 6.1) AppleWebKit/537.36 (KHTML, like Gecko) Chrome/103.0.5060.114 Safari/537.36"
66.29.132.124 - - [11/Jan/2025:06:12:55 -0500] "POST /wp-admin/admin-ajax.php?action=async_litespeed&nonce=aioKjLjcKY03yxO4K7O0LLnbtLPP9slb&litespeed_type=imgoptm HTTP/1.1" 200 21 "-" "WordPress/6.7.1; https://misswavenigeria.com"
194.32.122.41 - - [11/Jan/2025:06:12:57 -0500] "GET /register/ HTTP/1.0" 200 75934 "https://misswavenigeria.com/register/" "Mozilla/5.0 (Windows NT 6.1) AppleWebKit/537.36 (KHTML, like Gecko) Chrome/103.0.5060.114 Safari/537.36"
194.32.122.41 - - [11/Jan/2025:06:12:59 -0500] "POST /register/ HTTP/1.0" 200 76060 "https://misswavenigeria.com/register/" "Mozilla/5.0 (Windows NT 6.1) AppleWebKit/537.36 (KHTML, like Gecko) Chrome/103.0.5060.114 Safari/537.36"
66.29.132.124 - - [11/Jan/2025:06:14:12 -0500] "POST /wp-cron.php?doing_wp_cron=1736594052.9829959869384765625000 HTTP/1.1" 200 0 "-" "WordPress/6.7.1; https://misswavenigeria.com"
194.32.122.41 - - [11/Jan/2025:06:14:12 -0500] "GET /register/ HTTP/1.0" 200 75934 "https://misswavenigeria.com/" "Mozilla/5.0 (Windows NT 6.1) AppleWebKit/537.36 (KHTML, like Gecko) Chrome/103.0.5060.114 Safari/537.36"
66.29.132.124 - - [11/Jan/2025:06:14:13 -0500] "POST /wp-admin/admin-ajax.php?action=async_litespeed&nonce=uJ7etbLIoZWxBDqHN9yCaDB2eKBxlYl9&litespeed_type=imgoptm HTTP/1.1" 200 21 "-" "WordPress/6.7.1; https://misswavenigeria.com"
66.249.79.2 - - [11/Jan/2025:06:15:08 -0500] "GET /goods/T769905?k=product HTTP/1.1" 200 69693 "-" "Mozilla/5.0 (Linux; Android 6.0.1; Nexus 5X Build/MMB29P) AppleWebKit/537.36 (KHTML, like Gecko) Chrome/131.0.6778.264 Mobile Safari/537.36 (compatible; Googlebot/2.1; +http://www.google.com/bot.html)"
66.29.132.124 - - [11/Jan/2025:06:15:53 -0500] "POST /wp-cron.php?doing_wp_cron=1736594153.4513161182403564453125 HTTP/1.1" 200 0 "-" "WordPress/6.7.1; https://misswavenigeria.com"
194.32.122.41 - - [11/Jan/2025:06:15:53 -0500] "GET / HTTP/1.0" 200 109065 "https://misswavenigeria.com/" "Mozilla/5.0 (Windows NT 6.1; Win64; x64) AppleWebKit/537.36 (KHTML, like Gecko) Chrome/103.0.0.0 Safari/537.36"
66.29.132.124 - - [11/Jan/2025:06:15:53 -0500] "POST /wp-admin/admin-ajax.php?action=async_litespeed&nonce=IcHUQGEuiDahDfpqA4W0b8yxDRJs7auP&litespeed_type=imgoptm HTTP/1.1" 200 21 "-" "WordPress/6.7.1; https://misswavenigeria.com"
194.32.122.41 - - [11/Jan/2025:06:15:55 -0500] "GET /register/ HTTP/1.0" 200 75934 "https://misswavenigeria.com/register/" "Mozilla/5.0 (Windows NT 6.1; Win64; x64) AppleWebKit/537.36 (KHTML, like Gecko) Chrome/103.0.0.0 Safari/537.36"
194.32.122.41 - - [11/Jan/2025:06:15:57 -0500] "POST /register/ HTTP/1.0" 200 76060 "https://misswavenigeria.com/register/" "Mozilla/5.0 (Windows NT 6.1; Win64; x64) AppleWebKit/537.36 (KHTML, like Gecko) Chrome/103.0.0.0 Safari/537.36"
66.29.132.124 - - [11/Jan/2025:06:17:19 -0500] "POST /wp-cron.php?doing_wp_cron=1736594239.0658349990844726562500 HTTP/1.1" 200 0 "-" "WordPress/6.7.1; https://misswavenigeria.com"
194.32.122.41 - - [11/Jan/2025:06:17:18 -0500] "GET /register/ HTTP/1.0" 200 75934 "https://misswavenigeria.com/" "Mozilla/5.0 (Windows NT 6.1; Win64; x64) AppleWebKit/537.36 (KHTML, like Gecko) Chrome/103.0.0.0 Safari/537.36"
66.29.132.124 - - [11/Jan/2025:06:17:19 -0500] "POST /wp-admin/admin-ajax.php?action=async_litespeed&nonce=eL065mAsO4CBSr105EdWhFkda544c2R9&litespeed_type=imgoptm HTTP/1.1" 200 21 "-" "WordPress/6.7.1; https://misswavenigeria.com"
66.249.79.4 - - [11/Jan/2025:06:18:56 -0500] "GET /goods/K683446?k=product HTTP/1.1" 200 74048 "-" "Mozilla/5.0 (Linux; Android 6.0.1; Nexus 5X Build/MMB29P) AppleWebKit/537.36 (KHTML, like Gecko) Chrome/131.0.6778.264 Mobile Safari/537.36 (compatible; Googlebot/2.1; +http://www.google.com/bot.html)"
66.29.132.124 - - [11/Jan/2025:06:19:03 -0500] "POST /wp-cron.php?doing_wp_cron=1736594343.4151110649108886718750 HTTP/1.1" 200 0 "-" "WordPress/6.7.1; https://misswavenigeria.com"
194.32.122.41 - - [11/Jan/2025:06:19:00 -0500] "GET / HTTP/1.0" 200 109067 "https://misswavenigeria.com/" "Mozilla/5.0 (Windows NT 10.0; Win64; x64) AppleWebKit/537.36 (KHTML, like Gecko) Chrome/103.0.0.0 Safari/537.36"
